187.195.110.68 - - [05/Feb/2025:13:52:59 -0600] "GET /intranet/sistemas/recursoshumanos/page_inicio.php HTTP/1.1" 200 25429 "https://intranet.tjamich.gob.mx/intranet/sistemas/recursoshumanos/page_edit_personal_contrato.php?id_plaza=102&id_contrato=1594&id_plantilla=102&id_personal=34&id_puesto=37&id_area=15" "Mozilla/5.0 (Windows NT 10.0; Win64; x64) AppleWebKit/537.36 (KHTML, like Gecko) Chrome/132.0.0.0 Safari/537.36"
187.195.110.68 - - [05/Feb/2025:13:53:00 -0600] "GET /intranet/sistemas/recursoshumanos/page_plantilla_area.php HTTP/1.1" 200 912094 "https://intranet.tjamich.gob.mx/intranet/sistemas/recursoshumanos/page_inicio.php" "Mozilla/5.0 (Windows NT 10.0; Win64; x64) AppleWebKit/537.36 (KHTML, like Gecko) Chrome/132.0.0.0 Safari/537.36"
187.195.110.68 - - [05/Feb/2025:13:53:04 -0600] "GET /intranet/sistemas/recursoshumanos/page_plantilla_area.php?id_area=15 HTTP/1.1" 200 65772 "https://intranet.tjamich.gob.mx/intranet/sistemas/recursoshumanos/page_plantilla_area.php" "Mozilla/5.0 (Windows NT 10.0; Win64; x64) AppleWebKit/537.36 (KHTML, like Gecko) Chrome/132.0.0.0 Safari/537.36"
187.195.110.68 - - [05/Feb/2025:13:53:10 -0600] "GET /intranet/sistemas/recursoshumanos/page_edit_personal_contrato.php?id_plaza=94&id_contrato=1382&id_plantilla=94&id_personal=170&id_puesto=36&id_area=15 HTTP/1.1" 200 48220 "https://intranet.tjamich.gob.mx/intranet/sistemas/recursoshumanos/page_plantilla_area.php?id_area=15" "Mozilla/5.0 (Windows NT 10.0; Win64; x64) AppleWebKit/537.36 (KHTML, like Gecko) Chrome/132.0.0.0 Safari/537.36"
187.195.116.142 - - [05/Feb/2025:13:53:13 -0600] "GET /intranet/sistemas/administracion/page_find_inventario.php HTTP/1.1" 302 6881 "https://intranet.tjamich.gob.mx/intranet/sistemas/compras/page_find_requisicion.php?app=1" "Mozilla/5.0 (Windows NT 10.0; Win64; x64) AppleWebKit/537.36 (KHTML, like Gecko) Chrome/133.0.0.0 Safari/537.36"
187.195.116.142 - - [05/Feb/2025:13:53:13 -0600] "GET /intranet/page_inicio.php HTTP/1.1" 200 16185 "https://intranet.tjamich.gob.mx/intranet/sistemas/compras/page_find_requisicion.php?app=1" "Mozilla/5.0 (Windows NT 10.0; Win64; x64) AppleWebKit/537.36 (KHTML, like Gecko) Chrome/133.0.0.0 Safari/537.36"
187.195.116.142 - - [05/Feb/2025:13:53:14 -0600] "POST /intranet/controller/login.php HTTP/1.1" 302 - "https://intranet.tjamich.gob.mx/intranet/page_inicio.php" "Mozilla/5.0 (Windows NT 10.0; Win64; x64) AppleWebKit/537.36 (KHTML, like Gecko) Chrome/133.0.0.0 Safari/537.36"
187.195.116.142 - - [05/Feb/2025:13:53:14 -0600] "GET /intranet/page_home.php HTTP/1.1" 200 66172 "https://intranet.tjamich.gob.mx/intranet/page_inicio.php" "Mozilla/5.0 (Windows NT 10.0; Win64; x64) AppleWebKit/537.36 (KHTML, like Gecko) Chrome/133.0.0.0 Safari/537.36"
187.195.116.142 - - [05/Feb/2025:13:53:15 -0600] "POST /intranet/controller/login.php HTTP/1.1" 302 - "https://intranet.tjamich.gob.mx/intranet/page_inicio.php" "Mozilla/5.0 (Windows NT 10.0; Win64; x64) AppleWebKit/537.36 (KHTML, like Gecko) Chrome/133.0.0.0 Safari/537.36"
187.195.116.142 - - [05/Feb/2025:13:53:15 -0600] "GET /intranet/page_home.php HTTP/1.1" 200 66172 "https://intranet.tjamich.gob.mx/intranet/page_inicio.php" "Mozilla/5.0 (Windows NT 10.0; Win64; x64) AppleWebKit/537.36 (KHTML, like Gecko) Chrome/133.0.0.0 Safari/537.36"
187.195.116.142 - - [05/Feb/2025:13:53:15 -0600] "POST /intranet/fetch.php HTTP/1.1" 200 122 "https://intranet.tjamich.gob.mx/intranet/page_home.php" "Mozilla/5.0 (Windows NT 10.0; Win64; x64) AppleWebKit/537.36 (KHTML, like Gecko) Chrome/133.0.0.0 Safari/537.36"
187.195.116.142 - - [05/Feb/2025:13:53:19 -0600] "GET /intranet/sistemas/administracion/style.css HTTP/1.1" 404 - "https://intranet.tjamich.gob.mx/intranet/sistemas/administracion/page_find_inventario.php" "Mozilla/5.0 (Windows NT 10.0; Win64; x64) AppleWebKit/537.36 (KHTML, like Gecko) Chrome/133.0.0.0 Safari/537.36"
187.195.116.142 - - [05/Feb/2025:13:53:17 -0600] "GET /intranet/sistemas/administracion/page_find_inventario.php HTTP/1.1" 200 3377795 "https://intranet.tjamich.gob.mx/intranet/page_home.php" "Mozilla/5.0 (Windows NT 10.0; Win64; x64) AppleWebKit/537.36 (KHTML, like Gecko) Chrome/133.0.0.0 Safari/537.36"
187.195.116.142 - - [05/Feb/2025:13:53:23 -0600] "GET /intranet/sistemas/administracion/page_find_inventario.php?resguardante=313&id_area=0&app=1 HTTP/1.1" 200 58149 "https://intranet.tjamich.gob.mx/intranet/sistemas/administracion/page_find_inventario.php" "Mozilla/5.0 (Windows NT 10.0; Win64; x64) AppleWebKit/537.36 (KHTML, like Gecko) Chrome/133.0.0.0 Safari/537.36"
187.195.116.142 - - [05/Feb/2025:13:53:23 -0600] "GET /intranet/sistemas/administracion/style.css HTTP/1.1" 404 - "https://intranet.tjamich.gob.mx/intranet/sistemas/administracion/page_find_inventario.php?resguardante=313&id_area=0&app=1" "Mozilla/5.0 (Windows NT 10.0; Win64; x64) AppleWebKit/537.36 (KHTML, like Gecko) Chrome/133.0.0.0 Safari/537.36"
187.195.110.68 - - [05/Feb/2025:13:53:24 -0600] "POST /intranet/sistemas/recursoshumanos/editar_personal_contrato.php HTTP/1.1" 302 - "https://intranet.tjamich.gob.mx/intranet/sistemas/recursoshumanos/page_edit_personal_contrato.php?id_plaza=94&id_contrato=1382&id_plantilla=94&id_personal=170&id_puesto=36&id_area=15" "Mozilla/5.0 (Windows NT 10.0; Win64; x64) AppleWebKit/537.36 (KHTML, like Gecko) Chrome/132.0.0.0 Safari/537.36"
187.195.110.68 - - [05/Feb/2025:13:53:24 -0600] "GET /intranet/sistemas/recursoshumanos/page_plantilla_area.php?app=1 HTTP/1.1" 200 912086 "https://intranet.tjamich.gob.mx/intranet/sistemas/recursoshumanos/page_edit_personal_contrato.php?id_plaza=94&id_contrato=1382&id_plantilla=94&id_personal=170&id_puesto=36&id_area=15" "Mozilla/5.0 (Windows NT 10.0; Win64; x64) AppleWebKit/537.36 (KHTML, like Gecko) Chrome/132.0.0.0 Safari/537.36"
187.195.116.142 - - [05/Feb/2025:13:53:34 -0600] "GET /intranet/sistemas/administracion/pdfreporteresguardo.php?cap=5000&resguardador=313&id_area=0 HTTP/1.1" 200 118277 "https://intranet.tjamich.gob.mx/intranet/sistemas/administracion/page_find_inventario.php?resguardante=313&id_area=0&app=1" "Mozilla/5.0 (Windows NT 10.0; Win64; x64) AppleWebKit/537.36 (KHTML, like Gecko) Chrome/133.0.0.0 Safari/537.36"
187.195.116.142 - - [05/Feb/2025:13:53:35 -0600] "GET /intranet/sistemas/administracion/pdfreporteresguardo.php?cap=5000&resguardador=313&id_area=0 HTTP/1.1" 200 118277 "-" "Mozilla/5.0 (Windows NT 10.0; Win64; x64) AppleWebKit/537.36 (KHTML, like Gecko) Chrome/133.0.0.0 Safari/537.36"
189.243.238.36 - - [05/Feb/2025:13:53:36 -0600] "POST /intranet/fetch.php HTTP/1.1" 200 122 "https://intranet.tjamich.gob.mx/intranet/page_home.php" "Mozilla/5.0 (Windows NT 10.0; Win64; x64) AppleWebKit/537.36 (KHTML, like Gecko) Chrome/132.0.0.0 Safari/537.36"
187.195.110.68 - - [05/Feb/2025:13:53:45 -0600] "GET /intranet/sistemas/recursoshumanos/page_plantilla_area.php?id_area=15 HTTP/1.1" 200 65764 "https://intranet.tjamich.gob.mx/intranet/sistemas/recursoshumanos/page_plantilla_area.php?app=1" "Mozilla/5.0 (Windows NT 10.0; Win64; x64) AppleWebKit/537.36 (KHTML, like Gecko) Chrome/132.0.0.0 Safari/537.36"
187.195.110.68 - - [05/Feb/2025:13:53:50 -0600] "GET /intranet/sistemas/recursoshumanos/page_edit_personal_contrato.php?id_plaza=175&id_contrato=1383&id_plantilla=175&id_personal=316&id_puesto=36&id_area=15 HTTP/1.1" 200 48222 "https://intranet.tjamich.gob.mx/intranet/sistemas/recursoshumanos/page_plantilla_area.php?id_area=15" "Mozilla/5.0 (Windows NT 10.0; Win64; x64) AppleWebKit/537.36 (KHTML, like Gecko) Chrome/132.0.0.0 Safari/537.36"
187.195.110.68 - - [05/Feb/2025:13:54:00 -0600] "POST /intranet/sistemas/recursoshumanos/editar_personal_contrato.php HTTP/1.1" 302 - "https://intranet.tjamich.gob.mx/intranet/sistemas/recursoshumanos/page_edit_personal_contrato.php?id_plaza=175&id_contrato=1383&id_plantilla=175&id_personal=316&id_puesto=36&id_area=15" "Mozilla/5.0 (Windows NT 10.0; Win64; x64) AppleWebKit/537.36 (KHTML, like Gecko) Chrome/132.0.0.0 Safari/537.36"
187.195.110.68 - - [05/Feb/2025:13:54:00 -0600] "GET /intranet/sistemas/recursoshumanos/page_plantilla_area.php?app=1 HTTP/1.1" 200 912078 "https://intranet.tjamich.gob.mx/intranet/sistemas/recursoshumanos/page_edit_personal_contrato.php?id_plaza=175&id_contrato=1383&id_plantilla=175&id_personal=316&id_puesto=36&id_area=15" "Mozilla/5.0 (Windows NT 10.0; Win64; x64) AppleWebKit/537.36 (KHTML, like Gecko) Chrome/132.0.0.0 Safari/537.36"
189.243.215.76 - - [05/Feb/2025:13:54:01 -0600] "POST /intranet/sistemas/requisiciones/carrito.php HTTP/1.1" 200 501 "https://intranet.tjamich.gob.mx/intranet/sistemas/requisiciones/page_add_carrito.php?app=1" "Mozilla/5.0 (Windows NT 10.0; Win64; x64) AppleWebKit/537.36 (KHTML, like Gecko) Chrome/109.0.0.0 Safari/537.36"
187.195.110.68 - - [05/Feb/2025:13:54:02 -0600] "GET /intranet/sistemas/recursoshumanos/page_plantilla_area.php?id_area=15 HTTP/1.1" 200 65756 "https://intranet.tjamich.gob.mx/intranet/sistemas/recursoshumanos/page_plantilla_area.php?app=1" "Mozilla/5.0 (Windows NT 10.0; Win64; x64) AppleWebKit/537.36 (KHTML, like Gecko) Chrome/132.0.0.0 Safari/537.36"
187.195.110.68 - - [05/Feb/2025:13:54:08 -0600] "GET /intranet/sistemas/recursoshumanos/page_edit_personal_contrato.php?id_plaza=28&id_contrato=1384&id_plantilla=28&id_personal=384&id_puesto=22&id_area=15 HTTP/1.1" 200 48218 "https://intranet.tjamich.gob.mx/intranet/sistemas/recursoshumanos/page_plantilla_area.php?id_area=15" "Mozilla/5.0 (Windows NT 10.0; Win64; x64) AppleWebKit/537.36 (KHTML, like Gecko) Chrome/132.0.0.0 Safari/537.36"
187.195.110.68 - - [05/Feb/2025:13:54:21 -0600] "POST /intranet/sistemas/recursoshumanos/editar_personal_contrato.php HTTP/1.1" 302 - "https://intranet.tjamich.gob.mx/intranet/sistemas/recursoshumanos/page_edit_personal_contrato.php?id_plaza=28&id_contrato=1384&id_plantilla=28&id_personal=384&id_puesto=22&id_area=15" "Mozilla/5.0 (Windows NT 10.0; Win64; x64) AppleWebKit/537.36 (KHTML, like Gecko) Chrome/132.0.0.0 Safari/537.36"
187.195.110.68 - - [05/Feb/2025:13:54:21 -0600] "GET /intranet/sistemas/recursoshumanos/page_plantilla_area.php?app=1 HTTP/1.1" 200 912070 "https://intranet.tjamich.gob.mx/intranet/sistemas/recursoshumanos/page_edit_personal_contrato.php?id_plaza=28&id_contrato=1384&id_plantilla=28&id_personal=384&id_puesto=22&id_area=15" "Mozilla/5.0 (Windows NT 10.0; Win64; x64) AppleWebKit/537.36 (KHTML, like Gecko) Chrome/132.0.0.0 Safari/537.36"
187.195.110.68 - - [05/Feb/2025:13:54:25 -0600] "GET /intranet/sistemas/recursoshumanos/page_plantilla_area.php?id_area=20 HTTP/1.1" 200 32116 "https://intranet.tjamich.gob.mx/intranet/sistemas/recursoshumanos/page_plantilla_area.php?app=1" "Mozilla/5.0 (Windows NT 10.0; Win64; x64) AppleWebKit/537.36 (KHTML, like Gecko) Chrome/132.0.0.0 Safari/537.36"
187.195.110.68 - - [05/Feb/2025:13:54:26 -0600] "GET /intranet/sistemas/recursoshumanos/page_plantilla_area.php?id_area=15 HTTP/1.1" 200 65748 "https://intranet.tjamich.gob.mx/intranet/sistemas/recursoshumanos/page_plantilla_area.php?id_area=20" "Mozilla/5.0 (Windows NT 10.0; Win64; x64) AppleWebKit/537.36 (KHTML, like Gecko) Chrome/132.0.0.0 Safari/537.36"
187.195.110.68 - - [05/Feb/2025:13:54:28 -0600] "GET /intranet/sistemas/recursoshumanos/page_inicio.php HTTP/1.1" 200 25429 "https://intranet.tjamich.gob.mx/intranet/sistemas/recursoshumanos/page_plantilla_area.php?id_area=15" "Mozilla/5.0 (Windows NT 10.0; Win64; x64) AppleWebKit/537.36 (KHTML, like Gecko) Chrome/132.0.0.0 Safari/537.36"
189.243.215.76 - - [05/Feb/2025:13:54:35 -0600] "GET /intranet/sistemas/requisiciones/page_add_mostrar_carrito.php?app=1 HTTP/1.1" 200 26411 "https://intranet.tjamich.gob.mx/intranet/sistemas/requisiciones/page_add_carrito.php?app=1" "Mozilla/5.0 (Windows NT 10.0; Win64; x64) AppleWebKit/537.36 (KHTML, like Gecko) Chrome/109.0.0.0 Safari/537.36"
189.243.238.36 - - [05/Feb/2025:13:54:37 -0600] "POST /intranet/fetch.php HTTP/1.1" 200 122 "https://intranet.tjamich.gob.mx/intranet/page_home.php" "Mozilla/5.0 (Windows NT 10.0; Win64; x64) AppleWebKit/537.36 (KHTML, like Gecko) Chrome/132.0.0.0 Safari/537.36"
187.195.110.68 - - [05/Feb/2025:13:54:29 -0600] "GET /intranet/sistemas/recursoshumanos/page_find_historial_contratos.php?app=2 HTTP/1.1" 200 1352616 "https://intranet.tjamich.gob.mx/intranet/sistemas/recursoshumanos/page_inicio.php" "Mozilla/5.0 (Windows NT 10.0; Win64; x64) AppleWebKit/537.36 (KHTML, like Gecko) Chrome/132.0.0.0 Safari/537.36"
187.195.110.68 - - [05/Feb/2025:13:54:48 -0600] "GET /intranet/sistemas/recursoshumanos/pdfcontrato.php?id_contrato=1597&app=1&opc=2 HTTP/1.1" 200 46950 "https://intranet.tjamich.gob.mx/intranet/sistemas/recursoshumanos/page_find_historial_contratos.php?app=2" "Mozilla/5.0 (Windows NT 10.0; Win64; x64) AppleWebKit/537.36 (KHTML, like Gecko) Chrome/132.0.0.0 Safari/537.36"
189.243.215.76 - - [05/Feb/2025:13:55:01 -0600] "GET /intranet/sistemas/requisiciones/page_add_carrito.php?app=1 HTTP/1.1" 200 501504 "https://intranet.tjamich.gob.mx/intranet/sistemas/requisiciones/page_add_mostrar_carrito.php?app=1" "Mozilla/5.0 (Windows NT 10.0; Win64; x64) AppleWebKit/537.36 (KHTML, like Gecko) Chrome/109.0.0.0 Safari/537.36"
189.243.215.76 - - [05/Feb/2025:13:55:08 -0600] "GET /intranet/sistemas/requisiciones/page_requisiciones.php?app=1 HTTP/1.1" 200 21336 "https://intranet.tjamich.gob.mx/intranet/sistemas/requisiciones/page_add_carrito.php?app=1" "Mozilla/5.0 (Windows NT 10.0; Win64; x64) AppleWebKit/537.36 (KHTML, like Gecko) Chrome/109.0.0.0 Safari/537.36"
189.243.215.76 - - [05/Feb/2025:13:55:08 -0600] "GET /intranet/sistemas/requisiciones/style.css HTTP/1.1" 404 - "https://intranet.tjamich.gob.mx/intranet/sistemas/requisiciones/page_requisiciones.php?app=1" "Mozilla/5.0 (Windows NT 10.0; Win64; x64) AppleWebKit/537.36 (KHTML, like Gecko) Chrome/109.0.0.0 Safari/537.36"
189.243.215.76 - - [05/Feb/2025:13:55:09 -0600] "GET /intranet/sistemas/requisiciones/page_add_carrito.php?app=1 HTTP/1.1" 200 501504 "https://intranet.tjamich.gob.mx/intranet/sistemas/requisiciones/page_requisiciones.php?app=1" "Mozilla/5.0 (Windows NT 10.0; Win64; x64) AppleWebKit/537.36 (KHTML, like Gecko) Chrome/109.0.0.0 Safari/537.36"
189.243.215.76 - - [05/Feb/2025:13:55:16 -0600] "GET /favicon.ico HTTP/1.1" 404 - "https://intranet.tjamich.gob.mx/intranet/sistemas/compras/docs/2022/11/24/d917c2377973c4b2624fe14aafdf18cb.PNG" "Mozilla/5.0 (Windows NT 10.0; Win64; x64) AppleWebKit/537.36 (KHTML, like Gecko) Chrome/109.0.0.0 Safari/537.36"
189.243.215.76 - - [05/Feb/2025:13:55:21 -0600] "POST /intranet/sistemas/requisiciones/carrito.php HTTP/1.1" 200 494 "https://intranet.tjamich.gob.mx/intranet/sistemas/requisiciones/page_add_carrito.php?app=1" "Mozilla/5.0 (Windows NT 10.0; Win64; x64) AppleWebKit/537.36 (KHTML, like Gecko) Chrome/109.0.0.0 Safari/537.36"
189.243.215.76 - - [05/Feb/2025:13:55:23 -0600] "GET /intranet/sistemas/requisiciones/page_add_mostrar_carrito.php?app=1 HTTP/1.1" 200 26411 "https://intranet.tjamich.gob.mx/intranet/sistemas/requisiciones/page_add_carrito.php?app=1" "Mozilla/5.0 (Windows NT 10.0; Win64; x64) AppleWebKit/537.36 (KHTML, like Gecko) Chrome/109.0.0.0 Safari/537.36"
187.195.110.68 - - [05/Feb/2025:13:55:25 -0600] "GET /intranet/sistemas/recursoshumanos/pdfcontrato.php?id_contrato=1596&app=1&opc=2 HTTP/1.1" 200 46949 "https://intranet.tjamich.gob.mx/intranet/sistemas/recursoshumanos/page_find_historial_contratos.php?app=2" "Mozilla/5.0 (Windows NT 10.0; Win64; x64) AppleWebKit/537.36 (KHTML, like Gecko) Chrome/132.0.0.0 Safari/537.36"
189.243.215.76 - - [05/Feb/2025:13:55:35 -0600] "POST /intranet/sistemas/requisiciones/carrito.php HTTP/1.1" 200 14 "https://intranet.tjamich.gob.mx/intranet/sistemas/requisiciones/page_add_mostrar_carrito.php?app=1" "Mozilla/5.0 (Windows NT 10.0; Win64; x64) AppleWebKit/537.36 (KHTML, like Gecko) Chrome/109.0.0.0 Safari/537.36"
189.243.215.76 - - [05/Feb/2025:13:55:35 -0600] "GET /intranet/sistemas/requisiciones/page_add_mostrar_carrito.php?app=1 HTTP/1.1" 200 25399 "https://intranet.tjamich.gob.mx/intranet/sistemas/requisiciones/page_add_mostrar_carrito.php?app=1" "Mozilla/5.0 (Windows NT 10.0; Win64; x64) AppleWebKit/537.36 (KHTML, like Gecko) Chrome/109.0.0.0 Safari/537.36"
189.243.238.36 - - [05/Feb/2025:13:55:38 -0600] "POST /intranet/fetch.php HTTP/1.1" 200 122 "https://intranet.tjamich.gob.mx/intranet/page_home.php" "Mozilla/5.0 (Windows NT 10.0; Win64; x64) AppleWebKit/537.36 (KHTML, like Gecko) Chrome/132.0.0.0 Safari/537.36"
189.243.215.76 - - [05/Feb/2025:13:55:41 -0600] "GET /intranet/sistemas/requisiciones/page_add_carrito.php?app=1 HTTP/1.1" 200 501504 "https://intranet.tjamich.gob.mx/intranet/sistemas/requisiciones/page_add_mostrar_carrito.php?app=1" "Mozilla/5.0 (Windows NT 10.0; Win64; x64) AppleWebKit/537.36 (KHTML, like Gecko) Chrome/109.0.0.0 Safari/537.36"
187.195.110.68 - - [05/Feb/2025:13:55:42 -0600] "GET /intranet/sistemas/recursoshumanos/pdfcontrato.php?id_contrato=1598&app=1&opc=2 HTTP/1.1" 200 46941 "https://intranet.tjamich.gob.mx/intranet/sistemas/recursoshumanos/page_find_historial_contratos.php?app=2" "Mozilla/5.0 (Windows NT 10.0; Win64; x64) AppleWebKit/537.36 (KHTML, like Gecko) Chrome/132.0.0.0 Safari/537.36"
189.243.215.76 - - [05/Feb/2025:13:55:54 -0600] "GET /intranet/sistemas/requisiciones/page_add_mostrar_carrito.php?app=1 HTTP/1.1" 200 25399 "https://intranet.tjamich.gob.mx/intranet/sistemas/requisiciones/page_add_carrito.php?app=1" "Mozilla/5.0 (Windows NT 10.0; Win64; x64) AppleWebKit/537.36 (KHTML, like Gecko) Chrome/109.0.0.0 Safari/537.36"
189.243.238.36 - - [05/Feb/2025:13:55:55 -0600] "POST /intranet/fetch.php HTTP/1.1" 200 122 "https://intranet.tjamich.gob.mx/intranet/page_home.php" "Mozilla/5.0 (Windows NT 10.0; Win64; x64) AppleWebKit/537.36 (KHTML, like Gecko) Chrome/132.0.0.0 Safari/537.36"
189.243.215.76 - - [05/Feb/2025:13:55:56 -0600] "POST /intranet/sistemas/requisiciones/carrito.php HTTP/1.1" 200 14 "https://intranet.tjamich.gob.mx/intranet/sistemas/requisiciones/page_add_mostrar_carrito.php?app=1" "Mozilla/5.0 (Windows NT 10.0; Win64; x64) AppleWebKit/537.36 (KHTML, like Gecko) Chrome/109.0.0.0 Safari/537.36"
189.243.215.76 - - [05/Feb/2025:13:55:56 -0600] "GET /intranet/sistemas/requisiciones/page_add_mostrar_carrito.php?app=1 HTTP/1.1" 200 24393 "https://intranet.tjamich.gob.mx/intranet/sistemas/requisiciones/page_add_mostrar_carrito.php?app=1" "Mozilla/5.0 (Windows NT 10.0; Win64; x64) AppleWebKit/537.36 (KHTML, like Gecko) Chrome/109.0.0.0 Safari/537.36"
189.243.215.76 - - [05/Feb/2025:13:55:57 -0600] "POST /intranet/sistemas/requisiciones/carrito.php HTTP/1.1" 200 14 "https://intranet.tjamich.gob.mx/intranet/sistemas/requisiciones/page_add_mostrar_carrito.php?app=1" "Mozilla/5.0 (Windows NT 10.0; Win64; x64) AppleWebKit/537.36 (KHTML, like Gecko) Chrome/109.0.0.0 Safari/537.36"
189.243.215.76 - - [05/Feb/2025:13:55:57 -0600] "GET /intranet/sistemas/requisiciones/page_add_mostrar_carrito.php?app=1 HTTP/1.1" 200 20869 "https://intranet.tjamich.gob.mx/intranet/sistemas/requisiciones/page_add_mostrar_carrito.php?app=1" "Mozilla/5.0 (Windows NT 10.0; Win64; x64) AppleWebKit/537.36 (KHTML, like Gecko) Chrome/109.0.0.0 Safari/537.36"
189.243.215.76 - - [05/Feb/2025:13:55:59 -0600] "GET /intranet/sistemas/requisiciones/page_add_carrito.php?app=1 HTTP/1.1" 200 501504 "https://intranet.tjamich.gob.mx/intranet/sistemas/requisiciones/page_add_mostrar_carrito.php?app=1" "Mozilla/5.0 (Windows NT 10.0; Win64; x64) AppleWebKit/537.36 (KHTML, like Gecko) Chrome/109.0.0.0 Safari/537.36"
187.195.110.68 - - [05/Feb/2025:13:56:04 -0600] "GET /intranet/sistemas/recursoshumanos/page_inicio.php HTTP/1.1" 200 25429 "https://intranet.tjamich.gob.mx/intranet/sistemas/recursoshumanos/page_find_historial_contratos.php?app=2" "Mozilla/5.0 (Windows NT 10.0; Win64; x64) AppleWebKit/537.36 (KHTML, like Gecko) Chrome/132.0.0.0 Safari/537.36"
189.243.215.76 - - [05/Feb/2025:13:56:20 -0600] "POST /intranet/sistemas/requisiciones/carrito.php HTTP/1.1" 200 516 "https://intranet.tjamich.gob.mx/intranet/sistemas/requisiciones/page_add_carrito.php?app=1" "Mozilla/5.0 (Windows NT 10.0; Win64; x64) AppleWebKit/537.36 (KHTML, like Gecko) Chrome/109.0.0.0 Safari/537.36"
189.243.215.76 - - [05/Feb/2025:13:56:37 -0600] "POST /intranet/sistemas/requisiciones/carrito.php HTTP/1.1" 200 531 "https://intranet.tjamich.gob.mx/intranet/sistemas/requisiciones/page_add_carrito.php?app=1" "Mozilla/5.0 (Windows NT 10.0; Win64; x64) AppleWebKit/537.36 (KHTML, like Gecko) Chrome/109.0.0.0 Safari/537.36"
189.243.215.76 - - [05/Feb/2025:13:56:50 -0600] "POST /intranet/sistemas/requisiciones/carrito.php HTTP/1.1" 200 507 "https://intranet.tjamich.gob.mx/intranet/sistemas/requisiciones/page_add_carrito.php?app=1" "Mozilla/5.0 (Windows NT 10.0; Win64; x64) AppleWebKit/537.36 (KHTML, like Gecko) Chrome/109.0.0.0 Safari/537.36"
189.243.238.36 - - [05/Feb/2025:13:56:55 -0600] "POST /intranet/fetch.php HTTP/1.1" 200 122 "https://intranet.tjamich.gob.mx/intranet/page_home.php" "Mozilla/5.0 (Windows NT 10.0; Win64; x64) AppleWebKit/537.36 (KHTML, like Gecko) Chrome/132.0.0.0 Safari/537.36"
189.243.215.76 - - [05/Feb/2025:13:56:57 -0600] "POST /intranet/sistemas/requisiciones/carrito.php HTTP/1.1" 200 516 "https://intranet.tjamich.gob.mx/intranet/sistemas/requisiciones/page_add_carrito.php?app=1" "Mozilla/5.0 (Windows NT 10.0; Win64; x64) AppleWebKit/537.36 (KHTML, like Gecko) Chrome/109.0.0.0 Safari/537.36"
189.243.215.76 - - [05/Feb/2025:13:57:01 -0600] "GET /intranet/sistemas/requisiciones/page_add_mostrar_carrito.php?app=1 HTTP/1.1" 200 26429 "https://intranet.tjamich.gob.mx/intranet/sistemas/requisiciones/page_add_carrito.php?app=1" "Mozilla/5.0 (Windows NT 10.0; Win64; x64) AppleWebKit/537.36 (KHTML, like Gecko) Chrome/109.0.0.0 Safari/537.36"
189.243.215.76 - - [05/Feb/2025:13:57:13 -0600] "POST /intranet/sistemas/requisiciones/controller/limpiar_carrito.php HTTP/1.1" 302 - "https://intranet.tjamich.gob.mx/intranet/sistemas/requisiciones/page_add_mostrar_carrito.php?app=1" "Mozilla/5.0 (Windows NT 10.0; Win64; x64) AppleWebKit/537.36 (KHTML, like Gecko) Chrome/109.0.0.0 Safari/537.36"
189.243.215.76 - - [05/Feb/2025:13:57:13 -0600] "GET /intranet/sistemas/requisiciones/page_add_carrito.php?app=1 HTTP/1.1" 200 501504 "https://intranet.tjamich.gob.mx/intranet/sistemas/requisiciones/page_add_mostrar_carrito.php?app=1" "Mozilla/5.0 (Windows NT 10.0; Win64; x64) AppleWebKit/537.36 (KHTML, like Gecko) Chrome/109.0.0.0 Safari/537.36"
189.243.215.76 - - [05/Feb/2025:13:57:21 -0600] "POST /intranet/sistemas/requisiciones/carrito.php HTTP/1.1" 200 531 "https://intranet.tjamich.gob.mx/intranet/sistemas/requisiciones/page_add_carrito.php?app=1" "Mozilla/5.0 (Windows NT 10.0; Win64; x64) AppleWebKit/537.36 (KHTML, like Gecko) Chrome/109.0.0.0 Safari/537.36"
189.243.238.36 - - [05/Feb/2025:13:57:55 -0600] "POST /intranet/fetch.php HTTP/1.1" 200 122 "https://intranet.tjamich.gob.mx/intranet/page_home.php" "Mozilla/5.0 (Windows NT 10.0; Win64; x64) AppleWebKit/537.36 (KHTML, like Gecko) Chrome/132.0.0.0 Safari/537.36"
189.243.238.36 - - [05/Feb/2025:13:58:22 -0600] "GET /intranet/sistemas/oficios/page_oficios.php HTTP/1.1" 302 6882 "https://intranet.tjamich.gob.mx/intranet/sistemas/oficios/page_ver_oficios.php?noti=1&id_oficio=8599" "Mozilla/5.0 (Windows NT 10.0; Win64; x64) AppleWebKit/537.36 (KHTML, like Gecko) Chrome/132.0.0.0 Safari/537.36"
189.243.238.36 - - [05/Feb/2025:13:58:23 -0600] "GET /intranet/page_inicio.php HTTP/1.1" 200 16185 "https://intranet.tjamich.gob.mx/intranet/sistemas/oficios/page_ver_oficios.php?noti=1&id_oficio=8599" "Mozilla/5.0 (Windows NT 10.0; Win64; x64) AppleWebKit/537.36 (KHTML, like Gecko) Chrome/132.0.0.0 Safari/537.36"
189.243.238.36 - - [05/Feb/2025:13:58:27 -0600] "GET /intranet/common/vendors/jplist/html/css/jplist-custom.css HTTP/1.1" 200 21350 "https://intranet.tjamich.gob.mx/intranet/page_inicio.php" "Mozilla/5.0 (Windows NT 10.0; Win64; x64) AppleWebKit/537.36 (KHTML, like Gecko) Chrome/132.0.0.0 Safari/537.36"
189.243.238.36 - - [05/Feb/2025:13:58:27 -0600] "GET /intranet/common/vendors/lightbox/css/lightbox.css HTTP/1.1" 200 4348 "https://intranet.tjamich.gob.mx/intranet/page_inicio.php" "Mozilla/5.0 (Windows NT 10.0; Win64; x64) AppleWebKit/537.36 (KHTML, like Gecko) Chrome/132.0.0.0 Safari/537.36"
189.243.238.36 - - [05/Feb/2025:13:58:28 -0600] "GET /intranet/common/vendors/DataTables/media/css/jquery.dataTables.css HTTP/1.1" 200 18275 "https://intranet.tjamich.gob.mx/intranet/page_inicio.php" "Mozilla/5.0 (Windows NT 10.0; Win64; x64) AppleWebKit/537.36 (KHTML, like Gecko) Chrome/132.0.0.0 Safari/537.36"
189.243.238.36 - - [05/Feb/2025:13:58:28 -0600] "GET /intranet/common/vendors/DataTables/extensions/TableTools/css/dataTables.tableTools.min.css HTTP/1.1" 200 6995 "https://intranet.tjamich.gob.mx/intranet/page_inicio.php" "Mozilla/5.0 (Windows NT 10.0; Win64; x64) AppleWebKit/537.36 (KHTML, like Gecko) Chrome/132.0.0.0 Safari/537.36"
189.243.238.36 - - [05/Feb/2025:13:58:28 -0600] "GET /intranet/common/vendors/DataTables/media/css/dataTables.bootstrap.css HTTP/1.1" 200 7931 "https://intranet.tjamich.gob.mx/intranet/page_inicio.php" "Mozilla/5.0 (Windows NT 10.0; Win64; x64) AppleWebKit/537.36 (KHTML, like Gecko) Chrome/132.0.0.0 Safari/537.36"
189.243.238.36 - - [05/Feb/2025:13:58:28 -0600] "GET /intranet/common/vendors/animate.css/animate.css HTTP/1.1" 200 68392 "https://intranet.tjamich.gob.mx/intranet/page_inicio.php" "Mozilla/5.0 (Windows NT 10.0; Win64; x64) AppleWebKit/537.36 (KHTML, like Gecko) Chrome/132.0.0.0 Safari/537.36"
189.243.238.36 - - [05/Feb/2025:13:58:28 -0600] "GET /intranet/common/vendors/iCheck/skins/all.css HTTP/1.1" 200 1624 "https://intranet.tjamich.gob.mx/intranet/page_inicio.php" "Mozilla/5.0 (Windows NT 10.0; Win64; x64) AppleWebKit/537.36 (KHTML, like Gecko) Chrome/132.0.0.0 Safari/537.36"
189.243.238.36 - - [05/Feb/2025:13:58:28 -0600] "GET /intranet/common/frontend/assets/css/themes/orange.css HTTP/1.1" 200 57332 "https://intranet.tjamich.gob.mx/intranet/page_inicio.php" "Mozilla/5.0 (Windows NT 10.0; Win64; x64) AppleWebKit/537.36 (KHTML, like Gecko) Chrome/132.0.0.0 Safari/537.36"
189.243.238.36 - - [05/Feb/2025:13:58:28 -0600] "GET /intranet/style.css HTTP/1.1" 200 811 "https://intranet.tjamich.gob.mx/intranet/page_inicio.php" "Mozilla/5.0 (Windows NT 10.0; Win64; x64) AppleWebKit/537.36 (KHTML, like Gecko) Chrome/132.0.0.0 Safari/537.36"
189.243.238.36 - - [05/Feb/2025:13:58:48 -0600] "GET / HTTP/1.1" 200 567 "https://portal.tjamich.gob.mx/" "Mozilla/5.0 (Windows NT 10.0; Win64; x64) AppleWebKit/537.36 (KHTML, like Gecko) Chrome/132.0.0.0 Safari/537.36"
189.243.238.36 - - [05/Feb/2025:13:58:49 -0600] "GET /intranet/page_inicio.php HTTP/1.1" 200 16185 "https://intranet.tjamich.gob.mx/" "Mozilla/5.0 (Windows NT 10.0; Win64; x64) AppleWebKit/537.36 (KHTML, like Gecko) Chrome/132.0.0.0 Safari/537.36"
189.243.238.36 - - [05/Feb/2025:13:58:50 -0600] "GET /intranet/common/vendors/jquery-ui-1.10.4.custom/css/ui-lightness/jquery-ui-1.10.4.custom.min.css HTTP/1.1" 200 34406 "https://intranet.tjamich.gob.mx/intranet/page_inicio.php" "Mozilla/5.0 (Windows NT 10.0; Win64; x64) AppleWebKit/537.36 (KHTML, like Gecko) Chrome/132.0.0.0 Safari/537.36"
189.243.238.36 - - [05/Feb/2025:13:58:50 -0600] "GET /intranet/common/vendors/fontawesome/css/all.css HTTP/1.1" 200 78193 "https://intranet.tjamich.gob.mx/intranet/page_inicio.php" "Mozilla/5.0 (Windows NT 10.0; Win64; x64) AppleWebKit/537.36 (KHTML, like Gecko) Chrome/132.0.0.0 Safari/537.36"
189.243.238.36 - - [05/Feb/2025:13:58:50 -0600] "GET /intranet/common/vendors/bootstrap-datetimepicker/build/css/bootstrap-datetimepicker.min.css HTTP/1.1" 200 4510 "https://intranet.tjamich.gob.mx/intranet/page_inicio.php" "Mozilla/5.0 (Windows NT 10.0; Win64; x64) AppleWebKit/537.36 (KHTML, like Gecko) Chrome/132.0.0.0 Safari/537.36"
189.243.238.36 - - [05/Feb/2025:13:58:50 -0600] "GET /intranet/common/vendors/bootstrap-timepicker/css/bootstrap-timepicker.min.css HTTP/1.1" 200 3056 "https://intranet.tjamich.gob.mx/intranet/page_inicio.php" "Mozilla/5.0 (Windows NT 10.0; Win64; x64) AppleWebKit/537.36 (KHTML, like Gecko) Chrome/132.0.0.0 Safari/537.36"
189.243.238.36 - - [05/Feb/2025:13:58:50 -0600] "GET /intranet/common/vendors/bootstrap-switch/css/bootstrap-switch.css HTTP/1.1" 200 15444 "https://intranet.tjamich.gob.mx/intranet/page_inicio.php" "Mozilla/5.0 (Windows NT 10.0; Win64; x64) AppleWebKit/537.36 (KHTML, like Gecko) Chrome/132.0.0.0 Safari/537.36"
189.243.238.36 - - [05/Feb/2025:13:58:50 -0600] "GET /intranet/common/vendors/intro.js/introjs.css HTTP/1.1" 200 8396 "https://intranet.tjamich.gob.mx/intranet/page_inicio.php" "Mozilla/5.0 (Windows NT 10.0; Win64; x64) AppleWebKit/537.36 (KHTML, like Gecko) Chrome/132.0.0.0 Safari/537.36"
189.243.238.36 - - [05/Feb/2025:13:58:50 -0600] "GET /intranet/common/vendors/bootstrap-clockface/css/clockface.css HTTP/1.1" 200 6428 "https://intranet.tjamich.gob.mx/intranet/page_inicio.php" "Mozilla/5.0 (Windows NT 10.0; Win64; x64) AppleWebKit/537.36 (KHTML, like Gecko) Chrome/132.0.0.0 Safari/537.36"
189.243.238.36 - - [05/Feb/2025:13:58:50 -0600] "GET /intranet/common/vendors/calendar/zabuto_calendar.min.css HTTP/1.1" 200 3565 "https://intranet.tjamich.gob.mx/intranet/page_inicio.php" "Mozilla/5.0 (Windows NT 10.0; Win64; x64) AppleWebKit/537.36 (KHTML, like Gecko) Chrome/132.0.0.0 Safari/537.36"
189.243.238.36 - - [05/Feb/2025:13:58:50 -0600] "GET /intranet/common/vendors/bootstrap/css/bootstrap.min.css HTTP/1.1" 200 145284 "https://intranet.tjamich.gob.mx/intranet/page_inicio.php" "Mozilla/5.0 (Windows NT 10.0; Win64; x64) AppleWebKit/537.36 (KHTML, like Gecko) Chrome/132.0.0.0 Safari/537.36"
189.243.238.36 - - [05/Feb/2025:13:58:50 -0600] "GET /intranet/common/vendors/sco.message/sco.message.css HTTP/1.1" 200 2485 "https://intranet.tjamich.gob.mx/intranet/page_inicio.php" "Mozilla/5.0 (Windows NT 10.0; Win64; x64) AppleWebKit/537.36 (KHTML, like Gecko) Chrome/132.0.0.0 Safari/537.36"
189.243.238.36 - - [05/Feb/2025:13:58:50 -0600] "GET /intranet/common/vendors/jquery-notific8/jquery.notific8.min.css HTTP/1.1" 200 4980 "https://intranet.tjamich.gob.mx/intranet/page_inicio.php" "Mozilla/5.0 (Windows NT 10.0; Win64; x64) AppleWebKit/537.36 (KHTML, like Gecko) Chrome/132.0.0.0 Safari/537.36"
189.243.238.36 - - [05/Feb/2025:13:58:50 -0600] "GET /intranet/common/vendors/bootstrap-daterangepicker/daterangepicker-bs3.css HTTP/1.1" 200 5757 "https://intranet.tjamich.gob.mx/intranet/page_inicio.php" "Mozilla/5.0 (Windows NT 10.0; Win64; x64) AppleWebKit/537.36 (KHTML, like Gecko) Chrome/132.0.0.0 Safari/537.36"
189.243.238.36 - - [05/Feb/2025:13:58:50 -0600] "GET /intranet/common/css/themes/style1/orange-blue.css HTTP/1.1" 200 213582 "https://intranet.tjamich.gob.mx/intranet/page_inicio.php" "Mozilla/5.0 (Windows NT 10.0; Win64; x64) AppleWebKit/537.36 (KHTML, like Gecko) Chrome/132.0.0.0 Safari/537.36"
189.243.238.36 - - [05/Feb/2025:13:58:50 -0600] "GET /intranet/common/css/style-responsive.css HTTP/1.1" 200 6705 "https://intranet.tjamich.gob.mx/intranet/page_inicio.php" "Mozilla/5.0 (Windows NT 10.0; Win64; x64) AppleWebKit/537.36 (KHTML, like Gecko) Chrome/132.0.0.0 Safari/537.36"
189.243.238.36 - - [05/Feb/2025:13:58:50 -0600] "GET /intranet/common/vendors/iCheck/skins/minimal/all.css HTTP/1.1" 200 15063 "https://intranet.tjamich.gob.mx/intranet/common/vendors/iCheck/skins/all.css" "Mozilla/5.0 (Windows NT 10.0; Win64; x64) AppleWebKit/537.36 (KHTML, like Gecko) Chrome/132.0.0.0 Safari/537.36"
189.243.238.36 - - [05/Feb/2025:13:58:50 -0600] "GET /intranet/common/vendors/iCheck/skins/square/all.css HTTP/1.1" 200 14920 "https://intranet.tjamich.gob.mx/intranet/common/vendors/iCheck/skins/all.css" "Mozilla/5.0 (Windows NT 10.0; Win64; x64) AppleWebKit/537.36 (KHTML, like Gecko) Chrome/132.0.0.0 Safari/537.36"
189.243.238.36 - - [05/Feb/2025:13:58:50 -0600] "GET /intranet/common/vendors/iCheck/skins/flat/all.css HTTP/1.1" 200 13042 "https://intranet.tjamich.gob.mx/intranet/common/vendors/iCheck/skins/all.css" "Mozilla/5.0 (Windows NT 10.0; Win64; x64) AppleWebKit/537.36 (KHTML, like Gecko) Chrome/132.0.0.0 Safari/537.36"
189.243.238.36 - - [05/Feb/2025:13:58:50 -0600] "GET /intranet/common/vendors/iCheck/skins/line/all.css HTTP/1.1" 200 21138 "https://intranet.tjamich.gob.mx/intranet/common/vendors/iCheck/skins/all.css" "Mozilla/5.0 (Windows NT 10.0; Win64; x64) AppleWebKit/537.36 (KHTML, like Gecko) Chrome/132.0.0.0 Safari/537.36"
189.243.238.36 - - [05/Feb/2025:13:58:50 -0600] "GET /intranet/common/vendors/iCheck/skins/polaris/polaris.css HTTP/1.1" 200 1489 "https://intranet.tjamich.gob.mx/intranet/common/vendors/iCheck/skins/all.css" "Mozilla/5.0 (Windows NT 10.0; Win64; x64) AppleWebKit/537.36 (KHTML, like Gecko) Chrome/132.0.0.0 Safari/537.36"
189.243.238.36 - - [05/Feb/2025:13:58:50 -0600] "GET /intranet/common/vendors/iCheck/skins/futurico/futurico.css HTTP/1.1" 200 1347 "https://intranet.tjamich.gob.mx/intranet/common/vendors/iCheck/skins/all.css" "Mozilla/5.0 (Windows NT 10.0; Win64; x64) AppleWebKit/537.36 (KHTML, like Gecko) Chrome/132.0.0.0 Safari/537.36"
189.243.238.36 - - [05/Feb/2025:13:58:50 -0600] "GET /intranet/common/js/jquery-1.10.2.min.js HTTP/1.1" 200 93113 "https://intranet.tjamich.gob.mx/intranet/page_inicio.php" "Mozilla/5.0 (Windows NT 10.0; Win64; x64) AppleWebKit/537.36 (KHTML, like Gecko) Chrome/132.0.0.0 Safari/537.36"
189.243.238.36 - - [05/Feb/2025:13:58:50 -0600] "GET /intranet/logo.png HTTP/1.1" 200 309757 "https://intranet.tjamich.gob.mx/intranet/page_inicio.php" "Mozilla/5.0 (Windows NT 10.0; Win64; x64) AppleWebKit/537.36 (KHTML, like Gecko) Chrome/132.0.0.0 Safari/537.36"
189.243.238.36 - - [05/Feb/2025:13:58:50 -0600] "GET /intranet/common/js/jquery-migrate-1.2.1.min.js HTTP/1.1" 200 7200 "https://intranet.tjamich.gob.mx/intranet/page_inicio.php" "Mozilla/5.0 (Windows NT 10.0; Win64; x64) AppleWebKit/537.36 (KHTML, like Gecko) Chrome/132.0.0.0 Safari/537.36"
189.243.238.36 - - [05/Feb/2025:13:58:50 -0600] "GET /intranet/common/vendors/bootstrap/js/bootstrap.min.js HTTP/1.1" 200 41799 "https://intranet.tjamich.gob.mx/intranet/page_inicio.php" "Mozilla/5.0 (Windows NT 10.0; Win64; x64) AppleWebKit/537.36 (KHTML, like Gecko) Chrome/132.0.0.0 Safari/537.36"
189.243.238.36 - - [05/Feb/2025:13:58:50 -0600] "GET /intranet/common/vendors/bootstrap-hover-dropdown/bootstrap-hover-dropdown.js HTTP/1.1" 200 3324 "https://intranet.tjamich.gob.mx/intranet/page_inicio.php" "Mozilla/5.0 (Windows NT 10.0; Win64; x64) AppleWebKit/537.36 (KHTML, like Gecko) Chrome/132.0.0.0 Safari/537.36"
189.243.238.36 - - [05/Feb/2025:13:58:50 -0600] "GET /intranet/common/vendors/fontawesome/webfonts/fa-solid-900.woff2 HTTP/1.1" 200 78268 "https://intranet.tjamich.gob.mx/intranet/common/vendors/fontawesome/css/all.css" "Mozilla/5.0 (Windows NT 10.0; Win64; x64) AppleWebKit/537.36 (KHTML, like Gecko) Chrome/132.0.0.0 Safari/537.36"
189.243.238.36 - - [05/Feb/2025:13:58:50 -0600] "GET /intranet/common/js/html5shiv.js HTTP/1.1" 200 2437 "https://intranet.tjamich.gob.mx/intranet/page_inicio.php" "Mozilla/5.0 (Windows NT 10.0; Win64; x64) AppleWebKit/537.36 (KHTML, like Gecko) Chrome/132.0.0.0 Safari/537.36"
189.243.238.36 - - [05/Feb/2025:13:58:50 -0600] "GET /intranet/common/js/respond.min.js HTTP/1.1" 200 4053 "https://intranet.tjamich.gob.mx/intranet/page_inicio.php" "Mozilla/5.0 (Windows NT 10.0; Win64; x64) AppleWebKit/537.36 (KHTML, like Gecko) Chrome/132.0.0.0 Safari/537.36"
189.243.238.36 - - [05/Feb/2025:13:58:50 -0600] "GET /intranet/common/js/jquery-ui.js HTTP/1.1" 200 609567 "https://intranet.tjamich.gob.mx/intranet/page_inicio.php" "Mozilla/5.0 (Windows NT 10.0; Win64; x64) AppleWebKit/537.36 (KHTML, like Gecko) Chrome/132.0.0.0 Safari/537.36"
189.243.238.36 - - [05/Feb/2025:13:58:51 -0600] "GET /intranet/common/vendors/slimScroll/jquery.slimscroll.js HTTP/1.1" 200 17455 "https://intranet.tjamich.gob.mx/intranet/page_inicio.php" "Mozilla/5.0 (Windows NT 10.0; Win64; x64) AppleWebKit/537.36 (KHTML, like Gecko) Chrome/132.0.0.0 Safari/537.36"
189.243.238.36 - - [05/Feb/2025:13:58:51 -0600] "GET /intranet/common/vendors/metisMenu/jquery.metisMenu.js HTTP/1.1" 200 2244 "https://intranet.tjamich.gob.mx/intranet/page_inicio.php" "Mozilla/5.0 (Windows NT 10.0; Win64; x64) AppleWebKit/537.36 (KHTML, like Gecko) Chrome/132.0.0.0 Safari/537.36"
189.243.238.36 - - [05/Feb/2025:13:58:51 -0600] "GET /intranet/common/vendors/jquery-cookie/jquery.cookie.js HTTP/1.1" 200 3744 "https://intranet.tjamich.gob.mx/intranet/page_inicio.php" "Mozilla/5.0 (Windows NT 10.0; Win64; x64) AppleWebKit/537.36 (KHTML, like Gecko) Chrome/132.0.0.0 Safari/537.36"
189.243.238.36 - - [05/Feb/2025:13:58:51 -0600] "GET /intranet/common/vendors/iCheck/icheck.min.js HTTP/1.1" 200 4942 "https://intranet.tjamich.gob.mx/intranet/page_inicio.php" "Mozilla/5.0 (Windows NT 10.0; Win64; x64) AppleWebKit/537.36 (KHTML, like Gecko) Chrome/132.0.0.0 Safari/537.36"
189.243.238.36 - - [05/Feb/2025:13:58:51 -0600] "GET /intranet/common/vendors/iCheck/custom.min.js HTTP/1.1" 200 2136 "https://intranet.tjamich.gob.mx/intranet/page_inicio.php" "Mozilla/5.0 (Windows NT 10.0; Win64; x64) AppleWebKit/537.36 (KHTML, like Gecko) Chrome/132.0.0.0 Safari/537.36"
189.243.238.36 - - [05/Feb/2025:13:58:51 -0600] "GET /intranet/common/vendors/jquery-notific8/jquery.notific8.min.js HTTP/1.1" 200 4371 "https://intranet.tjamich.gob.mx/intranet/page_inicio.php" "Mozilla/5.0 (Windows NT 10.0; Win64; x64) AppleWebKit/537.36 (KHTML, like Gecko) Chrome/132.0.0.0 Safari/537.36"
189.243.238.36 - - [05/Feb/2025:13:58:51 -0600] "GET /intranet/common/vendors/jquery-highcharts/highcharts.js HTTP/1.1" 200 230832 "https://intranet.tjamich.gob.mx/intranet/page_inicio.php" "Mozilla/5.0 (Windows NT 10.0; Win64; x64) AppleWebKit/537.36 (KHTML, like Gecko) Chrome/132.0.0.0 Safari/537.36"
189.243.238.36 - - [05/Feb/2025:13:58:51 -0600] "GET /intranet/common/js/jquery.menu.js HTTP/1.1" 200 3967 "https://intranet.tjamich.gob.mx/intranet/page_inicio.php" "Mozilla/5.0 (Windows NT 10.0; Win64; x64) AppleWebKit/537.36 (KHTML, like Gecko) Chrome/132.0.0.0 Safari/537.36"
189.243.238.36 - - [05/Feb/2025:13:58:51 -0600] "GET /intranet/common/vendors/jquery-pace/pace.min.js HTTP/1.1" 200 17542 "https://intranet.tjamich.gob.mx/intranet/page_inicio.php" "Mozilla/5.0 (Windows NT 10.0; Win64; x64) AppleWebKit/537.36 (KHTML, like Gecko) Chrome/132.0.0.0 Safari/537.36"
189.243.238.36 - - [05/Feb/2025:13:58:51 -0600] "GET /intranet/common/vendors/responsive-tabs/responsive-tabs.js HTTP/1.1" 200 5532 "https://intranet.tjamich.gob.mx/intranet/page_inicio.php" "Mozilla/5.0 (Windows NT 10.0; Win64; x64) AppleWebKit/537.36 (KHTML, like Gecko) Chrome/132.0.0.0 Safari/537.36"
189.243.238.36 - - [05/Feb/2025:13:58:51 -0600] "GET /intranet/common/vendors/holder/holder.js HTTP/1.1" 200 12842 "https://intranet.tjamich.gob.mx/intranet/page_inicio.php" "Mozilla/5.0 (Windows NT 10.0; Win64; x64) AppleWebKit/537.36 (KHTML, like Gecko) Chrome/132.0.0.0 Safari/537.36"
189.243.238.36 - - [05/Feb/2025:13:58:51 -0600] "GET /intranet/common/vendors/jquery-news-ticker/jquery.newsTicker.min.js HTTP/1.1" 200 5043 "https://intranet.tjamich.gob.mx/intranet/page_inicio.php" "Mozilla/5.0 (Windows NT 10.0; Win64; x64) AppleWebKit/537.36 (KHTML, like Gecko) Chrome/132.0.0.0 Safari/537.36"
189.243.238.36 - - [05/Feb/2025:13:58:51 -0600] "GET /intranet/common/vendors/bootstrap-datepicker/js/bootstrap-datepicker.js HTTP/1.1" 200 66814 "https://intranet.tjamich.gob.mx/intranet/page_inicio.php" "Mozilla/5.0 (Windows NT 10.0; Win64; x64) AppleWebKit/537.36 (KHTML, like Gecko) Chrome/132.0.0.0 Safari/537.36"
189.243.238.36 - - [05/Feb/2025:13:58:51 -0600] "GET /intranet/common/vendors/bootstrap-daterangepicker/daterangepicker.js HTTP/1.1" 200 35114 "https://intranet.tjamich.gob.mx/intranet/page_inicio.php" "Mozilla/5.0 (Windows NT 10.0; Win64; x64) AppleWebKit/537.36 (KHTML, like Gecko) Chrome/132.0.0.0 Safari/537.36"
189.243.238.36 - - [05/Feb/2025:13:58:51 -0600] "GET /intranet/common/vendors/DataTables/media/js/dataTables.bootstrap.js HTTP/1.1" 200 9451 "https://intranet.tjamich.gob.mx/intranet/page_inicio.php" "Mozilla/5.0 (Windows NT 10.0; Win64; x64) AppleWebKit/537.36 (KHTML, like Gecko) Chrome/132.0.0.0 Safari/537.36"
189.243.238.36 - - [05/Feb/2025:13:58:51 -0600] "GET /intranet/common/vendors/moment/moment.js HTTP/1.1" 200 78455 "https://intranet.tjamich.gob.mx/intranet/page_inicio.php" "Mozilla/5.0 (Windows NT 10.0; Win64; x64) AppleWebKit/537.36 (KHTML, like Gecko) Chrome/132.0.0.0 Safari/537.36"
189.243.238.36 - - [05/Feb/2025:13:58:51 -0600] "GET /intranet/common/vendors/DataTables/extensions/TableTools/js/dataTables.tableTools.min.js HTTP/1.1" 200 47529 "https://intranet.tjamich.gob.mx/intranet/page_inicio.php" "Mozilla/5.0 (Windows NT 10.0; Win64; x64) AppleWebKit/537.36 (KHTML, like Gecko) Chrome/132.0.0.0 Safari/537.36"
189.243.238.36 - - [05/Feb/2025:13:58:51 -0600] "GET /intranet/common/js/table-datatables.js HTTP/1.1" 200 606 "https://intranet.tjamich.gob.mx/intranet/page_inicio.php" "Mozilla/5.0 (Windows NT 10.0; Win64; x64) AppleWebKit/537.36 (KHTML, like Gecko) Chrome/132.0.0.0 Safari/537.36"
189.243.238.36 - - [05/Feb/2025:13:58:51 -0600] "GET /intranet/common/js/main.js HTTP/1.1" 200 18387 "https://intranet.tjamich.gob.mx/intranet/page_inicio.php" "Mozilla/5.0 (Windows NT 10.0; Win64; x64) AppleWebKit/537.36 (KHTML, like Gecko) Chrome/132.0.0.0 Safari/537.36"
189.243.238.36 - - [05/Feb/2025:13:58:51 -0600] "GET /intranet/common/vendors/DataTables/media/js/jquery.dataTables.js HTTP/1.1" 200 592807 "https://intranet.tjamich.gob.mx/intranet/page_inicio.php" "Mozilla/5.0 (Windows NT 10.0; Win64; x64) AppleWebKit/537.36 (KHTML, like Gecko) Chrome/132.0.0.0 Safari/537.36"
189.243.238.36 - - [05/Feb/2025:13:58:55 -0600] "POST /intranet/fetch.php HTTP/1.1" 200 122 "https://intranet.tjamich.gob.mx/intranet/page_home.php" "Mozilla/5.0 (Windows NT 10.0; Win64; x64) AppleWebKit/537.36 (KHTML, like Gecko) Chrome/132.0.0.0 Safari/537.36"
189.243.238.36 - - [05/Feb/2025:13:59:17 -0600] "POST /intranet/controller/login.php HTTP/1.1" 302 - "https://intranet.tjamich.gob.mx/intranet/page_inicio.php" "Mozilla/5.0 (Windows NT 10.0; Win64; x64) AppleWebKit/537.36 (KHTML, like Gecko) Chrome/132.0.0.0 Safari/537.36"
189.243.238.36 - - [05/Feb/2025:13:59:17 -0600] "GET /intranet/page_home.php HTTP/1.1" 200 65396 "https://intranet.tjamich.gob.mx/intranet/page_inicio.php" "Mozilla/5.0 (Windows NT 10.0; Win64; x64) AppleWebKit/537.36 (KHTML, like Gecko) Chrome/132.0.0.0 Safari/537.36"
189.243.238.36 - - [05/Feb/2025:13:59:18 -0600] "GET /intranet/common/images/profileUser.png HTTP/1.1" 200 19656 "https://intranet.tjamich.gob.mx/intranet/page_home.php" "Mozilla/5.0 (Windows NT 10.0; Win64; x64) AppleWebKit/537.36 (KHTML, like Gecko) Chrome/132.0.0.0 Safari/537.36"
189.243.238.36 - - [05/Feb/2025:13:59:18 -0600] "GET /intranet/common/jsCalendar_v1.4.4/source/jsCalendar.js HTTP/1.1" 200 49689 "https://intranet.tjamich.gob.mx/intranet/page_home.php" "Mozilla/5.0 (Windows NT 10.0; Win64; x64) AppleWebKit/537.36 (KHTML, like Gecko) Chrome/132.0.0.0 Safari/537.36"
189.243.238.36 - - [05/Feb/2025:13:59:18 -0600] "GET /intranet/common/jsCalendar_v1.4.4/source/jsCalendar.lang.es.js HTTP/1.1" 200 1485 "https://intranet.tjamich.gob.mx/intranet/page_home.php" "Mozilla/5.0 (Windows NT 10.0; Win64; x64) AppleWebKit/537.36 (KHTML, like Gecko) Chrome/132.0.0.0 Safari/537.36"
189.243.238.36 - - [05/Feb/2025:13:59:18 -0600] "GET /intranet/common/jsCalendar_v1.4.4/source/jsCalendar.css HTTP/1.1" 200 11090 "https://intranet.tjamich.gob.mx/intranet/page_home.php" "Mozilla/5.0 (Windows NT 10.0; Win64; x64) AppleWebKit/537.36 (KHTML, like Gecko) Chrome/132.0.0.0 Safari/537.36"
189.243.238.36 - - [05/Feb/2025:13:59:18 -0600] "GET /intranet/common/images/Logo-TJAM.png HTTP/1.1" 200 848546 "https://intranet.tjamich.gob.mx/intranet/page_home.php" "Mozilla/5.0 (Windows NT 10.0; Win64; x64) AppleWebKit/537.36 (KHTML, like Gecko) Chrome/132.0.0.0 Safari/537.36"
189.243.238.36 - - [05/Feb/2025:13:59:18 -0600] "POST /intranet/fetch.php HTTP/1.1" 200 122 "https://intranet.tjamich.gob.mx/intranet/page_home.php" "Mozilla/5.0 (Windows NT 10.0; Win64; x64) AppleWebKit/537.36 (KHTML, like Gecko) Chrome/132.0.0.0 Safari/537.36"
189.243.238.36 - - [05/Feb/2025:13:59:21 -0600] "GET /intranet/common/vendors/fontawesome/webfonts/fa-regular-400.woff2 HTTP/1.1" 200 13224 "https://intranet.tjamich.gob.mx/intranet/common/vendors/fontawesome/css/all.css" "Mozilla/5.0 (Windows NT 10.0; Win64; x64) AppleWebKit/537.36 (KHTML, like Gecko) Chrome/132.0.0.0 Safari/537.36"
162.144.87.82 - - [05/Feb/2025:13:59:22 -0600] "GET /intranet/sistemas/usuarios/199/2025/TJA0711304U1_NOM_NOMINA43275_199.XML HTTP/1.0" 200 6909 "-" "-"
162.144.87.82 - - [05/Feb/2025:13:59:22 -0600] "GET /intranet/sistemas/usuarios/199/2025/TJA0711304U1_NOM_NOMINA43466_199.XML HTTP/1.0" 200 7483 "-" "-"
189.243.238.36 - - [05/Feb/2025:13:59:22 -0600] "GET /intranet/sistemas/usuarios/page_nomina.php HTTP/1.1" 200 31471 "https://intranet.tjamich.gob.mx/intranet/page_home.php" "Mozilla/5.0 (Windows NT 10.0; Win64; x64) AppleWebKit/537.36 (KHTML, like Gecko) Chrome/132.0.0.0 Safari/537.36"
189.243.238.36 - - [05/Feb/2025:13:59:23 -0600] "GET /intranet/common/vendors/font-awesome/css/font-awesome.min.css HTTP/1.1" 200 28016 "https://intranet.tjamich.gob.mx/intranet/sistemas/usuarios/page_nomina.php" "Mozilla/5.0 (Windows NT 10.0; Win64; x64) AppleWebKit/537.36 (KHTML, like Gecko) Chrome/132.0.0.0 Safari/537.36"
189.243.238.36 - - [05/Feb/2025:13:59:23 -0600] "GET /intranet/common/vendors/bootstrap-colorpicker/css/colorpicker.css HTTP/1.1" 200 2821 "https://intranet.tjamich.gob.mx/intranet/sistemas/usuarios/page_nomina.php" "Mozilla/5.0 (Windows NT 10.0; Win64; x64) AppleWebKit/537.36 (KHTML, like Gecko) Chrome/132.0.0.0 Safari/537.36"
189.243.238.36 - - [05/Feb/2025:13:59:23 -0600] "GET /intranet/common/vendors/bootstrap-datepicker/css/datepicker.css HTTP/1.1" 200 19035 "https://intranet.tjamich.gob.mx/intranet/sistemas/usuarios/page_nomina.php" "Mozilla/5.0 (Windows NT 10.0; Win64; x64) AppleWebKit/537.36 (KHTML, like Gecko) Chrome/132.0.0.0 Safari/537.36"
189.243.238.36 - - [05/Feb/2025:13:59:23 -0600] "GET /intranet/common/vendors/jquery-pace/pace.css HTTP/1.1" 200 6121 "https://intranet.tjamich.gob.mx/intranet/sistemas/usuarios/page_nomina.php" "Mozilla/5.0 (Windows NT 10.0; Win64; x64) AppleWebKit/537.36 (KHTML, like Gecko) Chrome/132.0.0.0 Safari/537.36"
189.243.238.36 - - [05/Feb/2025:13:59:23 -0600] "GET /intranet/common/css/selectlist.css HTTP/1.1" 200 384 "https://intranet.tjamich.gob.mx/intranet/sistemas/usuarios/page_nomina.php" "Mozilla/5.0 (Windows NT 10.0; Win64; x64) AppleWebKit/537.36 (KHTML, like Gecko) Chrome/132.0.0.0 Safari/537.36"
189.243.238.36 - - [05/Feb/2025:13:59:23 -0600] "GET /intranet/common/vendors/select2/select2-madmin.css HTTP/1.1" 200 15620 "https://intranet.tjamich.gob.mx/intranet/sistemas/usuarios/page_nomina.php" "Mozilla/5.0 (Windows NT 10.0; Win64; x64) AppleWebKit/537.36 (KHTML, like Gecko) Chrome/132.0.0.0 Safari/537.36"
189.243.238.36 - - [05/Feb/2025:13:59:23 -0600] "GET /intranet/sistemas/usuarios/vendors/jqueryvalidate/localization/messages_es.min.js HTTP/1.1" 200 1540 "https://intranet.tjamich.gob.mx/intranet/sistemas/usuarios/page_nomina.php" "Mozilla/5.0 (Windows NT 10.0; Win64; x64) AppleWebKit/537.36 (KHTML, like Gecko) Chrome/132.0.0.0 Safari/537.36"
189.243.238.36 - - [05/Feb/2025:13:59:23 -0600] "GET /intranet/sistemas/usuarios/js/bootbox.js HTTP/1.1" 200 40765 "https://intranet.tjamich.gob.mx/intranet/sistemas/usuarios/page_nomina.php" "Mozilla/5.0 (Windows NT 10.0; Win64; x64) AppleWebKit/537.36 (KHTML, like Gecko) Chrome/132.0.0.0 Safari/537.36"
189.243.238.36 - - [05/Feb/2025:13:59:23 -0600] "GET /intranet/common/vendors/bootstrap-select/bootstrap-select.min.js HTTP/1.1" 200 33547 "https://intranet.tjamich.gob.mx/intranet/sistemas/usuarios/page_nomina.php" "Mozilla/5.0 (Windows NT 10.0; Win64; x64) AppleWebKit/537.36 (KHTML, like Gecko) Chrome/132.0.0.0 Safari/537.36"
189.243.238.36 - - [05/Feb/2025:13:59:23 -0600] "GET /intranet/common/vendors/multi-select/js/jquery.multi-select.js HTTP/1.1" 200 23864 "https://intranet.tjamich.gob.mx/intranet/sistemas/usuarios/page_nomina.php" "Mozilla/5.0 (Windows NT 10.0; Win64; x64) AppleWebKit/537.36 (KHTML, like Gecko) Chrome/132.0.0.0 Safari/537.36"
189.243.238.36 - - [05/Feb/2025:13:59:23 -0600] "GET /intranet/common/vendors/select2/select2.min.js HTTP/1.1" 200 87567 "https://intranet.tjamich.gob.mx/intranet/sistemas/usuarios/page_nomina.php" "Mozilla/5.0 (Windows NT 10.0; Win64; x64) AppleWebKit/537.36 (KHTML, like Gecko) Chrome/132.0.0.0 Safari/537.36"
189.243.238.36 - - [05/Feb/2025:13:59:23 -0600] "GET /intranet/common/js/ui-dropdown-select.js HTTP/1.1" 200 5610 "https://intranet.tjamich.gob.mx/intranet/sistemas/usuarios/page_nomina.php" "Mozilla/5.0 (Windows NT 10.0; Win64; x64) AppleWebKit/537.36 (KHTML, like Gecko) Chrome/132.0.0.0 Safari/537.36"
189.243.238.36 - - [05/Feb/2025:13:59:23 -0600] "GET /intranet/common/images/pdf.png HTTP/1.1" 200 13174 "https://intranet.tjamich.gob.mx/intranet/sistemas/usuarios/page_nomina.php" "Mozilla/5.0 (Windows NT 10.0; Win64; x64) AppleWebKit/537.36 (KHTML, like Gecko) Chrome/132.0.0.0 Safari/537.36"
189.243.238.36 - - [05/Feb/2025:13:59:23 -0600] "GET /intranet/common/images/xml.png HTTP/1.1" 200 9020 "https://intranet.tjamich.gob.mx/intranet/sistemas/usuarios/page_nomina.php" "Mozilla/5.0 (Windows NT 10.0; Win64; x64) AppleWebKit/537.36 (KHTML, like Gecko) Chrome/132.0.0.0 Safari/537.36"
