189.243.238.36 - - [05/Feb/2025:14:09:06 -0600] "GET /intranet/sistemas/compras/docs/2022/11/28/22c3424b100ba93ebf06ede024c95c46.jpg HTTP/1.1" 200 5951 "https://www.intranet.tjamich.gob.mx/intranet/sistemas/requisiciones/page_add_carrito.php?app=1" "Mozilla/5.0 (Windows NT 10.0; Win64; x64) AppleWebKit/537.36 (KHTML, like Gecko) Chrome/132.0.0.0 Safari/537.36"
189.243.238.36 - - [05/Feb/2025:14:09:06 -0600] "GET /intranet/sistemas/compras/docs/2022/11/28/5e46abc66afab454b56f147800a76e5c.jpg HTTP/1.1" 200 7081 "https://www.intranet.tjamich.gob.mx/intranet/sistemas/requisiciones/page_add_carrito.php?app=1" "Mozilla/5.0 (Windows NT 10.0; Win64; x64) AppleWebKit/537.36 (KHTML, like Gecko) Chrome/132.0.0.0 Safari/537.36"
189.243.238.36 - - [05/Feb/2025:14:09:06 -0600] "GET /intranet/sistemas/compras/docs/2022/11/28/4623fc68a972e8e33a9ed024ee566a71.jpg HTTP/1.1" 200 8854 "https://www.intranet.tjamich.gob.mx/intranet/sistemas/requisiciones/page_add_carrito.php?app=1" "Mozilla/5.0 (Windows NT 10.0; Win64; x64) AppleWebKit/537.36 (KHTML, like Gecko) Chrome/132.0.0.0 Safari/537.36"
189.243.238.36 - - [05/Feb/2025:14:09:06 -0600] "GET /intranet/sistemas/compras/docs/2022/11/28/a2c22b47e8591b55fb42bcb9f8d24739.jpg HTTP/1.1" 200 7104 "https://www.intranet.tjamich.gob.mx/intranet/sistemas/requisiciones/page_add_carrito.php?app=1" "Mozilla/5.0 (Windows NT 10.0; Win64; x64) AppleWebKit/537.36 (KHTML, like Gecko) Chrome/132.0.0.0 Safari/537.36"
189.243.238.36 - - [05/Feb/2025:14:09:06 -0600] "GET /intranet/sistemas/compras/docs/2022/11/28/e81236ff6ebd6b86daa177a86483de02.jpg HTTP/1.1" 200 9279 "https://www.intranet.tjamich.gob.mx/intranet/sistemas/requisiciones/page_add_carrito.php?app=1" "Mozilla/5.0 (Windows NT 10.0; Win64; x64) AppleWebKit/537.36 (KHTML, like Gecko) Chrome/132.0.0.0 Safari/537.36"
189.243.238.36 - - [05/Feb/2025:14:09:06 -0600] "GET /intranet/sistemas/compras/docs/2022/11/28/dcd599d2710ceb8f211f154aff1757bf.jpg HTTP/1.1" 200 6414 "https://www.intranet.tjamich.gob.mx/intranet/sistemas/requisiciones/page_add_carrito.php?app=1" "Mozilla/5.0 (Windows NT 10.0; Win64; x64) AppleWebKit/537.36 (KHTML, like Gecko) Chrome/132.0.0.0 Safari/537.36"
189.243.238.36 - - [05/Feb/2025:14:09:06 -0600] "GET /intranet/sistemas/compras/docs/2022/11/28/53fb50980cc72ed8fd96caa5c879f56b.png HTTP/1.1" 200 3985 "https://www.intranet.tjamich.gob.mx/intranet/sistemas/requisiciones/page_add_carrito.php?app=1" "Mozilla/5.0 (Windows NT 10.0; Win64; x64) AppleWebKit/537.36 (KHTML, like Gecko) Chrome/132.0.0.0 Safari/537.36"
189.243.238.36 - - [05/Feb/2025:14:09:06 -0600] "GET /intranet/sistemas/compras/docs/2022/11/28/d1bd43f01c40d418b6b47d5a29642005.jpg HTTP/1.1" 200 6190 "https://www.intranet.tjamich.gob.mx/intranet/sistemas/requisiciones/page_add_carrito.php?app=1" "Mozilla/5.0 (Windows NT 10.0; Win64; x64) AppleWebKit/537.36 (KHTML, like Gecko) Chrome/132.0.0.0 Safari/537.36"
189.243.238.36 - - [05/Feb/2025:14:09:06 -0600] "GET /intranet/sistemas/compras/docs/2025/01/07/d56fc061a51efdee920c89e262c410d8.png HTTP/1.1" 200 16053 "https://www.intranet.tjamich.gob.mx/intranet/sistemas/requisiciones/page_add_carrito.php?app=1" "Mozilla/5.0 (Windows NT 10.0; Win64; x64) AppleWebKit/537.36 (KHTML, like Gecko) Chrome/132.0.0.0 Safari/537.36"
189.243.238.36 - - [05/Feb/2025:14:09:06 -0600] "GET /intranet/sistemas/compras/docs/2022/11/28/fa09248116087c41a8ff85752f933779.jpg HTTP/1.1" 200 2168 "https://www.intranet.tjamich.gob.mx/intranet/sistemas/requisiciones/page_add_carrito.php?app=1" "Mozilla/5.0 (Windows NT 10.0; Win64; x64) AppleWebKit/537.36 (KHTML, like Gecko) Chrome/132.0.0.0 Safari/537.36"
189.243.238.36 - - [05/Feb/2025:14:09:06 -0600] "GET /intranet/sistemas/compras/docs/2022/11/28/b72826b5a9e814877cfdf827e04d5ed9.jpg HTTP/1.1" 200 4283 "https://www.intranet.tjamich.gob.mx/intranet/sistemas/requisiciones/page_add_carrito.php?app=1" "Mozilla/5.0 (Windows NT 10.0; Win64; x64) AppleWebKit/537.36 (KHTML, like Gecko) Chrome/132.0.0.0 Safari/537.36"
189.243.238.36 - - [05/Feb/2025:14:09:06 -0600] "GET /intranet/sistemas/compras/docs/2022/11/28/e688350abc68f395999b671218c62fd2.jpg HTTP/1.1" 200 5686 "https://www.intranet.tjamich.gob.mx/intranet/sistemas/requisiciones/page_add_carrito.php?app=1" "Mozilla/5.0 (Windows NT 10.0; Win64; x64) AppleWebKit/537.36 (KHTML, like Gecko) Chrome/132.0.0.0 Safari/537.36"
189.243.238.36 - - [05/Feb/2025:14:09:06 -0600] "GET /intranet/sistemas/compras/docs/2022/11/28/2ad6fb983a9bc4a4ff8b9d764da5e123.jpg HTTP/1.1" 200 3649 "https://www.intranet.tjamich.gob.mx/intranet/sistemas/requisiciones/page_add_carrito.php?app=1" "Mozilla/5.0 (Windows NT 10.0; Win64; x64) AppleWebKit/537.36 (KHTML, like Gecko) Chrome/132.0.0.0 Safari/537.36"
189.243.238.36 - - [05/Feb/2025:14:09:06 -0600] "GET /intranet/sistemas/compras/docs/2022/11/28/6db4a97d0889d62b632abd732eb1eea3.jpg HTTP/1.1" 200 5044 "https://www.intranet.tjamich.gob.mx/intranet/sistemas/requisiciones/page_add_carrito.php?app=1" "Mozilla/5.0 (Windows NT 10.0; Win64; x64) AppleWebKit/537.36 (KHTML, like Gecko) Chrome/132.0.0.0 Safari/537.36"
189.243.238.36 - - [05/Feb/2025:14:09:06 -0600] "GET /intranet/sistemas/compras/docs/2022/11/28/13dda8a0a46797e1064cc1fddd936bde.jpg HTTP/1.1" 200 4337 "https://www.intranet.tjamich.gob.mx/intranet/sistemas/requisiciones/page_add_carrito.php?app=1" "Mozilla/5.0 (Windows NT 10.0; Win64; x64) AppleWebKit/537.36 (KHTML, like Gecko) Chrome/132.0.0.0 Safari/537.36"
189.243.238.36 - - [05/Feb/2025:14:09:06 -0600] "GET /intranet/sistemas/compras/docs/2022/11/28/34b44ffbf2a7dc66d24731e65dc63da7.jpg HTTP/1.1" 200 4615 "https://www.intranet.tjamich.gob.mx/intranet/sistemas/requisiciones/page_add_carrito.php?app=1" "Mozilla/5.0 (Windows NT 10.0; Win64; x64) AppleWebKit/537.36 (KHTML, like Gecko) Chrome/132.0.0.0 Safari/537.36"
189.243.238.36 - - [05/Feb/2025:14:09:06 -0600] "GET /intranet/sistemas/compras/docs/2024/10/03/0569b31537150aecc8c7d54fea87e6dd.png HTTP/1.1" 200 16053 "https://www.intranet.tjamich.gob.mx/intranet/sistemas/requisiciones/page_add_carrito.php?app=1" "Mozilla/5.0 (Windows NT 10.0; Win64; x64) AppleWebKit/537.36 (KHTML, like Gecko) Chrome/132.0.0.0 Safari/537.36"
189.243.238.36 - - [05/Feb/2025:14:09:06 -0600] "GET /intranet/sistemas/compras/docs/2022/11/28/ebb3a6665ae9b96da13c1a32cf20523e.jpg HTTP/1.1" 200 3310 "https://www.intranet.tjamich.gob.mx/intranet/sistemas/requisiciones/page_add_carrito.php?app=1" "Mozilla/5.0 (Windows NT 10.0; Win64; x64) AppleWebKit/537.36 (KHTML, like Gecko) Chrome/132.0.0.0 Safari/537.36"
189.243.238.36 - - [05/Feb/2025:14:09:06 -0600] "GET /intranet/sistemas/compras/docs/2022/11/28/a158f41042a6d450d47fffd70871ce3d.jpg HTTP/1.1" 200 4345 "https://www.intranet.tjamich.gob.mx/intranet/sistemas/requisiciones/page_add_carrito.php?app=1" "Mozilla/5.0 (Windows NT 10.0; Win64; x64) AppleWebKit/537.36 (KHTML, like Gecko) Chrome/132.0.0.0 Safari/537.36"
189.243.238.36 - - [05/Feb/2025:14:09:06 -0600] "GET /intranet/sistemas/compras/docs/2022/11/28/4d9dca275a299ec90c88fa1ff92e03da.jpg HTTP/1.1" 200 3320 "https://www.intranet.tjamich.gob.mx/intranet/sistemas/requisiciones/page_add_carrito.php?app=1" "Mozilla/5.0 (Windows NT 10.0; Win64; x64) AppleWebKit/537.36 (KHTML, like Gecko) Chrome/132.0.0.0 Safari/537.36"
189.243.238.36 - - [05/Feb/2025:14:09:06 -0600] "GET /intranet/sistemas/compras/docs/2022/11/28/9f00559def824823926152c2d4f8c305.jpg HTTP/1.1" 200 9883 "https://www.intranet.tjamich.gob.mx/intranet/sistemas/requisiciones/page_add_carrito.php?app=1" "Mozilla/5.0 (Windows NT 10.0; Win64; x64) AppleWebKit/537.36 (KHTML, like Gecko) Chrome/132.0.0.0 Safari/537.36"
189.243.238.36 - - [05/Feb/2025:14:09:06 -0600] "GET /intranet/sistemas/compras/docs/2024/09/04/1e74cf255d0e12c6095245004661942c.png HTTP/1.1" 200 16053 "https://www.intranet.tjamich.gob.mx/intranet/sistemas/requisiciones/page_add_carrito.php?app=1" "Mozilla/5.0 (Windows NT 10.0; Win64; x64) AppleWebKit/537.36 (KHTML, like Gecko) Chrome/132.0.0.0 Safari/537.36"
189.243.238.36 - - [05/Feb/2025:14:09:06 -0600] "GET /intranet/sistemas/compras/docs/2023/09/05/fa7f3a7f5703b477591c63c57f1ed995.jpg HTTP/1.1" 200 6050 "https://www.intranet.tjamich.gob.mx/intranet/sistemas/requisiciones/page_add_carrito.php?app=1" "Mozilla/5.0 (Windows NT 10.0; Win64; x64) AppleWebKit/537.36 (KHTML, like Gecko) Chrome/132.0.0.0 Safari/537.36"
189.243.238.36 - - [05/Feb/2025:14:09:06 -0600] "GET /intranet/sistemas/compras/docs/2022/11/28/d77dcf1513d4711669fb6000455a09d6.jpg HTTP/1.1" 200 6893 "https://www.intranet.tjamich.gob.mx/intranet/sistemas/requisiciones/page_add_carrito.php?app=1" "Mozilla/5.0 (Windows NT 10.0; Win64; x64) AppleWebKit/537.36 (KHTML, like Gecko) Chrome/132.0.0.0 Safari/537.36"
189.243.238.36 - - [05/Feb/2025:14:09:06 -0600] "GET /intranet/sistemas/compras/docs/2022/11/29/4cf379ff14e78efc7a485e4ee4e6dd9e.jpg HTTP/1.1" 200 4130 "https://www.intranet.tjamich.gob.mx/intranet/sistemas/requisiciones/page_add_carrito.php?app=1" "Mozilla/5.0 (Windows NT 10.0; Win64; x64) AppleWebKit/537.36 (KHTML, like Gecko) Chrome/132.0.0.0 Safari/537.36"
189.243.238.36 - - [05/Feb/2025:14:09:06 -0600] "GET /intranet/sistemas/compras/docs/2022/11/28/92c919332051c84c871ca0da976db823.jpg HTTP/1.1" 200 4240 "https://www.intranet.tjamich.gob.mx/intranet/sistemas/requisiciones/page_add_carrito.php?app=1" "Mozilla/5.0 (Windows NT 10.0; Win64; x64) AppleWebKit/537.36 (KHTML, like Gecko) Chrome/132.0.0.0 Safari/537.36"
189.243.238.36 - - [05/Feb/2025:14:09:06 -0600] "GET /intranet/sistemas/compras/docs/2022/11/28/3f40b328d53b49af0354a70e3ac6291d.jpg HTTP/1.1" 200 5919 "https://www.intranet.tjamich.gob.mx/intranet/sistemas/requisiciones/page_add_carrito.php?app=1" "Mozilla/5.0 (Windows NT 10.0; Win64; x64) AppleWebKit/537.36 (KHTML, like Gecko) Chrome/132.0.0.0 Safari/537.36"
189.243.238.36 - - [05/Feb/2025:14:09:06 -0600] "GET /intranet/sistemas/compras/docs/2022/11/29/4bf3146e681cd2395ad99e938c9ecf44.jpg HTTP/1.1" 200 3932 "https://www.intranet.tjamich.gob.mx/intranet/sistemas/requisiciones/page_add_carrito.php?app=1" "Mozilla/5.0 (Windows NT 10.0; Win64; x64) AppleWebKit/537.36 (KHTML, like Gecko) Chrome/132.0.0.0 Safari/537.36"
189.243.238.36 - - [05/Feb/2025:14:09:06 -0600] "GET /intranet/sistemas/compras/docs/2022/11/28/14b3a493cb160486304bd73923512da9.jpg HTTP/1.1" 200 4099 "https://www.intranet.tjamich.gob.mx/intranet/sistemas/requisiciones/page_add_carrito.php?app=1" "Mozilla/5.0 (Windows NT 10.0; Win64; x64) AppleWebKit/537.36 (KHTML, like Gecko) Chrome/132.0.0.0 Safari/537.36"
189.243.238.36 - - [05/Feb/2025:14:09:06 -0600] "GET /intranet/sistemas/compras/docs/2024/12/10/86941ac4fb399b1db97bc6d644f514f2.png HTTP/1.1" 200 16053 "https://www.intranet.tjamich.gob.mx/intranet/sistemas/requisiciones/page_add_carrito.php?app=1" "Mozilla/5.0 (Windows NT 10.0; Win64; x64) AppleWebKit/537.36 (KHTML, like Gecko) Chrome/132.0.0.0 Safari/537.36"
189.243.238.36 - - [05/Feb/2025:14:09:06 -0600] "GET /intranet/sistemas/compras/docs/2022/11/28/11f95f50de2632d3a27990d07df16c67.jpg HTTP/1.1" 200 9436 "https://www.intranet.tjamich.gob.mx/intranet/sistemas/requisiciones/page_add_carrito.php?app=1" "Mozilla/5.0 (Windows NT 10.0; Win64; x64) AppleWebKit/537.36 (KHTML, like Gecko) Chrome/132.0.0.0 Safari/537.36"
189.243.238.36 - - [05/Feb/2025:14:09:06 -0600] "GET /intranet/sistemas/compras/docs/2024/05/02/d2cbf80e56de0b08eb94932f2d76dd63.jpg HTTP/1.1" 200 7737 "https://www.intranet.tjamich.gob.mx/intranet/sistemas/requisiciones/page_add_carrito.php?app=1" "Mozilla/5.0 (Windows NT 10.0; Win64; x64) AppleWebKit/537.36 (KHTML, like Gecko) Chrome/132.0.0.0 Safari/537.36"
189.243.238.36 - - [05/Feb/2025:14:09:06 -0600] "GET /intranet/sistemas/compras/docs/2022/11/28/0339baf7262d05c3f5d642acbc022606.jpg HTTP/1.1" 200 3082 "https://www.intranet.tjamich.gob.mx/intranet/sistemas/requisiciones/page_add_carrito.php?app=1" "Mozilla/5.0 (Windows NT 10.0; Win64; x64) AppleWebKit/537.36 (KHTML, like Gecko) Chrome/132.0.0.0 Safari/537.36"
189.243.238.36 - - [05/Feb/2025:14:09:06 -0600] "GET /intranet/sistemas/compras/docs/2022/11/28/c89df76cec0bb815b0f8514c8f303672.jpg HTTP/1.1" 200 8606 "https://www.intranet.tjamich.gob.mx/intranet/sistemas/requisiciones/page_add_carrito.php?app=1" "Mozilla/5.0 (Windows NT 10.0; Win64; x64) AppleWebKit/537.36 (KHTML, like Gecko) Chrome/132.0.0.0 Safari/537.36"
189.243.238.36 - - [05/Feb/2025:14:09:06 -0600] "GET /intranet/sistemas/compras/docs/2022/11/28/2a49e29587a4fd1ba11fd2c07173eabf.jpg HTTP/1.1" 200 6884 "https://www.intranet.tjamich.gob.mx/intranet/sistemas/requisiciones/page_add_carrito.php?app=1" "Mozilla/5.0 (Windows NT 10.0; Win64; x64) AppleWebKit/537.36 (KHTML, like Gecko) Chrome/132.0.0.0 Safari/537.36"
189.243.238.36 - - [05/Feb/2025:14:09:06 -0600] "GET /intranet/sistemas/compras/docs/2022/11/28/b38e335f6a981684aa63052680d44480.jpg HTTP/1.1" 200 11210 "https://www.intranet.tjamich.gob.mx/intranet/sistemas/requisiciones/page_add_carrito.php?app=1" "Mozilla/5.0 (Windows NT 10.0; Win64; x64) AppleWebKit/537.36 (KHTML, like Gecko) Chrome/132.0.0.0 Safari/537.36"
189.243.238.36 - - [05/Feb/2025:14:09:06 -0600] "GET /intranet/sistemas/compras/docs/2022/11/28/38a50a9c55b3d77664a2d57f8926573d.jpg HTTP/1.1" 200 3938 "https://www.intranet.tjamich.gob.mx/intranet/sistemas/requisiciones/page_add_carrito.php?app=1" "Mozilla/5.0 (Windows NT 10.0; Win64; x64) AppleWebKit/537.36 (KHTML, like Gecko) Chrome/132.0.0.0 Safari/537.36"
189.243.238.36 - - [05/Feb/2025:14:09:06 -0600] "GET /intranet/sistemas/compras/docs/2022/11/28/75925ce31774109e5d3e5c14b215e068.jpg HTTP/1.1" 200 6036 "https://www.intranet.tjamich.gob.mx/intranet/sistemas/requisiciones/page_add_carrito.php?app=1" "Mozilla/5.0 (Windows NT 10.0; Win64; x64) AppleWebKit/537.36 (KHTML, like Gecko) Chrome/132.0.0.0 Safari/537.36"
189.243.238.36 - - [05/Feb/2025:14:09:06 -0600] "GET /intranet/sistemas/compras/docs/2022/11/28/773e16ab4c4f531df194a026ef2de7fa.jpeg HTTP/1.1" 200 21513 "https://www.intranet.tjamich.gob.mx/intranet/sistemas/requisiciones/page_add_carrito.php?app=1" "Mozilla/5.0 (Windows NT 10.0; Win64; x64) AppleWebKit/537.36 (KHTML, like Gecko) Chrome/132.0.0.0 Safari/537.36"
189.243.238.36 - - [05/Feb/2025:14:09:06 -0600] "GET /intranet/sistemas/compras/docs/2022/11/28/ee1bb1e27b762039ffc844e475fd7223.jpg HTTP/1.1" 200 6046 "https://www.intranet.tjamich.gob.mx/intranet/sistemas/requisiciones/page_add_carrito.php?app=1" "Mozilla/5.0 (Windows NT 10.0; Win64; x64) AppleWebKit/537.36 (KHTML, like Gecko) Chrome/132.0.0.0 Safari/537.36"
189.243.238.36 - - [05/Feb/2025:14:09:06 -0600] "GET /intranet/sistemas/compras/docs/2022/11/28/618f5e40d8e9174c90c512d83dc555bd.jpg HTTP/1.1" 200 9336 "https://www.intranet.tjamich.gob.mx/intranet/sistemas/requisiciones/page_add_carrito.php?app=1" "Mozilla/5.0 (Windows NT 10.0; Win64; x64) AppleWebKit/537.36 (KHTML, like Gecko) Chrome/132.0.0.0 Safari/537.36"
189.243.238.36 - - [05/Feb/2025:14:09:06 -0600] "GET /intranet/sistemas/compras/docs/2022/11/28/debe992f5b3f5b4a84643e49dd31c12d.jpg HTTP/1.1" 200 11135 "https://www.intranet.tjamich.gob.mx/intranet/sistemas/requisiciones/page_add_carrito.php?app=1" "Mozilla/5.0 (Windows NT 10.0; Win64; x64) AppleWebKit/537.36 (KHTML, like Gecko) Chrome/132.0.0.0 Safari/537.36"
189.243.238.36 - - [05/Feb/2025:14:09:06 -0600] "GET /intranet/sistemas/compras/docs/2022/11/28/3ab9f22960a854dffb024dcbc993493e.jpg HTTP/1.1" 200 10272 "https://www.intranet.tjamich.gob.mx/intranet/sistemas/requisiciones/page_add_carrito.php?app=1" "Mozilla/5.0 (Windows NT 10.0; Win64; x64) AppleWebKit/537.36 (KHTML, like Gecko) Chrome/132.0.0.0 Safari/537.36"
189.243.238.36 - - [05/Feb/2025:14:09:06 -0600] "GET /intranet/sistemas/compras/docs/2022/11/28/687e4b641c3d5bbf42f555409e18989d.jpg HTTP/1.1" 200 8096 "https://www.intranet.tjamich.gob.mx/intranet/sistemas/requisiciones/page_add_carrito.php?app=1" "Mozilla/5.0 (Windows NT 10.0; Win64; x64) AppleWebKit/537.36 (KHTML, like Gecko) Chrome/132.0.0.0 Safari/537.36"
189.243.238.36 - - [05/Feb/2025:14:09:06 -0600] "GET /intranet/sistemas/compras/docs/2022/11/28/be6a7a9db265c03b12cfcfbd52482e48.jpg HTTP/1.1" 200 5443 "https://www.intranet.tjamich.gob.mx/intranet/sistemas/requisiciones/page_add_carrito.php?app=1" "Mozilla/5.0 (Windows NT 10.0; Win64; x64) AppleWebKit/537.36 (KHTML, like Gecko) Chrome/132.0.0.0 Safari/537.36"
189.243.238.36 - - [05/Feb/2025:14:09:06 -0600] "GET /intranet/sistemas/compras/docs/2022/11/28/fc117c018129251093e2ca296701dfb9.jpg HTTP/1.1" 200 7730 "https://www.intranet.tjamich.gob.mx/intranet/sistemas/requisiciones/page_add_carrito.php?app=1" "Mozilla/5.0 (Windows NT 10.0; Win64; x64) AppleWebKit/537.36 (KHTML, like Gecko) Chrome/132.0.0.0 Safari/537.36"
189.243.238.36 - - [05/Feb/2025:14:09:06 -0600] "GET /intranet/sistemas/compras/docs/2022/11/28/a6b98f9f6d56363500cf2cdac5904012.jpg HTTP/1.1" 200 11300 "https://www.intranet.tjamich.gob.mx/intranet/sistemas/requisiciones/page_add_carrito.php?app=1" "Mozilla/5.0 (Windows NT 10.0; Win64; x64) AppleWebKit/537.36 (KHTML, like Gecko) Chrome/132.0.0.0 Safari/537.36"
189.243.238.36 - - [05/Feb/2025:14:09:06 -0600] "GET /intranet/sistemas/compras/docs/2024/08/08/2022cb16d81dc7fef18a685770ca8ead.jpg HTTP/1.1" 200 9514 "https://www.intranet.tjamich.gob.mx/intranet/sistemas/requisiciones/page_add_carrito.php?app=1" "Mozilla/5.0 (Windows NT 10.0; Win64; x64) AppleWebKit/537.36 (KHTML, like Gecko) Chrome/132.0.0.0 Safari/537.36"
189.243.238.36 - - [05/Feb/2025:14:09:06 -0600] "GET /intranet/sistemas/compras/docs/2022/11/28/4c90ef6c76bece50bee789f2a3accb6e.jpg HTTP/1.1" 200 10311 "https://www.intranet.tjamich.gob.mx/intranet/sistemas/requisiciones/page_add_carrito.php?app=1" "Mozilla/5.0 (Windows NT 10.0; Win64; x64) AppleWebKit/537.36 (KHTML, like Gecko) Chrome/132.0.0.0 Safari/537.36"
189.243.238.36 - - [05/Feb/2025:14:09:06 -0600] "GET /intranet/sistemas/compras/docs/2022/11/28/4a717130483890a16c6b7b4adcc1cd7e.jpg HTTP/1.1" 200 8965 "https://www.intranet.tjamich.gob.mx/intranet/sistemas/requisiciones/page_add_carrito.php?app=1" "Mozilla/5.0 (Windows NT 10.0; Win64; x64) AppleWebKit/537.36 (KHTML, like Gecko) Chrome/132.0.0.0 Safari/537.36"
189.243.238.36 - - [05/Feb/2025:14:09:06 -0600] "GET /intranet/sistemas/compras/docs/2022/11/28/dbd2e3337245a4ab0f6db3f7ae8c4c2d.jpg HTTP/1.1" 200 8805 "https://www.intranet.tjamich.gob.mx/intranet/sistemas/requisiciones/page_add_carrito.php?app=1" "Mozilla/5.0 (Windows NT 10.0; Win64; x64) AppleWebKit/537.36 (KHTML, like Gecko) Chrome/132.0.0.0 Safari/537.36"
189.243.238.36 - - [05/Feb/2025:14:09:06 -0600] "GET /intranet/sistemas/compras/docs/2022/11/28/f5cadd28784a598777b58b64132bf1a7.jpg HTTP/1.1" 200 6851 "https://www.intranet.tjamich.gob.mx/intranet/sistemas/requisiciones/page_add_carrito.php?app=1" "Mozilla/5.0 (Windows NT 10.0; Win64; x64) AppleWebKit/537.36 (KHTML, like Gecko) Chrome/132.0.0.0 Safari/537.36"
189.243.238.36 - - [05/Feb/2025:14:09:06 -0600] "GET /intranet/sistemas/compras/docs/2022/11/28/6283eacef518d0bde6619c21ea002a8e.jpg HTTP/1.1" 200 9464 "https://www.intranet.tjamich.gob.mx/intranet/sistemas/requisiciones/page_add_carrito.php?app=1" "Mozilla/5.0 (Windows NT 10.0; Win64; x64) AppleWebKit/537.36 (KHTML, like Gecko) Chrome/132.0.0.0 Safari/537.36"
189.243.238.36 - - [05/Feb/2025:14:09:06 -0600] "GET /intranet/sistemas/compras/docs/2022/11/28/cb87fd056bbfd80947d9b55897df7d83.jpg HTTP/1.1" 200 8753 "https://www.intranet.tjamich.gob.mx/intranet/sistemas/requisiciones/page_add_carrito.php?app=1" "Mozilla/5.0 (Windows NT 10.0; Win64; x64) AppleWebKit/537.36 (KHTML, like Gecko) Chrome/132.0.0.0 Safari/537.36"
189.243.238.36 - - [05/Feb/2025:14:09:06 -0600] "GET /intranet/sistemas/compras/docs/2022/11/28/5b5776d013242f71a313936c89b7ad2e.jpg HTTP/1.1" 200 6111 "https://www.intranet.tjamich.gob.mx/intranet/sistemas/requisiciones/page_add_carrito.php?app=1" "Mozilla/5.0 (Windows NT 10.0; Win64; x64) AppleWebKit/537.36 (KHTML, like Gecko) Chrome/132.0.0.0 Safari/537.36"
189.243.238.36 - - [05/Feb/2025:14:09:06 -0600] "GET /intranet/sistemas/compras/docs/2022/11/28/49a94fd4882159b89aaebb3b2ef11046.jpg HTTP/1.1" 200 6832 "https://www.intranet.tjamich.gob.mx/intranet/sistemas/requisiciones/page_add_carrito.php?app=1" "Mozilla/5.0 (Windows NT 10.0; Win64; x64) AppleWebKit/537.36 (KHTML, like Gecko) Chrome/132.0.0.0 Safari/537.36"
189.243.238.36 - - [05/Feb/2025:14:09:06 -0600] "GET /intranet/sistemas/compras/docs/2022/11/28/625e8aca1a9f3169b95bfdc604826ef6.jpg HTTP/1.1" 200 6513 "https://www.intranet.tjamich.gob.mx/intranet/sistemas/requisiciones/page_add_carrito.php?app=1" "Mozilla/5.0 (Windows NT 10.0; Win64; x64) AppleWebKit/537.36 (KHTML, like Gecko) Chrome/132.0.0.0 Safari/537.36"
189.243.238.36 - - [05/Feb/2025:14:09:06 -0600] "GET /intranet/sistemas/compras/docs/2022/11/28/367198da9b7ba4c2c567c99fdb0e278e.jpg HTTP/1.1" 200 7717 "https://www.intranet.tjamich.gob.mx/intranet/sistemas/requisiciones/page_add_carrito.php?app=1" "Mozilla/5.0 (Windows NT 10.0; Win64; x64) AppleWebKit/537.36 (KHTML, like Gecko) Chrome/132.0.0.0 Safari/537.36"
189.243.238.36 - - [05/Feb/2025:14:09:06 -0600] "GET /intranet/sistemas/compras/docs/2022/11/28/1bf49965cc3d1a66144d1102c8d9ef05.jpg HTTP/1.1" 200 10622 "https://www.intranet.tjamich.gob.mx/intranet/sistemas/requisiciones/page_add_carrito.php?app=1" "Mozilla/5.0 (Windows NT 10.0; Win64; x64) AppleWebKit/537.36 (KHTML, like Gecko) Chrome/132.0.0.0 Safari/537.36"
189.243.238.36 - - [05/Feb/2025:14:09:06 -0600] "GET /intranet/sistemas/compras/docs/2022/11/28/05d1788ff48ebf6d9973ea41a4572b5d.jpg HTTP/1.1" 200 5824 "https://www.intranet.tjamich.gob.mx/intranet/sistemas/requisiciones/page_add_carrito.php?app=1" "Mozilla/5.0 (Windows NT 10.0; Win64; x64) AppleWebKit/537.36 (KHTML, like Gecko) Chrome/132.0.0.0 Safari/537.36"
189.243.238.36 - - [05/Feb/2025:14:09:06 -0600] "GET /intranet/sistemas/compras/docs/2024/10/03/10b871cf111e0e59194bd23d1d23552a.png HTTP/1.1" 200 16053 "https://www.intranet.tjamich.gob.mx/intranet/sistemas/requisiciones/page_add_carrito.php?app=1" "Mozilla/5.0 (Windows NT 10.0; Win64; x64) AppleWebKit/537.36 (KHTML, like Gecko) Chrome/132.0.0.0 Safari/537.36"
189.243.238.36 - - [05/Feb/2025:14:09:06 -0600] "GET /intranet/sistemas/compras/docs/2022/11/28/d9021aabb180646bdff234e765773423.jpg HTTP/1.1" 200 10395 "https://www.intranet.tjamich.gob.mx/intranet/sistemas/requisiciones/page_add_carrito.php?app=1" "Mozilla/5.0 (Windows NT 10.0; Win64; x64) AppleWebKit/537.36 (KHTML, like Gecko) Chrome/132.0.0.0 Safari/537.36"
189.243.238.36 - - [05/Feb/2025:14:09:06 -0600] "GET /intranet/sistemas/compras/docs/2022/11/28/64778ccda50018847c1782118a981938.jpg HTTP/1.1" 200 2673 "https://www.intranet.tjamich.gob.mx/intranet/sistemas/requisiciones/page_add_carrito.php?app=1" "Mozilla/5.0 (Windows NT 10.0; Win64; x64) AppleWebKit/537.36 (KHTML, like Gecko) Chrome/132.0.0.0 Safari/537.36"
189.243.238.36 - - [05/Feb/2025:14:09:06 -0600] "GET /intranet/sistemas/compras/docs/2025/01/22/b00e5234605621291bfd7cd9cdda072f.png HTTP/1.1" 200 16053 "https://www.intranet.tjamich.gob.mx/intranet/sistemas/requisiciones/page_add_carrito.php?app=1" "Mozilla/5.0 (Windows NT 10.0; Win64; x64) AppleWebKit/537.36 (KHTML, like Gecko) Chrome/132.0.0.0 Safari/537.36"
189.243.238.36 - - [05/Feb/2025:14:09:06 -0600] "GET /intranet/sistemas/compras/docs/2024/02/01/f8a8c5148277ccfd60aafa792e7550fd.jpg HTTP/1.1" 200 33831 "https://www.intranet.tjamich.gob.mx/intranet/sistemas/requisiciones/page_add_carrito.php?app=1" "Mozilla/5.0 (Windows NT 10.0; Win64; x64) AppleWebKit/537.36 (KHTML, like Gecko) Chrome/132.0.0.0 Safari/537.36"
189.243.238.36 - - [05/Feb/2025:14:09:06 -0600] "GET /intranet/sistemas/compras/docs/2022/11/28/4059c65fc4ae75349d46edef461644af.jpg HTTP/1.1" 200 9112 "https://www.intranet.tjamich.gob.mx/intranet/sistemas/requisiciones/page_add_carrito.php?app=1" "Mozilla/5.0 (Windows NT 10.0; Win64; x64) AppleWebKit/537.36 (KHTML, like Gecko) Chrome/132.0.0.0 Safari/537.36"
189.243.238.36 - - [05/Feb/2025:14:09:07 -0600] "GET /intranet/sistemas/compras/docs/2024/12/10/70e07ea0a5c36e5deca427668bb6cf1a.png HTTP/1.1" 200 95371 "https://www.intranet.tjamich.gob.mx/intranet/sistemas/requisiciones/page_add_carrito.php?app=1" "Mozilla/5.0 (Windows NT 10.0; Win64; x64) AppleWebKit/537.36 (KHTML, like Gecko) Chrome/132.0.0.0 Safari/537.36"
189.243.238.36 - - [05/Feb/2025:14:09:07 -0600] "GET /intranet/sistemas/compras/docs/2023/03/07/5a387615bb1ad83d74645365ea14e913.jpg HTTP/1.1" 200 7346 "https://www.intranet.tjamich.gob.mx/intranet/sistemas/requisiciones/page_add_carrito.php?app=1" "Mozilla/5.0 (Windows NT 10.0; Win64; x64) AppleWebKit/537.36 (KHTML, like Gecko) Chrome/132.0.0.0 Safari/537.36"
189.243.238.36 - - [05/Feb/2025:14:09:07 -0600] "GET /intranet/sistemas/compras/docs/2023/12/05/963b856df9e828cbedf787fa81cdc22c.jpg HTTP/1.1" 200 155858 "https://www.intranet.tjamich.gob.mx/intranet/sistemas/requisiciones/page_add_carrito.php?app=1" "Mozilla/5.0 (Windows NT 10.0; Win64; x64) AppleWebKit/537.36 (KHTML, like Gecko) Chrome/132.0.0.0 Safari/537.36"
189.243.238.36 - - [05/Feb/2025:14:09:07 -0600] "GET /intranet/sistemas/compras/docs/2023/09/05/56028225bcd286efd99055a93ea85320.jpg HTTP/1.1" 200 6868 "https://www.intranet.tjamich.gob.mx/intranet/sistemas/requisiciones/page_add_carrito.php?app=1" "Mozilla/5.0 (Windows NT 10.0; Win64; x64) AppleWebKit/537.36 (KHTML, like Gecko) Chrome/132.0.0.0 Safari/537.36"
189.243.238.36 - - [05/Feb/2025:14:09:07 -0600] "GET /intranet/sistemas/compras/docs/2023/09/05/0b77cff156b620f65bf87f7a79726bc3.jpg HTTP/1.1" 200 6961 "https://www.intranet.tjamich.gob.mx/intranet/sistemas/requisiciones/page_add_carrito.php?app=1" "Mozilla/5.0 (Windows NT 10.0; Win64; x64) AppleWebKit/537.36 (KHTML, like Gecko) Chrome/132.0.0.0 Safari/537.36"
189.243.238.36 - - [05/Feb/2025:14:09:07 -0600] "GET /intranet/sistemas/compras/docs/2024/02/01/dcf095bdccec47202af7c981e99a065f.jpg HTTP/1.1" 200 74959 "https://www.intranet.tjamich.gob.mx/intranet/sistemas/requisiciones/page_add_carrito.php?app=1" "Mozilla/5.0 (Windows NT 10.0; Win64; x64) AppleWebKit/537.36 (KHTML, like Gecko) Chrome/132.0.0.0 Safari/537.36"
189.243.238.36 - - [05/Feb/2025:14:09:07 -0600] "GET /intranet/sistemas/compras/docs/2024/02/01/fce3ba41d6c58fee4f1baa851a89a414.jpg HTTP/1.1" 200 117734 "https://www.intranet.tjamich.gob.mx/intranet/sistemas/requisiciones/page_add_carrito.php?app=1" "Mozilla/5.0 (Windows NT 10.0; Win64; x64) AppleWebKit/537.36 (KHTML, like Gecko) Chrome/132.0.0.0 Safari/537.36"
189.243.238.36 - - [05/Feb/2025:14:09:07 -0600] "GET /intranet/sistemas/compras/docs/2024/08/07/85b019c7a4baa917c223312ffe295e8e.png HTTP/1.1" 200 317045 "https://www.intranet.tjamich.gob.mx/intranet/sistemas/requisiciones/page_add_carrito.php?app=1" "Mozilla/5.0 (Windows NT 10.0; Win64; x64) AppleWebKit/537.36 (KHTML, like Gecko) Chrome/132.0.0.0 Safari/537.36"
189.243.238.36 - - [05/Feb/2025:14:09:07 -0600] "GET /intranet/sistemas/compras/docs/2024/09/09/3d305850979e9077f0ce3bae83d71011.png HTTP/1.1" 200 410037 "https://www.intranet.tjamich.gob.mx/intranet/sistemas/requisiciones/page_add_carrito.php?app=1" "Mozilla/5.0 (Windows NT 10.0; Win64; x64) AppleWebKit/537.36 (KHTML, like Gecko) Chrome/132.0.0.0 Safari/537.36"
189.243.238.36 - - [05/Feb/2025:14:09:07 -0600] "GET /intranet/sistemas/compras/docs/2024/08/01/c6134c9fa7e8d3782afb718d3e906503.png HTTP/1.1" 200 317045 "https://www.intranet.tjamich.gob.mx/intranet/sistemas/requisiciones/page_add_carrito.php?app=1" "Mozilla/5.0 (Windows NT 10.0; Win64; x64) AppleWebKit/537.36 (KHTML, like Gecko) Chrome/132.0.0.0 Safari/537.36"
189.243.215.76 - - [05/Feb/2025:14:09:38 -0600] "POST /intranet/sistemas/requisiciones/carrito.php HTTP/1.1" 200 494 "https://intranet.tjamich.gob.mx/intranet/sistemas/requisiciones/page_add_carrito.php?app=1" "Mozilla/5.0 (Windows NT 10.0; Win64; x64) AppleWebKit/537.36 (KHTML, like Gecko) Chrome/109.0.0.0 Safari/537.36"
189.243.215.76 - - [05/Feb/2025:14:09:39 -0600] "GET /intranet/sistemas/requisiciones/page_add_mostrar_carrito.php?app=1 HTTP/1.1" 200 30476 "https://intranet.tjamich.gob.mx/intranet/sistemas/requisiciones/page_add_carrito.php?app=1" "Mozilla/5.0 (Windows NT 10.0; Win64; x64) AppleWebKit/537.36 (KHTML, like Gecko) Chrome/109.0.0.0 Safari/537.36"
189.243.215.76 - - [05/Feb/2025:14:09:44 -0600] "POST /intranet/sistemas/requisiciones/carrito.php HTTP/1.1" 200 14 "https://intranet.tjamich.gob.mx/intranet/sistemas/requisiciones/page_add_mostrar_carrito.php?app=1" "Mozilla/5.0 (Windows NT 10.0; Win64; x64) AppleWebKit/537.36 (KHTML, like Gecko) Chrome/109.0.0.0 Safari/537.36"
189.243.238.36 - - [05/Feb/2025:14:09:55 -0600] "POST /intranet/fetch.php HTTP/1.1" 200 122 "https://intranet.tjamich.gob.mx/intranet/page_home.php" "Mozilla/5.0 (Windows NT 10.0; Win64; x64) AppleWebKit/537.36 (KHTML, like Gecko) Chrome/132.0.0.0 Safari/537.36"
189.243.238.36 - - [05/Feb/2025:14:10:09 -0600] "POST /intranet/sistemas/requisiciones/carrito.php HTTP/1.1" 200 521 "https://www.intranet.tjamich.gob.mx/intranet/sistemas/requisiciones/page_add_carrito.php?app=1" "Mozilla/5.0 (Windows NT 10.0; Win64; x64) AppleWebKit/537.36 (KHTML, like Gecko) Chrome/132.0.0.0 Safari/537.36"
189.243.215.76 - - [05/Feb/2025:14:10:16 -0600] "POST /intranet/sistemas/requisiciones/carrito.php HTTP/1.1" 200 14 "https://intranet.tjamich.gob.mx/intranet/sistemas/requisiciones/page_add_mostrar_carrito.php?app=1" "Mozilla/5.0 (Windows NT 10.0; Win64; x64) AppleWebKit/537.36 (KHTML, like Gecko) Chrome/109.0.0.0 Safari/537.36"
189.243.215.76 - - [05/Feb/2025:14:10:28 -0600] "GET /intranet/sistemas/requisiciones/page_add_carrito.php?app=1 HTTP/1.1" 200 501504 "https://intranet.tjamich.gob.mx/intranet/sistemas/requisiciones/page_add_mostrar_carrito.php?app=1" "Mozilla/5.0 (Windows NT 10.0; Win64; x64) AppleWebKit/537.36 (KHTML, like Gecko) Chrome/109.0.0.0 Safari/537.36"
189.243.238.36 - - [05/Feb/2025:14:10:55 -0600] "POST /intranet/fetch.php HTTP/1.1" 200 122 "https://intranet.tjamich.gob.mx/intranet/page_home.php" "Mozilla/5.0 (Windows NT 10.0; Win64; x64) AppleWebKit/537.36 (KHTML, like Gecko) Chrome/132.0.0.0 Safari/537.36"
187.195.116.142 - - [05/Feb/2025:14:10:57 -0600] "GET /intranet/sistemas/administracion/page_find_inventario.php HTTP/1.1" 200 973744 "https://intranet.tjamich.gob.mx/intranet/sistemas/compras/page_find_requisicion.php?app=1" "Mozilla/5.0 (Windows NT 10.0; Win64; x64) AppleWebKit/537.36 (KHTML, like Gecko) Chrome/133.0.0.0 Safari/537.36"
187.195.116.142 - - [05/Feb/2025:14:10:58 -0600] "GET /intranet/sistemas/administracion/page_find_inventario.php HTTP/1.1" 200 973744 "https://intranet.tjamich.gob.mx/intranet/sistemas/compras/page_find_requisicion.php?app=1" "Mozilla/5.0 (Windows NT 10.0; Win64; x64) AppleWebKit/537.36 (KHTML, like Gecko) Chrome/133.0.0.0 Safari/537.36"
187.195.116.142 - - [05/Feb/2025:14:10:58 -0600] "GET /intranet/sistemas/administracion/page_find_inventario.php HTTP/1.1" 200 973744 "https://intranet.tjamich.gob.mx/intranet/sistemas/compras/page_find_requisicion.php?app=1" "Mozilla/5.0 (Windows NT 10.0; Win64; x64) AppleWebKit/537.36 (KHTML, like Gecko) Chrome/133.0.0.0 Safari/537.36"
187.195.116.142 - - [05/Feb/2025:14:10:59 -0600] "GET /intranet/sistemas/administracion/page_find_inventario.php HTTP/1.1" 200 973744 "https://intranet.tjamich.gob.mx/intranet/sistemas/compras/page_find_requisicion.php?app=1" "Mozilla/5.0 (Windows NT 10.0; Win64; x64) AppleWebKit/537.36 (KHTML, like Gecko) Chrome/133.0.0.0 Safari/537.36"
187.195.116.142 - - [05/Feb/2025:14:10:58 -0600] "GET /intranet/sistemas/administracion/page_find_inventario.php HTTP/1.1" 200 973744 "https://intranet.tjamich.gob.mx/intranet/sistemas/compras/page_find_requisicion.php?app=1" "Mozilla/5.0 (Windows NT 10.0; Win64; x64) AppleWebKit/537.36 (KHTML, like Gecko) Chrome/133.0.0.0 Safari/537.36"
187.195.116.142 - - [05/Feb/2025:14:10:58 -0600] "GET /intranet/sistemas/administracion/page_find_inventario.php HTTP/1.1" 200 973744 "https://intranet.tjamich.gob.mx/intranet/sistemas/compras/page_find_requisicion.php?app=1" "Mozilla/5.0 (Windows NT 10.0; Win64; x64) AppleWebKit/537.36 (KHTML, like Gecko) Chrome/133.0.0.0 Safari/537.36"
189.243.215.76 - - [05/Feb/2025:14:11:02 -0600] "POST /intranet/sistemas/requisiciones/carrito.php HTTP/1.1" 200 516 "https://intranet.tjamich.gob.mx/intranet/sistemas/requisiciones/page_add_carrito.php?app=1" "Mozilla/5.0 (Windows NT 10.0; Win64; x64) AppleWebKit/537.36 (KHTML, like Gecko) Chrome/109.0.0.0 Safari/537.36"
187.195.116.142 - - [05/Feb/2025:14:10:59 -0600] "GET /intranet/sistemas/administracion/page_find_inventario.php HTTP/1.1" 200 1006480 "https://intranet.tjamich.gob.mx/intranet/sistemas/compras/page_find_requisicion.php?app=1" "Mozilla/5.0 (Windows NT 10.0; Win64; x64) AppleWebKit/537.36 (KHTML, like Gecko) Chrome/133.0.0.0 Safari/537.36"
189.243.215.76 - - [05/Feb/2025:14:11:06 -0600] "GET /intranet/sistemas/requisiciones/page_add_mostrar_carrito.php?app=1 HTTP/1.1" 200 31497 "https://intranet.tjamich.gob.mx/intranet/sistemas/requisiciones/page_add_carrito.php?app=1" "Mozilla/5.0 (Windows NT 10.0; Win64; x64) AppleWebKit/537.36 (KHTML, like Gecko) Chrome/109.0.0.0 Safari/537.36"
187.195.116.142 - - [05/Feb/2025:14:10:59 -0600] "GET /intranet/sistemas/administracion/page_find_inventario.php HTTP/1.1" 200 613648 "https://intranet.tjamich.gob.mx/intranet/sistemas/compras/page_find_requisicion.php?app=1" "Mozilla/5.0 (Windows NT 10.0; Win64; x64) AppleWebKit/537.36 (KHTML, like Gecko) Chrome/133.0.0.0 Safari/537.36"
187.195.116.142 - - [05/Feb/2025:14:11:06 -0600] "GET /intranet/logout.php HTTP/1.1" 302 - "https://intranet.tjamich.gob.mx/intranet/sistemas/compras/page_find_requisicion.php?app=1" "Mozilla/5.0 (Windows NT 10.0; Win64; x64) AppleWebKit/537.36 (KHTML, like Gecko) Chrome/133.0.0.0 Safari/537.36"
189.243.238.36 - - [05/Feb/2025:14:11:07 -0600] "POST /intranet/sistemas/requisiciones/carrito.php HTTP/1.1" 200 506 "https://www.intranet.tjamich.gob.mx/intranet/sistemas/requisiciones/page_add_carrito.php?app=1" "Mozilla/5.0 (Windows NT 10.0; Win64; x64) AppleWebKit/537.36 (KHTML, like Gecko) Chrome/132.0.0.0 Safari/537.36"
187.195.116.142 - - [05/Feb/2025:14:10:58 -0600] "GET /intranet/sistemas/administracion/page_find_inventario.php HTTP/1.1" 200 990112 "https://intranet.tjamich.gob.mx/intranet/sistemas/compras/page_find_requisicion.php?app=1" "Mozilla/5.0 (Windows NT 10.0; Win64; x64) AppleWebKit/537.36 (KHTML, like Gecko) Chrome/133.0.0.0 Safari/537.36"
187.195.116.142 - - [05/Feb/2025:14:10:59 -0600] "GET /intranet/sistemas/administracion/page_find_inventario.php HTTP/1.1" 200 891904 "https://intranet.tjamich.gob.mx/intranet/sistemas/compras/page_find_requisicion.php?app=1" "Mozilla/5.0 (Windows NT 10.0; Win64; x64) AppleWebKit/537.36 (KHTML, like Gecko) Chrome/133.0.0.0 Safari/537.36"
189.243.238.36 - - [05/Feb/2025:14:11:47 -0600] "POST /intranet/sistemas/requisiciones/carrito.php HTTP/1.1" 200 501 "https://www.intranet.tjamich.gob.mx/intranet/sistemas/requisiciones/page_add_carrito.php?app=1" "Mozilla/5.0 (Windows NT 10.0; Win64; x64) AppleWebKit/537.36 (KHTML, like Gecko) Chrome/132.0.0.0 Safari/537.36"
189.243.238.36 - - [05/Feb/2025:14:11:55 -0600] "POST /intranet/fetch.php HTTP/1.1" 200 122 "https://intranet.tjamich.gob.mx/intranet/page_home.php" "Mozilla/5.0 (Windows NT 10.0; Win64; x64) AppleWebKit/537.36 (KHTML, like Gecko) Chrome/132.0.0.0 Safari/537.36"
189.243.215.76 - - [05/Feb/2025:14:12:48 -0600] "GET /intranet/sistemas/requisiciones/page_add_carrito.php?app=1 HTTP/1.1" 200 501504 "https://intranet.tjamich.gob.mx/intranet/sistemas/requisiciones/page_add_mostrar_carrito.php?app=1" "Mozilla/5.0 (Windows NT 10.0; Win64; x64) AppleWebKit/537.36 (KHTML, like Gecko) Chrome/109.0.0.0 Safari/537.36"
189.243.215.76 - - [05/Feb/2025:14:12:55 -0600] "POST /intranet/sistemas/requisiciones/carrito.php HTTP/1.1" 200 494 "https://intranet.tjamich.gob.mx/intranet/sistemas/requisiciones/page_add_carrito.php?app=1" "Mozilla/5.0 (Windows NT 10.0; Win64; x64) AppleWebKit/537.36 (KHTML, like Gecko) Chrome/109.0.0.0 Safari/537.36"
189.243.238.36 - - [05/Feb/2025:14:12:55 -0600] "POST /intranet/fetch.php HTTP/1.1" 200 122 "https://intranet.tjamich.gob.mx/intranet/page_home.php" "Mozilla/5.0 (Windows NT 10.0; Win64; x64) AppleWebKit/537.36 (KHTML, like Gecko) Chrome/132.0.0.0 Safari/537.36"
189.243.215.76 - - [05/Feb/2025:14:12:57 -0600] "GET /intranet/sistemas/requisiciones/page_add_mostrar_carrito.php?app=1 HTTP/1.1" 200 32502 "https://intranet.tjamich.gob.mx/intranet/sistemas/requisiciones/page_add_carrito.php?app=1" "Mozilla/5.0 (Windows NT 10.0; Win64; x64) AppleWebKit/537.36 (KHTML, like Gecko) Chrome/109.0.0.0 Safari/537.36"
189.243.238.36 - - [05/Feb/2025:14:13:13 -0600] "POST /intranet/sistemas/requisiciones/carrito.php HTTP/1.1" 200 504 "https://www.intranet.tjamich.gob.mx/intranet/sistemas/requisiciones/page_add_carrito.php?app=1" "Mozilla/5.0 (Windows NT 10.0; Win64; x64) AppleWebKit/537.36 (KHTML, like Gecko) Chrome/132.0.0.0 Safari/537.36"
189.243.215.76 - - [05/Feb/2025:14:13:17 -0600] "POST /intranet/sistemas/requisiciones/page_firma_requisicion.php HTTP/1.1" 200 33263 "https://intranet.tjamich.gob.mx/intranet/sistemas/requisiciones/page_add_mostrar_carrito.php?app=1" "Mozilla/5.0 (Windows NT 10.0; Win64; x64) AppleWebKit/537.36 (KHTML, like Gecko) Chrome/109.0.0.0 Safari/537.36"
189.243.238.36 - - [05/Feb/2025:14:13:29 -0600] "POST /intranet/sistemas/requisiciones/carrito.php HTTP/1.1" 200 491 "https://www.intranet.tjamich.gob.mx/intranet/sistemas/requisiciones/page_add_carrito.php?app=1" "Mozilla/5.0 (Windows NT 10.0; Win64; x64) AppleWebKit/537.36 (KHTML, like Gecko) Chrome/132.0.0.0 Safari/537.36"
189.243.238.36 - - [05/Feb/2025:14:13:55 -0600] "POST /intranet/fetch.php HTTP/1.1" 200 122 "https://intranet.tjamich.gob.mx/intranet/page_home.php" "Mozilla/5.0 (Windows NT 10.0; Win64; x64) AppleWebKit/537.36 (KHTML, like Gecko) Chrome/132.0.0.0 Safari/537.36"
189.243.238.36 - - [05/Feb/2025:14:14:15 -0600] "POST /intranet/fetch.php HTTP/1.1" 200 122 "https://intranet.tjamich.gob.mx/intranet/page_home.php" "Mozilla/5.0 (Windows NT 10.0; Win64; x64) AppleWebKit/537.36 (KHTML, like Gecko) Chrome/132.0.0.0 Safari/537.36"
189.243.238.36 - - [05/Feb/2025:14:14:47 -0600] "POST /intranet/sistemas/requisiciones/carrito.php HTTP/1.1" 200 497 "https://www.intranet.tjamich.gob.mx/intranet/sistemas/requisiciones/page_add_carrito.php?app=1" "Mozilla/5.0 (Windows NT 10.0; Win64; x64) AppleWebKit/537.36 (KHTML, like Gecko) Chrome/132.0.0.0 Safari/537.36"
189.243.238.36 - - [05/Feb/2025:14:15:05 -0600] "POST /intranet/fetch.php HTTP/1.1" 200 122 "https://intranet.tjamich.gob.mx/intranet/page_home.php" "Mozilla/5.0 (Windows NT 10.0; Win64; x64) AppleWebKit/537.36 (KHTML, like Gecko) Chrome/132.0.0.0 Safari/537.36"
189.243.238.36 - - [05/Feb/2025:14:15:44 -0600] "POST /intranet/sistemas/requisiciones/carrito.php HTTP/1.1" 200 506 "https://www.intranet.tjamich.gob.mx/intranet/sistemas/requisiciones/page_add_carrito.php?app=1" "Mozilla/5.0 (Windows NT 10.0; Win64; x64) AppleWebKit/537.36 (KHTML, like Gecko) Chrome/132.0.0.0 Safari/537.36"
189.243.238.36 - - [05/Feb/2025:14:15:55 -0600] "POST /intranet/fetch.php HTTP/1.1" 200 122 "https://intranet.tjamich.gob.mx/intranet/page_home.php" "Mozilla/5.0 (Windows NT 10.0; Win64; x64) AppleWebKit/537.36 (KHTML, like Gecko) Chrome/132.0.0.0 Safari/537.36"
187.195.110.68 - - [05/Feb/2025:14:16:05 -0600] "GET /intranet/sistemas/contraloria/denuncias/page_find_denuncias.php HTTP/1.1" 302 6631 "https://intranet.tjamich.gob.mx/intranet/sistemas/contraloria/denuncias/page_find_denuncias.php" "Mozilla/5.0 (Windows NT 10.0; Win64; x64) AppleWebKit/537.36 (KHTML, like Gecko) Chrome/132.0.0.0 Safari/537.36"
187.195.110.68 - - [05/Feb/2025:14:16:05 -0600] "GET /intranet/page_inicio.php HTTP/1.1" 200 16185 "https://intranet.tjamich.gob.mx/intranet/sistemas/contraloria/denuncias/page_find_denuncias.php" "Mozilla/5.0 (Windows NT 10.0; Win64; x64) AppleWebKit/537.36 (KHTML, like Gecko) Chrome/132.0.0.0 Safari/537.36"
187.195.110.68 - - [05/Feb/2025:14:16:14 -0600] "POST /intranet/controller/login.php HTTP/1.1" 302 - "https://intranet.tjamich.gob.mx/intranet/page_inicio.php" "Mozilla/5.0 (Windows NT 10.0; Win64; x64) AppleWebKit/537.36 (KHTML, like Gecko) Chrome/132.0.0.0 Safari/537.36"
187.195.110.68 - - [05/Feb/2025:14:16:14 -0600] "GET /intranet/page_home.php HTTP/1.1" 200 65447 "https://intranet.tjamich.gob.mx/intranet/page_inicio.php" "Mozilla/5.0 (Windows NT 10.0; Win64; x64) AppleWebKit/537.36 (KHTML, like Gecko) Chrome/132.0.0.0 Safari/537.36"
187.195.110.68 - - [05/Feb/2025:14:16:15 -0600] "POST /intranet/fetch.php HTTP/1.1" 200 122 "https://intranet.tjamich.gob.mx/intranet/page_home.php" "Mozilla/5.0 (Windows NT 10.0; Win64; x64) AppleWebKit/537.36 (KHTML, like Gecko) Chrome/132.0.0.0 Safari/537.36"
187.195.110.68 - - [05/Feb/2025:14:16:16 -0600] "GET /intranet/sistemas/contraloria/denuncias/page_find_denuncias.php HTTP/1.1" 200 28296 "https://intranet.tjamich.gob.mx/intranet/page_home.php" "Mozilla/5.0 (Windows NT 10.0; Win64; x64) AppleWebKit/537.36 (KHTML, like Gecko) Chrome/132.0.0.0 Safari/537.36"
187.195.110.68 - - [05/Feb/2025:14:16:16 -0600] "GET /intranet/sistemas/contraloria/denuncias/style.css HTTP/1.1" 404 - "https://intranet.tjamich.gob.mx/intranet/sistemas/contraloria/denuncias/page_find_denuncias.php" "Mozilla/5.0 (Windows NT 10.0; Win64; x64) AppleWebKit/537.36 (KHTML, like Gecko) Chrome/132.0.0.0 Safari/537.36"
187.195.110.68 - - [05/Feb/2025:14:16:17 -0600] "GET /intranet/sistemas/common/js/main.js HTTP/1.1" 404 - "https://intranet.tjamich.gob.mx/intranet/sistemas/contraloria/denuncias/page_find_denuncias.php" "Mozilla/5.0 (Windows NT 10.0; Win64; x64) AppleWebKit/537.36 (KHTML, like Gecko) Chrome/132.0.0.0 Safari/537.36"
189.243.238.36 - - [05/Feb/2025:14:16:45 -0600] "POST /intranet/fetch.php HTTP/1.1" 200 122 "https://intranet.tjamich.gob.mx/intranet/page_home.php" "Mozilla/5.0 (Windows NT 10.0; Win64; x64) AppleWebKit/537.36 (KHTML, like Gecko) Chrome/132.0.0.0 Safari/537.36"
187.195.110.68 - - [05/Feb/2025:14:16:45 -0600] "GET /intranet/sistemas/administracion/style.css HTTP/1.1" 404 - "https://intranet.tjamich.gob.mx/intranet/sistemas/administracion/page_find_inventario.php" "Mozilla/5.0 (Windows NT 10.0; Win64; x64) AppleWebKit/537.36 (KHTML, like Gecko) Chrome/132.0.0.0 Safari/537.36"
187.195.110.68 - - [05/Feb/2025:14:16:45 -0600] "GET /intranet/sistemas/administracion/page_find_inventario.php HTTP/1.1" 200 3377795 "https://intranet.tjamich.gob.mx/intranet/sistemas/compras/page_inicio.php?app=1" "Mozilla/5.0 (Windows NT 10.0; Win64; x64) AppleWebKit/537.36 (KHTML, like Gecko) Chrome/132.0.0.0 Safari/537.36"
189.243.238.36 - - [05/Feb/2025:14:16:52 -0600] "POST /intranet/sistemas/requisiciones/carrito.php HTTP/1.1" 200 535 "https://www.intranet.tjamich.gob.mx/intranet/sistemas/requisiciones/page_add_carrito.php?app=1" "Mozilla/5.0 (Windows NT 10.0; Win64; x64) AppleWebKit/537.36 (KHTML, like Gecko) Chrome/132.0.0.0 Safari/537.36"
187.195.110.68 - - [05/Feb/2025:14:16:51 -0600] "GET /intranet/sistemas/contraloria/declaraciones/page_find_declaraciones.php HTTP/1.1" 200 37495 "https://intranet.tjamich.gob.mx/intranet/sistemas/contraloria/denuncias/page_find_denuncias.php" "Mozilla/5.0 (Windows NT 10.0; Win64; x64) AppleWebKit/537.36 (KHTML, like Gecko) Chrome/132.0.0.0 Safari/537.36"
187.195.110.68 - - [05/Feb/2025:14:16:57 -0600] "GET /intranet/sistemas/administracion/page_find_inventario.php?resguardante=1&id_area=0&app=1 HTTP/1.1" 200 59408 "https://intranet.tjamich.gob.mx/intranet/sistemas/administracion/page_find_inventario.php" "Mozilla/5.0 (Windows NT 10.0; Win64; x64) AppleWebKit/537.36 (KHTML, like Gecko) Chrome/132.0.0.0 Safari/537.36"
187.195.110.68 - - [05/Feb/2025:14:16:57 -0600] "GET /intranet/sistemas/administracion/style.css HTTP/1.1" 404 - "https://intranet.tjamich.gob.mx/intranet/sistemas/administracion/page_find_inventario.php?resguardante=1&id_area=0&app=1" "Mozilla/5.0 (Windows NT 10.0; Win64; x64) AppleWebKit/537.36 (KHTML, like Gecko) Chrome/132.0.0.0 Safari/537.36"
187.195.110.68 - - [05/Feb/2025:14:17:11 -0600] "GET /intranet/sistemas/contraloria/declaraciones/page_contraloria_dec.php?app=1&controloria=1 HTTP/1.1" 200 24727 "https://intranet.tjamich.gob.mx/intranet/sistemas/contraloria/declaraciones/page_find_declaraciones.php" "Mozilla/5.0 (Windows NT 10.0; Win64; x64) AppleWebKit/537.36 (KHTML, like Gecko) Chrome/132.0.0.0 Safari/537.36"
187.195.110.68 - - [05/Feb/2025:14:17:12 -0600] "GET /intranet/sistemas/contraloria/declaraciones/page_find_usr_dec.php?app=1&controloria=1 HTTP/1.1" 200 523796 "https://intranet.tjamich.gob.mx/intranet/sistemas/contraloria/declaraciones/page_contraloria_dec.php?app=1&controloria=1" "Mozilla/5.0 (Windows NT 10.0; Win64; x64) AppleWebKit/537.36 (KHTML, like Gecko) Chrome/132.0.0.0 Safari/537.36"
187.195.110.68 - - [05/Feb/2025:14:17:19 -0600] "GET /intranet/sistemas/contraloria/declaraciones/page_view_usr_det.php?id_usuario=314&app=1&opc=2 HTTP/1.1" 200 47341 "https://intranet.tjamich.gob.mx/intranet/sistemas/contraloria/declaraciones/page_find_usr_dec.php?app=1&controloria=1" "Mozilla/5.0 (Windows NT 10.0; Win64; x64) AppleWebKit/537.36 (KHTML, like Gecko) Chrome/132.0.0.0 Safari/537.36"
189.243.238.36 - - [05/Feb/2025:14:17:22 -0600] "GET /intranet/sistemas/requisiciones/page_add_mostrar_carrito.php?app=1 HTTP/1.1" 200 31497 "https://www.intranet.tjamich.gob.mx/intranet/sistemas/requisiciones/page_add_carrito.php?app=1" "Mozilla/5.0 (Windows NT 10.0; Win64; x64) AppleWebKit/537.36 (KHTML, like Gecko) Chrome/132.0.0.0 Safari/537.36"
189.243.238.36 - - [05/Feb/2025:14:17:29 -0600] "POST /intranet/sistemas/requisiciones/carrito.php HTTP/1.1" 200 14 "https://www.intranet.tjamich.gob.mx/intranet/sistemas/requisiciones/page_add_mostrar_carrito.php?app=1" "Mozilla/5.0 (Windows NT 10.0; Win64; x64) AppleWebKit/537.36 (KHTML, like Gecko) Chrome/132.0.0.0 Safari/537.36"
189.243.238.36 - - [05/Feb/2025:14:17:35 -0600] "POST /intranet/fetch.php HTTP/1.1" 200 122 "https://intranet.tjamich.gob.mx/intranet/page_home.php" "Mozilla/5.0 (Windows NT 10.0; Win64; x64) AppleWebKit/537.36 (KHTML, like Gecko) Chrome/132.0.0.0 Safari/537.36"
189.243.238.36 - - [05/Feb/2025:14:17:39 -0600] "POST /intranet/sistemas/requisiciones/carrito.php HTTP/1.1" 200 14 "https://www.intranet.tjamich.gob.mx/intranet/sistemas/requisiciones/page_add_mostrar_carrito.php?app=1" "Mozilla/5.0 (Windows NT 10.0; Win64; x64) AppleWebKit/537.36 (KHTML, like Gecko) Chrome/132.0.0.0 Safari/537.36"
189.243.238.36 - - [05/Feb/2025:14:17:43 -0600] "POST /intranet/sistemas/requisiciones/carrito.php HTTP/1.1" 200 14 "https://www.intranet.tjamich.gob.mx/intranet/sistemas/requisiciones/page_add_mostrar_carrito.php?app=1" "Mozilla/5.0 (Windows NT 10.0; Win64; x64) AppleWebKit/537.36 (KHTML, like Gecko) Chrome/132.0.0.0 Safari/537.36"
189.243.238.36 - - [05/Feb/2025:14:17:45 -0600] "POST /intranet/sistemas/requisiciones/carrito.php HTTP/1.1" 200 14 "https://www.intranet.tjamich.gob.mx/intranet/sistemas/requisiciones/page_add_mostrar_carrito.php?app=1" "Mozilla/5.0 (Windows NT 10.0; Win64; x64) AppleWebKit/537.36 (KHTML, like Gecko) Chrome/132.0.0.0 Safari/537.36"
189.243.238.36 - - [05/Feb/2025:14:17:45 -0600] "POST /intranet/sistemas/requisiciones/carrito.php HTTP/1.1" 200 14 "https://www.intranet.tjamich.gob.mx/intranet/sistemas/requisiciones/page_add_mostrar_carrito.php?app=1" "Mozilla/5.0 (Windows NT 10.0; Win64; x64) AppleWebKit/537.36 (KHTML, like Gecko) Chrome/132.0.0.0 Safari/537.36"
189.243.238.36 - - [05/Feb/2025:14:17:45 -0600] "POST /intranet/sistemas/requisiciones/carrito.php HTTP/1.1" 200 14 "https://www.intranet.tjamich.gob.mx/intranet/sistemas/requisiciones/page_add_mostrar_carrito.php?app=1" "Mozilla/5.0 (Windows NT 10.0; Win64; x64) AppleWebKit/537.36 (KHTML, like Gecko) Chrome/132.0.0.0 Safari/537.36"
189.243.238.36 - - [05/Feb/2025:14:17:46 -0600] "POST /intranet/sistemas/requisiciones/carrito.php HTTP/1.1" 200 14 "https://www.intranet.tjamich.gob.mx/intranet/sistemas/requisiciones/page_add_mostrar_carrito.php?app=1" "Mozilla/5.0 (Windows NT 10.0; Win64; x64) AppleWebKit/537.36 (KHTML, like Gecko) Chrome/132.0.0.0 Safari/537.36"
189.243.238.36 - - [05/Feb/2025:14:17:46 -0600] "POST /intranet/sistemas/requisiciones/carrito.php HTTP/1.1" 200 14 "https://www.intranet.tjamich.gob.mx/intranet/sistemas/requisiciones/page_add_mostrar_carrito.php?app=1" "Mozilla/5.0 (Windows NT 10.0; Win64; x64) AppleWebKit/537.36 (KHTML, like Gecko) Chrome/132.0.0.0 Safari/537.36"
189.243.238.36 - - [05/Feb/2025:14:17:46 -0600] "POST /intranet/sistemas/requisiciones/carrito.php HTTP/1.1" 200 14 "https://www.intranet.tjamich.gob.mx/intranet/sistemas/requisiciones/page_add_mostrar_carrito.php?app=1" "Mozilla/5.0 (Windows NT 10.0; Win64; x64) AppleWebKit/537.36 (KHTML, like Gecko) Chrome/132.0.0.0 Safari/537.36"
189.243.238.36 - - [05/Feb/2025:14:17:47 -0600] "POST /intranet/sistemas/requisiciones/carrito.php HTTP/1.1" 200 14 "https://www.intranet.tjamich.gob.mx/intranet/sistemas/requisiciones/page_add_mostrar_carrito.php?app=1" "Mozilla/5.0 (Windows NT 10.0; Win64; x64) AppleWebKit/537.36 (KHTML, like Gecko) Chrome/132.0.0.0 Safari/537.36"
189.243.238.36 - - [05/Feb/2025:14:17:47 -0600] "POST /intranet/sistemas/requisiciones/carrito.php HTTP/1.1" 200 14 "https://www.intranet.tjamich.gob.mx/intranet/sistemas/requisiciones/page_add_mostrar_carrito.php?app=1" "Mozilla/5.0 (Windows NT 10.0; Win64; x64) AppleWebKit/537.36 (KHTML, like Gecko) Chrome/132.0.0.0 Safari/537.36"
189.243.238.36 - - [05/Feb/2025:14:17:47 -0600] "POST /intranet/sistemas/requisiciones/carrito.php HTTP/1.1" 200 14 "https://www.intranet.tjamich.gob.mx/intranet/sistemas/requisiciones/page_add_mostrar_carrito.php?app=1" "Mozilla/5.0 (Windows NT 10.0; Win64; x64) AppleWebKit/537.36 (KHTML, like Gecko) Chrome/132.0.0.0 Safari/537.36"
