189.243.215.76 - - [05/Feb/2025:13:45:16 -0600] "POST /intranet/sistemas/requisiciones/carrito.php HTTP/1.1" 200 14 "https://intranet.tjamich.gob.mx/intranet/sistemas/requisiciones/page_add_mostrar_carrito.php?app=1" "Mozilla/5.0 (Windows NT 10.0; Win64; x64) AppleWebKit/537.36 (KHTML, like Gecko) Chrome/109.0.0.0 Safari/537.36"
189.243.215.76 - - [05/Feb/2025:13:45:19 -0600] "POST /intranet/sistemas/requisiciones/carrito.php HTTP/1.1" 200 14 "https://intranet.tjamich.gob.mx/intranet/sistemas/requisiciones/page_add_mostrar_carrito.php?app=1" "Mozilla/5.0 (Windows NT 10.0; Win64; x64) AppleWebKit/537.36 (KHTML, like Gecko) Chrome/109.0.0.0 Safari/537.36"
189.243.215.76 - - [05/Feb/2025:13:45:19 -0600] "POST /intranet/sistemas/requisiciones/carrito.php HTTP/1.1" 200 14 "https://intranet.tjamich.gob.mx/intranet/sistemas/requisiciones/page_add_mostrar_carrito.php?app=1" "Mozilla/5.0 (Windows NT 10.0; Win64; x64) AppleWebKit/537.36 (KHTML, like Gecko) Chrome/109.0.0.0 Safari/537.36"
189.243.215.76 - - [05/Feb/2025:13:45:21 -0600] "POST /intranet/sistemas/requisiciones/carrito.php HTTP/1.1" 200 14 "https://intranet.tjamich.gob.mx/intranet/sistemas/requisiciones/page_add_mostrar_carrito.php?app=1" "Mozilla/5.0 (Windows NT 10.0; Win64; x64) AppleWebKit/537.36 (KHTML, like Gecko) Chrome/109.0.0.0 Safari/537.36"
189.243.215.76 - - [05/Feb/2025:13:45:21 -0600] "GET /intranet/sistemas/requisiciones/page_add_mostrar_carrito.php?app=1 HTTP/1.1" 200 26398 "https://intranet.tjamich.gob.mx/intranet/sistemas/requisiciones/page_add_mostrar_carrito.php?app=1" "Mozilla/5.0 (Windows NT 10.0; Win64; x64) AppleWebKit/537.36 (KHTML, like Gecko) Chrome/109.0.0.0 Safari/537.36"
187.195.116.142 - - [05/Feb/2025:13:45:25 -0600] "POST /intranet/sistemas/requisiciones/carrito.php HTTP/1.1" 200 499 "https://www.intranet.tjamich.gob.mx/intranet/sistemas/requisiciones/page_add_carrito.php?app=1" "Mozilla/5.0 (Windows NT 10.0; Win64; x64) AppleWebKit/537.36 (KHTML, like Gecko) Chrome/133.0.0.0 Safari/537.36"
189.243.215.76 - - [05/Feb/2025:13:45:26 -0600] "POST /intranet/sistemas/requisiciones/carrito.php HTTP/1.1" 200 14 "https://intranet.tjamich.gob.mx/intranet/sistemas/requisiciones/page_add_mostrar_carrito.php?app=1" "Mozilla/5.0 (Windows NT 10.0; Win64; x64) AppleWebKit/537.36 (KHTML, like Gecko) Chrome/109.0.0.0 Safari/537.36"
189.243.215.76 - - [05/Feb/2025:13:45:26 -0600] "POST /intranet/sistemas/requisiciones/carrito.php HTTP/1.1" 200 14 "https://intranet.tjamich.gob.mx/intranet/sistemas/requisiciones/page_add_mostrar_carrito.php?app=1" "Mozilla/5.0 (Windows NT 10.0; Win64; x64) AppleWebKit/537.36 (KHTML, like Gecko) Chrome/109.0.0.0 Safari/537.36"
189.243.215.76 - - [05/Feb/2025:13:45:32 -0600] "GET /intranet/sistemas/requisiciones/page_add_carrito.php?app=1 HTTP/1.1" 200 501504 "https://intranet.tjamich.gob.mx/intranet/sistemas/requisiciones/page_add_mostrar_carrito.php?app=1" "Mozilla/5.0 (Windows NT 10.0; Win64; x64) AppleWebKit/537.36 (KHTML, like Gecko) Chrome/109.0.0.0 Safari/537.36"
187.195.116.142 - - [05/Feb/2025:13:45:39 -0600] "POST /intranet/sistemas/requisiciones/carrito.php HTTP/1.1" 200 500 "https://www.intranet.tjamich.gob.mx/intranet/sistemas/requisiciones/page_add_carrito.php?app=1" "Mozilla/5.0 (Windows NT 10.0; Win64; x64) AppleWebKit/537.36 (KHTML, like Gecko) Chrome/133.0.0.0 Safari/537.36"
187.195.116.142 - - [05/Feb/2025:13:45:43 -0600] "POST /intranet/sistemas/requisiciones/carrito.php HTTP/1.1" 200 500 "https://www.intranet.tjamich.gob.mx/intranet/sistemas/requisiciones/page_add_carrito.php?app=1" "Mozilla/5.0 (Windows NT 10.0; Win64; x64) AppleWebKit/537.36 (KHTML, like Gecko) Chrome/133.0.0.0 Safari/537.36"
187.195.116.142 - - [05/Feb/2025:13:45:45 -0600] "POST /intranet/sistemas/requisiciones/carrito.php HTTP/1.1" 200 500 "https://www.intranet.tjamich.gob.mx/intranet/sistemas/requisiciones/page_add_carrito.php?app=1" "Mozilla/5.0 (Windows NT 10.0; Win64; x64) AppleWebKit/537.36 (KHTML, like Gecko) Chrome/133.0.0.0 Safari/537.36"
189.243.238.36 - - [05/Feb/2025:13:45:55 -0600] "POST /intranet/fetch.php HTTP/1.1" 200 122 "https://intranet.tjamich.gob.mx/intranet/page_home.php" "Mozilla/5.0 (Windows NT 10.0; Win64; x64) AppleWebKit/537.36 (KHTML, like Gecko) Chrome/132.0.0.0 Safari/537.36"
189.243.215.76 - - [05/Feb/2025:13:46:04 -0600] "POST /intranet/sistemas/requisiciones/carrito.php HTTP/1.1" 200 497 "https://intranet.tjamich.gob.mx/intranet/sistemas/requisiciones/page_add_carrito.php?app=1" "Mozilla/5.0 (Windows NT 10.0; Win64; x64) AppleWebKit/537.36 (KHTML, like Gecko) Chrome/109.0.0.0 Safari/537.36"
189.243.215.76 - - [05/Feb/2025:13:46:25 -0600] "POST /intranet/sistemas/requisiciones/carrito.php HTTP/1.1" 200 536 "https://intranet.tjamich.gob.mx/intranet/sistemas/requisiciones/page_add_carrito.php?app=1" "Mozilla/5.0 (Windows NT 10.0; Win64; x64) AppleWebKit/537.36 (KHTML, like Gecko) Chrome/109.0.0.0 Safari/537.36"
189.243.238.36 - - [05/Feb/2025:13:46:55 -0600] "POST /intranet/fetch.php HTTP/1.1" 200 122 "https://intranet.tjamich.gob.mx/intranet/page_home.php" "Mozilla/5.0 (Windows NT 10.0; Win64; x64) AppleWebKit/537.36 (KHTML, like Gecko) Chrome/132.0.0.0 Safari/537.36"
187.195.116.142 - - [05/Feb/2025:13:47:00 -0600] "POST /intranet/sistemas/requisiciones/carrito.php HTTP/1.1" 200 528 "https://www.intranet.tjamich.gob.mx/intranet/sistemas/requisiciones/page_add_carrito.php?app=1" "Mozilla/5.0 (Windows NT 10.0; Win64; x64) AppleWebKit/537.36 (KHTML, like Gecko) Chrome/133.0.0.0 Safari/537.36"
189.243.215.76 - - [05/Feb/2025:13:47:07 -0600] "POST /intranet/sistemas/requisiciones/carrito.php HTTP/1.1" 200 516 "https://intranet.tjamich.gob.mx/intranet/sistemas/requisiciones/page_add_carrito.php?app=1" "Mozilla/5.0 (Windows NT 10.0; Win64; x64) AppleWebKit/537.36 (KHTML, like Gecko) Chrome/109.0.0.0 Safari/537.36"
187.195.116.142 - - [05/Feb/2025:13:47:07 -0600] "POST /intranet/sistemas/requisiciones/carrito.php HTTP/1.1" 200 491 "https://www.intranet.tjamich.gob.mx/intranet/sistemas/requisiciones/page_add_carrito.php?app=1" "Mozilla/5.0 (Windows NT 10.0; Win64; x64) AppleWebKit/537.36 (KHTML, like Gecko) Chrome/133.0.0.0 Safari/537.36"
187.195.116.142 - - [05/Feb/2025:13:47:15 -0600] "POST /intranet/sistemas/requisiciones/carrito.php HTTP/1.1" 200 500 "https://www.intranet.tjamich.gob.mx/intranet/sistemas/requisiciones/page_add_carrito.php?app=1" "Mozilla/5.0 (Windows NT 10.0; Win64; x64) AppleWebKit/537.36 (KHTML, like Gecko) Chrome/133.0.0.0 Safari/537.36"
189.243.215.76 - - [05/Feb/2025:13:47:22 -0600] "POST /intranet/sistemas/requisiciones/carrito.php HTTP/1.1" 200 498 "https://intranet.tjamich.gob.mx/intranet/sistemas/requisiciones/page_add_carrito.php?app=1" "Mozilla/5.0 (Windows NT 10.0; Win64; x64) AppleWebKit/537.36 (KHTML, like Gecko) Chrome/109.0.0.0 Safari/537.36"
189.243.238.36 - - [05/Feb/2025:13:47:55 -0600] "POST /intranet/fetch.php HTTP/1.1" 200 122 "https://intranet.tjamich.gob.mx/intranet/page_home.php" "Mozilla/5.0 (Windows NT 10.0; Win64; x64) AppleWebKit/537.36 (KHTML, like Gecko) Chrome/132.0.0.0 Safari/537.36"
189.243.215.76 - - [05/Feb/2025:13:48:02 -0600] "POST /intranet/sistemas/requisiciones/carrito.php HTTP/1.1" 200 494 "https://intranet.tjamich.gob.mx/intranet/sistemas/requisiciones/page_add_carrito.php?app=1" "Mozilla/5.0 (Windows NT 10.0; Win64; x64) AppleWebKit/537.36 (KHTML, like Gecko) Chrome/109.0.0.0 Safari/537.36"
189.243.238.36 - - [05/Feb/2025:13:48:25 -0600] "POST /intranet/fetch.php HTTP/1.1" 200 122 "https://intranet.tjamich.gob.mx/intranet/page_home.php" "Mozilla/5.0 (Windows NT 10.0; Win64; x64) AppleWebKit/537.36 (KHTML, like Gecko) Chrome/132.0.0.0 Safari/537.36"
189.243.215.76 - - [05/Feb/2025:13:48:38 -0600] "POST /intranet/sistemas/requisiciones/carrito.php HTTP/1.1" 200 507 "https://intranet.tjamich.gob.mx/intranet/sistemas/requisiciones/page_add_carrito.php?app=1" "Mozilla/5.0 (Windows NT 10.0; Win64; x64) AppleWebKit/537.36 (KHTML, like Gecko) Chrome/109.0.0.0 Safari/537.36"
187.195.110.68 - - [05/Feb/2025:13:49:04 -0600] "POST /intranet/controller/login.php HTTP/1.1" 302 - "https://intranet.tjamich.gob.mx/intranet/page_inicio.php" "Mozilla/5.0 (Windows NT 10.0; Win64; x64) AppleWebKit/537.36 (KHTML, like Gecko) Chrome/132.0.0.0 Safari/537.36"
187.195.110.68 - - [05/Feb/2025:13:49:04 -0600] "POST /intranet/controller/login.php HTTP/1.1" 302 - "https://intranet.tjamich.gob.mx/intranet/page_inicio.php" "Mozilla/5.0 (Windows NT 10.0; Win64; x64) AppleWebKit/537.36 (KHTML, like Gecko) Chrome/132.0.0.0 Safari/537.36"
187.195.110.68 - - [05/Feb/2025:13:49:04 -0600] "GET /intranet/page_home.php HTTP/1.1" 200 66001 "https://intranet.tjamich.gob.mx/intranet/page_inicio.php" "Mozilla/5.0 (Windows NT 10.0; Win64; x64) AppleWebKit/537.36 (KHTML, like Gecko) Chrome/132.0.0.0 Safari/537.36"
187.195.110.68 - - [05/Feb/2025:13:49:05 -0600] "POST /intranet/fetch.php HTTP/1.1" 200 122 "https://intranet.tjamich.gob.mx/intranet/page_home.php" "Mozilla/5.0 (Windows NT 10.0; Win64; x64) AppleWebKit/537.36 (KHTML, like Gecko) Chrome/132.0.0.0 Safari/537.36"
187.195.110.68 - - [05/Feb/2025:13:49:09 -0600] "GET /intranet/sistemas/recursoshumanos/page_inicio.php HTTP/1.1" 200 25429 "https://intranet.tjamich.gob.mx/intranet/page_home.php" "Mozilla/5.0 (Windows NT 10.0; Win64; x64) AppleWebKit/537.36 (KHTML, like Gecko) Chrome/132.0.0.0 Safari/537.36"
187.195.110.68 - - [05/Feb/2025:13:49:11 -0600] "GET /intranet/sistemas/recursoshumanos/page_plantilla_area.php HTTP/1.1" 200 912082 "https://intranet.tjamich.gob.mx/intranet/sistemas/recursoshumanos/page_inicio.php" "Mozilla/5.0 (Windows NT 10.0; Win64; x64) AppleWebKit/537.36 (KHTML, like Gecko) Chrome/132.0.0.0 Safari/537.36"
187.195.110.68 - - [05/Feb/2025:13:49:14 -0600] "GET /intranet/sistemas/recursoshumanos/page_plantilla_area.php?id_area=15 HTTP/1.1" 200 65760 "https://intranet.tjamich.gob.mx/intranet/sistemas/recursoshumanos/page_plantilla_area.php" "Mozilla/5.0 (Windows NT 10.0; Win64; x64) AppleWebKit/537.36 (KHTML, like Gecko) Chrome/132.0.0.0 Safari/537.36"
189.243.238.36 - - [05/Feb/2025:13:49:15 -0600] "POST /intranet/fetch.php HTTP/1.1" 200 122 "https://intranet.tjamich.gob.mx/intranet/page_home.php" "Mozilla/5.0 (Windows NT 10.0; Win64; x64) AppleWebKit/537.36 (KHTML, like Gecko) Chrome/132.0.0.0 Safari/537.36"
187.195.110.68 - - [05/Feb/2025:13:49:18 -0600] "GET /intranet/sistemas/recursoshumanos/page_edit_personal_contrato.php?id_plaza=102&id_contrato=1428&id_plantilla=102&id_personal=34&id_puesto=37&id_area=15 HTTP/1.1" 200 48231 "https://intranet.tjamich.gob.mx/intranet/sistemas/recursoshumanos/page_plantilla_area.php?id_area=15" "Mozilla/5.0 (Windows NT 10.0; Win64; x64) AppleWebKit/537.36 (KHTML, like Gecko) Chrome/132.0.0.0 Safari/537.36"
189.243.215.76 - - [05/Feb/2025:13:49:19 -0600] "POST /intranet/sistemas/requisiciones/carrito.php HTTP/1.1" 200 494 "https://intranet.tjamich.gob.mx/intranet/sistemas/requisiciones/page_add_carrito.php?app=1" "Mozilla/5.0 (Windows NT 10.0; Win64; x64) AppleWebKit/537.36 (KHTML, like Gecko) Chrome/109.0.0.0 Safari/537.36"
187.195.110.68 - - [05/Feb/2025:13:49:53 -0600] "POST /intranet/sistemas/recursoshumanos/editar_personal_contrato.php HTTP/1.1" 302 - "https://intranet.tjamich.gob.mx/intranet/sistemas/recursoshumanos/page_edit_personal_contrato.php?id_plaza=102&id_contrato=1428&id_plantilla=102&id_personal=34&id_puesto=37&id_area=15" "Mozilla/5.0 (Windows NT 10.0; Win64; x64) AppleWebKit/537.36 (KHTML, like Gecko) Chrome/132.0.0.0 Safari/537.36"
187.195.110.68 - - [05/Feb/2025:13:49:53 -0600] "GET /intranet/sistemas/recursoshumanos/page_plantilla_area.php?app=1 HTTP/1.1" 200 912088 "https://intranet.tjamich.gob.mx/intranet/sistemas/recursoshumanos/page_edit_personal_contrato.php?id_plaza=102&id_contrato=1428&id_plantilla=102&id_personal=34&id_puesto=37&id_area=15" "Mozilla/5.0 (Windows NT 10.0; Win64; x64) AppleWebKit/537.36 (KHTML, like Gecko) Chrome/132.0.0.0 Safari/537.36"
187.195.110.68 - - [05/Feb/2025:13:49:59 -0600] "GET /intranet/sistemas/recursoshumanos/page_plantilla_area.php?id_area=15 HTTP/1.1" 200 65766 "https://intranet.tjamich.gob.mx/intranet/sistemas/recursoshumanos/page_plantilla_area.php?app=1" "Mozilla/5.0 (Windows NT 10.0; Win64; x64) AppleWebKit/537.36 (KHTML, like Gecko) Chrome/132.0.0.0 Safari/537.36"
189.243.238.36 - - [05/Feb/2025:13:50:05 -0600] "POST /intranet/fetch.php HTTP/1.1" 200 122 "https://intranet.tjamich.gob.mx/intranet/page_home.php" "Mozilla/5.0 (Windows NT 10.0; Win64; x64) AppleWebKit/537.36 (KHTML, like Gecko) Chrome/132.0.0.0 Safari/537.36"
187.195.110.68 - - [05/Feb/2025:13:50:06 -0600] "GET /intranet/sistemas/recursoshumanos/page_edit_personal_contrato.php?id_plaza=27&id_contrato=1385&id_plantilla=27&id_personal=392&id_puesto=22&id_area=15 HTTP/1.1" 200 48218 "https://intranet.tjamich.gob.mx/intranet/sistemas/recursoshumanos/page_plantilla_area.php?id_area=15" "Mozilla/5.0 (Windows NT 10.0; Win64; x64) AppleWebKit/537.36 (KHTML, like Gecko) Chrome/132.0.0.0 Safari/537.36"
189.243.215.76 - - [05/Feb/2025:13:50:48 -0600] "POST /intranet/sistemas/requisiciones/carrito.php HTTP/1.1" 200 505 "https://intranet.tjamich.gob.mx/intranet/sistemas/requisiciones/page_add_carrito.php?app=1" "Mozilla/5.0 (Windows NT 10.0; Win64; x64) AppleWebKit/537.36 (KHTML, like Gecko) Chrome/109.0.0.0 Safari/537.36"
189.243.238.36 - - [05/Feb/2025:13:50:55 -0600] "POST /intranet/fetch.php HTTP/1.1" 200 122 "https://intranet.tjamich.gob.mx/intranet/page_home.php" "Mozilla/5.0 (Windows NT 10.0; Win64; x64) AppleWebKit/537.36 (KHTML, like Gecko) Chrome/132.0.0.0 Safari/537.36"
189.243.238.36 - - [05/Feb/2025:13:50:59 -0600] "GET / HTTP/1.1" 200 567 "-" "Mozilla/5.0 (Windows NT 10.0; Win64; x64) AppleWebKit/537.36 (KHTML, like Gecko) Chrome/132.0.0.0 Safari/537.36 Edg/132.0.0.0"
187.195.110.68 - - [05/Feb/2025:13:51:01 -0600] "POST /intranet/sistemas/recursoshumanos/editar_personal_contrato.php HTTP/1.1" 302 - "https://intranet.tjamich.gob.mx/intranet/sistemas/recursoshumanos/page_edit_personal_contrato.php?id_plaza=27&id_contrato=1385&id_plantilla=27&id_personal=392&id_puesto=22&id_area=15" "Mozilla/5.0 (Windows NT 10.0; Win64; x64) AppleWebKit/537.36 (KHTML, like Gecko) Chrome/132.0.0.0 Safari/537.36"
187.195.110.68 - - [05/Feb/2025:13:51:01 -0600] "GET /intranet/sistemas/recursoshumanos/page_plantilla_area.php?app=1 HTTP/1.1" 200 912094 "https://intranet.tjamich.gob.mx/intranet/sistemas/recursoshumanos/page_edit_personal_contrato.php?id_plaza=27&id_contrato=1385&id_plantilla=27&id_personal=392&id_puesto=22&id_area=15" "Mozilla/5.0 (Windows NT 10.0; Win64; x64) AppleWebKit/537.36 (KHTML, like Gecko) Chrome/132.0.0.0 Safari/537.36"
189.243.238.36 - - [05/Feb/2025:13:51:16 -0600] "GET /intranet/page_inicio.php HTTP/1.1" 200 16185 "https://intranet.tjamich.gob.mx/" "Mozilla/5.0 (Windows NT 10.0; Win64; x64) AppleWebKit/537.36 (KHTML, like Gecko) Chrome/132.0.0.0 Safari/537.36 Edg/132.0.0.0"
189.243.238.36 - - [05/Feb/2025:13:51:18 -0600] "GET /intranet/common/vendors/jquery-ui-1.10.4.custom/css/ui-lightness/jquery-ui-1.10.4.custom.min.css HTTP/1.1" 200 34406 "https://intranet.tjamich.gob.mx/intranet/page_inicio.php" "Mozilla/5.0 (Windows NT 10.0; Win64; x64) AppleWebKit/537.36 (KHTML, like Gecko) Chrome/132.0.0.0 Safari/537.36 Edg/132.0.0.0"
189.243.238.36 - - [05/Feb/2025:13:51:18 -0600] "GET /intranet/common/vendors/fontawesome/css/all.css HTTP/1.1" 200 78193 "https://intranet.tjamich.gob.mx/intranet/page_inicio.php" "Mozilla/5.0 (Windows NT 10.0; Win64; x64) AppleWebKit/537.36 (KHTML, like Gecko) Chrome/132.0.0.0 Safari/537.36 Edg/132.0.0.0"
189.243.238.36 - - [05/Feb/2025:13:51:19 -0600] "GET /intranet/common/vendors/bootstrap/css/bootstrap.min.css HTTP/1.1" 200 145284 "https://intranet.tjamich.gob.mx/intranet/page_inicio.php" "Mozilla/5.0 (Windows NT 10.0; Win64; x64) AppleWebKit/537.36 (KHTML, like Gecko) Chrome/132.0.0.0 Safari/537.36 Edg/132.0.0.0"
189.243.238.36 - - [05/Feb/2025:13:51:19 -0600] "GET /intranet/common/vendors/bootstrap-datetimepicker/build/css/bootstrap-datetimepicker.min.css HTTP/1.1" 200 4510 "https://intranet.tjamich.gob.mx/intranet/page_inicio.php" "Mozilla/5.0 (Windows NT 10.0; Win64; x64) AppleWebKit/537.36 (KHTML, like Gecko) Chrome/132.0.0.0 Safari/537.36 Edg/132.0.0.0"
189.243.238.36 - - [05/Feb/2025:13:51:19 -0600] "GET /intranet/common/vendors/bootstrap-timepicker/css/bootstrap-timepicker.min.css HTTP/1.1" 200 3056 "https://intranet.tjamich.gob.mx/intranet/page_inicio.php" "Mozilla/5.0 (Windows NT 10.0; Win64; x64) AppleWebKit/537.36 (KHTML, like Gecko) Chrome/132.0.0.0 Safari/537.36 Edg/132.0.0.0"
189.243.238.36 - - [05/Feb/2025:13:51:19 -0600] "GET /intranet/common/vendors/bootstrap-clockface/css/clockface.css HTTP/1.1" 200 6428 "https://intranet.tjamich.gob.mx/intranet/page_inicio.php" "Mozilla/5.0 (Windows NT 10.0; Win64; x64) AppleWebKit/537.36 (KHTML, like Gecko) Chrome/132.0.0.0 Safari/537.36 Edg/132.0.0.0"
189.243.238.36 - - [05/Feb/2025:13:51:20 -0600] "GET /intranet/common/vendors/bootstrap-switch/css/bootstrap-switch.css HTTP/1.1" 200 15444 "https://intranet.tjamich.gob.mx/intranet/page_inicio.php" "Mozilla/5.0 (Windows NT 10.0; Win64; x64) AppleWebKit/537.36 (KHTML, like Gecko) Chrome/132.0.0.0 Safari/537.36 Edg/132.0.0.0"
187.195.110.68 - - [05/Feb/2025:13:51:20 -0600] "GET /intranet/sistemas/recursoshumanos/page_inicio.php HTTP/1.1" 200 25429 "https://intranet.tjamich.gob.mx/intranet/sistemas/recursoshumanos/page_plantilla_area.php?app=1" "Mozilla/5.0 (Windows NT 10.0; Win64; x64) AppleWebKit/537.36 (KHTML, like Gecko) Chrome/132.0.0.0 Safari/537.36"
189.243.238.36 - - [05/Feb/2025:13:51:21 -0600] "GET /intranet/common/vendors/intro.js/introjs.css HTTP/1.1" 200 8396 "https://intranet.tjamich.gob.mx/intranet/page_inicio.php" "Mozilla/5.0 (Windows NT 10.0; Win64; x64) AppleWebKit/537.36 (KHTML, like Gecko) Chrome/132.0.0.0 Safari/537.36 Edg/132.0.0.0"
189.243.238.36 - - [05/Feb/2025:13:51:21 -0600] "GET /intranet/common/vendors/jplist/html/css/jplist-custom.css HTTP/1.1" 200 21350 "https://intranet.tjamich.gob.mx/intranet/page_inicio.php" "Mozilla/5.0 (Windows NT 10.0; Win64; x64) AppleWebKit/537.36 (KHTML, like Gecko) Chrome/132.0.0.0 Safari/537.36 Edg/132.0.0.0"
189.243.238.36 - - [05/Feb/2025:13:51:21 -0600] "GET /intranet/common/vendors/sco.message/sco.message.css HTTP/1.1" 200 2485 "https://intranet.tjamich.gob.mx/intranet/page_inicio.php" "Mozilla/5.0 (Windows NT 10.0; Win64; x64) AppleWebKit/537.36 (KHTML, like Gecko) Chrome/132.0.0.0 Safari/537.36 Edg/132.0.0.0"
189.243.238.36 - - [05/Feb/2025:13:51:22 -0600] "GET /intranet/common/vendors/calendar/zabuto_calendar.min.css HTTP/1.1" 200 3565 "https://intranet.tjamich.gob.mx/intranet/page_inicio.php" "Mozilla/5.0 (Windows NT 10.0; Win64; x64) AppleWebKit/537.36 (KHTML, like Gecko) Chrome/132.0.0.0 Safari/537.36 Edg/132.0.0.0"
187.195.110.68 - - [05/Feb/2025:13:51:21 -0600] "GET /intranet/sistemas/recursoshumanos/page_find_historial_contratos.php?app=2 HTTP/1.1" 200 1350090 "https://intranet.tjamich.gob.mx/intranet/sistemas/recursoshumanos/page_inicio.php" "Mozilla/5.0 (Windows NT 10.0; Win64; x64) AppleWebKit/537.36 (KHTML, like Gecko) Chrome/132.0.0.0 Safari/537.36"
189.243.238.36 - - [05/Feb/2025:13:51:22 -0600] "GET /intranet/common/vendors/DataTables/media/css/jquery.dataTables.css HTTP/1.1" 200 18275 "https://intranet.tjamich.gob.mx/intranet/page_inicio.php" "Mozilla/5.0 (Windows NT 10.0; Win64; x64) AppleWebKit/537.36 (KHTML, like Gecko) Chrome/132.0.0.0 Safari/537.36 Edg/132.0.0.0"
189.243.238.36 - - [05/Feb/2025:13:51:22 -0600] "GET /intranet/common/vendors/lightbox/css/lightbox.css HTTP/1.1" 200 4348 "https://intranet.tjamich.gob.mx/intranet/page_inicio.php" "Mozilla/5.0 (Windows NT 10.0; Win64; x64) AppleWebKit/537.36 (KHTML, like Gecko) Chrome/132.0.0.0 Safari/537.36 Edg/132.0.0.0"
189.243.238.36 - - [05/Feb/2025:13:51:22 -0600] "GET /intranet/common/vendors/DataTables/media/css/dataTables.bootstrap.css HTTP/1.1" 200 7931 "https://intranet.tjamich.gob.mx/intranet/page_inicio.php" "Mozilla/5.0 (Windows NT 10.0; Win64; x64) AppleWebKit/537.36 (KHTML, like Gecko) Chrome/132.0.0.0 Safari/537.36 Edg/132.0.0.0"
189.243.238.36 - - [05/Feb/2025:13:51:22 -0600] "GET /intranet/common/vendors/DataTables/extensions/TableTools/css/dataTables.tableTools.min.css HTTP/1.1" 200 6995 "https://intranet.tjamich.gob.mx/intranet/page_inicio.php" "Mozilla/5.0 (Windows NT 10.0; Win64; x64) AppleWebKit/537.36 (KHTML, like Gecko) Chrome/132.0.0.0 Safari/537.36 Edg/132.0.0.0"
189.243.238.36 - - [05/Feb/2025:13:51:23 -0600] "GET /intranet/common/vendors/animate.css/animate.css HTTP/1.1" 200 68392 "https://intranet.tjamich.gob.mx/intranet/page_inicio.php" "Mozilla/5.0 (Windows NT 10.0; Win64; x64) AppleWebKit/537.36 (KHTML, like Gecko) Chrome/132.0.0.0 Safari/537.36 Edg/132.0.0.0"
189.243.238.36 - - [05/Feb/2025:13:51:23 -0600] "GET /intranet/common/vendors/iCheck/skins/all.css HTTP/1.1" 200 1624 "https://intranet.tjamich.gob.mx/intranet/page_inicio.php" "Mozilla/5.0 (Windows NT 10.0; Win64; x64) AppleWebKit/537.36 (KHTML, like Gecko) Chrome/132.0.0.0 Safari/537.36 Edg/132.0.0.0"
189.243.238.36 - - [05/Feb/2025:13:51:23 -0600] "GET /intranet/common/vendors/jquery-notific8/jquery.notific8.min.css HTTP/1.1" 200 4980 "https://intranet.tjamich.gob.mx/intranet/page_inicio.php" "Mozilla/5.0 (Windows NT 10.0; Win64; x64) AppleWebKit/537.36 (KHTML, like Gecko) Chrome/132.0.0.0 Safari/537.36 Edg/132.0.0.0"
189.243.238.36 - - [05/Feb/2025:13:51:23 -0600] "GET /intranet/common/vendors/bootstrap-daterangepicker/daterangepicker-bs3.css HTTP/1.1" 200 5757 "https://intranet.tjamich.gob.mx/intranet/page_inicio.php" "Mozilla/5.0 (Windows NT 10.0; Win64; x64) AppleWebKit/537.36 (KHTML, like Gecko) Chrome/132.0.0.0 Safari/537.36 Edg/132.0.0.0"
189.243.238.36 - - [05/Feb/2025:13:51:23 -0600] "GET /intranet/common/css/themes/style1/orange-blue.css HTTP/1.1" 200 213582 "https://intranet.tjamich.gob.mx/intranet/page_inicio.php" "Mozilla/5.0 (Windows NT 10.0; Win64; x64) AppleWebKit/537.36 (KHTML, like Gecko) Chrome/132.0.0.0 Safari/537.36 Edg/132.0.0.0"
189.243.238.36 - - [05/Feb/2025:13:51:23 -0600] "GET /intranet/common/frontend/assets/css/themes/orange.css HTTP/1.1" 200 57332 "https://intranet.tjamich.gob.mx/intranet/page_inicio.php" "Mozilla/5.0 (Windows NT 10.0; Win64; x64) AppleWebKit/537.36 (KHTML, like Gecko) Chrome/132.0.0.0 Safari/537.36 Edg/132.0.0.0"
189.243.238.36 - - [05/Feb/2025:13:51:24 -0600] "GET /intranet/common/css/style-responsive.css HTTP/1.1" 200 6705 "https://intranet.tjamich.gob.mx/intranet/page_inicio.php" "Mozilla/5.0 (Windows NT 10.0; Win64; x64) AppleWebKit/537.36 (KHTML, like Gecko) Chrome/132.0.0.0 Safari/537.36 Edg/132.0.0.0"
189.243.238.36 - - [05/Feb/2025:13:51:24 -0600] "GET /intranet/style.css HTTP/1.1" 200 811 "https://intranet.tjamich.gob.mx/intranet/page_inicio.php" "Mozilla/5.0 (Windows NT 10.0; Win64; x64) AppleWebKit/537.36 (KHTML, like Gecko) Chrome/132.0.0.0 Safari/537.36 Edg/132.0.0.0"
189.243.238.36 - - [05/Feb/2025:13:51:24 -0600] "GET /intranet/common/vendors/iCheck/skins/minimal/all.css HTTP/1.1" 200 15063 "https://intranet.tjamich.gob.mx/intranet/common/vendors/iCheck/skins/all.css" "Mozilla/5.0 (Windows NT 10.0; Win64; x64) AppleWebKit/537.36 (KHTML, like Gecko) Chrome/132.0.0.0 Safari/537.36 Edg/132.0.0.0"
189.243.238.36 - - [05/Feb/2025:13:51:24 -0600] "GET /intranet/common/vendors/iCheck/skins/square/all.css HTTP/1.1" 200 14920 "https://intranet.tjamich.gob.mx/intranet/common/vendors/iCheck/skins/all.css" "Mozilla/5.0 (Windows NT 10.0; Win64; x64) AppleWebKit/537.36 (KHTML, like Gecko) Chrome/132.0.0.0 Safari/537.36 Edg/132.0.0.0"
189.243.238.36 - - [05/Feb/2025:13:51:24 -0600] "GET /intranet/common/vendors/iCheck/skins/flat/all.css HTTP/1.1" 200 13042 "https://intranet.tjamich.gob.mx/intranet/common/vendors/iCheck/skins/all.css" "Mozilla/5.0 (Windows NT 10.0; Win64; x64) AppleWebKit/537.36 (KHTML, like Gecko) Chrome/132.0.0.0 Safari/537.36 Edg/132.0.0.0"
189.243.238.36 - - [05/Feb/2025:13:51:25 -0600] "GET /intranet/common/vendors/iCheck/skins/line/all.css HTTP/1.1" 200 21138 "https://intranet.tjamich.gob.mx/intranet/common/vendors/iCheck/skins/all.css" "Mozilla/5.0 (Windows NT 10.0; Win64; x64) AppleWebKit/537.36 (KHTML, like Gecko) Chrome/132.0.0.0 Safari/537.36 Edg/132.0.0.0"
189.243.238.36 - - [05/Feb/2025:13:51:25 -0600] "GET /intranet/common/vendors/iCheck/skins/polaris/polaris.css HTTP/1.1" 200 1489 "https://intranet.tjamich.gob.mx/intranet/common/vendors/iCheck/skins/all.css" "Mozilla/5.0 (Windows NT 10.0; Win64; x64) AppleWebKit/537.36 (KHTML, like Gecko) Chrome/132.0.0.0 Safari/537.36 Edg/132.0.0.0"
189.243.238.36 - - [05/Feb/2025:13:51:25 -0600] "GET /intranet/common/vendors/iCheck/skins/futurico/futurico.css HTTP/1.1" 200 1347 "https://intranet.tjamich.gob.mx/intranet/common/vendors/iCheck/skins/all.css" "Mozilla/5.0 (Windows NT 10.0; Win64; x64) AppleWebKit/537.36 (KHTML, like Gecko) Chrome/132.0.0.0 Safari/537.36 Edg/132.0.0.0"
189.243.238.36 - - [05/Feb/2025:13:51:25 -0600] "GET /intranet/common/js/jquery-1.10.2.min.js HTTP/1.1" 200 93113 "https://intranet.tjamich.gob.mx/intranet/page_inicio.php" "Mozilla/5.0 (Windows NT 10.0; Win64; x64) AppleWebKit/537.36 (KHTML, like Gecko) Chrome/132.0.0.0 Safari/537.36 Edg/132.0.0.0"
189.243.238.36 - - [05/Feb/2025:13:51:25 -0600] "GET /intranet/logo.png HTTP/1.1" 200 309757 "https://intranet.tjamich.gob.mx/intranet/page_inicio.php" "Mozilla/5.0 (Windows NT 10.0; Win64; x64) AppleWebKit/537.36 (KHTML, like Gecko) Chrome/132.0.0.0 Safari/537.36 Edg/132.0.0.0"
189.243.238.36 - - [05/Feb/2025:13:51:25 -0600] "GET /intranet/common/js/jquery-migrate-1.2.1.min.js HTTP/1.1" 200 7200 "https://intranet.tjamich.gob.mx/intranet/page_inicio.php" "Mozilla/5.0 (Windows NT 10.0; Win64; x64) AppleWebKit/537.36 (KHTML, like Gecko) Chrome/132.0.0.0 Safari/537.36 Edg/132.0.0.0"
189.243.238.36 - - [05/Feb/2025:13:51:25 -0600] "GET /intranet/common/js/jquery-ui.js HTTP/1.1" 200 609567 "https://intranet.tjamich.gob.mx/intranet/page_inicio.php" "Mozilla/5.0 (Windows NT 10.0; Win64; x64) AppleWebKit/537.36 (KHTML, like Gecko) Chrome/132.0.0.0 Safari/537.36 Edg/132.0.0.0"
189.243.238.36 - - [05/Feb/2025:13:51:26 -0600] "GET /intranet/common/vendors/bootstrap/js/bootstrap.min.js HTTP/1.1" 200 41799 "https://intranet.tjamich.gob.mx/intranet/page_inicio.php" "Mozilla/5.0 (Windows NT 10.0; Win64; x64) AppleWebKit/537.36 (KHTML, like Gecko) Chrome/132.0.0.0 Safari/537.36 Edg/132.0.0.0"
189.243.238.36 - - [05/Feb/2025:13:51:26 -0600] "GET /intranet/common/vendors/bootstrap-hover-dropdown/bootstrap-hover-dropdown.js HTTP/1.1" 200 3324 "https://intranet.tjamich.gob.mx/intranet/page_inicio.php" "Mozilla/5.0 (Windows NT 10.0; Win64; x64) AppleWebKit/537.36 (KHTML, like Gecko) Chrome/132.0.0.0 Safari/537.36 Edg/132.0.0.0"
189.243.238.36 - - [05/Feb/2025:13:51:26 -0600] "GET /intranet/common/js/html5shiv.js HTTP/1.1" 200 2437 "https://intranet.tjamich.gob.mx/intranet/page_inicio.php" "Mozilla/5.0 (Windows NT 10.0; Win64; x64) AppleWebKit/537.36 (KHTML, like Gecko) Chrome/132.0.0.0 Safari/537.36 Edg/132.0.0.0"
189.243.238.36 - - [05/Feb/2025:13:51:26 -0600] "GET /intranet/common/js/respond.min.js HTTP/1.1" 200 4053 "https://intranet.tjamich.gob.mx/intranet/page_inicio.php" "Mozilla/5.0 (Windows NT 10.0; Win64; x64) AppleWebKit/537.36 (KHTML, like Gecko) Chrome/132.0.0.0 Safari/537.36 Edg/132.0.0.0"
189.243.238.36 - - [05/Feb/2025:13:51:26 -0600] "GET /intranet/common/vendors/metisMenu/jquery.metisMenu.js HTTP/1.1" 200 2244 "https://intranet.tjamich.gob.mx/intranet/page_inicio.php" "Mozilla/5.0 (Windows NT 10.0; Win64; x64) AppleWebKit/537.36 (KHTML, like Gecko) Chrome/132.0.0.0 Safari/537.36 Edg/132.0.0.0"
189.243.238.36 - - [05/Feb/2025:13:51:26 -0600] "GET /intranet/common/vendors/fontawesome/webfonts/fa-solid-900.woff2 HTTP/1.1" 200 78268 "https://intranet.tjamich.gob.mx/intranet/common/vendors/fontawesome/css/all.css" "Mozilla/5.0 (Windows NT 10.0; Win64; x64) AppleWebKit/537.36 (KHTML, like Gecko) Chrome/132.0.0.0 Safari/537.36 Edg/132.0.0.0"
189.243.238.36 - - [05/Feb/2025:13:51:26 -0600] "GET /intranet/common/vendors/slimScroll/jquery.slimscroll.js HTTP/1.1" 200 17455 "https://intranet.tjamich.gob.mx/intranet/page_inicio.php" "Mozilla/5.0 (Windows NT 10.0; Win64; x64) AppleWebKit/537.36 (KHTML, like Gecko) Chrome/132.0.0.0 Safari/537.36 Edg/132.0.0.0"
189.243.238.36 - - [05/Feb/2025:13:51:27 -0600] "GET /intranet/common/vendors/jquery-cookie/jquery.cookie.js HTTP/1.1" 200 3744 "https://intranet.tjamich.gob.mx/intranet/page_inicio.php" "Mozilla/5.0 (Windows NT 10.0; Win64; x64) AppleWebKit/537.36 (KHTML, like Gecko) Chrome/132.0.0.0 Safari/537.36 Edg/132.0.0.0"
189.243.238.36 - - [05/Feb/2025:13:51:27 -0600] "GET /intranet/common/vendors/iCheck/icheck.min.js HTTP/1.1" 200 4942 "https://intranet.tjamich.gob.mx/intranet/page_inicio.php" "Mozilla/5.0 (Windows NT 10.0; Win64; x64) AppleWebKit/537.36 (KHTML, like Gecko) Chrome/132.0.0.0 Safari/537.36 Edg/132.0.0.0"
189.243.238.36 - - [05/Feb/2025:13:51:27 -0600] "GET /intranet/common/vendors/iCheck/custom.min.js HTTP/1.1" 200 2136 "https://intranet.tjamich.gob.mx/intranet/page_inicio.php" "Mozilla/5.0 (Windows NT 10.0; Win64; x64) AppleWebKit/537.36 (KHTML, like Gecko) Chrome/132.0.0.0 Safari/537.36 Edg/132.0.0.0"
189.243.238.36 - - [05/Feb/2025:13:51:27 -0600] "GET /intranet/common/vendors/jquery-notific8/jquery.notific8.min.js HTTP/1.1" 200 4371 "https://intranet.tjamich.gob.mx/intranet/page_inicio.php" "Mozilla/5.0 (Windows NT 10.0; Win64; x64) AppleWebKit/537.36 (KHTML, like Gecko) Chrome/132.0.0.0 Safari/537.36 Edg/132.0.0.0"
189.243.238.36 - - [05/Feb/2025:13:51:27 -0600] "GET /intranet/common/vendors/jquery-highcharts/highcharts.js HTTP/1.1" 200 230832 "https://intranet.tjamich.gob.mx/intranet/page_inicio.php" "Mozilla/5.0 (Windows NT 10.0; Win64; x64) AppleWebKit/537.36 (KHTML, like Gecko) Chrome/132.0.0.0 Safari/537.36 Edg/132.0.0.0"
189.243.238.36 - - [05/Feb/2025:13:51:27 -0600] "GET /intranet/common/js/jquery.menu.js HTTP/1.1" 200 3967 "https://intranet.tjamich.gob.mx/intranet/page_inicio.php" "Mozilla/5.0 (Windows NT 10.0; Win64; x64) AppleWebKit/537.36 (KHTML, like Gecko) Chrome/132.0.0.0 Safari/537.36 Edg/132.0.0.0"
189.243.238.36 - - [05/Feb/2025:13:51:27 -0600] "GET /intranet/common/vendors/jquery-pace/pace.min.js HTTP/1.1" 200 17542 "https://intranet.tjamich.gob.mx/intranet/page_inicio.php" "Mozilla/5.0 (Windows NT 10.0; Win64; x64) AppleWebKit/537.36 (KHTML, like Gecko) Chrome/132.0.0.0 Safari/537.36 Edg/132.0.0.0"
189.243.238.36 - - [05/Feb/2025:13:51:27 -0600] "GET /intranet/common/vendors/holder/holder.js HTTP/1.1" 200 12842 "https://intranet.tjamich.gob.mx/intranet/page_inicio.php" "Mozilla/5.0 (Windows NT 10.0; Win64; x64) AppleWebKit/537.36 (KHTML, like Gecko) Chrome/132.0.0.0 Safari/537.36 Edg/132.0.0.0"
189.243.238.36 - - [05/Feb/2025:13:51:27 -0600] "GET /intranet/common/vendors/responsive-tabs/responsive-tabs.js HTTP/1.1" 200 5532 "https://intranet.tjamich.gob.mx/intranet/page_inicio.php" "Mozilla/5.0 (Windows NT 10.0; Win64; x64) AppleWebKit/537.36 (KHTML, like Gecko) Chrome/132.0.0.0 Safari/537.36 Edg/132.0.0.0"
189.243.238.36 - - [05/Feb/2025:13:51:27 -0600] "GET /intranet/common/vendors/jquery-news-ticker/jquery.newsTicker.min.js HTTP/1.1" 200 5043 "https://intranet.tjamich.gob.mx/intranet/page_inicio.php" "Mozilla/5.0 (Windows NT 10.0; Win64; x64) AppleWebKit/537.36 (KHTML, like Gecko) Chrome/132.0.0.0 Safari/537.36 Edg/132.0.0.0"
189.243.238.36 - - [05/Feb/2025:13:51:27 -0600] "GET /intranet/common/vendors/moment/moment.js HTTP/1.1" 200 78455 "https://intranet.tjamich.gob.mx/intranet/page_inicio.php" "Mozilla/5.0 (Windows NT 10.0; Win64; x64) AppleWebKit/537.36 (KHTML, like Gecko) Chrome/132.0.0.0 Safari/537.36 Edg/132.0.0.0"
189.243.238.36 - - [05/Feb/2025:13:51:28 -0600] "GET /intranet/common/vendors/bootstrap-datepicker/js/bootstrap-datepicker.js HTTP/1.1" 200 66814 "https://intranet.tjamich.gob.mx/intranet/page_inicio.php" "Mozilla/5.0 (Windows NT 10.0; Win64; x64) AppleWebKit/537.36 (KHTML, like Gecko) Chrome/132.0.0.0 Safari/537.36 Edg/132.0.0.0"
189.243.238.36 - - [05/Feb/2025:13:51:28 -0600] "GET /intranet/common/vendors/bootstrap-daterangepicker/daterangepicker.js HTTP/1.1" 200 35114 "https://intranet.tjamich.gob.mx/intranet/page_inicio.php" "Mozilla/5.0 (Windows NT 10.0; Win64; x64) AppleWebKit/537.36 (KHTML, like Gecko) Chrome/132.0.0.0 Safari/537.36 Edg/132.0.0.0"
189.243.238.36 - - [05/Feb/2025:13:51:28 -0600] "GET /intranet/common/vendors/DataTables/media/js/jquery.dataTables.js HTTP/1.1" 200 592807 "https://intranet.tjamich.gob.mx/intranet/page_inicio.php" "Mozilla/5.0 (Windows NT 10.0; Win64; x64) AppleWebKit/537.36 (KHTML, like Gecko) Chrome/132.0.0.0 Safari/537.36 Edg/132.0.0.0"
189.243.238.36 - - [05/Feb/2025:13:51:28 -0600] "GET /intranet/common/vendors/DataTables/media/js/dataTables.bootstrap.js HTTP/1.1" 200 9451 "https://intranet.tjamich.gob.mx/intranet/page_inicio.php" "Mozilla/5.0 (Windows NT 10.0; Win64; x64) AppleWebKit/537.36 (KHTML, like Gecko) Chrome/132.0.0.0 Safari/537.36 Edg/132.0.0.0"
189.243.238.36 - - [05/Feb/2025:13:51:28 -0600] "GET /intranet/common/vendors/DataTables/extensions/TableTools/js/dataTables.tableTools.min.js HTTP/1.1" 200 47529 "https://intranet.tjamich.gob.mx/intranet/page_inicio.php" "Mozilla/5.0 (Windows NT 10.0; Win64; x64) AppleWebKit/537.36 (KHTML, like Gecko) Chrome/132.0.0.0 Safari/537.36 Edg/132.0.0.0"
189.243.238.36 - - [05/Feb/2025:13:51:28 -0600] "GET /intranet/common/js/table-datatables.js HTTP/1.1" 200 606 "https://intranet.tjamich.gob.mx/intranet/page_inicio.php" "Mozilla/5.0 (Windows NT 10.0; Win64; x64) AppleWebKit/537.36 (KHTML, like Gecko) Chrome/132.0.0.0 Safari/537.36 Edg/132.0.0.0"
189.243.238.36 - - [05/Feb/2025:13:51:28 -0600] "GET /intranet/common/js/main.js HTTP/1.1" 200 18387 "https://intranet.tjamich.gob.mx/intranet/page_inicio.php" "Mozilla/5.0 (Windows NT 10.0; Win64; x64) AppleWebKit/537.36 (KHTML, like Gecko) Chrome/132.0.0.0 Safari/537.36 Edg/132.0.0.0"
189.243.238.36 - - [05/Feb/2025:13:51:29 -0600] "GET /intranet/common/images/favicon.ico HTTP/1.1" 200 16958 "https://intranet.tjamich.gob.mx/" "Mozilla/5.0 (Windows NT 10.0; Win64; x64) AppleWebKit/537.36 (KHTML, like Gecko) Chrome/132.0.0.0 Safari/537.36 Edg/132.0.0.0"
187.195.110.68 - - [05/Feb/2025:13:51:38 -0600] "GET /intranet/sistemas/recursoshumanos/pdfcontrato.php?id_contrato=1594&app=1&opc=2 HTTP/1.1" 200 46928 "https://intranet.tjamich.gob.mx/intranet/sistemas/recursoshumanos/page_find_historial_contratos.php?app=2" "Mozilla/5.0 (Windows NT 10.0; Win64; x64) AppleWebKit/537.36 (KHTML, like Gecko) Chrome/132.0.0.0 Safari/537.36"
187.195.110.68 - - [05/Feb/2025:13:51:39 -0600] "GET /favicon.ico HTTP/1.1" 404 - "https://intranet.tjamich.gob.mx/intranet/sistemas/recursoshumanos/pdfcontrato.php?id_contrato=1594&app=1&opc=2" "Mozilla/5.0 (Windows NT 10.0; Win64; x64) AppleWebKit/537.36 (KHTML, like Gecko) Chrome/132.0.0.0 Safari/537.36"
189.243.238.36 - - [05/Feb/2025:13:51:45 -0600] "POST /intranet/fetch.php HTTP/1.1" 200 122 "https://intranet.tjamich.gob.mx/intranet/page_home.php" "Mozilla/5.0 (Windows NT 10.0; Win64; x64) AppleWebKit/537.36 (KHTML, like Gecko) Chrome/132.0.0.0 Safari/537.36"
189.243.238.36 - - [05/Feb/2025:13:51:45 -0600] "POST /intranet/controller/login.php HTTP/1.1" 302 - "https://intranet.tjamich.gob.mx/intranet/page_inicio.php" "Mozilla/5.0 (Windows NT 10.0; Win64; x64) AppleWebKit/537.36 (KHTML, like Gecko) Chrome/132.0.0.0 Safari/537.36 Edg/132.0.0.0"
189.243.238.36 - - [05/Feb/2025:13:51:47 -0600] "GET /intranet/page_home.php HTTP/1.1" 200 64879 "https://intranet.tjamich.gob.mx/intranet/page_inicio.php" "Mozilla/5.0 (Windows NT 10.0; Win64; x64) AppleWebKit/537.36 (KHTML, like Gecko) Chrome/132.0.0.0 Safari/537.36 Edg/132.0.0.0"
189.243.238.36 - - [05/Feb/2025:13:51:48 -0600] "GET /intranet/common/images/profileUser.png HTTP/1.1" 200 19656 "https://intranet.tjamich.gob.mx/intranet/page_home.php" "Mozilla/5.0 (Windows NT 10.0; Win64; x64) AppleWebKit/537.36 (KHTML, like Gecko) Chrome/132.0.0.0 Safari/537.36 Edg/132.0.0.0"
189.243.238.36 - - [05/Feb/2025:13:51:48 -0600] "GET /intranet/common/jsCalendar_v1.4.4/source/jsCalendar.lang.es.js HTTP/1.1" 200 1485 "https://intranet.tjamich.gob.mx/intranet/page_home.php" "Mozilla/5.0 (Windows NT 10.0; Win64; x64) AppleWebKit/537.36 (KHTML, like Gecko) Chrome/132.0.0.0 Safari/537.36 Edg/132.0.0.0"
189.243.238.36 - - [05/Feb/2025:13:51:48 -0600] "GET /intranet/common/jsCalendar_v1.4.4/source/jsCalendar.css HTTP/1.1" 200 11090 "https://intranet.tjamich.gob.mx/intranet/page_home.php" "Mozilla/5.0 (Windows NT 10.0; Win64; x64) AppleWebKit/537.36 (KHTML, like Gecko) Chrome/132.0.0.0 Safari/537.36 Edg/132.0.0.0"
189.243.238.36 - - [05/Feb/2025:13:51:48 -0600] "GET /intranet/common/jsCalendar_v1.4.4/source/jsCalendar.js HTTP/1.1" 200 49689 "https://intranet.tjamich.gob.mx/intranet/page_home.php" "Mozilla/5.0 (Windows NT 10.0; Win64; x64) AppleWebKit/537.36 (KHTML, like Gecko) Chrome/132.0.0.0 Safari/537.36 Edg/132.0.0.0"
189.243.238.36 - - [05/Feb/2025:13:51:48 -0600] "GET /intranet/common/images/Logo-TJAM.png HTTP/1.1" 200 848546 "https://intranet.tjamich.gob.mx/intranet/page_home.php" "Mozilla/5.0 (Windows NT 10.0; Win64; x64) AppleWebKit/537.36 (KHTML, like Gecko) Chrome/132.0.0.0 Safari/537.36 Edg/132.0.0.0"
189.243.238.36 - - [05/Feb/2025:13:51:50 -0600] "POST /intranet/fetch.php HTTP/1.1" 200 122 "https://intranet.tjamich.gob.mx/intranet/page_home.php" "Mozilla/5.0 (Windows NT 10.0; Win64; x64) AppleWebKit/537.36 (KHTML, like Gecko) Chrome/132.0.0.0 Safari/537.36 Edg/132.0.0.0"
189.243.238.36 - - [05/Feb/2025:13:51:52 -0600] "GET /intranet/common/vendors/fontawesome/webfonts/fa-regular-400.woff2 HTTP/1.1" 200 13224 "https://intranet.tjamich.gob.mx/intranet/common/vendors/fontawesome/css/all.css" "Mozilla/5.0 (Windows NT 10.0; Win64; x64) AppleWebKit/537.36 (KHTML, like Gecko) Chrome/132.0.0.0 Safari/537.36 Edg/132.0.0.0"
162.144.87.82 - - [05/Feb/2025:13:51:53 -0600] "GET /intranet/sistemas/usuarios/467/2025/TJA0711304U1_NOM_NOMINA43382_467.XML HTTP/1.0" 200 6765 "-" "-"
162.144.87.82 - - [05/Feb/2025:13:51:54 -0600] "GET /intranet/sistemas/usuarios/467/2025/TJA0711304U1_NOM_NOMINA43576_467.XML HTTP/1.0" 200 7345 "-" "-"
189.243.238.36 - - [05/Feb/2025:13:51:53 -0600] "GET /intranet/sistemas/usuarios/page_nomina.php HTTP/1.1" 200 30661 "https://intranet.tjamich.gob.mx/intranet/page_home.php" "Mozilla/5.0 (Windows NT 10.0; Win64; x64) AppleWebKit/537.36 (KHTML, like Gecko) Chrome/132.0.0.0 Safari/537.36 Edg/132.0.0.0"
189.243.238.36 - - [05/Feb/2025:13:51:54 -0600] "GET /intranet/common/vendors/bootstrap-colorpicker/css/colorpicker.css HTTP/1.1" 200 2821 "https://intranet.tjamich.gob.mx/intranet/sistemas/usuarios/page_nomina.php" "Mozilla/5.0 (Windows NT 10.0; Win64; x64) AppleWebKit/537.36 (KHTML, like Gecko) Chrome/132.0.0.0 Safari/537.36 Edg/132.0.0.0"
189.243.238.36 - - [05/Feb/2025:13:51:54 -0600] "GET /intranet/common/vendors/font-awesome/css/font-awesome.min.css HTTP/1.1" 200 28016 "https://intranet.tjamich.gob.mx/intranet/sistemas/usuarios/page_nomina.php" "Mozilla/5.0 (Windows NT 10.0; Win64; x64) AppleWebKit/537.36 (KHTML, like Gecko) Chrome/132.0.0.0 Safari/537.36 Edg/132.0.0.0"
189.243.238.36 - - [05/Feb/2025:13:51:54 -0600] "GET /intranet/common/css/selectlist.css HTTP/1.1" 200 384 "https://intranet.tjamich.gob.mx/intranet/sistemas/usuarios/page_nomina.php" "Mozilla/5.0 (Windows NT 10.0; Win64; x64) AppleWebKit/537.36 (KHTML, like Gecko) Chrome/132.0.0.0 Safari/537.36 Edg/132.0.0.0"
189.243.238.36 - - [05/Feb/2025:13:51:54 -0600] "GET /intranet/common/vendors/jquery-pace/pace.css HTTP/1.1" 200 6121 "https://intranet.tjamich.gob.mx/intranet/sistemas/usuarios/page_nomina.php" "Mozilla/5.0 (Windows NT 10.0; Win64; x64) AppleWebKit/537.36 (KHTML, like Gecko) Chrome/132.0.0.0 Safari/537.36 Edg/132.0.0.0"
189.243.238.36 - - [05/Feb/2025:13:51:54 -0600] "GET /intranet/common/vendors/bootstrap-datepicker/css/datepicker.css HTTP/1.1" 200 19035 "https://intranet.tjamich.gob.mx/intranet/sistemas/usuarios/page_nomina.php" "Mozilla/5.0 (Windows NT 10.0; Win64; x64) AppleWebKit/537.36 (KHTML, like Gecko) Chrome/132.0.0.0 Safari/537.36 Edg/132.0.0.0"
189.243.238.36 - - [05/Feb/2025:13:51:54 -0600] "GET /intranet/common/vendors/select2/select2-madmin.css HTTP/1.1" 200 15620 "https://intranet.tjamich.gob.mx/intranet/sistemas/usuarios/page_nomina.php" "Mozilla/5.0 (Windows NT 10.0; Win64; x64) AppleWebKit/537.36 (KHTML, like Gecko) Chrome/132.0.0.0 Safari/537.36 Edg/132.0.0.0"
189.243.238.36 - - [05/Feb/2025:13:51:54 -0600] "GET /intranet/sistemas/usuarios/vendors/jqueryvalidate/localization/messages_es.min.js HTTP/1.1" 200 1540 "https://intranet.tjamich.gob.mx/intranet/sistemas/usuarios/page_nomina.php" "Mozilla/5.0 (Windows NT 10.0; Win64; x64) AppleWebKit/537.36 (KHTML, like Gecko) Chrome/132.0.0.0 Safari/537.36 Edg/132.0.0.0"
189.243.238.36 - - [05/Feb/2025:13:51:54 -0600] "GET /intranet/sistemas/usuarios/js/bootbox.js HTTP/1.1" 200 40765 "https://intranet.tjamich.gob.mx/intranet/sistemas/usuarios/page_nomina.php" "Mozilla/5.0 (Windows NT 10.0; Win64; x64) AppleWebKit/537.36 (KHTML, like Gecko) Chrome/132.0.0.0 Safari/537.36 Edg/132.0.0.0"
189.243.238.36 - - [05/Feb/2025:13:51:54 -0600] "GET /intranet/common/vendors/select2/select2.min.js HTTP/1.1" 200 87567 "https://intranet.tjamich.gob.mx/intranet/sistemas/usuarios/page_nomina.php" "Mozilla/5.0 (Windows NT 10.0; Win64; x64) AppleWebKit/537.36 (KHTML, like Gecko) Chrome/132.0.0.0 Safari/537.36 Edg/132.0.0.0"
189.243.238.36 - - [05/Feb/2025:13:51:54 -0600] "GET /intranet/common/vendors/font-awesome/fonts/fontawesome-webfont.woff?v=4.1.0 HTTP/1.1" 200 83760 "https://intranet.tjamich.gob.mx/intranet/common/vendors/font-awesome/css/font-awesome.min.css" "Mozilla/5.0 (Windows NT 10.0; Win64; x64) AppleWebKit/537.36 (KHTML, like Gecko) Chrome/132.0.0.0 Safari/537.36 Edg/132.0.0.0"
189.243.238.36 - - [05/Feb/2025:13:51:55 -0600] "GET /intranet/common/vendors/multi-select/js/jquery.multi-select.js HTTP/1.1" 200 23864 "https://intranet.tjamich.gob.mx/intranet/sistemas/usuarios/page_nomina.php" "Mozilla/5.0 (Windows NT 10.0; Win64; x64) AppleWebKit/537.36 (KHTML, like Gecko) Chrome/132.0.0.0 Safari/537.36 Edg/132.0.0.0"
189.243.238.36 - - [05/Feb/2025:13:51:55 -0600] "GET /intranet/common/images/pdf.png HTTP/1.1" 200 13174 "https://intranet.tjamich.gob.mx/intranet/sistemas/usuarios/page_nomina.php" "Mozilla/5.0 (Windows NT 10.0; Win64; x64) AppleWebKit/537.36 (KHTML, like Gecko) Chrome/132.0.0.0 Safari/537.36 Edg/132.0.0.0"
189.243.238.36 - - [05/Feb/2025:13:51:55 -0600] "GET /intranet/common/vendors/bootstrap-select/bootstrap-select.min.js HTTP/1.1" 200 33547 "https://intranet.tjamich.gob.mx/intranet/sistemas/usuarios/page_nomina.php" "Mozilla/5.0 (Windows NT 10.0; Win64; x64) AppleWebKit/537.36 (KHTML, like Gecko) Chrome/132.0.0.0 Safari/537.36 Edg/132.0.0.0"
189.243.238.36 - - [05/Feb/2025:13:51:55 -0600] "GET /intranet/common/js/ui-dropdown-select.js HTTP/1.1" 200 5610 "https://intranet.tjamich.gob.mx/intranet/sistemas/usuarios/page_nomina.php" "Mozilla/5.0 (Windows NT 10.0; Win64; x64) AppleWebKit/537.36 (KHTML, like Gecko) Chrome/132.0.0.0 Safari/537.36 Edg/132.0.0.0"
189.243.238.36 - - [05/Feb/2025:13:51:55 -0600] "GET /intranet/common/images/xml.png HTTP/1.1" 200 9020 "https://intranet.tjamich.gob.mx/intranet/sistemas/usuarios/page_nomina.php" "Mozilla/5.0 (Windows NT 10.0; Win64; x64) AppleWebKit/537.36 (KHTML, like Gecko) Chrome/132.0.0.0 Safari/537.36 Edg/132.0.0.0"
189.243.238.36 - - [05/Feb/2025:13:51:55 -0600] "GET /intranet/common/images/pdfg.png HTTP/1.1" 200 71532 "https://intranet.tjamich.gob.mx/intranet/sistemas/usuarios/page_nomina.php" "Mozilla/5.0 (Windows NT 10.0; Win64; x64) AppleWebKit/537.36 (KHTML, like Gecko) Chrome/132.0.0.0 Safari/537.36 Edg/132.0.0.0"
189.243.215.76 - - [05/Feb/2025:13:52:07 -0600] "POST /intranet/sistemas/requisiciones/carrito.php HTTP/1.1" 200 500 "https://intranet.tjamich.gob.mx/intranet/sistemas/requisiciones/page_add_carrito.php?app=1" "Mozilla/5.0 (Windows NT 10.0; Win64; x64) AppleWebKit/537.36 (KHTML, like Gecko) Chrome/109.0.0.0 Safari/537.36"
189.243.238.36 - - [05/Feb/2025:13:52:08 -0600] "GET /intranet/sistemas/usuarios/467/2025/TJA0711304U1_NOM_NOMINA43382_467_F.pdf HTTP/1.1" 200 60866 "https://intranet.tjamich.gob.mx/intranet/sistemas/usuarios/page_nomina.php" "Mozilla/5.0 (Windows NT 10.0; Win64; x64) AppleWebKit/537.36 (KHTML, like Gecko) Chrome/132.0.0.0 Safari/537.36 Edg/132.0.0.0"
189.243.238.36 - - [05/Feb/2025:13:52:09 -0600] "GET /favicon.ico HTTP/1.1" 404 - "https://intranet.tjamich.gob.mx/intranet/sistemas/usuarios/467/2025/TJA0711304U1_NOM_NOMINA43382_467_F.pdf" "Mozilla/5.0 (Windows NT 10.0; Win64; x64) AppleWebKit/537.36 (KHTML, like Gecko) Chrome/132.0.0.0 Safari/537.36 Edg/132.0.0.0"
187.195.110.68 - - [05/Feb/2025:13:52:24 -0600] "GET /intranet/sistemas/recursoshumanos/pdfcontrato.php?id_contrato=1595&app=1&opc=2 HTTP/1.1" 200 46910 "https://intranet.tjamich.gob.mx/intranet/sistemas/recursoshumanos/page_find_historial_contratos.php?app=2" "Mozilla/5.0 (Windows NT 10.0; Win64; x64) AppleWebKit/537.36 (KHTML, like Gecko) Chrome/132.0.0.0 Safari/537.36"
189.243.238.36 - - [05/Feb/2025:13:52:35 -0600] "POST /intranet/fetch.php HTTP/1.1" 200 122 "https://intranet.tjamich.gob.mx/intranet/page_home.php" "Mozilla/5.0 (Windows NT 10.0; Win64; x64) AppleWebKit/537.36 (KHTML, like Gecko) Chrome/132.0.0.0 Safari/537.36"
187.195.110.68 - - [05/Feb/2025:13:52:42 -0600] "GET /intranet/sistemas/recursoshumanos/page_inicio.php HTTP/1.1" 200 25429 "https://intranet.tjamich.gob.mx/intranet/sistemas/recursoshumanos/page_find_historial_contratos.php?app=2" "Mozilla/5.0 (Windows NT 10.0; Win64; x64) AppleWebKit/537.36 (KHTML, like Gecko) Chrome/132.0.0.0 Safari/537.36"
187.195.110.68 - - [05/Feb/2025:13:52:43 -0600] "GET /intranet/sistemas/recursoshumanos/page_find_personal.php?app=1 HTTP/1.1" 200 518814 "https://intranet.tjamich.gob.mx/intranet/sistemas/recursoshumanos/page_inicio.php" "Mozilla/5.0 (Windows NT 10.0; Win64; x64) AppleWebKit/537.36 (KHTML, like Gecko) Chrome/132.0.0.0 Safari/537.36"
187.195.110.68 - - [05/Feb/2025:13:52:45 -0600] "GET /intranet/sistemas/recursoshumanos/page_inicio.php HTTP/1.1" 200 25429 "https://intranet.tjamich.gob.mx/intranet/sistemas/recursoshumanos/page_find_personal.php?app=1" "Mozilla/5.0 (Windows NT 10.0; Win64; x64) AppleWebKit/537.36 (KHTML, like Gecko) Chrome/132.0.0.0 Safari/537.36"
187.195.110.68 - - [05/Feb/2025:13:52:46 -0600] "GET /intranet/sistemas/recursoshumanos/page_plantilla_area.php HTTP/1.1" 200 912094 "https://intranet.tjamich.gob.mx/intranet/sistemas/recursoshumanos/page_inicio.php" "Mozilla/5.0 (Windows NT 10.0; Win64; x64) AppleWebKit/537.36 (KHTML, like Gecko) Chrome/132.0.0.0 Safari/537.36"
187.195.110.68 - - [05/Feb/2025:13:52:48 -0600] "GET /intranet/sistemas/recursoshumanos/page_plantilla_area.php?id_area=15 HTTP/1.1" 200 65772 "https://intranet.tjamich.gob.mx/intranet/sistemas/recursoshumanos/page_plantilla_area.php" "Mozilla/5.0 (Windows NT 10.0; Win64; x64) AppleWebKit/537.36 (KHTML, like Gecko) Chrome/132.0.0.0 Safari/537.36"
187.195.110.68 - - [05/Feb/2025:13:52:52 -0600] "GET /intranet/sistemas/recursoshumanos/page_edit_personal_contrato.php?id_plaza=102&id_contrato=1594&id_plantilla=102&id_personal=34&id_puesto=37&id_area=15 HTTP/1.1" 200 48231 "https://intranet.tjamich.gob.mx/intranet/sistemas/recursoshumanos/page_plantilla_area.php?id_area=15" "Mozilla/5.0 (Windows NT 10.0; Win64; x64) AppleWebKit/537.36 (KHTML, like Gecko) Chrome/132.0.0.0 Safari/537.36"
189.243.238.36 - - [05/Feb/2025:13:52:53 -0600] "POST /intranet/sistemas/usuarios/registroFirma.php HTTP/1.1" 200 17 "https://intranet.tjamich.gob.mx/intranet/sistemas/usuarios/page_nomina.php" "Mozilla/5.0 (Windows NT 10.0; Win64; x64) AppleWebKit/537.36 (KHTML, like Gecko) Chrome/132.0.0.0 Safari/537.36 Edg/132.0.0.0"
189.243.238.36 - - [05/Feb/2025:13:52:53 -0600] "GET /intranet/sistemas/usuarios/controller/firmar_nomina.php?id_firma=17982&rfc=OOYJ0010195IA&id_nom=16090&id_usuario=353&password2=%242y%2412%24bdt474lynfiuLVmnk6JpIOyDvDLokHEXBOjV16srSbtToSwE8m4DW&usuario=jochoay%40tjamich.gob.mx&password=218302968%40Tribunal&llavePrivada=ooyj0010195ia.key&llavePublica=ooyj0010195ia.cer&data=Nominas HTTP/1.1" 302 - "https://intranet.tjamich.gob.mx/intranet/sistemas/usuarios/page_nomina.php" "Mozilla/5.0 (Windows NT 10.0; Win64; x64) AppleWebKit/537.36 (KHTML, like Gecko) Chrome/132.0.0.0 Safari/537.36 Edg/132.0.0.0"
162.144.87.82 - - [05/Feb/2025:13:52:53 -0600] "GET /intranet/sistemas/usuarios/467/2025/TJA0711304U1_NOM_NOMINA43382_467.XML HTTP/1.0" 200 6765 "-" "-"
162.144.87.82 - - [05/Feb/2025:13:52:53 -0600] "GET /intranet/sistemas/usuarios/467/2025/TJA0711304U1_NOM_NOMINA43576_467.XML HTTP/1.0" 200 7345 "-" "-"
189.243.238.36 - - [05/Feb/2025:13:52:53 -0600] "GET /intranet/sistemas/usuarios/page_nomina.php HTTP/1.1" 200 30522 "https://intranet.tjamich.gob.mx/intranet/sistemas/usuarios/page_nomina.php" "Mozilla/5.0 (Windows NT 10.0; Win64; x64) AppleWebKit/537.36 (KHTML, like Gecko) Chrome/132.0.0.0 Safari/537.36 Edg/132.0.0.0"
189.243.238.36 - - [05/Feb/2025:13:52:54 -0600] "GET /intranet/sistemas/usuarios/467/2025/TJA0711304U1_NOM_NOMINA43576_467_F.pdf HTTP/1.1" 200 60823 "https://intranet.tjamich.gob.mx/intranet/sistemas/usuarios/page_nomina.php" "Mozilla/5.0 (Windows NT 10.0; Win64; x64) AppleWebKit/537.36 (KHTML, like Gecko) Chrome/132.0.0.0 Safari/537.36 Edg/132.0.0.0"
