187.142.67.77 - - [05/Feb/2025:12:12:01 -0600] "POST /intranet/sistemas/requisiciones/carrito.php HTTP/1.1" 200 14 "https://intranet.tjamich.gob.mx/intranet/sistemas/requisiciones/page_add_mostrar_carrito.php?app=1" "Mozilla/5.0 (Windows NT 10.0; Win64; x64) AppleWebKit/537.36 (KHTML, like Gecko) Chrome/132.0.0.0 Safari/537.36"
187.142.67.77 - - [05/Feb/2025:12:12:02 -0600] "POST /intranet/sistemas/requisiciones/carrito.php HTTP/1.1" 200 14 "https://intranet.tjamich.gob.mx/intranet/sistemas/requisiciones/page_add_mostrar_carrito.php?app=1" "Mozilla/5.0 (Windows NT 10.0; Win64; x64) AppleWebKit/537.36 (KHTML, like Gecko) Chrome/132.0.0.0 Safari/537.36"
187.142.67.77 - - [05/Feb/2025:12:12:02 -0600] "POST /intranet/sistemas/requisiciones/carrito.php HTTP/1.1" 200 14 "https://intranet.tjamich.gob.mx/intranet/sistemas/requisiciones/page_add_mostrar_carrito.php?app=1" "Mozilla/5.0 (Windows NT 10.0; Win64; x64) AppleWebKit/537.36 (KHTML, like Gecko) Chrome/132.0.0.0 Safari/537.36"
189.243.238.36 - - [05/Feb/2025:12:12:03 -0600] "POST /intranet/sistemas/requisiciones/carrito.php HTTP/1.1" 200 14 "https://intranet.tjamich.gob.mx/intranet/sistemas/requisiciones/page_add_mostrar_carrito.php?app=1" "Mozilla/5.0 (Windows NT 10.0; Win64; x64) AppleWebKit/537.36 (KHTML, like Gecko) Chrome/132.0.0.0 Safari/537.36"
189.243.238.36 - - [05/Feb/2025:12:12:03 -0600] "POST /intranet/sistemas/requisiciones/carrito.php HTTP/1.1" 200 14 "https://intranet.tjamich.gob.mx/intranet/sistemas/requisiciones/page_add_mostrar_carrito.php?app=1" "Mozilla/5.0 (Windows NT 10.0; Win64; x64) AppleWebKit/537.36 (KHTML, like Gecko) Chrome/132.0.0.0 Safari/537.36"
189.243.238.36 - - [05/Feb/2025:12:12:03 -0600] "POST /intranet/sistemas/requisiciones/carrito.php HTTP/1.1" 200 14 "https://intranet.tjamich.gob.mx/intranet/sistemas/requisiciones/page_add_mostrar_carrito.php?app=1" "Mozilla/5.0 (Windows NT 10.0; Win64; x64) AppleWebKit/537.36 (KHTML, like Gecko) Chrome/132.0.0.0 Safari/537.36"
189.243.238.36 - - [05/Feb/2025:12:12:04 -0600] "POST /intranet/sistemas/requisiciones/carrito.php HTTP/1.1" 200 14 "https://intranet.tjamich.gob.mx/intranet/sistemas/requisiciones/page_add_mostrar_carrito.php?app=1" "Mozilla/5.0 (Windows NT 10.0; Win64; x64) AppleWebKit/537.36 (KHTML, like Gecko) Chrome/132.0.0.0 Safari/537.36"
187.142.67.77 - - [05/Feb/2025:12:12:05 -0600] "POST /intranet/sistemas/requisiciones/carrito.php HTTP/1.1" 200 14 "https://intranet.tjamich.gob.mx/intranet/sistemas/requisiciones/page_add_mostrar_carrito.php?app=1" "Mozilla/5.0 (Windows NT 10.0; Win64; x64) AppleWebKit/537.36 (KHTML, like Gecko) Chrome/132.0.0.0 Safari/537.36"
187.142.67.77 - - [05/Feb/2025:12:12:05 -0600] "POST /intranet/sistemas/requisiciones/carrito.php HTTP/1.1" 200 14 "https://intranet.tjamich.gob.mx/intranet/sistemas/requisiciones/page_add_mostrar_carrito.php?app=1" "Mozilla/5.0 (Windows NT 10.0; Win64; x64) AppleWebKit/537.36 (KHTML, like Gecko) Chrome/132.0.0.0 Safari/537.36"
187.142.67.77 - - [05/Feb/2025:12:12:06 -0600] "POST /intranet/sistemas/requisiciones/carrito.php HTTP/1.1" 200 14 "https://intranet.tjamich.gob.mx/intranet/sistemas/requisiciones/page_add_mostrar_carrito.php?app=1" "Mozilla/5.0 (Windows NT 10.0; Win64; x64) AppleWebKit/537.36 (KHTML, like Gecko) Chrome/132.0.0.0 Safari/537.36"
187.142.67.77 - - [05/Feb/2025:12:12:09 -0600] "POST /intranet/sistemas/requisiciones/carrito.php HTTP/1.1" 200 14 "https://intranet.tjamich.gob.mx/intranet/sistemas/requisiciones/page_add_mostrar_carrito.php?app=1" "Mozilla/5.0 (Windows NT 10.0; Win64; x64) AppleWebKit/537.36 (KHTML, like Gecko) Chrome/132.0.0.0 Safari/537.36"
187.195.116.142 - - [05/Feb/2025:12:12:13 -0600] "POST /intranet/fetch.php HTTP/1.1" 200 122 "https://intranet.tjamich.gob.mx/intranet/page_home.php" "Mozilla/5.0 (Windows NT 10.0; Win64; x64) AppleWebKit/537.36 (KHTML, like Gecko) Chrome/132.0.0.0 Safari/537.36 Edg/132.0.0.0"
187.142.67.77 - - [05/Feb/2025:12:12:16 -0600] "POST /intranet/sistemas/requisiciones/carrito.php HTTP/1.1" 200 14 "https://intranet.tjamich.gob.mx/intranet/sistemas/requisiciones/page_add_mostrar_carrito.php?app=1" "Mozilla/5.0 (Windows NT 10.0; Win64; x64) AppleWebKit/537.36 (KHTML, like Gecko) Chrome/132.0.0.0 Safari/537.36"
187.142.67.77 - - [05/Feb/2025:12:12:17 -0600] "POST /intranet/sistemas/requisiciones/carrito.php HTTP/1.1" 200 14 "https://intranet.tjamich.gob.mx/intranet/sistemas/requisiciones/page_add_mostrar_carrito.php?app=1" "Mozilla/5.0 (Windows NT 10.0; Win64; x64) AppleWebKit/537.36 (KHTML, like Gecko) Chrome/132.0.0.0 Safari/537.36"
187.142.67.77 - - [05/Feb/2025:12:12:20 -0600] "POST /intranet/sistemas/requisiciones/carrito.php HTTP/1.1" 200 14 "https://intranet.tjamich.gob.mx/intranet/sistemas/requisiciones/page_add_mostrar_carrito.php?app=1" "Mozilla/5.0 (Windows NT 10.0; Win64; x64) AppleWebKit/537.36 (KHTML, like Gecko) Chrome/132.0.0.0 Safari/537.36"
187.142.67.77 - - [05/Feb/2025:12:12:21 -0600] "POST /intranet/sistemas/requisiciones/carrito.php HTTP/1.1" 200 14 "https://intranet.tjamich.gob.mx/intranet/sistemas/requisiciones/page_add_mostrar_carrito.php?app=1" "Mozilla/5.0 (Windows NT 10.0; Win64; x64) AppleWebKit/537.36 (KHTML, like Gecko) Chrome/132.0.0.0 Safari/537.36"
189.243.238.36 - - [05/Feb/2025:12:12:22 -0600] "POST /intranet/sistemas/requisiciones/carrito.php HTTP/1.1" 200 14 "https://intranet.tjamich.gob.mx/intranet/sistemas/requisiciones/page_add_mostrar_carrito.php?app=1" "Mozilla/5.0 (Windows NT 10.0; Win64; x64) AppleWebKit/537.36 (KHTML, like Gecko) Chrome/132.0.0.0 Safari/537.36"
189.243.238.36 - - [05/Feb/2025:12:12:22 -0600] "GET /intranet/sistemas/requisiciones/page_add_mostrar_carrito.php?app=1 HTTP/1.1" 200 39081 "https://intranet.tjamich.gob.mx/intranet/sistemas/requisiciones/page_add_mostrar_carrito.php?app=1" "Mozilla/5.0 (Windows NT 10.0; Win64; x64) AppleWebKit/537.36 (KHTML, like Gecko) Chrome/132.0.0.0 Safari/537.36"
187.142.67.77 - - [05/Feb/2025:12:12:22 -0600] "POST /intranet/sistemas/requisiciones/carrito.php HTTP/1.1" 200 14 "https://intranet.tjamich.gob.mx/intranet/sistemas/requisiciones/page_add_mostrar_carrito.php?app=1" "Mozilla/5.0 (Windows NT 10.0; Win64; x64) AppleWebKit/537.36 (KHTML, like Gecko) Chrome/132.0.0.0 Safari/537.36"
187.142.67.77 - - [05/Feb/2025:12:12:23 -0600] "POST /intranet/sistemas/requisiciones/carrito.php HTTP/1.1" 200 14 "https://intranet.tjamich.gob.mx/intranet/sistemas/requisiciones/page_add_mostrar_carrito.php?app=1" "Mozilla/5.0 (Windows NT 10.0; Win64; x64) AppleWebKit/537.36 (KHTML, like Gecko) Chrome/132.0.0.0 Safari/537.36"
187.142.67.77 - - [05/Feb/2025:12:12:23 -0600] "POST /intranet/sistemas/requisiciones/carrito.php HTTP/1.1" 200 14 "https://intranet.tjamich.gob.mx/intranet/sistemas/requisiciones/page_add_mostrar_carrito.php?app=1" "Mozilla/5.0 (Windows NT 10.0; Win64; x64) AppleWebKit/537.36 (KHTML, like Gecko) Chrome/132.0.0.0 Safari/537.36"
187.142.67.77 - - [05/Feb/2025:12:12:23 -0600] "POST /intranet/sistemas/requisiciones/carrito.php HTTP/1.1" 200 14 "https://intranet.tjamich.gob.mx/intranet/sistemas/requisiciones/page_add_mostrar_carrito.php?app=1" "Mozilla/5.0 (Windows NT 10.0; Win64; x64) AppleWebKit/537.36 (KHTML, like Gecko) Chrome/132.0.0.0 Safari/537.36"
187.142.67.77 - - [05/Feb/2025:12:12:24 -0600] "POST /intranet/sistemas/requisiciones/carrito.php HTTP/1.1" 200 14 "https://intranet.tjamich.gob.mx/intranet/sistemas/requisiciones/page_add_mostrar_carrito.php?app=1" "Mozilla/5.0 (Windows NT 10.0; Win64; x64) AppleWebKit/537.36 (KHTML, like Gecko) Chrome/132.0.0.0 Safari/537.36"
189.243.238.36 - - [05/Feb/2025:12:12:25 -0600] "POST /intranet/fetch.php HTTP/1.1" 200 122 "https://intranet.tjamich.gob.mx/intranet/page_home.php" "Mozilla/5.0 (Windows NT 10.0; Win64; x64) AppleWebKit/537.36 (KHTML, like Gecko) Chrome/132.0.0.0 Safari/537.36"
187.142.67.77 - - [05/Feb/2025:12:12:26 -0600] "POST /intranet/sistemas/requisiciones/carrito.php HTTP/1.1" 200 14 "https://intranet.tjamich.gob.mx/intranet/sistemas/requisiciones/page_add_mostrar_carrito.php?app=1" "Mozilla/5.0 (Windows NT 10.0; Win64; x64) AppleWebKit/537.36 (KHTML, like Gecko) Chrome/132.0.0.0 Safari/537.36"
187.142.67.77 - - [05/Feb/2025:12:12:26 -0600] "POST /intranet/sistemas/requisiciones/carrito.php HTTP/1.1" 200 14 "https://intranet.tjamich.gob.mx/intranet/sistemas/requisiciones/page_add_mostrar_carrito.php?app=1" "Mozilla/5.0 (Windows NT 10.0; Win64; x64) AppleWebKit/537.36 (KHTML, like Gecko) Chrome/132.0.0.0 Safari/537.36"
187.142.67.77 - - [05/Feb/2025:12:12:26 -0600] "POST /intranet/sistemas/requisiciones/carrito.php HTTP/1.1" 200 14 "https://intranet.tjamich.gob.mx/intranet/sistemas/requisiciones/page_add_mostrar_carrito.php?app=1" "Mozilla/5.0 (Windows NT 10.0; Win64; x64) AppleWebKit/537.36 (KHTML, like Gecko) Chrome/132.0.0.0 Safari/537.36"
187.142.67.77 - - [05/Feb/2025:12:12:27 -0600] "POST /intranet/sistemas/requisiciones/carrito.php HTTP/1.1" 200 14 "https://intranet.tjamich.gob.mx/intranet/sistemas/requisiciones/page_add_mostrar_carrito.php?app=1" "Mozilla/5.0 (Windows NT 10.0; Win64; x64) AppleWebKit/537.36 (KHTML, like Gecko) Chrome/132.0.0.0 Safari/537.36"
187.142.67.77 - - [05/Feb/2025:12:12:27 -0600] "POST /intranet/sistemas/requisiciones/carrito.php HTTP/1.1" 200 14 "https://intranet.tjamich.gob.mx/intranet/sistemas/requisiciones/page_add_mostrar_carrito.php?app=1" "Mozilla/5.0 (Windows NT 10.0; Win64; x64) AppleWebKit/537.36 (KHTML, like Gecko) Chrome/132.0.0.0 Safari/537.36"
187.142.67.77 - - [05/Feb/2025:12:12:27 -0600] "POST /intranet/sistemas/requisiciones/carrito.php HTTP/1.1" 200 14 "https://intranet.tjamich.gob.mx/intranet/sistemas/requisiciones/page_add_mostrar_carrito.php?app=1" "Mozilla/5.0 (Windows NT 10.0; Win64; x64) AppleWebKit/537.36 (KHTML, like Gecko) Chrome/132.0.0.0 Safari/537.36"
187.142.67.77 - - [05/Feb/2025:12:12:32 -0600] "POST /intranet/sistemas/requisiciones/carrito.php HTTP/1.1" 200 14 "https://intranet.tjamich.gob.mx/intranet/sistemas/requisiciones/page_add_mostrar_carrito.php?app=1" "Mozilla/5.0 (Windows NT 10.0; Win64; x64) AppleWebKit/537.36 (KHTML, like Gecko) Chrome/132.0.0.0 Safari/537.36"
187.142.67.77 - - [05/Feb/2025:12:12:33 -0600] "POST /intranet/sistemas/requisiciones/carrito.php HTTP/1.1" 200 14 "https://intranet.tjamich.gob.mx/intranet/sistemas/requisiciones/page_add_mostrar_carrito.php?app=1" "Mozilla/5.0 (Windows NT 10.0; Win64; x64) AppleWebKit/537.36 (KHTML, like Gecko) Chrome/132.0.0.0 Safari/537.36"
187.142.67.77 - - [05/Feb/2025:12:12:35 -0600] "POST /intranet/sistemas/requisiciones/carrito.php HTTP/1.1" 200 14 "https://intranet.tjamich.gob.mx/intranet/sistemas/requisiciones/page_add_mostrar_carrito.php?app=1" "Mozilla/5.0 (Windows NT 10.0; Win64; x64) AppleWebKit/537.36 (KHTML, like Gecko) Chrome/132.0.0.0 Safari/537.36"
187.142.67.77 - - [05/Feb/2025:12:12:35 -0600] "POST /intranet/sistemas/requisiciones/carrito.php HTTP/1.1" 200 14 "https://intranet.tjamich.gob.mx/intranet/sistemas/requisiciones/page_add_mostrar_carrito.php?app=1" "Mozilla/5.0 (Windows NT 10.0; Win64; x64) AppleWebKit/537.36 (KHTML, like Gecko) Chrome/132.0.0.0 Safari/537.36"
187.142.67.77 - - [05/Feb/2025:12:12:36 -0600] "POST /intranet/sistemas/requisiciones/carrito.php HTTP/1.1" 200 14 "https://intranet.tjamich.gob.mx/intranet/sistemas/requisiciones/page_add_mostrar_carrito.php?app=1" "Mozilla/5.0 (Windows NT 10.0; Win64; x64) AppleWebKit/537.36 (KHTML, like Gecko) Chrome/132.0.0.0 Safari/537.36"
187.142.67.77 - - [05/Feb/2025:12:12:37 -0600] "POST /intranet/sistemas/requisiciones/carrito.php HTTP/1.1" 200 14 "https://intranet.tjamich.gob.mx/intranet/sistemas/requisiciones/page_add_mostrar_carrito.php?app=1" "Mozilla/5.0 (Windows NT 10.0; Win64; x64) AppleWebKit/537.36 (KHTML, like Gecko) Chrome/132.0.0.0 Safari/537.36"
187.142.67.77 - - [05/Feb/2025:12:12:39 -0600] "POST /intranet/sistemas/requisiciones/carrito.php HTTP/1.1" 200 14 "https://intranet.tjamich.gob.mx/intranet/sistemas/requisiciones/page_add_mostrar_carrito.php?app=1" "Mozilla/5.0 (Windows NT 10.0; Win64; x64) AppleWebKit/537.36 (KHTML, like Gecko) Chrome/132.0.0.0 Safari/537.36"
187.142.67.77 - - [05/Feb/2025:12:12:39 -0600] "POST /intranet/sistemas/requisiciones/carrito.php HTTP/1.1" 200 14 "https://intranet.tjamich.gob.mx/intranet/sistemas/requisiciones/page_add_mostrar_carrito.php?app=1" "Mozilla/5.0 (Windows NT 10.0; Win64; x64) AppleWebKit/537.36 (KHTML, like Gecko) Chrome/132.0.0.0 Safari/537.36"
187.142.67.77 - - [05/Feb/2025:12:12:43 -0600] "POST /intranet/sistemas/requisiciones/carrito.php HTTP/1.1" 200 14 "https://intranet.tjamich.gob.mx/intranet/sistemas/requisiciones/page_add_mostrar_carrito.php?app=1" "Mozilla/5.0 (Windows NT 10.0; Win64; x64) AppleWebKit/537.36 (KHTML, like Gecko) Chrome/132.0.0.0 Safari/537.36"
187.142.67.77 - - [05/Feb/2025:12:12:43 -0600] "POST /intranet/sistemas/requisiciones/carrito.php HTTP/1.1" 200 14 "https://intranet.tjamich.gob.mx/intranet/sistemas/requisiciones/page_add_mostrar_carrito.php?app=1" "Mozilla/5.0 (Windows NT 10.0; Win64; x64) AppleWebKit/537.36 (KHTML, like Gecko) Chrome/132.0.0.0 Safari/537.36"
187.142.67.77 - - [05/Feb/2025:12:12:44 -0600] "POST /intranet/sistemas/requisiciones/carrito.php HTTP/1.1" 200 14 "https://intranet.tjamich.gob.mx/intranet/sistemas/requisiciones/page_add_mostrar_carrito.php?app=1" "Mozilla/5.0 (Windows NT 10.0; Win64; x64) AppleWebKit/537.36 (KHTML, like Gecko) Chrome/132.0.0.0 Safari/537.36"
187.142.67.77 - - [05/Feb/2025:12:12:48 -0600] "POST /intranet/sistemas/requisiciones/carrito.php HTTP/1.1" 200 14 "https://intranet.tjamich.gob.mx/intranet/sistemas/requisiciones/page_add_mostrar_carrito.php?app=1" "Mozilla/5.0 (Windows NT 10.0; Win64; x64) AppleWebKit/537.36 (KHTML, like Gecko) Chrome/132.0.0.0 Safari/537.36"
187.142.67.77 - - [05/Feb/2025:12:12:55 -0600] "GET /intranet/sistemas/requisiciones/page_add_carrito.php?app=1 HTTP/1.1" 200 503848 "https://intranet.tjamich.gob.mx/intranet/sistemas/requisiciones/page_add_mostrar_carrito.php?app=1" "Mozilla/5.0 (Windows NT 10.0; Win64; x64) AppleWebKit/537.36 (KHTML, like Gecko) Chrome/132.0.0.0 Safari/537.36"
189.243.238.36 - - [05/Feb/2025:12:13:00 -0600] "GET /intranet/sistemas/requisiciones/page_add_carrito.php?app=1 HTTP/1.1" 200 503926 "https://intranet.tjamich.gob.mx/intranet/sistemas/requisiciones/page_add_mostrar_carrito.php?app=1" "Mozilla/5.0 (Windows NT 10.0; Win64; x64) AppleWebKit/537.36 (KHTML, like Gecko) Chrome/132.0.0.0 Safari/537.36"
187.195.116.142 - - [05/Feb/2025:12:13:13 -0600] "POST /intranet/fetch.php HTTP/1.1" 200 122 "https://intranet.tjamich.gob.mx/intranet/page_home.php" "Mozilla/5.0 (Windows NT 10.0; Win64; x64) AppleWebKit/537.36 (KHTML, like Gecko) Chrome/132.0.0.0 Safari/537.36 Edg/132.0.0.0"
189.243.238.36 - - [05/Feb/2025:12:13:25 -0600] "POST /intranet/fetch.php HTTP/1.1" 200 122 "https://intranet.tjamich.gob.mx/intranet/page_home.php" "Mozilla/5.0 (Windows NT 10.0; Win64; x64) AppleWebKit/537.36 (KHTML, like Gecko) Chrome/132.0.0.0 Safari/537.36"
187.142.67.77 - - [05/Feb/2025:12:13:33 -0600] "POST /intranet/sistemas/requisiciones/carrito.php HTTP/1.1" 200 497 "https://intranet.tjamich.gob.mx/intranet/sistemas/requisiciones/page_add_carrito.php?app=1" "Mozilla/5.0 (Windows NT 10.0; Win64; x64) AppleWebKit/537.36 (KHTML, like Gecko) Chrome/132.0.0.0 Safari/537.36"
187.142.67.77 - - [05/Feb/2025:12:13:37 -0600] "GET /intranet/sistemas/requisiciones/page_add_mostrar_carrito.php?app=1 HTTP/1.1" 200 57213 "https://intranet.tjamich.gob.mx/intranet/sistemas/requisiciones/page_add_carrito.php?app=1" "Mozilla/5.0 (Windows NT 10.0; Win64; x64) AppleWebKit/537.36 (KHTML, like Gecko) Chrome/132.0.0.0 Safari/537.36"
187.142.67.77 - - [05/Feb/2025:12:13:45 -0600] "POST /intranet/sistemas/requisiciones/carrito.php HTTP/1.1" 200 14 "https://intranet.tjamich.gob.mx/intranet/sistemas/requisiciones/page_add_mostrar_carrito.php?app=1" "Mozilla/5.0 (Windows NT 10.0; Win64; x64) AppleWebKit/537.36 (KHTML, like Gecko) Chrome/132.0.0.0 Safari/537.36"
187.142.67.77 - - [05/Feb/2025:12:13:45 -0600] "POST /intranet/sistemas/requisiciones/carrito.php HTTP/1.1" 200 14 "https://intranet.tjamich.gob.mx/intranet/sistemas/requisiciones/page_add_mostrar_carrito.php?app=1" "Mozilla/5.0 (Windows NT 10.0; Win64; x64) AppleWebKit/537.36 (KHTML, like Gecko) Chrome/132.0.0.0 Safari/537.36"
187.142.67.77 - - [05/Feb/2025:12:14:02 -0600] "POST /intranet/sistemas/requisiciones/page_firma_requisicion.php HTTP/1.1" 200 54374 "https://intranet.tjamich.gob.mx/intranet/sistemas/requisiciones/page_add_mostrar_carrito.php?app=1" "Mozilla/5.0 (Windows NT 10.0; Win64; x64) AppleWebKit/537.36 (KHTML, like Gecko) Chrome/132.0.0.0 Safari/537.36"
187.195.116.142 - - [05/Feb/2025:12:14:13 -0600] "POST /intranet/fetch.php HTTP/1.1" 200 122 "https://intranet.tjamich.gob.mx/intranet/page_home.php" "Mozilla/5.0 (Windows NT 10.0; Win64; x64) AppleWebKit/537.36 (KHTML, like Gecko) Chrome/132.0.0.0 Safari/537.36 Edg/132.0.0.0"
189.243.238.36 - - [05/Feb/2025:12:14:25 -0600] "POST /intranet/fetch.php HTTP/1.1" 200 122 "https://intranet.tjamich.gob.mx/intranet/page_home.php" "Mozilla/5.0 (Windows NT 10.0; Win64; x64) AppleWebKit/537.36 (KHTML, like Gecko) Chrome/132.0.0.0 Safari/537.36"
187.142.67.77 - - [05/Feb/2025:12:14:28 -0600] "POST /intranet/sistemas/requisiciones/registroFirma.php HTTP/1.1" 200 17 "https://intranet.tjamich.gob.mx/intranet/sistemas/requisiciones/page_firma_requisicion.php" "Mozilla/5.0 (Windows NT 10.0; Win64; x64) AppleWebKit/537.36 (KHTML, like Gecko) Chrome/132.0.0.0 Safari/537.36"
187.142.67.77 - - [05/Feb/2025:12:14:28 -0600] "GET /intranet/sistemas/requisiciones/controller/new_requisicion_articulos.php?id_firma=17964&rfc=NAHS750410EB8&id_nom=&id_usuario=209&password2=VivirFeliz2020&id_articulo%5B%5D=1109&cantidad_requerida%5B%5D=10&id_articulo%5B%5D=1110&cantidad_requerida%5B%5D=5&id_articulo%5B%5D=1111&cantidad_requerida%5B%5D=10&id_articulo%5B%5D=1123&cantidad_requerida%5B%5D=3&id_articulo%5B%5D=73&cantidad_requerida%5B%5D=3&id_articulo%5B%5D=77&cantidad_requerida%5B%5D=5&id_articulo%5B%5D=78&cantidad_requerida%5B%5D=5&id_articulo%5B%5D=562&cantidad_requerida%5B%5D=2&id_articulo%5B%5D=207&cantidad_requerida%5B%5D=3&id_articulo%5B%5D=14&cantidad_requerida%5B%5D=3&id_articulo%5B%5D=16&cantidad_requerida%5B%5D=3&id_articulo%5B%5D=586&cantidad_requerida%5B%5D=2&id_articulo%5B%5D=623&cantidad_requerida%5B%5D=2&id_articulo%5B%5D=769&cantidad_requerida%5B%5D=4&id_articulo%5B%5D=1135&cantidad_requerida%5B%5D=3&id_articulo%5B%5D=1137&cantidad_requerida%5B%5D=40&id_articulo%5B%5D=797&cantidad_requerida%5B%5D=2&id_articulo%5B%5D=790&cantidad_requerida%5B%5D=1&id_articulo%5B%5D=121&cantidad_requerida%5B%5D=2&id_articulo%5B%5D=123&cantidad_requerida%5B%5D=2&id_articulo%5B%5D=1219&cantidad_requerida%5B%5D=2&id_articulo%5B%5D=1168&cantidad_requerida%5B%5D=2&id_articulo%5B%5D=1167&cantidad_requerida%5B%5D=2&id_articulo%5B%5D=801&cantidad_requerida%5B%5D=1&id_articulo%5B%5D=1173&cantidad_requerida%5B%5D=3&id_articulo%5B%5D=1174&cantidad_requerida%5B%5D=3&id_articulo%5B%5D=1175&cantidad_requerida%5B%5D=3&id_articulo%5B%5D=428&cantidad_requerida%5B%5D=1&id_articulo%5B%5D=487&cantidad_requerida%5B%5D=2&id_articulo%5B%5D=164&cantidad_requerida%5B%5D=2&id_articulo%5B%5D=97&cantidad_requerida%5B%5D=3&usuario=snavarrete%40tjamich.gob.mx&password=VivirFeliz2020&llavePrivada=nahs750410mmnvrl09.key&llavePublica=nahs750410mmnvrl09.cer&data=Requisiciones HTTP/1.1" 302 - "https://intranet.tjamich.gob.mx/intranet/sistemas/requisiciones/page_firma_requisicion.php" "Mozilla/5.0 (Windows NT 10.0; Win64; x64) AppleWebKit/537.36 (KHTML, like Gecko) Chrome/132.0.0.0 Safari/537.36"
187.142.67.77 - - [05/Feb/2025:12:14:28 -0600] "GET /intranet/sistemas/requisiciones/page_find_requisicion.php?app=1 HTTP/1.1" 200 28444 "https://intranet.tjamich.gob.mx/intranet/sistemas/requisiciones/page_firma_requisicion.php" "Mozilla/5.0 (Windows NT 10.0; Win64; x64) AppleWebKit/537.36 (KHTML, like Gecko) Chrome/132.0.0.0 Safari/537.36"
187.142.67.77 - - [05/Feb/2025:12:14:58 -0600] "GET / HTTP/1.1" 200 567 "https://portal.tjamich.gob.mx/" "Mozilla/5.0 (Windows NT 10.0; Win64; x64; rv:135.0) Gecko/20100101 Firefox/135.0"
187.142.67.77 - - [05/Feb/2025:12:14:58 -0600] "GET /intranet/common/images/favicon.ico HTTP/1.1" 200 16958 "https://intranet.tjamich.gob.mx/" "Mozilla/5.0 (Windows NT 10.0; Win64; x64; rv:135.0) Gecko/20100101 Firefox/135.0"
187.142.67.77 - - [05/Feb/2025:12:14:58 -0600] "GET /intranet/page_inicio.php HTTP/1.1" 200 16185 "https://intranet.tjamich.gob.mx/" "Mozilla/5.0 (Windows NT 10.0; Win64; x64; rv:135.0) Gecko/20100101 Firefox/135.0"
187.142.67.77 - - [05/Feb/2025:12:14:59 -0600] "GET /intranet/common/vendors/jquery-ui-1.10.4.custom/css/ui-lightness/jquery-ui-1.10.4.custom.min.css HTTP/1.1" 200 34406 "https://intranet.tjamich.gob.mx/intranet/page_inicio.php" "Mozilla/5.0 (Windows NT 10.0; Win64; x64; rv:135.0) Gecko/20100101 Firefox/135.0"
187.142.67.77 - - [05/Feb/2025:12:14:59 -0600] "GET /intranet/common/images/favicon.ico HTTP/1.1" 200 16958 "https://intranet.tjamich.gob.mx/" "Mozilla/5.0 (Windows NT 10.0; Win64; x64; rv:135.0) Gecko/20100101 Firefox/135.0"
187.142.67.77 - - [05/Feb/2025:12:14:59 -0600] "GET /intranet/common/vendors/fontawesome/css/all.css HTTP/1.1" 200 78193 "https://intranet.tjamich.gob.mx/intranet/page_inicio.php" "Mozilla/5.0 (Windows NT 10.0; Win64; x64; rv:135.0) Gecko/20100101 Firefox/135.0"
187.142.67.77 - - [05/Feb/2025:12:14:59 -0600] "GET /intranet/common/vendors/bootstrap-clockface/css/clockface.css HTTP/1.1" 200 6428 "https://intranet.tjamich.gob.mx/intranet/page_inicio.php" "Mozilla/5.0 (Windows NT 10.0; Win64; x64; rv:135.0) Gecko/20100101 Firefox/135.0"
187.142.67.77 - - [05/Feb/2025:12:14:59 -0600] "GET /intranet/common/vendors/bootstrap-switch/css/bootstrap-switch.css HTTP/1.1" 200 15444 "https://intranet.tjamich.gob.mx/intranet/page_inicio.php" "Mozilla/5.0 (Windows NT 10.0; Win64; x64; rv:135.0) Gecko/20100101 Firefox/135.0"
187.142.67.77 - - [05/Feb/2025:12:14:59 -0600] "GET /intranet/common/vendors/jplist/html/css/jplist-custom.css HTTP/1.1" 200 21350 "https://intranet.tjamich.gob.mx/intranet/page_inicio.php" "Mozilla/5.0 (Windows NT 10.0; Win64; x64; rv:135.0) Gecko/20100101 Firefox/135.0"
187.142.67.77 - - [05/Feb/2025:12:14:59 -0600] "GET /intranet/common/vendors/bootstrap-datetimepicker/build/css/bootstrap-datetimepicker.min.css HTTP/1.1" 200 4510 "https://intranet.tjamich.gob.mx/intranet/page_inicio.php" "Mozilla/5.0 (Windows NT 10.0; Win64; x64; rv:135.0) Gecko/20100101 Firefox/135.0"
187.142.67.77 - - [05/Feb/2025:12:14:59 -0600] "GET /intranet/common/vendors/bootstrap-timepicker/css/bootstrap-timepicker.min.css HTTP/1.1" 200 3056 "https://intranet.tjamich.gob.mx/intranet/page_inicio.php" "Mozilla/5.0 (Windows NT 10.0; Win64; x64; rv:135.0) Gecko/20100101 Firefox/135.0"
187.142.67.77 - - [05/Feb/2025:12:14:59 -0600] "GET /intranet/common/vendors/intro.js/introjs.css HTTP/1.1" 200 8396 "https://intranet.tjamich.gob.mx/intranet/page_inicio.php" "Mozilla/5.0 (Windows NT 10.0; Win64; x64; rv:135.0) Gecko/20100101 Firefox/135.0"
187.142.67.77 - - [05/Feb/2025:12:14:59 -0600] "GET /intranet/common/vendors/calendar/zabuto_calendar.min.css HTTP/1.1" 200 3565 "https://intranet.tjamich.gob.mx/intranet/page_inicio.php" "Mozilla/5.0 (Windows NT 10.0; Win64; x64; rv:135.0) Gecko/20100101 Firefox/135.0"
187.142.67.77 - - [05/Feb/2025:12:14:59 -0600] "GET /intranet/common/vendors/sco.message/sco.message.css HTTP/1.1" 200 2485 "https://intranet.tjamich.gob.mx/intranet/page_inicio.php" "Mozilla/5.0 (Windows NT 10.0; Win64; x64; rv:135.0) Gecko/20100101 Firefox/135.0"
187.142.67.77 - - [05/Feb/2025:12:14:59 -0600] "GET /intranet/common/vendors/bootstrap/css/bootstrap.min.css HTTP/1.1" 200 145284 "https://intranet.tjamich.gob.mx/intranet/page_inicio.php" "Mozilla/5.0 (Windows NT 10.0; Win64; x64; rv:135.0) Gecko/20100101 Firefox/135.0"
187.142.67.77 - - [05/Feb/2025:12:14:59 -0600] "GET /intranet/common/vendors/lightbox/css/lightbox.css HTTP/1.1" 200 4348 "https://intranet.tjamich.gob.mx/intranet/page_inicio.php" "Mozilla/5.0 (Windows NT 10.0; Win64; x64; rv:135.0) Gecko/20100101 Firefox/135.0"
187.142.67.77 - - [05/Feb/2025:12:14:59 -0600] "GET /intranet/common/vendors/DataTables/media/css/jquery.dataTables.css HTTP/1.1" 200 18275 "https://intranet.tjamich.gob.mx/intranet/page_inicio.php" "Mozilla/5.0 (Windows NT 10.0; Win64; x64; rv:135.0) Gecko/20100101 Firefox/135.0"
187.142.67.77 - - [05/Feb/2025:12:14:59 -0600] "GET /intranet/common/vendors/DataTables/extensions/TableTools/css/dataTables.tableTools.min.css HTTP/1.1" 200 6995 "https://intranet.tjamich.gob.mx/intranet/page_inicio.php" "Mozilla/5.0 (Windows NT 10.0; Win64; x64; rv:135.0) Gecko/20100101 Firefox/135.0"
187.142.67.77 - - [05/Feb/2025:12:14:59 -0600] "GET /intranet/common/vendors/DataTables/media/css/dataTables.bootstrap.css HTTP/1.1" 200 7931 "https://intranet.tjamich.gob.mx/intranet/page_inicio.php" "Mozilla/5.0 (Windows NT 10.0; Win64; x64; rv:135.0) Gecko/20100101 Firefox/135.0"
187.142.67.77 - - [05/Feb/2025:12:14:59 -0600] "GET /intranet/common/vendors/iCheck/skins/all.css HTTP/1.1" 200 1624 "https://intranet.tjamich.gob.mx/intranet/page_inicio.php" "Mozilla/5.0 (Windows NT 10.0; Win64; x64; rv:135.0) Gecko/20100101 Firefox/135.0"
187.142.67.77 - - [05/Feb/2025:12:14:59 -0600] "GET /intranet/common/vendors/jquery-notific8/jquery.notific8.min.css HTTP/1.1" 200 4980 "https://intranet.tjamich.gob.mx/intranet/page_inicio.php" "Mozilla/5.0 (Windows NT 10.0; Win64; x64; rv:135.0) Gecko/20100101 Firefox/135.0"
187.142.67.77 - - [05/Feb/2025:12:14:59 -0600] "GET /intranet/common/vendors/bootstrap-daterangepicker/daterangepicker-bs3.css HTTP/1.1" 200 5757 "https://intranet.tjamich.gob.mx/intranet/page_inicio.php" "Mozilla/5.0 (Windows NT 10.0; Win64; x64; rv:135.0) Gecko/20100101 Firefox/135.0"
187.142.67.77 - - [05/Feb/2025:12:14:59 -0600] "GET /intranet/common/vendors/animate.css/animate.css HTTP/1.1" 200 68392 "https://intranet.tjamich.gob.mx/intranet/page_inicio.php" "Mozilla/5.0 (Windows NT 10.0; Win64; x64; rv:135.0) Gecko/20100101 Firefox/135.0"
187.142.67.77 - - [05/Feb/2025:12:14:59 -0600] "GET /intranet/common/css/style-responsive.css HTTP/1.1" 200 6705 "https://intranet.tjamich.gob.mx/intranet/page_inicio.php" "Mozilla/5.0 (Windows NT 10.0; Win64; x64; rv:135.0) Gecko/20100101 Firefox/135.0"
187.142.67.77 - - [05/Feb/2025:12:14:59 -0600] "GET /intranet/style.css HTTP/1.1" 200 811 "https://intranet.tjamich.gob.mx/intranet/page_inicio.php" "Mozilla/5.0 (Windows NT 10.0; Win64; x64; rv:135.0) Gecko/20100101 Firefox/135.0"
187.142.67.77 - - [05/Feb/2025:12:14:59 -0600] "GET /intranet/common/js/table-datatables.js HTTP/1.1" 200 606 "https://intranet.tjamich.gob.mx/intranet/page_inicio.php" "Mozilla/5.0 (Windows NT 10.0; Win64; x64; rv:135.0) Gecko/20100101 Firefox/135.0"
187.142.67.77 - - [05/Feb/2025:12:14:59 -0600] "GET /intranet/common/vendors/iCheck/skins/minimal/all.css HTTP/1.1" 200 15063 "https://intranet.tjamich.gob.mx/intranet/common/vendors/iCheck/skins/all.css" "Mozilla/5.0 (Windows NT 10.0; Win64; x64; rv:135.0) Gecko/20100101 Firefox/135.0"
187.142.67.77 - - [05/Feb/2025:12:14:59 -0600] "GET /intranet/common/css/themes/style1/orange-blue.css HTTP/1.1" 200 213582 "https://intranet.tjamich.gob.mx/intranet/page_inicio.php" "Mozilla/5.0 (Windows NT 10.0; Win64; x64; rv:135.0) Gecko/20100101 Firefox/135.0"
187.142.67.77 - - [05/Feb/2025:12:14:59 -0600] "GET /intranet/common/vendors/iCheck/skins/square/all.css HTTP/1.1" 200 14920 "https://intranet.tjamich.gob.mx/intranet/common/vendors/iCheck/skins/all.css" "Mozilla/5.0 (Windows NT 10.0; Win64; x64; rv:135.0) Gecko/20100101 Firefox/135.0"
187.142.67.77 - - [05/Feb/2025:12:14:59 -0600] "GET /intranet/common/vendors/iCheck/skins/flat/all.css HTTP/1.1" 200 13042 "https://intranet.tjamich.gob.mx/intranet/common/vendors/iCheck/skins/all.css" "Mozilla/5.0 (Windows NT 10.0; Win64; x64; rv:135.0) Gecko/20100101 Firefox/135.0"
187.142.67.77 - - [05/Feb/2025:12:14:59 -0600] "GET /intranet/common/vendors/iCheck/skins/line/all.css HTTP/1.1" 200 21138 "https://intranet.tjamich.gob.mx/intranet/common/vendors/iCheck/skins/all.css" "Mozilla/5.0 (Windows NT 10.0; Win64; x64; rv:135.0) Gecko/20100101 Firefox/135.0"
187.142.67.77 - - [05/Feb/2025:12:14:59 -0600] "GET /intranet/common/vendors/iCheck/skins/polaris/polaris.css HTTP/1.1" 200 1489 "https://intranet.tjamich.gob.mx/intranet/common/vendors/iCheck/skins/all.css" "Mozilla/5.0 (Windows NT 10.0; Win64; x64; rv:135.0) Gecko/20100101 Firefox/135.0"
187.142.67.77 - - [05/Feb/2025:12:14:59 -0600] "GET /intranet/common/frontend/assets/css/themes/orange.css HTTP/1.1" 200 57332 "https://intranet.tjamich.gob.mx/intranet/page_inicio.php" "Mozilla/5.0 (Windows NT 10.0; Win64; x64; rv:135.0) Gecko/20100101 Firefox/135.0"
187.142.67.77 - - [05/Feb/2025:12:14:59 -0600] "GET /intranet/common/vendors/iCheck/skins/futurico/futurico.css HTTP/1.1" 200 1347 "https://intranet.tjamich.gob.mx/intranet/common/vendors/iCheck/skins/all.css" "Mozilla/5.0 (Windows NT 10.0; Win64; x64; rv:135.0) Gecko/20100101 Firefox/135.0"
187.142.67.77 - - [05/Feb/2025:12:15:00 -0600] "GET /intranet/common/vendors/fontawesome/webfonts/fa-solid-900.woff2 HTTP/1.1" 200 78268 "https://intranet.tjamich.gob.mx/intranet/common/vendors/fontawesome/css/all.css" "Mozilla/5.0 (Windows NT 10.0; Win64; x64; rv:135.0) Gecko/20100101 Firefox/135.0"
187.195.116.142 - - [05/Feb/2025:12:15:13 -0600] "POST /intranet/fetch.php HTTP/1.1" 200 122 "https://intranet.tjamich.gob.mx/intranet/page_home.php" "Mozilla/5.0 (Windows NT 10.0; Win64; x64) AppleWebKit/537.36 (KHTML, like Gecko) Chrome/132.0.0.0 Safari/537.36 Edg/132.0.0.0"
187.142.67.77 - - [05/Feb/2025:12:15:15 -0600] "POST /intranet/controller/login.php HTTP/1.1" 302 - "https://intranet.tjamich.gob.mx/intranet/page_inicio.php" "Mozilla/5.0 (Windows NT 10.0; Win64; x64; rv:135.0) Gecko/20100101 Firefox/135.0"
187.142.67.77 - - [05/Feb/2025:12:15:15 -0600] "GET /intranet/page_inicio.php?error=9 HTTP/1.1" 200 16519 "https://intranet.tjamich.gob.mx/intranet/page_inicio.php" "Mozilla/5.0 (Windows NT 10.0; Win64; x64; rv:135.0) Gecko/20100101 Firefox/135.0"
189.243.238.36 - - [05/Feb/2025:12:15:25 -0600] "POST /intranet/fetch.php HTTP/1.1" 200 122 "https://intranet.tjamich.gob.mx/intranet/page_home.php" "Mozilla/5.0 (Windows NT 10.0; Win64; x64) AppleWebKit/537.36 (KHTML, like Gecko) Chrome/132.0.0.0 Safari/537.36"
187.142.67.77 - - [05/Feb/2025:12:15:32 -0600] "POST /intranet/controller/login.php HTTP/1.1" 302 - "https://intranet.tjamich.gob.mx/intranet/page_inicio.php?error=9" "Mozilla/5.0 (Windows NT 10.0; Win64; x64; rv:135.0) Gecko/20100101 Firefox/135.0"
187.142.67.77 - - [05/Feb/2025:12:15:33 -0600] "GET /intranet/page_home.php HTTP/1.1" 200 64458 "https://intranet.tjamich.gob.mx/intranet/page_inicio.php?error=9" "Mozilla/5.0 (Windows NT 10.0; Win64; x64; rv:135.0) Gecko/20100101 Firefox/135.0"
187.142.67.77 - - [05/Feb/2025:12:15:33 -0600] "GET /intranet/common/images/profileUser.png HTTP/1.1" 200 19656 "https://intranet.tjamich.gob.mx/intranet/page_home.php" "Mozilla/5.0 (Windows NT 10.0; Win64; x64; rv:135.0) Gecko/20100101 Firefox/135.0"
187.142.67.77 - - [05/Feb/2025:12:15:33 -0600] "POST /intranet/fetch.php HTTP/1.1" 200 122 "https://intranet.tjamich.gob.mx/intranet/page_home.php" "Mozilla/5.0 (Windows NT 10.0; Win64; x64; rv:135.0) Gecko/20100101 Firefox/135.0"
162.144.87.82 - - [05/Feb/2025:12:15:37 -0600] "GET /intranet/sistemas/usuarios/441/2025/TJA0711304U1_NOM_NOMINA43367_441.XML HTTP/1.0" 200 6783 "-" "-"
162.144.87.82 - - [05/Feb/2025:12:15:37 -0600] "GET /intranet/sistemas/usuarios/441/2025/TJA0711304U1_NOM_NOMINA43561_441.XML HTTP/1.0" 200 7355 "-" "-"
187.142.67.77 - - [05/Feb/2025:12:15:37 -0600] "GET /intranet/sistemas/usuarios/page_nomina.php HTTP/1.1" 200 30521 "https://intranet.tjamich.gob.mx/intranet/page_home.php" "Mozilla/5.0 (Windows NT 10.0; Win64; x64; rv:135.0) Gecko/20100101 Firefox/135.0"
187.142.67.77 - - [05/Feb/2025:12:15:37 -0600] "GET /intranet/common/vendors/font-awesome/css/font-awesome.min.css HTTP/1.1" 200 28016 "https://intranet.tjamich.gob.mx/intranet/sistemas/usuarios/page_nomina.php" "Mozilla/5.0 (Windows NT 10.0; Win64; x64; rv:135.0) Gecko/20100101 Firefox/135.0"
187.142.67.77 - - [05/Feb/2025:12:15:37 -0600] "GET /intranet/common/vendors/jquery-pace/pace.css HTTP/1.1" 200 6121 "https://intranet.tjamich.gob.mx/intranet/sistemas/usuarios/page_nomina.php" "Mozilla/5.0 (Windows NT 10.0; Win64; x64; rv:135.0) Gecko/20100101 Firefox/135.0"
187.142.67.77 - - [05/Feb/2025:12:15:37 -0600] "GET /intranet/common/images/xml.png HTTP/1.1" 200 9020 "https://intranet.tjamich.gob.mx/intranet/sistemas/usuarios/page_nomina.php" "Mozilla/5.0 (Windows NT 10.0; Win64; x64; rv:135.0) Gecko/20100101 Firefox/135.0"
187.142.67.77 - - [05/Feb/2025:12:15:37 -0600] "GET /intranet/common/vendors/font-awesome/fonts/fontawesome-webfont.woff?v=4.1.0 HTTP/1.1" 200 83760 "https://intranet.tjamich.gob.mx/intranet/common/vendors/font-awesome/css/font-awesome.min.css" "Mozilla/5.0 (Windows NT 10.0; Win64; x64; rv:135.0) Gecko/20100101 Firefox/135.0"
162.144.87.82 - - [05/Feb/2025:12:15:40 -0600] "GET /intranet/sistemas/usuarios/441/2024/TJA0711304U1_NOM_NOMINA37955_441.XML HTTP/1.0" 200 6776 "-" "-"
162.144.87.82 - - [05/Feb/2025:12:15:40 -0600] "GET /intranet/sistemas/usuarios/441/2024/TJA0711304U1_NOM_NOMINA38158_441.XML HTTP/1.0" 200 7353 "-" "-"
162.144.87.82 - - [05/Feb/2025:12:15:40 -0600] "GET /intranet/sistemas/usuarios/441/2024/TJA0711304U1_NOM_NOMINA38363_441.XML HTTP/1.0" 200 7197 "-" "-"
162.144.87.82 - - [05/Feb/2025:12:15:40 -0600] "GET /intranet/sistemas/usuarios/441/2024/TJA0711304U1_NOM_NOMINA38563_441.XML HTTP/1.0" 200 7350 "-" "-"
162.144.87.82 - - [05/Feb/2025:12:15:40 -0600] "GET /intranet/sistemas/usuarios/441/2024/TJA0711304U1_NOM_NOMINA38769_441.XML HTTP/1.0" 200 7197 "-" "-"
162.144.87.82 - - [05/Feb/2025:12:15:40 -0600] "GET /intranet/sistemas/usuarios/441/2024/TJA0711304U1_NOM_NOMINA38970_441.XML HTTP/1.0" 200 7350 "-" "-"
162.144.87.82 - - [05/Feb/2025:12:15:40 -0600] "GET /intranet/sistemas/usuarios/441/2024/TJA0711304U1_NOM_NOMINA39168_441.XML HTTP/1.0" 200 7197 "-" "-"
162.144.87.82 - - [05/Feb/2025:12:15:40 -0600] "GET /intranet/sistemas/usuarios/441/2024/TJA0711304U1_NOM_NOMINA39368_441.XML HTTP/1.0" 200 7350 "-" "-"
162.144.87.82 - - [05/Feb/2025:12:15:40 -0600] "GET /intranet/sistemas/usuarios/441/2024/TJA0711304U1_NOM_NOMINA39569_441.XML HTTP/1.0" 200 7197 "-" "-"
162.144.87.82 - - [05/Feb/2025:12:15:40 -0600] "GET /intranet/sistemas/usuarios/441/2024/TJA0711304U1_NOM_NOMINA39769_441.XML HTTP/1.0" 200 7350 "-" "-"
162.144.87.82 - - [05/Feb/2025:12:15:40 -0600] "GET /intranet/sistemas/usuarios/441/2024/TJA0711304U1_NOM_NOMINA39970_441.XML HTTP/1.0" 200 7197 "-" "-"
162.144.87.82 - - [05/Feb/2025:12:15:40 -0600] "GET /intranet/sistemas/usuarios/441/2024/TJA0711304U1_NOM_NOMINA40169_441.XML HTTP/1.0" 200 7350 "-" "-"
162.144.87.82 - - [05/Feb/2025:12:15:40 -0600] "GET /intranet/sistemas/usuarios/441/2024/TJA0711304U1_NOM_NOMINA40364_441.XML HTTP/1.0" 200 6647 "-" "-"
162.144.87.82 - - [05/Feb/2025:12:15:40 -0600] "GET /intranet/sistemas/usuarios/441/2024/TJA0711304U1_NOM_NOMINA40568_441.XML HTTP/1.0" 200 7197 "-" "-"
162.144.87.82 - - [05/Feb/2025:12:15:40 -0600] "GET /intranet/sistemas/usuarios/441/2024/TJA0711304U1_NOM_NOMINA40763_441.XML HTTP/1.0" 200 7350 "-" "-"
162.144.87.82 - - [05/Feb/2025:12:15:40 -0600] "GET /intranet/sistemas/usuarios/441/2024/TJA0711304U1_NOM_NOMINA40958_441.XML HTTP/1.0" 200 7197 "-" "-"
162.144.87.82 - - [05/Feb/2025:12:15:40 -0600] "GET /intranet/sistemas/usuarios/441/2024/TJA0711304U1_NOM_NOMINA41151_441.XML HTTP/1.0" 200 7350 "-" "-"
162.144.87.82 - - [05/Feb/2025:12:15:40 -0600] "GET /intranet/sistemas/usuarios/441/2024/TJA0711304U1_NOM_NOMINA41348_441.XML HTTP/1.0" 200 7197 "-" "-"
162.144.87.82 - - [05/Feb/2025:12:15:40 -0600] "GET /intranet/sistemas/usuarios/441/2024/TJA0711304U1_NOM_NOMINA41549_441.XML HTTP/1.0" 200 7350 "-" "-"
162.144.87.82 - - [05/Feb/2025:12:15:40 -0600] "GET /intranet/sistemas/usuarios/441/2024/TJA0711304U1_NOM_NOMINA41748_441.XML HTTP/1.0" 200 7197 "-" "-"
162.144.87.82 - - [05/Feb/2025:12:15:40 -0600] "GET /intranet/sistemas/usuarios/441/2024/TJA0711304U1_NOM_NOMINA41946_441.XML HTTP/1.0" 200 7350 "-" "-"
162.144.87.82 - - [05/Feb/2025:12:15:40 -0600] "GET /intranet/sistemas/usuarios/441/2024/TJA0711304U1_NOM_NOMINA42147_441.XML HTTP/1.0" 200 7197 "-" "-"
162.144.87.82 - - [05/Feb/2025:12:15:40 -0600] "GET /intranet/sistemas/usuarios/441/2024/TJA0711304U1_NOM_NOMINA42352_441.XML HTTP/1.0" 200 7350 "-" "-"
162.144.87.82 - - [05/Feb/2025:12:15:40 -0600] "GET /intranet/sistemas/usuarios/441/2024/TJA0711304U1_NOM_NOMINA42557_441.XML HTTP/1.0" 200 6647 "-" "-"
162.144.87.82 - - [05/Feb/2025:12:15:40 -0600] "GET /intranet/sistemas/usuarios/441/2024/TJA0711304U1_NOM_NOMINA42967_441.XML HTTP/1.0" 200 6815 "-" "-"
162.144.87.82 - - [05/Feb/2025:12:15:40 -0600] "GET /intranet/sistemas/usuarios/441/2024/TJA0711304U1_NOM_NOMINA42762_441.XML HTTP/1.0" 200 7197 "-" "-"
162.144.87.82 - - [05/Feb/2025:12:15:40 -0600] "GET /intranet/sistemas/usuarios/441/2024/TJA0711304U1_NOM_NOMINA43172_441.XML HTTP/1.0" 200 7352 "-" "-"
187.142.67.77 - - [05/Feb/2025:12:15:40 -0600] "POST /intranet/sistemas/usuarios/page_nomina.php HTTP/1.1" 200 47204 "https://intranet.tjamich.gob.mx/intranet/sistemas/usuarios/page_nomina.php" "Mozilla/5.0 (Windows NT 10.0; Win64; x64; rv:135.0) Gecko/20100101 Firefox/135.0"
187.195.116.142 - - [05/Feb/2025:12:16:13 -0600] "POST /intranet/fetch.php HTTP/1.1" 200 122 "https://intranet.tjamich.gob.mx/intranet/page_home.php" "Mozilla/5.0 (Windows NT 10.0; Win64; x64) AppleWebKit/537.36 (KHTML, like Gecko) Chrome/132.0.0.0 Safari/537.36 Edg/132.0.0.0"
187.195.116.142 - - [05/Feb/2025:12:17:13 -0600] "POST /intranet/fetch.php HTTP/1.1" 200 122 "https://intranet.tjamich.gob.mx/intranet/page_home.php" "Mozilla/5.0 (Windows NT 10.0; Win64; x64) AppleWebKit/537.36 (KHTML, like Gecko) Chrome/132.0.0.0 Safari/537.36 Edg/132.0.0.0"
189.243.238.36 - - [05/Feb/2025:12:18:10 -0600] "GET /intranet/sistemas/requisiciones/page_add_mostrar_carrito.php?app=1 HTTP/1.1" 200 39081 "https://intranet.tjamich.gob.mx/intranet/sistemas/requisiciones/page_add_carrito.php?app=1" "Mozilla/5.0 (Windows NT 10.0; Win64; x64) AppleWebKit/537.36 (KHTML, like Gecko) Chrome/132.0.0.0 Safari/537.36"
187.195.116.142 - - [05/Feb/2025:12:18:13 -0600] "POST /intranet/fetch.php HTTP/1.1" 200 122 "https://intranet.tjamich.gob.mx/intranet/page_home.php" "Mozilla/5.0 (Windows NT 10.0; Win64; x64) AppleWebKit/537.36 (KHTML, like Gecko) Chrome/132.0.0.0 Safari/537.36 Edg/132.0.0.0"
189.243.238.36 - - [05/Feb/2025:12:18:23 -0600] "GET /intranet/sistemas/requisiciones/page_add_mostrar_carrito.php?app=1 HTTP/1.1" 200 39081 "https://intranet.tjamich.gob.mx/intranet/sistemas/requisiciones/page_add_mostrar_carrito.php?app=1" "Mozilla/5.0 (Windows NT 10.0; Win64; x64) AppleWebKit/537.36 (KHTML, like Gecko) Chrome/132.0.0.0 Safari/537.36"
189.243.238.36 - - [05/Feb/2025:12:18:23 -0600] "POST /intranet/sistemas/requisiciones/carrito.php HTTP/1.1" 200 14 "https://intranet.tjamich.gob.mx/intranet/sistemas/requisiciones/page_add_mostrar_carrito.php?app=1" "Mozilla/5.0 (Windows NT 10.0; Win64; x64) AppleWebKit/537.36 (KHTML, like Gecko) Chrome/132.0.0.0 Safari/537.36"
189.243.215.76 - - [05/Feb/2025:12:18:23 -0600] "GET / HTTP/1.1" 200 567 "https://portal.tjamich.gob.mx/" "Mozilla/5.0 (Windows NT 10.0; Win64; x64) AppleWebKit/537.36 (KHTML, like Gecko) Chrome/109.0.0.0 Safari/537.36"
189.243.215.76 - - [05/Feb/2025:12:18:23 -0600] "GET /intranet/page_inicio.php HTTP/1.1" 200 16185 "https://intranet.tjamich.gob.mx/" "Mozilla/5.0 (Windows NT 10.0; Win64; x64) AppleWebKit/537.36 (KHTML, like Gecko) Chrome/109.0.0.0 Safari/537.36"
189.243.215.76 - - [05/Feb/2025:12:18:24 -0600] "GET /intranet/common/images/favicon.ico HTTP/1.1" 200 16958 "https://intranet.tjamich.gob.mx/" "Mozilla/5.0 (Windows NT 10.0; Win64; x64) AppleWebKit/537.36 (KHTML, like Gecko) Chrome/109.0.0.0 Safari/537.36"
189.243.238.36 - - [05/Feb/2025:12:18:26 -0600] "POST /intranet/sistemas/requisiciones/carrito.php HTTP/1.1" 200 14 "https://intranet.tjamich.gob.mx/intranet/sistemas/requisiciones/page_add_mostrar_carrito.php?app=1" "Mozilla/5.0 (Windows NT 10.0; Win64; x64) AppleWebKit/537.36 (KHTML, like Gecko) Chrome/132.0.0.0 Safari/537.36"
189.243.238.36 - - [05/Feb/2025:12:18:26 -0600] "GET /intranet/sistemas/requisiciones/page_add_mostrar_carrito.php?app=1 HTTP/1.1" 200 38048 "https://intranet.tjamich.gob.mx/intranet/sistemas/requisiciones/page_add_mostrar_carrito.php?app=1" "Mozilla/5.0 (Windows NT 10.0; Win64; x64) AppleWebKit/537.36 (KHTML, like Gecko) Chrome/132.0.0.0 Safari/537.36"
189.243.238.36 - - [05/Feb/2025:12:18:53 -0600] "POST /intranet/sistemas/requisiciones/page_firma_requisicion.php HTTP/1.1" 200 38319 "https://intranet.tjamich.gob.mx/intranet/sistemas/requisiciones/page_add_mostrar_carrito.php?app=1" "Mozilla/5.0 (Windows NT 10.0; Win64; x64) AppleWebKit/537.36 (KHTML, like Gecko) Chrome/132.0.0.0 Safari/537.36"
189.243.238.36 - - [05/Feb/2025:12:19:08 -0600] "GET /intranet/page_home.php HTTP/1.1" 200 64927 "https://intranet.tjamich.gob.mx/intranet/sistemas/oficios/page_ver_oficios.php?noti=1&id_oficio=8444" "Mozilla/5.0 (Windows NT 10.0; Win64; x64) AppleWebKit/537.36 (KHTML, like Gecko) Chrome/132.0.0.0 Safari/537.36"
187.195.116.142 - - [05/Feb/2025:12:19:13 -0600] "POST /intranet/fetch.php HTTP/1.1" 200 122 "https://intranet.tjamich.gob.mx/intranet/page_home.php" "Mozilla/5.0 (Windows NT 10.0; Win64; x64) AppleWebKit/537.36 (KHTML, like Gecko) Chrome/132.0.0.0 Safari/537.36 Edg/132.0.0.0"
189.243.238.36 - - [05/Feb/2025:12:19:23 -0600] "POST /intranet/fetch.php HTTP/1.1" 200 122 "https://intranet.tjamich.gob.mx/intranet/page_home.php" "Mozilla/5.0 (Windows NT 10.0; Win64; x64) AppleWebKit/537.36 (KHTML, like Gecko) Chrome/132.0.0.0 Safari/537.36"
189.243.238.36 - - [05/Feb/2025:12:19:57 -0600] "POST /intranet/sistemas/requisiciones/registroFirma.php HTTP/1.1" 200 17 "https://intranet.tjamich.gob.mx/intranet/sistemas/requisiciones/page_firma_requisicion.php" "Mozilla/5.0 (Windows NT 10.0; Win64; x64) AppleWebKit/537.36 (KHTML, like Gecko) Chrome/132.0.0.0 Safari/537.36"
189.243.238.36 - - [05/Feb/2025:12:19:57 -0600] "GET /intranet/sistemas/requisiciones/controller/new_requisicion_articulos.php?id_firma=17965&rfc=OOCK870313U16&id_nom=&id_usuario=79&password2=Lic.karly1987&id_articulo%5B%5D=1108&cantidad_requerida%5B%5D=1&id_articulo%5B%5D=1109&cantidad_requerida%5B%5D=1&id_articulo%5B%5D=1111&cantidad_requerida%5B%5D=1&id_articulo%5B%5D=1112&cantidad_requerida%5B%5D=1&id_articulo%5B%5D=777&cantidad_requerida%5B%5D=1&id_articulo%5B%5D=72&cantidad_requerida%5B%5D=4&id_articulo%5B%5D=73&cantidad_requerida%5B%5D=2&id_articulo%5B%5D=613&cantidad_requerida%5B%5D=1&id_articulo%5B%5D=1137&cantidad_requerida%5B%5D=5&id_articulo%5B%5D=1139&cantidad_requerida%5B%5D=1&id_articulo%5B%5D=790&cantidad_requerida%5B%5D=1&id_articulo%5B%5D=1190&cantidad_requerida%5B%5D=1&usuario=korozco%40tjamich.gob.mx&password=1303&llavePrivada=OOCK870313U16.key&llavePublica=OOCK870313U16.cer&data=Requisiciones HTTP/1.1" 302 - "https://intranet.tjamich.gob.mx/intranet/sistemas/requisiciones/page_firma_requisicion.php" "Mozilla/5.0 (Windows NT 10.0; Win64; x64) AppleWebKit/537.36 (KHTML, like Gecko) Chrome/132.0.0.0 Safari/537.36"
189.243.238.36 - - [05/Feb/2025:12:19:57 -0600] "GET /intranet/sistemas/requisiciones/page_find_requisicion.php?app=1 HTTP/1.1" 200 28518 "https://intranet.tjamich.gob.mx/intranet/sistemas/requisiciones/page_firma_requisicion.php" "Mozilla/5.0 (Windows NT 10.0; Win64; x64) AppleWebKit/537.36 (KHTML, like Gecko) Chrome/132.0.0.0 Safari/537.36"
187.195.116.142 - - [05/Feb/2025:12:19:57 -0600] "GET / HTTP/1.1" 200 567 "-" "Mozilla/5.0 (Windows NT 10.0; Win64; x64) AppleWebKit/537.36 (KHTML, like Gecko) Chrome/132.0.0.0 Safari/537.36"
187.195.116.142 - - [05/Feb/2025:12:19:58 -0600] "GET /intranet/sistemas/usuarios/page_nomina.php HTTP/1.1" 302 7400 "https://intranet.tjamich.gob.mx/intranet/sistemas/usuarios/page_nomina.php" "Mozilla/5.0 (Windows NT 10.0; Win64; x64) AppleWebKit/537.36 (KHTML, like Gecko) Chrome/132.0.0.0 Safari/537.36"
187.195.116.142 - - [05/Feb/2025:12:19:58 -0600] "GET /intranet/page_inicio.php HTTP/1.1" 200 16185 "https://intranet.tjamich.gob.mx/intranet/sistemas/usuarios/page_nomina.php" "Mozilla/5.0 (Windows NT 10.0; Win64; x64) AppleWebKit/537.36 (KHTML, like Gecko) Chrome/132.0.0.0 Safari/537.36"
187.195.116.142 - - [05/Feb/2025:12:19:58 -0600] "GET /intranet/common/images/favicon.ico HTTP/1.1" 304 - "https://intranet.tjamich.gob.mx/" "Mozilla/5.0 (Windows NT 10.0; Win64; x64) AppleWebKit/537.36 (KHTML, like Gecko) Chrome/132.0.0.0 Safari/537.36"
189.243.238.36 - - [05/Feb/2025:12:20:13 -0600] "POST /intranet/fetch.php HTTP/1.1" 200 122 "https://intranet.tjamich.gob.mx/intranet/page_home.php" "Mozilla/5.0 (Windows NT 10.0; Win64; x64) AppleWebKit/537.36 (KHTML, like Gecko) Chrome/132.0.0.0 Safari/537.36"
187.195.116.142 - - [05/Feb/2025:12:20:13 -0600] "POST /intranet/fetch.php HTTP/1.1" 200 122 "https://intranet.tjamich.gob.mx/intranet/page_home.php" "Mozilla/5.0 (Windows NT 10.0; Win64; x64) AppleWebKit/537.36 (KHTML, like Gecko) Chrome/132.0.0.0 Safari/537.36 Edg/132.0.0.0"
187.195.110.68 - - [05/Feb/2025:12:20:20 -0600] "GET / HTTP/1.1" 200 567 "-" "Mozilla/5.0 (Windows NT 10.0; Win64; x64) AppleWebKit/537.36 (KHTML, like Gecko) Chrome/132.0.0.0 Safari/537.36"
187.195.110.68 - - [05/Feb/2025:12:20:27 -0600] "GET /intranet/page_inicio.php HTTP/1.1" 200 16185 "https://intranet.tjamich.gob.mx/" "Mozilla/5.0 (Windows NT 10.0; Win64; x64) AppleWebKit/537.36 (KHTML, like Gecko) Chrome/132.0.0.0 Safari/537.36"
187.195.110.68 - - [05/Feb/2025:12:20:32 -0600] "POST /intranet/controller/login.php HTTP/1.1" 302 - "https://intranet.tjamich.gob.mx/intranet/page_inicio.php" "Mozilla/5.0 (Windows NT 10.0; Win64; x64) AppleWebKit/537.36 (KHTML, like Gecko) Chrome/132.0.0.0 Safari/537.36"
187.195.110.68 - - [05/Feb/2025:12:20:32 -0600] "GET /intranet/page_home.php HTTP/1.1" 200 66001 "https://intranet.tjamich.gob.mx/intranet/page_inicio.php" "Mozilla/5.0 (Windows NT 10.0; Win64; x64) AppleWebKit/537.36 (KHTML, like Gecko) Chrome/132.0.0.0 Safari/537.36"
187.195.110.68 - - [05/Feb/2025:12:20:33 -0600] "POST /intranet/fetch.php HTTP/1.1" 200 122 "https://intranet.tjamich.gob.mx/intranet/page_home.php" "Mozilla/5.0 (Windows NT 10.0; Win64; x64) AppleWebKit/537.36 (KHTML, like Gecko) Chrome/132.0.0.0 Safari/537.36"
187.195.110.68 - - [05/Feb/2025:12:20:34 -0600] "GET /intranet/sistemas/nomina/page_inicio.php HTTP/1.1" 200 23445 "https://intranet.tjamich.gob.mx/intranet/page_home.php" "Mozilla/5.0 (Windows NT 10.0; Win64; x64) AppleWebKit/537.36 (KHTML, like Gecko) Chrome/132.0.0.0 Safari/537.36"
187.195.110.68 - - [05/Feb/2025:12:20:34 -0600] "GET /intranet/sistemas/nomina/style.css HTTP/1.1" 404 - "https://intranet.tjamich.gob.mx/intranet/sistemas/nomina/page_inicio.php" "Mozilla/5.0 (Windows NT 10.0; Win64; x64) AppleWebKit/537.36 (KHTML, like Gecko) Chrome/132.0.0.0 Safari/537.36"
187.195.110.68 - - [05/Feb/2025:12:20:35 -0600] "GET /intranet/sistemas/nomina/page_find_nomina.php?app=1 HTTP/1.1" 200 226970 "https://intranet.tjamich.gob.mx/intranet/sistemas/nomina/page_inicio.php" "Mozilla/5.0 (Windows NT 10.0; Win64; x64) AppleWebKit/537.36 (KHTML, like Gecko) Chrome/132.0.0.0 Safari/537.36"
187.195.110.68 - - [05/Feb/2025:12:20:35 -0600] "GET /intranet/sistemas/nomina/style.css HTTP/1.1" 404 - "https://intranet.tjamich.gob.mx/intranet/sistemas/nomina/page_find_nomina.php?app=1" "Mozilla/5.0 (Windows NT 10.0; Win64; x64) AppleWebKit/537.36 (KHTML, like Gecko) Chrome/132.0.0.0 Safari/537.36"
187.195.110.68 - - [05/Feb/2025:12:20:38 -0600] "POST /intranet/sistemas/nomina/page_find_nomina.php?app=1 HTTP/1.1" 200 235694 "https://intranet.tjamich.gob.mx/intranet/sistemas/nomina/page_find_nomina.php?app=1" "Mozilla/5.0 (Windows NT 10.0; Win64; x64) AppleWebKit/537.36 (KHTML, like Gecko) Chrome/132.0.0.0 Safari/537.36"
187.195.110.68 - - [05/Feb/2025:12:20:38 -0600] "GET /intranet/sistemas/nomina/style.css HTTP/1.1" 404 - "https://intranet.tjamich.gob.mx/intranet/sistemas/nomina/page_find_nomina.php?app=1" "Mozilla/5.0 (Windows NT 10.0; Win64; x64) AppleWebKit/537.36 (KHTML, like Gecko) Chrome/132.0.0.0 Safari/537.36"
187.195.110.68 - - [05/Feb/2025:12:20:40 -0600] "GET /intranet/sistemas/nomina/style.css HTTP/1.1" 404 - "https://intranet.tjamich.gob.mx/intranet/sistemas/nomina/page_find_nomina.php?app=1" "Mozilla/5.0 (Windows NT 10.0; Win64; x64) AppleWebKit/537.36 (KHTML, like Gecko) Chrome/132.0.0.0 Safari/537.36"
187.195.110.68 - - [05/Feb/2025:12:20:40 -0600] "POST /intranet/sistemas/nomina/page_find_nomina.php?app=1 HTTP/1.1" 200 5719469 "https://intranet.tjamich.gob.mx/intranet/sistemas/nomina/page_find_nomina.php?app=1" "Mozilla/5.0 (Windows NT 10.0; Win64; x64) AppleWebKit/537.36 (KHTML, like Gecko) Chrome/132.0.0.0 Safari/537.36"
189.243.238.36 - - [05/Feb/2025:12:21:03 -0600] "POST /intranet/fetch.php HTTP/1.1" 200 122 "https://intranet.tjamich.gob.mx/intranet/page_home.php" "Mozilla/5.0 (Windows NT 10.0; Win64; x64) AppleWebKit/537.36 (KHTML, like Gecko) Chrome/132.0.0.0 Safari/537.36"
187.195.116.142 - - [05/Feb/2025:12:21:13 -0600] "POST /intranet/fetch.php HTTP/1.1" 200 122 "https://intranet.tjamich.gob.mx/intranet/page_home.php" "Mozilla/5.0 (Windows NT 10.0; Win64; x64) AppleWebKit/537.36 (KHTML, like Gecko) Chrome/132.0.0.0 Safari/537.36 Edg/132.0.0.0"
