187.195.110.68 - - [05/Feb/2025:11:34:00 -0600] "GET /intranet/common/vendors/select2/select2-madmin.css HTTP/1.1" 304 - "https://intranet.tjamich.gob.mx/intranet/sistemas/administracion/page_edit_inventario.php?id_inventario=2540&app=2" "Mozilla/5.0 (Windows NT 10.0; Win64; x64) AppleWebKit/537.36 (KHTML, like Gecko) Chrome/132.0.0.0 Safari/537.36"
187.195.110.68 - - [05/Feb/2025:11:34:00 -0600] "GET /intranet/common/vendors/select2/select2.min.js HTTP/1.1" 304 - "https://intranet.tjamich.gob.mx/intranet/sistemas/administracion/page_edit_inventario.php?id_inventario=2540&app=2" "Mozilla/5.0 (Windows NT 10.0; Win64; x64) AppleWebKit/537.36 (KHTML, like Gecko) Chrome/132.0.0.0 Safari/537.36"
187.195.110.68 - - [05/Feb/2025:11:34:00 -0600] "GET /intranet/common/vendors/multi-select/js/jquery.multi-select.js HTTP/1.1" 304 - "https://intranet.tjamich.gob.mx/intranet/sistemas/administracion/page_edit_inventario.php?id_inventario=2540&app=2" "Mozilla/5.0 (Windows NT 10.0; Win64; x64) AppleWebKit/537.36 (KHTML, like Gecko) Chrome/132.0.0.0 Safari/537.36"
187.195.110.68 - - [05/Feb/2025:11:34:00 -0600] "GET /intranet/common/js/ui-dropdown-select.js HTTP/1.1" 304 - "https://intranet.tjamich.gob.mx/intranet/sistemas/administracion/page_edit_inventario.php?id_inventario=2540&app=2" "Mozilla/5.0 (Windows NT 10.0; Win64; x64) AppleWebKit/537.36 (KHTML, like Gecko) Chrome/132.0.0.0 Safari/537.36"
187.195.110.68 - - [05/Feb/2025:11:34:01 -0600] "GET /intranet/common/vendors/bootstrap-select/bootstrap-select.min.js HTTP/1.1" 304 - "https://intranet.tjamich.gob.mx/intranet/sistemas/administracion/page_edit_inventario.php?id_inventario=2540&app=2" "Mozilla/5.0 (Windows NT 10.0; Win64; x64) AppleWebKit/537.36 (KHTML, like Gecko) Chrome/132.0.0.0 Safari/537.36"
187.195.110.68 - - [05/Feb/2025:11:34:01 -0600] "GET /intranet/common/images/icons/innova.png HTTP/1.1" 404 - "https://intranet.tjamich.gob.mx/intranet/sistemas/administracion/page_edit_inventario.php?id_inventario=2540&app=2" "Mozilla/5.0 (Windows NT 10.0; Win64; x64) AppleWebKit/537.36 (KHTML, like Gecko) Chrome/132.0.0.0 Safari/537.36"
187.195.110.68 - - [05/Feb/2025:11:34:01 -0600] "GET /intranet/common/vendors/select2/select2.png HTTP/1.1" 304 - "https://intranet.tjamich.gob.mx/intranet/common/vendors/select2/select2-madmin.css" "Mozilla/5.0 (Windows NT 10.0; Win64; x64) AppleWebKit/537.36 (KHTML, like Gecko) Chrome/132.0.0.0 Safari/537.36"
187.195.110.68 - - [05/Feb/2025:11:34:04 -0600] "GET /intranet/common/vendors/select2/select2-spinner.gif HTTP/1.1" 304 - "https://intranet.tjamich.gob.mx/intranet/common/vendors/select2/select2-madmin.css" "Mozilla/5.0 (Windows NT 10.0; Win64; x64) AppleWebKit/537.36 (KHTML, like Gecko) Chrome/132.0.0.0 Safari/537.36"
187.195.110.68 - - [05/Feb/2025:11:34:10 -0600] "POST /intranet/sistemas/administracion/editar_inventario.php HTTP/1.1" 302 - "https://intranet.tjamich.gob.mx/intranet/sistemas/administracion/page_edit_inventario.php?id_inventario=2540&app=2" "Mozilla/5.0 (Windows NT 10.0; Win64; x64) AppleWebKit/537.36 (KHTML, like Gecko) Chrome/132.0.0.0 Safari/537.36"
187.195.110.68 - - [05/Feb/2025:11:34:10 -0600] "GET /intranet/sistemas/administracion/page_edit_inventario.php?id_inventario=2540 HTTP/1.1" 200 71755 "https://intranet.tjamich.gob.mx/intranet/sistemas/administracion/page_edit_inventario.php?id_inventario=2540&app=2" "Mozilla/5.0 (Windows NT 10.0; Win64; x64) AppleWebKit/537.36 (KHTML, like Gecko) Chrome/132.0.0.0 Safari/537.36"
187.195.116.142 - - [05/Feb/2025:11:34:13 -0600] "POST /intranet/fetch.php HTTP/1.1" 200 122 "https://intranet.tjamich.gob.mx/intranet/page_home.php" "Mozilla/5.0 (Windows NT 10.0; Win64; x64) AppleWebKit/537.36 (KHTML, like Gecko) Chrome/132.0.0.0 Safari/537.36 Edg/132.0.0.0"
189.243.238.36 - - [05/Feb/2025:11:34:14 -0600] "POST /intranet/fetch.php HTTP/1.1" 200 122 "https://intranet.tjamich.gob.mx/intranet/page_home.php" "Mozilla/5.0 (Windows NT 10.0; Win64; x64) AppleWebKit/537.36 (KHTML, like Gecko) Chrome/132.0.0.0 Safari/537.36"
187.195.110.68 - - [05/Feb/2025:11:34:17 -0600] "POST /intranet/sistemas/administracion/editar_inventario.php HTTP/1.1" 302 - "https://intranet.tjamich.gob.mx/intranet/sistemas/administracion/page_edit_inventario.php?id_inventario=2540" "Mozilla/5.0 (Windows NT 10.0; Win64; x64) AppleWebKit/537.36 (KHTML, like Gecko) Chrome/132.0.0.0 Safari/537.36"
187.195.110.68 - - [05/Feb/2025:11:34:20 -0600] "GET /intranet/sistemas/administracion/page_edit_inventario.php?id_inventario=2540 HTTP/1.1" 200 71749 "https://intranet.tjamich.gob.mx/intranet/sistemas/administracion/page_edit_inventario.php?id_inventario=2540" "Mozilla/5.0 (Windows NT 10.0; Win64; x64) AppleWebKit/537.36 (KHTML, like Gecko) Chrome/132.0.0.0 Safari/537.36"
187.195.110.68 - - [05/Feb/2025:11:34:24 -0600] "GET /intranet/sistemas/administracion/page_edit_inventario.php?id_inventario=2538&app=2 HTTP/1.1" 200 71792 "https://intranet.tjamich.gob.mx/intranet/sistemas/administracion/page_find_inventario.php?resguardante=275&id_area=0&app=1" "Mozilla/5.0 (Windows NT 10.0; Win64; x64) AppleWebKit/537.36 (KHTML, like Gecko) Chrome/132.0.0.0 Safari/537.36"
187.195.110.68 - - [05/Feb/2025:11:34:45 -0600] "POST /intranet/sistemas/administracion/editar_inventario.php HTTP/1.1" 302 - "https://intranet.tjamich.gob.mx/intranet/sistemas/administracion/page_edit_inventario.php?id_inventario=2538&app=2" "Mozilla/5.0 (Windows NT 10.0; Win64; x64) AppleWebKit/537.36 (KHTML, like Gecko) Chrome/132.0.0.0 Safari/537.36"
187.195.110.68 - - [05/Feb/2025:11:34:46 -0600] "GET /intranet/sistemas/administracion/page_edit_inventario.php?id_inventario=2538 HTTP/1.1" 200 71775 "https://intranet.tjamich.gob.mx/intranet/sistemas/administracion/page_edit_inventario.php?id_inventario=2538&app=2" "Mozilla/5.0 (Windows NT 10.0; Win64; x64) AppleWebKit/537.36 (KHTML, like Gecko) Chrome/132.0.0.0 Safari/537.36"
187.195.110.68 - - [05/Feb/2025:11:34:49 -0600] "POST /intranet/sistemas/administracion/editar_inventario.php HTTP/1.1" 302 - "https://intranet.tjamich.gob.mx/intranet/sistemas/administracion/page_edit_inventario.php?id_inventario=2538" "Mozilla/5.0 (Windows NT 10.0; Win64; x64) AppleWebKit/537.36 (KHTML, like Gecko) Chrome/132.0.0.0 Safari/537.36"
187.195.110.68 - - [05/Feb/2025:11:34:49 -0600] "GET /intranet/sistemas/administracion/page_edit_inventario.php?id_inventario=2538 HTTP/1.1" 200 71769 "https://intranet.tjamich.gob.mx/intranet/sistemas/administracion/page_edit_inventario.php?id_inventario=2538" "Mozilla/5.0 (Windows NT 10.0; Win64; x64) AppleWebKit/537.36 (KHTML, like Gecko) Chrome/132.0.0.0 Safari/537.36"
187.195.110.68 - - [05/Feb/2025:11:34:53 -0600] "GET /intranet/sistemas/administracion/page_edit_inventario.php?id_inventario=544&app=2 HTTP/1.1" 200 71917 "https://intranet.tjamich.gob.mx/intranet/sistemas/administracion/page_find_inventario.php?resguardante=275&id_area=0&app=1" "Mozilla/5.0 (Windows NT 10.0; Win64; x64) AppleWebKit/537.36 (KHTML, like Gecko) Chrome/132.0.0.0 Safari/537.36"
187.195.110.68 - - [05/Feb/2025:11:35:00 -0600] "POST /intranet/sistemas/administracion/editar_inventario.php HTTP/1.1" 302 - "https://intranet.tjamich.gob.mx/intranet/sistemas/administracion/page_edit_inventario.php?id_inventario=544&app=2" "Mozilla/5.0 (Windows NT 10.0; Win64; x64) AppleWebKit/537.36 (KHTML, like Gecko) Chrome/132.0.0.0 Safari/537.36"
187.195.110.68 - - [05/Feb/2025:11:35:01 -0600] "GET /intranet/sistemas/administracion/page_edit_inventario.php?id_inventario=544 HTTP/1.1" 200 71899 "https://intranet.tjamich.gob.mx/intranet/sistemas/administracion/page_edit_inventario.php?id_inventario=544&app=2" "Mozilla/5.0 (Windows NT 10.0; Win64; x64) AppleWebKit/537.36 (KHTML, like Gecko) Chrome/132.0.0.0 Safari/537.36"
189.243.238.36 - - [05/Feb/2025:11:35:04 -0600] "POST /intranet/fetch.php HTTP/1.1" 200 122 "https://intranet.tjamich.gob.mx/intranet/page_home.php" "Mozilla/5.0 (Windows NT 10.0; Win64; x64) AppleWebKit/537.36 (KHTML, like Gecko) Chrome/132.0.0.0 Safari/537.36"
187.195.110.68 - - [05/Feb/2025:11:35:10 -0600] "POST /intranet/sistemas/administracion/editar_inventario.php HTTP/1.1" 302 - "https://intranet.tjamich.gob.mx/intranet/sistemas/administracion/page_edit_inventario.php?id_inventario=544" "Mozilla/5.0 (Windows NT 10.0; Win64; x64) AppleWebKit/537.36 (KHTML, like Gecko) Chrome/132.0.0.0 Safari/537.36"
187.195.110.68 - - [05/Feb/2025:11:35:10 -0600] "GET /intranet/sistemas/administracion/page_edit_inventario.php?id_inventario=544 HTTP/1.1" 200 71893 "https://intranet.tjamich.gob.mx/intranet/sistemas/administracion/page_edit_inventario.php?id_inventario=544" "Mozilla/5.0 (Windows NT 10.0; Win64; x64) AppleWebKit/537.36 (KHTML, like Gecko) Chrome/132.0.0.0 Safari/537.36"
187.195.116.142 - - [05/Feb/2025:11:35:13 -0600] "POST /intranet/fetch.php HTTP/1.1" 200 122 "https://intranet.tjamich.gob.mx/intranet/page_home.php" "Mozilla/5.0 (Windows NT 10.0; Win64; x64) AppleWebKit/537.36 (KHTML, like Gecko) Chrome/132.0.0.0 Safari/537.36 Edg/132.0.0.0"
187.195.110.68 - - [05/Feb/2025:11:35:17 -0600] "GET /intranet/sistemas/administracion/page_edit_inventario.php?id_inventario=2535&app=2 HTTP/1.1" 200 71765 "https://intranet.tjamich.gob.mx/intranet/sistemas/administracion/page_find_inventario.php?resguardante=275&id_area=0&app=1" "Mozilla/5.0 (Windows NT 10.0; Win64; x64) AppleWebKit/537.36 (KHTML, like Gecko) Chrome/132.0.0.0 Safari/537.36"
187.195.110.68 - - [05/Feb/2025:11:35:23 -0600] "POST /intranet/sistemas/administracion/editar_inventario.php HTTP/1.1" 302 - "https://intranet.tjamich.gob.mx/intranet/sistemas/administracion/page_edit_inventario.php?id_inventario=2535&app=2" "Mozilla/5.0 (Windows NT 10.0; Win64; x64) AppleWebKit/537.36 (KHTML, like Gecko) Chrome/132.0.0.0 Safari/537.36"
187.195.110.68 - - [05/Feb/2025:11:35:23 -0600] "GET /intranet/sistemas/administracion/page_edit_inventario.php?id_inventario=2535 HTTP/1.1" 200 71748 "https://intranet.tjamich.gob.mx/intranet/sistemas/administracion/page_edit_inventario.php?id_inventario=2535&app=2" "Mozilla/5.0 (Windows NT 10.0; Win64; x64) AppleWebKit/537.36 (KHTML, like Gecko) Chrome/132.0.0.0 Safari/537.36"
187.195.110.68 - - [05/Feb/2025:11:35:26 -0600] "POST /intranet/sistemas/administracion/editar_inventario.php HTTP/1.1" 302 - "https://intranet.tjamich.gob.mx/intranet/sistemas/administracion/page_edit_inventario.php?id_inventario=2535" "Mozilla/5.0 (Windows NT 10.0; Win64; x64) AppleWebKit/537.36 (KHTML, like Gecko) Chrome/132.0.0.0 Safari/537.36"
187.195.110.68 - - [05/Feb/2025:11:35:26 -0600] "GET /intranet/sistemas/administracion/page_edit_inventario.php?id_inventario=2535 HTTP/1.1" 200 71742 "https://intranet.tjamich.gob.mx/intranet/sistemas/administracion/page_edit_inventario.php?id_inventario=2535" "Mozilla/5.0 (Windows NT 10.0; Win64; x64) AppleWebKit/537.36 (KHTML, like Gecko) Chrome/132.0.0.0 Safari/537.36"
187.195.110.68 - - [05/Feb/2025:11:35:35 -0600] "GET /intranet/sistemas/administracion/page_edit_inventario.php?id_inventario=2536&app=2 HTTP/1.1" 200 71784 "https://intranet.tjamich.gob.mx/intranet/sistemas/administracion/page_find_inventario.php?resguardante=275&id_area=0&app=1" "Mozilla/5.0 (Windows NT 10.0; Win64; x64) AppleWebKit/537.36 (KHTML, like Gecko) Chrome/132.0.0.0 Safari/537.36"
187.195.110.68 - - [05/Feb/2025:11:35:43 -0600] "POST /intranet/sistemas/administracion/editar_inventario.php HTTP/1.1" 302 - "https://intranet.tjamich.gob.mx/intranet/sistemas/administracion/page_edit_inventario.php?id_inventario=2536&app=2" "Mozilla/5.0 (Windows NT 10.0; Win64; x64) AppleWebKit/537.36 (KHTML, like Gecko) Chrome/132.0.0.0 Safari/537.36"
187.195.110.68 - - [05/Feb/2025:11:35:43 -0600] "GET /intranet/sistemas/administracion/page_edit_inventario.php?id_inventario=2536 HTTP/1.1" 200 71767 "https://intranet.tjamich.gob.mx/intranet/sistemas/administracion/page_edit_inventario.php?id_inventario=2536&app=2" "Mozilla/5.0 (Windows NT 10.0; Win64; x64) AppleWebKit/537.36 (KHTML, like Gecko) Chrome/132.0.0.0 Safari/537.36"
187.195.110.68 - - [05/Feb/2025:11:35:45 -0600] "POST /intranet/sistemas/administracion/editar_inventario.php HTTP/1.1" 302 - "https://intranet.tjamich.gob.mx/intranet/sistemas/administracion/page_edit_inventario.php?id_inventario=2536" "Mozilla/5.0 (Windows NT 10.0; Win64; x64) AppleWebKit/537.36 (KHTML, like Gecko) Chrome/132.0.0.0 Safari/537.36"
187.195.110.68 - - [05/Feb/2025:11:35:45 -0600] "GET /intranet/sistemas/administracion/page_edit_inventario.php?id_inventario=2536 HTTP/1.1" 200 71761 "https://intranet.tjamich.gob.mx/intranet/sistemas/administracion/page_edit_inventario.php?id_inventario=2536" "Mozilla/5.0 (Windows NT 10.0; Win64; x64) AppleWebKit/537.36 (KHTML, like Gecko) Chrome/132.0.0.0 Safari/537.36"
187.195.110.68 - - [05/Feb/2025:11:35:52 -0600] "GET /intranet/sistemas/administracion/page_edit_inventario.php?id_inventario=2537&app=2 HTTP/1.1" 200 71780 "https://intranet.tjamich.gob.mx/intranet/sistemas/administracion/page_find_inventario.php?resguardante=275&id_area=0&app=1" "Mozilla/5.0 (Windows NT 10.0; Win64; x64) AppleWebKit/537.36 (KHTML, like Gecko) Chrome/132.0.0.0 Safari/537.36"
189.243.238.36 - - [05/Feb/2025:11:35:54 -0600] "POST /intranet/fetch.php HTTP/1.1" 200 122 "https://intranet.tjamich.gob.mx/intranet/page_home.php" "Mozilla/5.0 (Windows NT 10.0; Win64; x64) AppleWebKit/537.36 (KHTML, like Gecko) Chrome/132.0.0.0 Safari/537.36"
187.195.110.68 - - [05/Feb/2025:11:35:59 -0600] "POST /intranet/sistemas/administracion/editar_inventario.php HTTP/1.1" 302 - "https://intranet.tjamich.gob.mx/intranet/sistemas/administracion/page_edit_inventario.php?id_inventario=2537&app=2" "Mozilla/5.0 (Windows NT 10.0; Win64; x64) AppleWebKit/537.36 (KHTML, like Gecko) Chrome/132.0.0.0 Safari/537.36"
187.195.110.68 - - [05/Feb/2025:11:35:59 -0600] "GET /intranet/sistemas/administracion/page_edit_inventario.php?id_inventario=2537 HTTP/1.1" 200 71763 "https://intranet.tjamich.gob.mx/intranet/sistemas/administracion/page_edit_inventario.php?id_inventario=2537&app=2" "Mozilla/5.0 (Windows NT 10.0; Win64; x64) AppleWebKit/537.36 (KHTML, like Gecko) Chrome/132.0.0.0 Safari/537.36"
189.243.238.36 - - [05/Feb/2025:11:36:03 -0600] "POST /intranet/sistemas/declaraciones/generar_acuse.php HTTP/1.1" 302 - "https://www.intranet.tjamich.gob.mx/intranet/sistemas/declaraciones/page_fin_declaracion.php?app=1&opc=2&form=23&id_declaracion=1280&tipo=1" "Mozilla/5.0 (Windows NT 10.0; Win64; x64) AppleWebKit/537.36 (KHTML, like Gecko) Chrome/132.0.0.0 Safari/537.36"
189.243.238.36 - - [05/Feb/2025:11:36:03 -0600] "GET /intranet/sistemas/declaraciones/page_declara.php?id_declaracion=1280 HTTP/1.1" 200 47060 "https://www.intranet.tjamich.gob.mx/intranet/sistemas/declaraciones/page_fin_declaracion.php?app=1&opc=2&form=23&id_declaracion=1280&tipo=1" "Mozilla/5.0 (Windows NT 10.0; Win64; x64) AppleWebKit/537.36 (KHTML, like Gecko) Chrome/132.0.0.0 Safari/537.36"
189.243.238.36 - - [05/Feb/2025:11:36:03 -0600] "GET /intranet/sistemas/declaraciones/style.css HTTP/1.1" 404 - "https://www.intranet.tjamich.gob.mx/intranet/sistemas/declaraciones/page_declara.php?id_declaracion=1280" "Mozilla/5.0 (Windows NT 10.0; Win64; x64) AppleWebKit/537.36 (KHTML, like Gecko) Chrome/132.0.0.0 Safari/537.36"
187.195.110.68 - - [05/Feb/2025:11:36:05 -0600] "POST /intranet/sistemas/administracion/editar_inventario.php HTTP/1.1" 302 - "https://intranet.tjamich.gob.mx/intranet/sistemas/administracion/page_edit_inventario.php?id_inventario=2537" "Mozilla/5.0 (Windows NT 10.0; Win64; x64) AppleWebKit/537.36 (KHTML, like Gecko) Chrome/132.0.0.0 Safari/537.36"
187.195.110.68 - - [05/Feb/2025:11:36:06 -0600] "GET /intranet/sistemas/administracion/page_edit_inventario.php?id_inventario=2537 HTTP/1.1" 200 71757 "https://intranet.tjamich.gob.mx/intranet/sistemas/administracion/page_edit_inventario.php?id_inventario=2537" "Mozilla/5.0 (Windows NT 10.0; Win64; x64) AppleWebKit/537.36 (KHTML, like Gecko) Chrome/132.0.0.0 Safari/537.36"
187.195.116.142 - - [05/Feb/2025:11:36:13 -0600] "POST /intranet/fetch.php HTTP/1.1" 200 122 "https://intranet.tjamich.gob.mx/intranet/page_home.php" "Mozilla/5.0 (Windows NT 10.0; Win64; x64) AppleWebKit/537.36 (KHTML, like Gecko) Chrome/132.0.0.0 Safari/537.36 Edg/132.0.0.0"
189.243.238.36 - - [05/Feb/2025:11:36:15 -0600] "GET /intranet/sistemas/declaraciones/page_pdf_publico.php?id_declaracion=1280&app=1&opc=2 HTTP/1.1" 200 19953 "https://www.intranet.tjamich.gob.mx/intranet/sistemas/declaraciones/page_declara.php?id_declaracion=1280" "Mozilla/5.0 (Windows NT 10.0; Win64; x64) AppleWebKit/537.36 (KHTML, like Gecko) Chrome/132.0.0.0 Safari/537.36"
189.243.238.36 - - [05/Feb/2025:11:36:15 -0600] "GET /intranet/sistemas/declaraciones/style.css HTTP/1.1" 404 - "https://www.intranet.tjamich.gob.mx/intranet/sistemas/declaraciones/page_pdf_publico.php?id_declaracion=1280&app=1&opc=2" "Mozilla/5.0 (Windows NT 10.0; Win64; x64) AppleWebKit/537.36 (KHTML, like Gecko) Chrome/132.0.0.0 Safari/537.36"
187.195.110.68 - - [05/Feb/2025:11:36:15 -0600] "GET /intranet/sistemas/administracion/page_edit_inventario.php?id_inventario=2541&app=2 HTTP/1.1" 200 71773 "https://intranet.tjamich.gob.mx/intranet/sistemas/administracion/page_find_inventario.php?resguardante=275&id_area=0&app=1" "Mozilla/5.0 (Windows NT 10.0; Win64; x64) AppleWebKit/537.36 (KHTML, like Gecko) Chrome/132.0.0.0 Safari/537.36"
187.195.110.68 - - [05/Feb/2025:11:36:21 -0600] "POST /intranet/sistemas/administracion/editar_inventario.php HTTP/1.1" 302 - "https://intranet.tjamich.gob.mx/intranet/sistemas/administracion/page_edit_inventario.php?id_inventario=2541&app=2" "Mozilla/5.0 (Windows NT 10.0; Win64; x64) AppleWebKit/537.36 (KHTML, like Gecko) Chrome/132.0.0.0 Safari/537.36"
187.195.110.68 - - [05/Feb/2025:11:36:21 -0600] "GET /intranet/sistemas/administracion/page_edit_inventario.php?id_inventario=2541 HTTP/1.1" 200 71756 "https://intranet.tjamich.gob.mx/intranet/sistemas/administracion/page_edit_inventario.php?id_inventario=2541&app=2" "Mozilla/5.0 (Windows NT 10.0; Win64; x64) AppleWebKit/537.36 (KHTML, like Gecko) Chrome/132.0.0.0 Safari/537.36"
189.243.238.36 - - [05/Feb/2025:11:36:21 -0600] "GET /intranet/sistemas/declaraciones/page_declara.php HTTP/1.1" 200 47060 "https://www.intranet.tjamich.gob.mx/intranet/sistemas/declaraciones/page_pdf_publico.php?id_declaracion=1280&app=1&opc=2" "Mozilla/5.0 (Windows NT 10.0; Win64; x64) AppleWebKit/537.36 (KHTML, like Gecko) Chrome/132.0.0.0 Safari/537.36"
189.243.238.36 - - [05/Feb/2025:11:36:22 -0600] "GET /intranet/sistemas/declaraciones/style.css HTTP/1.1" 404 - "https://www.intranet.tjamich.gob.mx/intranet/sistemas/declaraciones/page_declara.php" "Mozilla/5.0 (Windows NT 10.0; Win64; x64) AppleWebKit/537.36 (KHTML, like Gecko) Chrome/132.0.0.0 Safari/537.36"
187.195.110.68 - - [05/Feb/2025:11:36:23 -0600] "POST /intranet/sistemas/administracion/editar_inventario.php HTTP/1.1" 302 - "https://intranet.tjamich.gob.mx/intranet/sistemas/administracion/page_edit_inventario.php?id_inventario=2541" "Mozilla/5.0 (Windows NT 10.0; Win64; x64) AppleWebKit/537.36 (KHTML, like Gecko) Chrome/132.0.0.0 Safari/537.36"
187.195.110.68 - - [05/Feb/2025:11:36:23 -0600] "GET /intranet/sistemas/administracion/page_edit_inventario.php?id_inventario=2541 HTTP/1.1" 200 71750 "https://intranet.tjamich.gob.mx/intranet/sistemas/administracion/page_edit_inventario.php?id_inventario=2541" "Mozilla/5.0 (Windows NT 10.0; Win64; x64) AppleWebKit/537.36 (KHTML, like Gecko) Chrome/132.0.0.0 Safari/537.36"
189.243.238.36 - - [05/Feb/2025:11:36:15 -0600] "GET /intranet/sistemas/declaraciones/versionp.php?id_declaracion=1280 HTTP/1.1" 200 1366012 "https://www.intranet.tjamich.gob.mx/intranet/sistemas/declaraciones/page_pdf_publico.php?id_declaracion=1280&app=1&opc=2" "Mozilla/5.0 (Windows NT 10.0; Win64; x64) AppleWebKit/537.36 (KHTML, like Gecko) Chrome/132.0.0.0 Safari/537.36"
189.243.238.36 - - [05/Feb/2025:11:36:25 -0600] "GET /intranet/sistemas/declaraciones/page_acuse_declaracion.php?id_declaracion=1280&app=1&opc=2 HTTP/1.1" 200 19972 "https://www.intranet.tjamich.gob.mx/intranet/sistemas/declaraciones/page_declara.php" "Mozilla/5.0 (Windows NT 10.0; Win64; x64) AppleWebKit/537.36 (KHTML, like Gecko) Chrome/132.0.0.0 Safari/537.36"
189.243.238.36 - - [05/Feb/2025:11:36:26 -0600] "GET /intranet/sistemas/declaraciones/style.css HTTP/1.1" 404 - "https://www.intranet.tjamich.gob.mx/intranet/sistemas/declaraciones/page_acuse_declaracion.php?id_declaracion=1280&app=1&opc=2" "Mozilla/5.0 (Windows NT 10.0; Win64; x64) AppleWebKit/537.36 (KHTML, like Gecko) Chrome/132.0.0.0 Safari/537.36"
187.195.110.68 - - [05/Feb/2025:11:36:30 -0600] "GET /intranet/sistemas/administracion/page_edit_inventario.php?id_inventario=2542&app=2 HTTP/1.1" 200 71773 "https://intranet.tjamich.gob.mx/intranet/sistemas/administracion/page_find_inventario.php?resguardante=275&id_area=0&app=1" "Mozilla/5.0 (Windows NT 10.0; Win64; x64) AppleWebKit/537.36 (KHTML, like Gecko) Chrome/132.0.0.0 Safari/537.36"
189.243.238.36 - - [05/Feb/2025:11:36:26 -0600] "GET /intranet/sistemas/declaraciones/pdfacusepatrimonial.php?id_declaracion=1280 HTTP/1.1" 200 1367373 "https://www.intranet.tjamich.gob.mx/intranet/sistemas/declaraciones/page_acuse_declaracion.php?id_declaracion=1280&app=1&opc=2" "Mozilla/5.0 (Windows NT 10.0; Win64; x64) AppleWebKit/537.36 (KHTML, like Gecko) Chrome/132.0.0.0 Safari/537.36"
189.243.238.36 - - [05/Feb/2025:11:36:35 -0600] "GET /intranet/sistemas/declaraciones/page_declara.php HTTP/1.1" 200 47060 "https://www.intranet.tjamich.gob.mx/intranet/sistemas/declaraciones/page_acuse_declaracion.php?id_declaracion=1280&app=1&opc=2" "Mozilla/5.0 (Windows NT 10.0; Win64; x64) AppleWebKit/537.36 (KHTML, like Gecko) Chrome/132.0.0.0 Safari/537.36"
189.243.238.36 - - [05/Feb/2025:11:36:35 -0600] "GET /intranet/sistemas/declaraciones/style.css HTTP/1.1" 404 - "https://www.intranet.tjamich.gob.mx/intranet/sistemas/declaraciones/page_declara.php" "Mozilla/5.0 (Windows NT 10.0; Win64; x64) AppleWebKit/537.36 (KHTML, like Gecko) Chrome/132.0.0.0 Safari/537.36"
187.195.110.68 - - [05/Feb/2025:11:36:38 -0600] "POST /intranet/sistemas/administracion/editar_inventario.php HTTP/1.1" 302 - "https://intranet.tjamich.gob.mx/intranet/sistemas/administracion/page_edit_inventario.php?id_inventario=2542&app=2" "Mozilla/5.0 (Windows NT 10.0; Win64; x64) AppleWebKit/537.36 (KHTML, like Gecko) Chrome/132.0.0.0 Safari/537.36"
187.195.110.68 - - [05/Feb/2025:11:36:38 -0600] "GET /intranet/sistemas/administracion/page_edit_inventario.php?id_inventario=2542 HTTP/1.1" 200 71756 "https://intranet.tjamich.gob.mx/intranet/sistemas/administracion/page_edit_inventario.php?id_inventario=2542&app=2" "Mozilla/5.0 (Windows NT 10.0; Win64; x64) AppleWebKit/537.36 (KHTML, like Gecko) Chrome/132.0.0.0 Safari/537.36"
187.195.110.68 - - [05/Feb/2025:11:36:41 -0600] "POST /intranet/sistemas/administracion/editar_inventario.php HTTP/1.1" 302 - "https://intranet.tjamich.gob.mx/intranet/sistemas/administracion/page_edit_inventario.php?id_inventario=2542" "Mozilla/5.0 (Windows NT 10.0; Win64; x64) AppleWebKit/537.36 (KHTML, like Gecko) Chrome/132.0.0.0 Safari/537.36"
187.195.110.68 - - [05/Feb/2025:11:36:41 -0600] "GET /intranet/sistemas/administracion/page_edit_inventario.php?id_inventario=2542 HTTP/1.1" 200 71750 "https://intranet.tjamich.gob.mx/intranet/sistemas/administracion/page_edit_inventario.php?id_inventario=2542" "Mozilla/5.0 (Windows NT 10.0; Win64; x64) AppleWebKit/537.36 (KHTML, like Gecko) Chrome/132.0.0.0 Safari/537.36"
189.243.238.36 - - [05/Feb/2025:11:36:44 -0600] "POST /intranet/fetch.php HTTP/1.1" 200 122 "https://intranet.tjamich.gob.mx/intranet/page_home.php" "Mozilla/5.0 (Windows NT 10.0; Win64; x64) AppleWebKit/537.36 (KHTML, like Gecko) Chrome/132.0.0.0 Safari/537.36"
189.243.238.36 - - [05/Feb/2025:11:36:45 -0600] "GET /intranet/sistemas/declaraciones/page_fiscal.php?app=1&id_declaracion=1280 HTTP/1.1" 200 21469 "https://www.intranet.tjamich.gob.mx/intranet/sistemas/declaraciones/page_declara.php" "Mozilla/5.0 (Windows NT 10.0; Win64; x64) AppleWebKit/537.36 (KHTML, like Gecko) Chrome/132.0.0.0 Safari/537.36"
189.243.238.36 - - [05/Feb/2025:11:36:45 -0600] "GET /intranet/sistemas/declaraciones/style.css HTTP/1.1" 404 - "https://www.intranet.tjamich.gob.mx/intranet/sistemas/declaraciones/page_fiscal.php?app=1&id_declaracion=1280" "Mozilla/5.0 (Windows NT 10.0; Win64; x64) AppleWebKit/537.36 (KHTML, like Gecko) Chrome/132.0.0.0 Safari/537.36"
187.195.110.68 - - [05/Feb/2025:11:36:48 -0600] "GET /intranet/sistemas/administracion/page_edit_inventario.php?id_inventario=2542&app=2 HTTP/1.1" 200 71764 "https://intranet.tjamich.gob.mx/intranet/sistemas/administracion/page_find_inventario.php?resguardante=275&id_area=0&app=1" "Mozilla/5.0 (Windows NT 10.0; Win64; x64) AppleWebKit/537.36 (KHTML, like Gecko) Chrome/132.0.0.0 Safari/537.36"
187.195.110.68 - - [05/Feb/2025:11:36:53 -0600] "GET /intranet/sistemas/administracion/page_edit_inventario.php?id_inventario=2539&app=2 HTTP/1.1" 200 71775 "https://intranet.tjamich.gob.mx/intranet/sistemas/administracion/page_find_inventario.php?resguardante=275&id_area=0&app=1" "Mozilla/5.0 (Windows NT 10.0; Win64; x64) AppleWebKit/537.36 (KHTML, like Gecko) Chrome/132.0.0.0 Safari/537.36"
187.195.110.68 - - [05/Feb/2025:11:36:59 -0600] "POST /intranet/sistemas/administracion/editar_inventario.php HTTP/1.1" 302 - "https://intranet.tjamich.gob.mx/intranet/sistemas/administracion/page_edit_inventario.php?id_inventario=2539&app=2" "Mozilla/5.0 (Windows NT 10.0; Win64; x64) AppleWebKit/537.36 (KHTML, like Gecko) Chrome/132.0.0.0 Safari/537.36"
187.195.110.68 - - [05/Feb/2025:11:36:59 -0600] "GET /intranet/sistemas/administracion/page_edit_inventario.php?id_inventario=2539 HTTP/1.1" 200 71758 "https://intranet.tjamich.gob.mx/intranet/sistemas/administracion/page_edit_inventario.php?id_inventario=2539&app=2" "Mozilla/5.0 (Windows NT 10.0; Win64; x64) AppleWebKit/537.36 (KHTML, like Gecko) Chrome/132.0.0.0 Safari/537.36"
187.142.67.77 - - [05/Feb/2025:11:37:00 -0600] "GET /intranet/sistemas/requisiciones/page_inicio.php HTTP/1.1" 302 6910 "https://intranet.tjamich.gob.mx/intranet/sistemas/requisiciones/page_requisiciones.php" "Mozilla/5.0 (Windows NT 10.0; Win64; x64) AppleWebKit/537.36 (KHTML, like Gecko) Chrome/132.0.0.0 Safari/537.36"
187.142.67.77 - - [05/Feb/2025:11:37:00 -0600] "GET /intranet/page_inicio.php HTTP/1.1" 200 16185 "https://intranet.tjamich.gob.mx/intranet/sistemas/requisiciones/page_requisiciones.php" "Mozilla/5.0 (Windows NT 10.0; Win64; x64) AppleWebKit/537.36 (KHTML, like Gecko) Chrome/132.0.0.0 Safari/537.36"
187.195.110.68 - - [05/Feb/2025:11:37:02 -0600] "POST /intranet/sistemas/administracion/editar_inventario.php HTTP/1.1" 302 - "https://intranet.tjamich.gob.mx/intranet/sistemas/administracion/page_edit_inventario.php?id_inventario=2539" "Mozilla/5.0 (Windows NT 10.0; Win64; x64) AppleWebKit/537.36 (KHTML, like Gecko) Chrome/132.0.0.0 Safari/537.36"
187.195.110.68 - - [05/Feb/2025:11:37:02 -0600] "GET /intranet/sistemas/administracion/page_edit_inventario.php?id_inventario=2539 HTTP/1.1" 200 71752 "https://intranet.tjamich.gob.mx/intranet/sistemas/administracion/page_edit_inventario.php?id_inventario=2539" "Mozilla/5.0 (Windows NT 10.0; Win64; x64) AppleWebKit/537.36 (KHTML, like Gecko) Chrome/132.0.0.0 Safari/537.36"
189.243.238.36 - - [05/Feb/2025:11:37:04 -0600] "GET /intranet/sistemas/declaraciones/page_declara.php?app=1 HTTP/1.1" 200 47060 "https://www.intranet.tjamich.gob.mx/intranet/sistemas/declaraciones/page_fiscal.php?app=1&id_declaracion=1280" "Mozilla/5.0 (Windows NT 10.0; Win64; x64) AppleWebKit/537.36 (KHTML, like Gecko) Chrome/132.0.0.0 Safari/537.36"
189.243.238.36 - - [05/Feb/2025:11:37:04 -0600] "GET /intranet/sistemas/declaraciones/style.css HTTP/1.1" 404 - "https://www.intranet.tjamich.gob.mx/intranet/sistemas/declaraciones/page_declara.php?app=1" "Mozilla/5.0 (Windows NT 10.0; Win64; x64) AppleWebKit/537.36 (KHTML, like Gecko) Chrome/132.0.0.0 Safari/537.36"
189.243.238.36 - - [05/Feb/2025:11:37:11 -0600] "GET /intranet/sistemas/declaraciones/page_acuse_declaracion.php?id_declaracion=1280&app=1&opc=2 HTTP/1.1" 200 19972 "https://www.intranet.tjamich.gob.mx/intranet/sistemas/declaraciones/page_declara.php?app=1" "Mozilla/5.0 (Windows NT 10.0; Win64; x64) AppleWebKit/537.36 (KHTML, like Gecko) Chrome/132.0.0.0 Safari/537.36"
189.243.238.36 - - [05/Feb/2025:11:37:11 -0600] "GET /intranet/sistemas/declaraciones/style.css HTTP/1.1" 404 - "https://www.intranet.tjamich.gob.mx/intranet/sistemas/declaraciones/page_acuse_declaracion.php?id_declaracion=1280&app=1&opc=2" "Mozilla/5.0 (Windows NT 10.0; Win64; x64) AppleWebKit/537.36 (KHTML, like Gecko) Chrome/132.0.0.0 Safari/537.36"
187.142.67.77 - - [05/Feb/2025:11:37:11 -0600] "POST /intranet/controller/login.php HTTP/1.1" 302 - "https://intranet.tjamich.gob.mx/intranet/page_inicio.php" "Mozilla/5.0 (Windows NT 10.0; Win64; x64) AppleWebKit/537.36 (KHTML, like Gecko) Chrome/132.0.0.0 Safari/537.36"
187.142.67.77 - - [05/Feb/2025:11:37:12 -0600] "GET /intranet/page_home.php HTTP/1.1" 200 67424 "https://intranet.tjamich.gob.mx/intranet/page_inicio.php" "Mozilla/5.0 (Windows NT 10.0; Win64; x64) AppleWebKit/537.36 (KHTML, like Gecko) Chrome/132.0.0.0 Safari/537.36"
187.142.67.77 - - [05/Feb/2025:11:37:13 -0600] "POST /intranet/fetch.php HTTP/1.1" 200 122 "https://intranet.tjamich.gob.mx/intranet/page_home.php" "Mozilla/5.0 (Windows NT 10.0; Win64; x64) AppleWebKit/537.36 (KHTML, like Gecko) Chrome/132.0.0.0 Safari/537.36"
187.195.116.142 - - [05/Feb/2025:11:37:13 -0600] "POST /intranet/fetch.php HTTP/1.1" 200 122 "https://intranet.tjamich.gob.mx/intranet/page_home.php" "Mozilla/5.0 (Windows NT 10.0; Win64; x64) AppleWebKit/537.36 (KHTML, like Gecko) Chrome/132.0.0.0 Safari/537.36 Edg/132.0.0.0"
187.142.67.77 - - [05/Feb/2025:11:37:19 -0600] "GET /intranet/sistemas/requisiciones/page_requisiciones.php HTTP/1.1" 200 23694 "https://intranet.tjamich.gob.mx/intranet/page_home.php" "Mozilla/5.0 (Windows NT 10.0; Win64; x64) AppleWebKit/537.36 (KHTML, like Gecko) Chrome/132.0.0.0 Safari/537.36"
187.142.67.77 - - [05/Feb/2025:11:37:19 -0600] "GET /intranet/sistemas/requisiciones/style.css HTTP/1.1" 404 - "https://intranet.tjamich.gob.mx/intranet/sistemas/requisiciones/page_requisiciones.php" "Mozilla/5.0 (Windows NT 10.0; Win64; x64) AppleWebKit/537.36 (KHTML, like Gecko) Chrome/132.0.0.0 Safari/537.36"
189.243.238.36 - - [05/Feb/2025:11:37:11 -0600] "GET /intranet/sistemas/declaraciones/pdfacusepatrimonial.php?id_declaracion=1280 HTTP/1.1" 200 1367373 "https://www.intranet.tjamich.gob.mx/intranet/sistemas/declaraciones/page_acuse_declaracion.php?id_declaracion=1280&app=1&opc=2" "Mozilla/5.0 (Windows NT 10.0; Win64; x64) AppleWebKit/537.36 (KHTML, like Gecko) Chrome/132.0.0.0 Safari/537.36"
189.243.238.36 - - [05/Feb/2025:11:37:34 -0600] "POST /intranet/fetch.php HTTP/1.1" 200 122 "https://intranet.tjamich.gob.mx/intranet/page_home.php" "Mozilla/5.0 (Windows NT 10.0; Win64; x64) AppleWebKit/537.36 (KHTML, like Gecko) Chrome/132.0.0.0 Safari/537.36"
187.195.116.142 - - [05/Feb/2025:11:38:13 -0600] "POST /intranet/fetch.php HTTP/1.1" 200 122 "https://intranet.tjamich.gob.mx/intranet/page_home.php" "Mozilla/5.0 (Windows NT 10.0; Win64; x64) AppleWebKit/537.36 (KHTML, like Gecko) Chrome/132.0.0.0 Safari/537.36 Edg/132.0.0.0"
189.243.238.36 - - [05/Feb/2025:11:38:22 -0600] "GET / HTTP/1.1" 200 567 "-" "Mozilla/5.0 (Windows NT 10.0; Win64; x64) AppleWebKit/537.36 (KHTML, like Gecko) Chrome/132.0.0.0 Safari/537.36"
189.243.238.36 - - [05/Feb/2025:11:38:23 -0600] "GET /intranet/page_inicio.php HTTP/1.1" 200 16185 "https://intranet.tjamich.gob.mx/" "Mozilla/5.0 (Windows NT 10.0; Win64; x64) AppleWebKit/537.36 (KHTML, like Gecko) Chrome/132.0.0.0 Safari/537.36"
189.243.238.36 - - [05/Feb/2025:11:38:24 -0600] "POST /intranet/fetch.php HTTP/1.1" 200 122 "https://intranet.tjamich.gob.mx/intranet/page_home.php" "Mozilla/5.0 (Windows NT 10.0; Win64; x64) AppleWebKit/537.36 (KHTML, like Gecko) Chrome/132.0.0.0 Safari/537.36"
189.243.238.36 - - [05/Feb/2025:11:38:25 -0600] "GET /intranet/common/vendors/jquery-ui-1.10.4.custom/css/ui-lightness/jquery-ui-1.10.4.custom.min.css HTTP/1.1" 200 34406 "https://intranet.tjamich.gob.mx/intranet/page_inicio.php" "Mozilla/5.0 (Windows NT 10.0; Win64; x64) AppleWebKit/537.36 (KHTML, like Gecko) Chrome/132.0.0.0 Safari/537.36"
189.243.238.36 - - [05/Feb/2025:11:38:25 -0600] "GET /intranet/common/vendors/fontawesome/css/all.css HTTP/1.1" 200 78193 "https://intranet.tjamich.gob.mx/intranet/page_inicio.php" "Mozilla/5.0 (Windows NT 10.0; Win64; x64) AppleWebKit/537.36 (KHTML, like Gecko) Chrome/132.0.0.0 Safari/537.36"
189.243.238.36 - - [05/Feb/2025:11:38:25 -0600] "GET /intranet/common/vendors/bootstrap/css/bootstrap.min.css HTTP/1.1" 200 145284 "https://intranet.tjamich.gob.mx/intranet/page_inicio.php" "Mozilla/5.0 (Windows NT 10.0; Win64; x64) AppleWebKit/537.36 (KHTML, like Gecko) Chrome/132.0.0.0 Safari/537.36"
189.243.238.36 - - [05/Feb/2025:11:38:25 -0600] "GET /intranet/common/vendors/bootstrap-datetimepicker/build/css/bootstrap-datetimepicker.min.css HTTP/1.1" 200 4510 "https://intranet.tjamich.gob.mx/intranet/page_inicio.php" "Mozilla/5.0 (Windows NT 10.0; Win64; x64) AppleWebKit/537.36 (KHTML, like Gecko) Chrome/132.0.0.0 Safari/537.36"
189.243.238.36 - - [05/Feb/2025:11:38:25 -0600] "GET /intranet/common/vendors/bootstrap-timepicker/css/bootstrap-timepicker.min.css HTTP/1.1" 200 3056 "https://intranet.tjamich.gob.mx/intranet/page_inicio.php" "Mozilla/5.0 (Windows NT 10.0; Win64; x64) AppleWebKit/537.36 (KHTML, like Gecko) Chrome/132.0.0.0 Safari/537.36"
189.243.238.36 - - [05/Feb/2025:11:38:25 -0600] "GET /intranet/common/vendors/bootstrap-clockface/css/clockface.css HTTP/1.1" 200 6428 "https://intranet.tjamich.gob.mx/intranet/page_inicio.php" "Mozilla/5.0 (Windows NT 10.0; Win64; x64) AppleWebKit/537.36 (KHTML, like Gecko) Chrome/132.0.0.0 Safari/537.36"
189.243.238.36 - - [05/Feb/2025:11:38:25 -0600] "GET /intranet/common/vendors/bootstrap-switch/css/bootstrap-switch.css HTTP/1.1" 200 15444 "https://intranet.tjamich.gob.mx/intranet/page_inicio.php" "Mozilla/5.0 (Windows NT 10.0; Win64; x64) AppleWebKit/537.36 (KHTML, like Gecko) Chrome/132.0.0.0 Safari/537.36"
189.243.238.36 - - [05/Feb/2025:11:38:26 -0600] "GET /intranet/common/vendors/jplist/html/css/jplist-custom.css HTTP/1.1" 200 21350 "https://intranet.tjamich.gob.mx/intranet/page_inicio.php" "Mozilla/5.0 (Windows NT 10.0; Win64; x64) AppleWebKit/537.36 (KHTML, like Gecko) Chrome/132.0.0.0 Safari/537.36"
189.243.238.36 - - [05/Feb/2025:11:38:26 -0600] "GET /intranet/common/vendors/intro.js/introjs.css HTTP/1.1" 200 8396 "https://intranet.tjamich.gob.mx/intranet/page_inicio.php" "Mozilla/5.0 (Windows NT 10.0; Win64; x64) AppleWebKit/537.36 (KHTML, like Gecko) Chrome/132.0.0.0 Safari/537.36"
187.195.116.142 - - [05/Feb/2025:11:39:13 -0600] "POST /intranet/fetch.php HTTP/1.1" 200 122 "https://intranet.tjamich.gob.mx/intranet/page_home.php" "Mozilla/5.0 (Windows NT 10.0; Win64; x64) AppleWebKit/537.36 (KHTML, like Gecko) Chrome/132.0.0.0 Safari/537.36 Edg/132.0.0.0"
189.243.238.36 - - [05/Feb/2025:11:39:14 -0600] "POST /intranet/fetch.php HTTP/1.1" 200 122 "https://intranet.tjamich.gob.mx/intranet/page_home.php" "Mozilla/5.0 (Windows NT 10.0; Win64; x64) AppleWebKit/537.36 (KHTML, like Gecko) Chrome/132.0.0.0 Safari/537.36"
189.243.238.36 - - [05/Feb/2025:11:39:24 -0600] "GET /intranet/logout.php HTTP/1.1" 302 - "https://intranet.tjamich.gob.mx/intranet/page_home.php" "Mozilla/5.0 (Windows NT 10.0; Win64; x64) AppleWebKit/537.36 (KHTML, like Gecko) Chrome/132.0.0.0 Safari/537.36"
189.243.238.36 - - [05/Feb/2025:11:39:25 -0600] "GET /intranet/page_inicio.php HTTP/1.1" 200 16185 "https://intranet.tjamich.gob.mx/intranet/page_home.php" "Mozilla/5.0 (Windows NT 10.0; Win64; x64) AppleWebKit/537.36 (KHTML, like Gecko) Chrome/132.0.0.0 Safari/537.36"
189.243.238.36 - - [05/Feb/2025:11:39:55 -0600] "GET /intranet/page_home.php HTTP/1.1" 200 70565 "https://intranet.tjamich.gob.mx/intranet/sistemas/administracion/page_find_inventario_tic.php?resguardante=A&id_area=0&app=1&table_id_length=10&table_id_length=10" "Mozilla/5.0 (Windows NT 10.0; Win64; x64) AppleWebKit/537.36 (KHTML, like Gecko) Chrome/133.0.0.0 Safari/537.36"
189.243.238.36 - - [05/Feb/2025:11:39:55 -0600] "POST /intranet/fetch.php HTTP/1.1" 200 122 "https://intranet.tjamich.gob.mx/intranet/page_home.php" "Mozilla/5.0 (Windows NT 10.0; Win64; x64) AppleWebKit/537.36 (KHTML, like Gecko) Chrome/133.0.0.0 Safari/537.36"
187.195.116.142 - - [05/Feb/2025:11:40:13 -0600] "POST /intranet/fetch.php HTTP/1.1" 200 122 "https://intranet.tjamich.gob.mx/intranet/page_home.php" "Mozilla/5.0 (Windows NT 10.0; Win64; x64) AppleWebKit/537.36 (KHTML, like Gecko) Chrome/132.0.0.0 Safari/537.36 Edg/132.0.0.0"
187.195.110.68 - - [05/Feb/2025:11:40:34 -0600] "GET /intranet/page_home.php HTTP/1.1" 200 66172 "https://intranet.tjamich.gob.mx/intranet/sistemas/administracion/page_find_inventario.php?resguardante=275&id_area=0&app=1" "Mozilla/5.0 (Windows NT 10.0; Win64; x64) AppleWebKit/537.36 (KHTML, like Gecko) Chrome/132.0.0.0 Safari/537.36"
187.195.110.68 - - [05/Feb/2025:11:40:35 -0600] "POST /intranet/fetch.php HTTP/1.1" 200 122 "https://intranet.tjamich.gob.mx/intranet/page_home.php" "Mozilla/5.0 (Windows NT 10.0; Win64; x64) AppleWebKit/537.36 (KHTML, like Gecko) Chrome/132.0.0.0 Safari/537.36"
187.195.110.68 - - [05/Feb/2025:11:40:39 -0600] "GET /intranet/sistemas/administracion/style.css HTTP/1.1" 404 - "https://intranet.tjamich.gob.mx/intranet/sistemas/administracion/page_find_inventario.php" "Mozilla/5.0 (Windows NT 10.0; Win64; x64) AppleWebKit/537.36 (KHTML, like Gecko) Chrome/132.0.0.0 Safari/537.36"
187.195.110.68 - - [05/Feb/2025:11:40:38 -0600] "GET /intranet/sistemas/administracion/page_find_inventario.php HTTP/1.1" 200 3377795 "https://intranet.tjamich.gob.mx/intranet/page_home.php" "Mozilla/5.0 (Windows NT 10.0; Win64; x64) AppleWebKit/537.36 (KHTML, like Gecko) Chrome/132.0.0.0 Safari/537.36"
189.243.238.36 - - [05/Feb/2025:11:40:46 -0600] "POST /intranet/fetch.php HTTP/1.1" 200 122 "https://intranet.tjamich.gob.mx/intranet/page_home.php" "Mozilla/5.0 (Windows NT 10.0; Win64; x64) AppleWebKit/537.36 (KHTML, like Gecko) Chrome/133.0.0.0 Safari/537.36"
187.195.110.68 - - [05/Feb/2025:11:40:51 -0600] "GET /intranet/sistemas/administracion/page_find_inventario.php?resguardante=388&id_area=0&app=1 HTTP/1.1" 200 62098 "https://intranet.tjamich.gob.mx/intranet/sistemas/administracion/page_find_inventario.php" "Mozilla/5.0 (Windows NT 10.0; Win64; x64) AppleWebKit/537.36 (KHTML, like Gecko) Chrome/132.0.0.0 Safari/537.36"
187.195.110.68 - - [05/Feb/2025:11:40:51 -0600] "GET /intranet/sistemas/administracion/style.css HTTP/1.1" 404 - "https://intranet.tjamich.gob.mx/intranet/sistemas/administracion/page_find_inventario.php?resguardante=388&id_area=0&app=1" "Mozilla/5.0 (Windows NT 10.0; Win64; x64) AppleWebKit/537.36 (KHTML, like Gecko) Chrome/132.0.0.0 Safari/537.36"
187.195.110.68 - - [05/Feb/2025:11:40:53 -0600] "GET /intranet/sistemas/administracion/pdfreporteresguardo.php?cap=5000&resguardador=388&id_area=0 HTTP/1.1" 200 118743 "https://intranet.tjamich.gob.mx/intranet/sistemas/administracion/page_find_inventario.php?resguardante=388&id_area=0&app=1" "Mozilla/5.0 (Windows NT 10.0; Win64; x64) AppleWebKit/537.36 (KHTML, like Gecko) Chrome/132.0.0.0 Safari/537.36"
187.195.116.142 - - [05/Feb/2025:11:41:13 -0600] "POST /intranet/fetch.php HTTP/1.1" 200 122 "https://intranet.tjamich.gob.mx/intranet/page_home.php" "Mozilla/5.0 (Windows NT 10.0; Win64; x64) AppleWebKit/537.36 (KHTML, like Gecko) Chrome/132.0.0.0 Safari/537.36 Edg/132.0.0.0"
189.243.238.36 - - [05/Feb/2025:11:41:36 -0600] "POST /intranet/fetch.php HTTP/1.1" 200 122 "https://intranet.tjamich.gob.mx/intranet/page_home.php" "Mozilla/5.0 (Windows NT 10.0; Win64; x64) AppleWebKit/537.36 (KHTML, like Gecko) Chrome/133.0.0.0 Safari/537.36"
187.195.116.142 - - [05/Feb/2025:11:42:13 -0600] "POST /intranet/fetch.php HTTP/1.1" 200 122 "https://intranet.tjamich.gob.mx/intranet/page_home.php" "Mozilla/5.0 (Windows NT 10.0; Win64; x64) AppleWebKit/537.36 (KHTML, like Gecko) Chrome/132.0.0.0 Safari/537.36 Edg/132.0.0.0"
189.243.238.36 - - [05/Feb/2025:11:42:20 -0600] "GET /intranet/sistemas/declaraciones/page_declara.php HTTP/1.1" 200 47060 "https://www.intranet.tjamich.gob.mx/intranet/sistemas/declaraciones/page_acuse_declaracion.php?id_declaracion=1280&app=1&opc=2" "Mozilla/5.0 (Windows NT 10.0; Win64; x64) AppleWebKit/537.36 (KHTML, like Gecko) Chrome/132.0.0.0 Safari/537.36"
189.243.238.36 - - [05/Feb/2025:11:42:21 -0600] "GET /intranet/sistemas/declaraciones/style.css HTTP/1.1" 404 - "https://www.intranet.tjamich.gob.mx/intranet/sistemas/declaraciones/page_declara.php" "Mozilla/5.0 (Windows NT 10.0; Win64; x64) AppleWebKit/537.36 (KHTML, like Gecko) Chrome/132.0.0.0 Safari/537.36"
189.243.238.36 - - [05/Feb/2025:11:42:25 -0600] "GET /intranet/sistemas/declaraciones/page_acuse_declaracion.php?id_declaracion=1280&app=1&opc=2 HTTP/1.1" 200 19972 "https://www.intranet.tjamich.gob.mx/intranet/sistemas/declaraciones/page_declara.php" "Mozilla/5.0 (Windows NT 10.0; Win64; x64) AppleWebKit/537.36 (KHTML, like Gecko) Chrome/132.0.0.0 Safari/537.36"
189.243.238.36 - - [05/Feb/2025:11:42:26 -0600] "GET /intranet/sistemas/declaraciones/style.css HTTP/1.1" 404 - "https://www.intranet.tjamich.gob.mx/intranet/sistemas/declaraciones/page_acuse_declaracion.php?id_declaracion=1280&app=1&opc=2" "Mozilla/5.0 (Windows NT 10.0; Win64; x64) AppleWebKit/537.36 (KHTML, like Gecko) Chrome/132.0.0.0 Safari/537.36"
189.243.238.36 - - [05/Feb/2025:11:42:26 -0600] "POST /intranet/fetch.php HTTP/1.1" 200 122 "https://intranet.tjamich.gob.mx/intranet/page_home.php" "Mozilla/5.0 (Windows NT 10.0; Win64; x64) AppleWebKit/537.36 (KHTML, like Gecko) Chrome/133.0.0.0 Safari/537.36"
189.243.238.36 - - [05/Feb/2025:11:42:26 -0600] "GET /intranet/sistemas/declaraciones/pdfacusepatrimonial.php?id_declaracion=1280 HTTP/1.1" 200 1367373 "https://www.intranet.tjamich.gob.mx/intranet/sistemas/declaraciones/page_acuse_declaracion.php?id_declaracion=1280&app=1&opc=2" "Mozilla/5.0 (Windows NT 10.0; Win64; x64) AppleWebKit/537.36 (KHTML, like Gecko) Chrome/132.0.0.0 Safari/537.36"
187.195.116.142 - - [05/Feb/2025:11:43:13 -0600] "POST /intranet/fetch.php HTTP/1.1" 200 122 "https://intranet.tjamich.gob.mx/intranet/page_home.php" "Mozilla/5.0 (Windows NT 10.0; Win64; x64) AppleWebKit/537.36 (KHTML, like Gecko) Chrome/132.0.0.0 Safari/537.36 Edg/132.0.0.0"
189.243.238.36 - - [05/Feb/2025:11:43:16 -0600] "POST /intranet/fetch.php HTTP/1.1" 200 122 "https://intranet.tjamich.gob.mx/intranet/page_home.php" "Mozilla/5.0 (Windows NT 10.0; Win64; x64) AppleWebKit/537.36 (KHTML, like Gecko) Chrome/133.0.0.0 Safari/537.36"
189.243.202.99 - - [05/Feb/2025:11:43:23 -0600] "GET / HTTP/1.1" 200 567 "-" "Mozilla/5.0 (Windows NT 10.0; Win64; x64) AppleWebKit/537.36 (KHTML, like Gecko) Chrome/132.0.0.0 Safari/537.36"
189.243.202.99 - - [05/Feb/2025:11:43:23 -0600] "GET /intranet/page_inicio.php HTTP/1.1" 200 16185 "https://intranet.tjamich.gob.mx/" "Mozilla/5.0 (Windows NT 10.0; Win64; x64) AppleWebKit/537.36 (KHTML, like Gecko) Chrome/132.0.0.0 Safari/537.36"
189.243.202.99 - - [05/Feb/2025:11:43:25 -0600] "POST /intranet/controller/login.php HTTP/1.1" 302 - "https://intranet.tjamich.gob.mx/intranet/page_inicio.php" "Mozilla/5.0 (Windows NT 10.0; Win64; x64) AppleWebKit/537.36 (KHTML, like Gecko) Chrome/132.0.0.0 Safari/537.36"
189.243.202.99 - - [05/Feb/2025:11:43:26 -0600] "GET /intranet/page_home.php HTTP/1.1" 200 64461 "https://intranet.tjamich.gob.mx/intranet/page_inicio.php" "Mozilla/5.0 (Windows NT 10.0; Win64; x64) AppleWebKit/537.36 (KHTML, like Gecko) Chrome/132.0.0.0 Safari/537.36"
189.243.202.99 - - [05/Feb/2025:11:43:27 -0600] "POST /intranet/fetch.php HTTP/1.1" 200 122 "https://intranet.tjamich.gob.mx/intranet/page_home.php" "Mozilla/5.0 (Windows NT 10.0; Win64; x64) AppleWebKit/537.36 (KHTML, like Gecko) Chrome/132.0.0.0 Safari/537.36"
189.243.202.99 - - [05/Feb/2025:11:43:35 -0600] "GET /intranet/sistemas/oficios/page_oficios.php HTTP/1.1" 200 18888 "https://intranet.tjamich.gob.mx/intranet/page_home.php" "Mozilla/5.0 (Windows NT 10.0; Win64; x64) AppleWebKit/537.36 (KHTML, like Gecko) Chrome/132.0.0.0 Safari/537.36"
189.243.202.99 - - [05/Feb/2025:11:43:35 -0600] "GET /intranet/sistemas/oficios/style.css HTTP/1.1" 200 208 "https://intranet.tjamich.gob.mx/intranet/sistemas/oficios/page_oficios.php" "Mozilla/5.0 (Windows NT 10.0; Win64; x64) AppleWebKit/537.36 (KHTML, like Gecko) Chrome/132.0.0.0 Safari/537.36"
189.243.202.99 - - [05/Feb/2025:11:43:36 -0600] "GET /intranet/common/ckeditor5/translations/es.js HTTP/1.1" 200 5401 "https://intranet.tjamich.gob.mx/intranet/sistemas/oficios/page_oficios.php" "Mozilla/5.0 (Windows NT 10.0; Win64; x64) AppleWebKit/537.36 (KHTML, like Gecko) Chrome/132.0.0.0 Safari/537.36"
189.243.202.99 - - [05/Feb/2025:11:43:35 -0600] "GET /intranet/common/ckeditor5/ckeditor.js HTTP/1.1" 200 812575 "https://intranet.tjamich.gob.mx/intranet/sistemas/oficios/page_oficios.php" "Mozilla/5.0 (Windows NT 10.0; Win64; x64) AppleWebKit/537.36 (KHTML, like Gecko) Chrome/132.0.0.0 Safari/537.36"
189.243.202.99 - - [05/Feb/2025:11:43:39 -0600] "GET /intranet/page_home.php HTTP/1.1" 200 64461 "https://intranet.tjamich.gob.mx/intranet/page_inicio.php" "Mozilla/5.0 (Windows NT 10.0; Win64; x64) AppleWebKit/537.36 (KHTML, like Gecko) Chrome/132.0.0.0 Safari/537.36"
189.243.202.99 - - [05/Feb/2025:11:43:39 -0600] "POST /intranet/fetch.php HTTP/1.1" 200 122 "https://intranet.tjamich.gob.mx/intranet/page_home.php" "Mozilla/5.0 (Windows NT 10.0; Win64; x64) AppleWebKit/537.36 (KHTML, like Gecko) Chrome/132.0.0.0 Safari/537.36"
189.243.202.99 - - [05/Feb/2025:11:43:46 -0600] "GET /intranet/sistemas/declaraciones/page_declara.php HTTP/1.1" 200 50877 "https://intranet.tjamich.gob.mx/intranet/page_home.php" "Mozilla/5.0 (Windows NT 10.0; Win64; x64) AppleWebKit/537.36 (KHTML, like Gecko) Chrome/132.0.0.0 Safari/537.36"
189.243.202.99 - - [05/Feb/2025:11:43:46 -0600] "GET /intranet/sistemas/declaraciones/style.css HTTP/1.1" 404 - "https://intranet.tjamich.gob.mx/intranet/sistemas/declaraciones/page_declara.php" "Mozilla/5.0 (Windows NT 10.0; Win64; x64) AppleWebKit/537.36 (KHTML, like Gecko) Chrome/132.0.0.0 Safari/537.36"
189.243.202.99 - - [05/Feb/2025:11:43:46 -0600] "GET /intranet/common/images/pdf.png HTTP/1.1" 200 13174 "https://intranet.tjamich.gob.mx/intranet/sistemas/declaraciones/page_declara.php" "Mozilla/5.0 (Windows NT 10.0; Win64; x64) AppleWebKit/537.36 (KHTML, like Gecko) Chrome/132.0.0.0 Safari/537.36"
189.243.202.99 - - [05/Feb/2025:11:43:49 -0600] "GET /intranet/page_home.php HTTP/1.1" 200 64461 "https://intranet.tjamich.gob.mx/intranet/page_inicio.php" "Mozilla/5.0 (Windows NT 10.0; Win64; x64) AppleWebKit/537.36 (KHTML, like Gecko) Chrome/132.0.0.0 Safari/537.36"
189.243.202.99 - - [05/Feb/2025:11:43:50 -0600] "POST /intranet/fetch.php HTTP/1.1" 200 122 "https://intranet.tjamich.gob.mx/intranet/page_home.php" "Mozilla/5.0 (Windows NT 10.0; Win64; x64) AppleWebKit/537.36 (KHTML, like Gecko) Chrome/132.0.0.0 Safari/537.36"
189.243.238.36 - - [05/Feb/2025:11:44:06 -0600] "POST /intranet/fetch.php HTTP/1.1" 200 122 "https://intranet.tjamich.gob.mx/intranet/page_home.php" "Mozilla/5.0 (Windows NT 10.0; Win64; x64) AppleWebKit/537.36 (KHTML, like Gecko) Chrome/133.0.0.0 Safari/537.36"
187.195.116.142 - - [05/Feb/2025:11:44:13 -0600] "POST /intranet/fetch.php HTTP/1.1" 200 122 "https://intranet.tjamich.gob.mx/intranet/page_home.php" "Mozilla/5.0 (Windows NT 10.0; Win64; x64) AppleWebKit/537.36 (KHTML, like Gecko) Chrome/132.0.0.0 Safari/537.36 Edg/132.0.0.0"
189.243.238.36 - - [05/Feb/2025:11:44:16 -0600] "GET /intranet/sistemas/declaraciones/page_declara.php HTTP/1.1" 200 47060 "https://www.intranet.tjamich.gob.mx/intranet/sistemas/declaraciones/page_acuse_declaracion.php?id_declaracion=1280&app=1&opc=2" "Mozilla/5.0 (Windows NT 10.0; Win64; x64) AppleWebKit/537.36 (KHTML, like Gecko) Chrome/132.0.0.0 Safari/537.36"
189.243.238.36 - - [05/Feb/2025:11:44:16 -0600] "GET /intranet/sistemas/declaraciones/style.css HTTP/1.1" 404 - "https://www.intranet.tjamich.gob.mx/intranet/sistemas/declaraciones/page_declara.php" "Mozilla/5.0 (Windows NT 10.0; Win64; x64) AppleWebKit/537.36 (KHTML, like Gecko) Chrome/132.0.0.0 Safari/537.36"
189.243.238.36 - - [05/Feb/2025:11:44:30 -0600] "GET /intranet/sistemas/declaraciones/page_pdf_declaracion.php?id_declaracion=1280&app=1&opc=2 HTTP/1.1" 200 20431 "https://www.intranet.tjamich.gob.mx/intranet/sistemas/declaraciones/page_declara.php" "Mozilla/5.0 (Windows NT 10.0; Win64; x64) AppleWebKit/537.36 (KHTML, like Gecko) Chrome/132.0.0.0 Safari/537.36"
189.243.238.36 - - [05/Feb/2025:11:44:31 -0600] "GET /intranet/sistemas/declaraciones/style.css HTTP/1.1" 404 - "https://www.intranet.tjamich.gob.mx/intranet/sistemas/declaraciones/page_pdf_declaracion.php?id_declaracion=1280&app=1&opc=2" "Mozilla/5.0 (Windows NT 10.0; Win64; x64) AppleWebKit/537.36 (KHTML, like Gecko) Chrome/132.0.0.0 Safari/537.36"
189.243.238.36 - - [05/Feb/2025:11:44:31 -0600] "GET /intranet/sistemas/declaraciones/pdfresultadopatrimonial.php?id_declaracion=1280 HTTP/1.1" 200 840706 "https://www.intranet.tjamich.gob.mx/intranet/sistemas/declaraciones/page_pdf_declaracion.php?id_declaracion=1280&app=1&opc=2" "Mozilla/5.0 (Windows NT 10.0; Win64; x64) AppleWebKit/537.36 (KHTML, like Gecko) Chrome/132.0.0.0 Safari/537.36"
189.243.202.99 - - [05/Feb/2025:11:44:40 -0600] "POST /intranet/fetch.php HTTP/1.1" 200 122 "https://intranet.tjamich.gob.mx/intranet/page_home.php" "Mozilla/5.0 (Windows NT 10.0; Win64; x64) AppleWebKit/537.36 (KHTML, like Gecko) Chrome/132.0.0.0 Safari/537.36"
