189.243.238.36 - - [05/Feb/2025:11:44:56 -0600] "POST /intranet/fetch.php HTTP/1.1" 200 122 "https://intranet.tjamich.gob.mx/intranet/page_home.php" "Mozilla/5.0 (Windows NT 10.0; Win64; x64) AppleWebKit/537.36 (KHTML, like Gecko) Chrome/133.0.0.0 Safari/537.36"
189.243.238.36 - - [05/Feb/2025:11:44:57 -0600] "GET /intranet/sistemas/declaraciones/page_declara.php HTTP/1.1" 200 47060 "https://www.intranet.tjamich.gob.mx/intranet/sistemas/declaraciones/page_pdf_declaracion.php?id_declaracion=1280&app=1&opc=2" "Mozilla/5.0 (Windows NT 10.0; Win64; x64) AppleWebKit/537.36 (KHTML, like Gecko) Chrome/132.0.0.0 Safari/537.36"
189.243.238.36 - - [05/Feb/2025:11:44:57 -0600] "GET /intranet/sistemas/declaraciones/style.css HTTP/1.1" 404 - "https://www.intranet.tjamich.gob.mx/intranet/sistemas/declaraciones/page_declara.php" "Mozilla/5.0 (Windows NT 10.0; Win64; x64) AppleWebKit/537.36 (KHTML, like Gecko) Chrome/132.0.0.0 Safari/537.36"
189.243.238.36 - - [05/Feb/2025:11:45:03 -0600] "GET /intranet/sistemas/declaraciones/page_pdf_publico.php?id_declaracion=1280&app=1&opc=2 HTTP/1.1" 200 19953 "https://www.intranet.tjamich.gob.mx/intranet/sistemas/declaraciones/page_declara.php" "Mozilla/5.0 (Windows NT 10.0; Win64; x64) AppleWebKit/537.36 (KHTML, like Gecko) Chrome/132.0.0.0 Safari/537.36"
189.243.238.36 - - [05/Feb/2025:11:45:04 -0600] "GET /intranet/sistemas/declaraciones/style.css HTTP/1.1" 404 - "https://www.intranet.tjamich.gob.mx/intranet/sistemas/declaraciones/page_pdf_publico.php?id_declaracion=1280&app=1&opc=2" "Mozilla/5.0 (Windows NT 10.0; Win64; x64) AppleWebKit/537.36 (KHTML, like Gecko) Chrome/132.0.0.0 Safari/537.36"
187.195.116.142 - - [05/Feb/2025:11:45:13 -0600] "POST /intranet/fetch.php HTTP/1.1" 200 122 "https://intranet.tjamich.gob.mx/intranet/page_home.php" "Mozilla/5.0 (Windows NT 10.0; Win64; x64) AppleWebKit/537.36 (KHTML, like Gecko) Chrome/132.0.0.0 Safari/537.36 Edg/132.0.0.0"
189.243.202.99 - - [05/Feb/2025:11:45:30 -0600] "POST /intranet/fetch.php HTTP/1.1" 200 122 "https://intranet.tjamich.gob.mx/intranet/page_home.php" "Mozilla/5.0 (Windows NT 10.0; Win64; x64) AppleWebKit/537.36 (KHTML, like Gecko) Chrome/132.0.0.0 Safari/537.36"
189.243.238.36 - - [05/Feb/2025:11:45:04 -0600] "GET /intranet/sistemas/declaraciones/versionp.php?id_declaracion=1280 HTTP/1.1" 200 1366012 "https://www.intranet.tjamich.gob.mx/intranet/sistemas/declaraciones/page_pdf_publico.php?id_declaracion=1280&app=1&opc=2" "Mozilla/5.0 (Windows NT 10.0; Win64; x64) AppleWebKit/537.36 (KHTML, like Gecko) Chrome/132.0.0.0 Safari/537.36"
189.243.238.36 - - [05/Feb/2025:11:45:46 -0600] "POST /intranet/fetch.php HTTP/1.1" 200 122 "https://intranet.tjamich.gob.mx/intranet/page_home.php" "Mozilla/5.0 (Windows NT 10.0; Win64; x64) AppleWebKit/537.36 (KHTML, like Gecko) Chrome/133.0.0.0 Safari/537.36"
187.195.116.142 - - [05/Feb/2025:11:46:13 -0600] "POST /intranet/fetch.php HTTP/1.1" 200 122 "https://intranet.tjamich.gob.mx/intranet/page_home.php" "Mozilla/5.0 (Windows NT 10.0; Win64; x64) AppleWebKit/537.36 (KHTML, like Gecko) Chrome/132.0.0.0 Safari/537.36 Edg/132.0.0.0"
189.243.202.99 - - [05/Feb/2025:11:46:20 -0600] "POST /intranet/fetch.php HTTP/1.1" 200 122 "https://intranet.tjamich.gob.mx/intranet/page_home.php" "Mozilla/5.0 (Windows NT 10.0; Win64; x64) AppleWebKit/537.36 (KHTML, like Gecko) Chrome/132.0.0.0 Safari/537.36"
189.243.238.36 - - [05/Feb/2025:11:46:36 -0600] "POST /intranet/fetch.php HTTP/1.1" 200 122 "https://intranet.tjamich.gob.mx/intranet/page_home.php" "Mozilla/5.0 (Windows NT 10.0; Win64; x64) AppleWebKit/537.36 (KHTML, like Gecko) Chrome/133.0.0.0 Safari/537.36"
189.243.202.99 - - [05/Feb/2025:11:47:10 -0600] "POST /intranet/fetch.php HTTP/1.1" 200 122 "https://intranet.tjamich.gob.mx/intranet/page_home.php" "Mozilla/5.0 (Windows NT 10.0; Win64; x64) AppleWebKit/537.36 (KHTML, like Gecko) Chrome/132.0.0.0 Safari/537.36"
187.195.116.142 - - [05/Feb/2025:11:47:13 -0600] "POST /intranet/fetch.php HTTP/1.1" 200 122 "https://intranet.tjamich.gob.mx/intranet/page_home.php" "Mozilla/5.0 (Windows NT 10.0; Win64; x64) AppleWebKit/537.36 (KHTML, like Gecko) Chrome/132.0.0.0 Safari/537.36 Edg/132.0.0.0"
189.243.238.36 - - [05/Feb/2025:11:47:26 -0600] "POST /intranet/fetch.php HTTP/1.1" 200 122 "https://intranet.tjamich.gob.mx/intranet/page_home.php" "Mozilla/5.0 (Windows NT 10.0; Win64; x64) AppleWebKit/537.36 (KHTML, like Gecko) Chrome/133.0.0.0 Safari/537.36"
189.243.202.99 - - [05/Feb/2025:11:48:00 -0600] "POST /intranet/fetch.php HTTP/1.1" 200 122 "https://intranet.tjamich.gob.mx/intranet/page_home.php" "Mozilla/5.0 (Windows NT 10.0; Win64; x64) AppleWebKit/537.36 (KHTML, like Gecko) Chrome/132.0.0.0 Safari/537.36"
187.195.116.142 - - [05/Feb/2025:11:48:13 -0600] "POST /intranet/fetch.php HTTP/1.1" 200 122 "https://intranet.tjamich.gob.mx/intranet/page_home.php" "Mozilla/5.0 (Windows NT 10.0; Win64; x64) AppleWebKit/537.36 (KHTML, like Gecko) Chrome/132.0.0.0 Safari/537.36 Edg/132.0.0.0"
189.243.238.36 - - [05/Feb/2025:11:48:16 -0600] "POST /intranet/fetch.php HTTP/1.1" 200 122 "https://intranet.tjamich.gob.mx/intranet/page_home.php" "Mozilla/5.0 (Windows NT 10.0; Win64; x64) AppleWebKit/537.36 (KHTML, like Gecko) Chrome/133.0.0.0 Safari/537.36"
189.243.238.36 - - [05/Feb/2025:11:48:35 -0600] "GET /intranet/sistemas/declaraciones/page_declara.php HTTP/1.1" 200 47060 "https://www.intranet.tjamich.gob.mx/intranet/sistemas/declaraciones/page_pdf_publico.php?id_declaracion=1280&app=1&opc=2" "Mozilla/5.0 (Windows NT 10.0; Win64; x64) AppleWebKit/537.36 (KHTML, like Gecko) Chrome/132.0.0.0 Safari/537.36"
189.243.238.36 - - [05/Feb/2025:11:48:35 -0600] "GET /intranet/sistemas/declaraciones/style.css HTTP/1.1" 404 - "https://www.intranet.tjamich.gob.mx/intranet/sistemas/declaraciones/page_declara.php" "Mozilla/5.0 (Windows NT 10.0; Win64; x64) AppleWebKit/537.36 (KHTML, like Gecko) Chrome/132.0.0.0 Safari/537.36"
189.243.238.36 - - [05/Feb/2025:11:48:42 -0600] "GET /intranet/sistemas/declaraciones/page_fiscal.php?app=1&id_declaracion=1280 HTTP/1.1" 200 21469 "https://www.intranet.tjamich.gob.mx/intranet/sistemas/declaraciones/page_declara.php" "Mozilla/5.0 (Windows NT 10.0; Win64; x64) AppleWebKit/537.36 (KHTML, like Gecko) Chrome/132.0.0.0 Safari/537.36"
189.243.238.36 - - [05/Feb/2025:11:48:42 -0600] "GET /intranet/sistemas/declaraciones/style.css HTTP/1.1" 404 - "https://www.intranet.tjamich.gob.mx/intranet/sistemas/declaraciones/page_fiscal.php?app=1&id_declaracion=1280" "Mozilla/5.0 (Windows NT 10.0; Win64; x64) AppleWebKit/537.36 (KHTML, like Gecko) Chrome/132.0.0.0 Safari/537.36"
189.243.238.36 - - [05/Feb/2025:11:49:06 -0600] "POST /intranet/fetch.php HTTP/1.1" 200 122 "https://intranet.tjamich.gob.mx/intranet/page_home.php" "Mozilla/5.0 (Windows NT 10.0; Win64; x64) AppleWebKit/537.36 (KHTML, like Gecko) Chrome/133.0.0.0 Safari/537.36"
187.195.116.142 - - [05/Feb/2025:11:49:14 -0600] "POST /intranet/fetch.php HTTP/1.1" 200 122 "https://intranet.tjamich.gob.mx/intranet/page_home.php" "Mozilla/5.0 (Windows NT 10.0; Win64; x64) AppleWebKit/537.36 (KHTML, like Gecko) Chrome/132.0.0.0 Safari/537.36 Edg/132.0.0.0"
189.243.238.36 - - [05/Feb/2025:11:49:24 -0600] "POST /intranet/sistemas/declaraciones/adjuntar_fiscal.php HTTP/1.1" 302 - "https://www.intranet.tjamich.gob.mx/intranet/sistemas/declaraciones/page_fiscal.php?app=1&id_declaracion=1280" "Mozilla/5.0 (Windows NT 10.0; Win64; x64) AppleWebKit/537.36 (KHTML, like Gecko) Chrome/132.0.0.0 Safari/537.36"
189.243.238.36 - - [05/Feb/2025:11:49:25 -0600] "GET /intranet/sistemas/declaraciones/page_declara.php?id_declaracion=1280 HTTP/1.1" 200 47062 "https://www.intranet.tjamich.gob.mx/intranet/sistemas/declaraciones/page_fiscal.php?app=1&id_declaracion=1280" "Mozilla/5.0 (Windows NT 10.0; Win64; x64) AppleWebKit/537.36 (KHTML, like Gecko) Chrome/132.0.0.0 Safari/537.36"
189.243.238.36 - - [05/Feb/2025:11:49:25 -0600] "GET /intranet/sistemas/declaraciones/style.css HTTP/1.1" 404 - "https://www.intranet.tjamich.gob.mx/intranet/sistemas/declaraciones/page_declara.php?id_declaracion=1280" "Mozilla/5.0 (Windows NT 10.0; Win64; x64) AppleWebKit/537.36 (KHTML, like Gecko) Chrome/132.0.0.0 Safari/537.36"
189.243.238.36 - - [05/Feb/2025:11:49:40 -0600] "GET /intranet/sistemas/declaraciones/page_fiscal_pdf.php?url_anterior=2025/02/05/c80818113e0d14da0981ac727c13234d.pdf HTTP/1.1" 200 20289 "https://www.intranet.tjamich.gob.mx/intranet/sistemas/declaraciones/page_declara.php?id_declaracion=1280" "Mozilla/5.0 (Windows NT 10.0; Win64; x64) AppleWebKit/537.36 (KHTML, like Gecko) Chrome/132.0.0.0 Safari/537.36"
189.243.238.36 - - [05/Feb/2025:11:49:40 -0600] "GET /intranet/sistemas/declaraciones/style.css HTTP/1.1" 404 - "https://www.intranet.tjamich.gob.mx/intranet/sistemas/declaraciones/page_fiscal_pdf.php?url_anterior=2025/02/05/c80818113e0d14da0981ac727c13234d.pdf" "Mozilla/5.0 (Windows NT 10.0; Win64; x64) AppleWebKit/537.36 (KHTML, like Gecko) Chrome/132.0.0.0 Safari/537.36"
189.243.238.36 - - [05/Feb/2025:11:49:40 -0600] "GET /intranet/sistemas/documentos/2025/02/05/c80818113e0d14da0981ac727c13234d.pdf HTTP/1.1" 200 26556 "https://www.intranet.tjamich.gob.mx/intranet/sistemas/declaraciones/page_fiscal_pdf.php?url_anterior=2025/02/05/c80818113e0d14da0981ac727c13234d.pdf" "Mozilla/5.0 (Windows NT 10.0; Win64; x64) AppleWebKit/537.36 (KHTML, like Gecko) Chrome/132.0.0.0 Safari/537.36"
189.243.238.36 - - [05/Feb/2025:11:50:07 -0600] "POST /intranet/fetch.php HTTP/1.1" 200 122 "https://intranet.tjamich.gob.mx/intranet/page_home.php" "Mozilla/5.0 (Windows NT 10.0; Win64; x64) AppleWebKit/537.36 (KHTML, like Gecko) Chrome/133.0.0.0 Safari/537.36"
187.195.116.142 - - [05/Feb/2025:11:50:13 -0600] "POST /intranet/fetch.php HTTP/1.1" 200 122 "https://intranet.tjamich.gob.mx/intranet/page_home.php" "Mozilla/5.0 (Windows NT 10.0; Win64; x64) AppleWebKit/537.36 (KHTML, like Gecko) Chrome/132.0.0.0 Safari/537.36 Edg/132.0.0.0"
189.243.238.36 - - [05/Feb/2025:11:50:29 -0600] "GET /intranet/sistemas/declaraciones/page_declara.php HTTP/1.1" 200 47062 "https://www.intranet.tjamich.gob.mx/intranet/sistemas/declaraciones/page_fiscal_pdf.php?url_anterior=2025/02/05/c80818113e0d14da0981ac727c13234d.pdf" "Mozilla/5.0 (Windows NT 10.0; Win64; x64) AppleWebKit/537.36 (KHTML, like Gecko) Chrome/132.0.0.0 Safari/537.36"
189.243.238.36 - - [05/Feb/2025:11:50:29 -0600] "GET /intranet/sistemas/declaraciones/style.css HTTP/1.1" 404 - "https://www.intranet.tjamich.gob.mx/intranet/sistemas/declaraciones/page_declara.php" "Mozilla/5.0 (Windows NT 10.0; Win64; x64) AppleWebKit/537.36 (KHTML, like Gecko) Chrome/132.0.0.0 Safari/537.36"
189.243.238.36 - - [05/Feb/2025:11:50:37 -0600] "GET /intranet/logout.php HTTP/1.1" 302 - "https://www.intranet.tjamich.gob.mx/intranet/sistemas/declaraciones/page_declara.php" "Mozilla/5.0 (Windows NT 10.0; Win64; x64) AppleWebKit/537.36 (KHTML, like Gecko) Chrome/132.0.0.0 Safari/537.36"
189.243.238.36 - - [05/Feb/2025:11:50:37 -0600] "GET /intranet/page_inicio.php HTTP/1.1" 200 16185 "https://www.intranet.tjamich.gob.mx/intranet/sistemas/declaraciones/page_declara.php" "Mozilla/5.0 (Windows NT 10.0; Win64; x64) AppleWebKit/537.36 (KHTML, like Gecko) Chrome/132.0.0.0 Safari/537.36"
189.243.238.36 - - [05/Feb/2025:11:50:48 -0600] "POST /intranet/fetch.php HTTP/1.1" 200 122 "https://intranet.tjamich.gob.mx/intranet/page_home.php" "Mozilla/5.0 (Windows NT 10.0; Win64; x64) AppleWebKit/537.36 (KHTML, like Gecko) Chrome/133.0.0.0 Safari/537.36"
187.195.116.142 - - [05/Feb/2025:11:51:13 -0600] "POST /intranet/fetch.php HTTP/1.1" 200 122 "https://intranet.tjamich.gob.mx/intranet/page_home.php" "Mozilla/5.0 (Windows NT 10.0; Win64; x64) AppleWebKit/537.36 (KHTML, like Gecko) Chrome/132.0.0.0 Safari/537.36 Edg/132.0.0.0"
189.243.238.36 - - [05/Feb/2025:11:51:48 -0600] "POST /intranet/fetch.php HTTP/1.1" 200 122 "https://intranet.tjamich.gob.mx/intranet/page_home.php" "Mozilla/5.0 (Windows NT 10.0; Win64; x64) AppleWebKit/537.36 (KHTML, like Gecko) Chrome/133.0.0.0 Safari/537.36"
187.195.116.142 - - [05/Feb/2025:11:52:13 -0600] "POST /intranet/fetch.php HTTP/1.1" 200 122 "https://intranet.tjamich.gob.mx/intranet/page_home.php" "Mozilla/5.0 (Windows NT 10.0; Win64; x64) AppleWebKit/537.36 (KHTML, like Gecko) Chrome/132.0.0.0 Safari/537.36 Edg/132.0.0.0"
189.243.238.36 - - [05/Feb/2025:11:52:48 -0600] "POST /intranet/fetch.php HTTP/1.1" 200 122 "https://intranet.tjamich.gob.mx/intranet/page_home.php" "Mozilla/5.0 (Windows NT 10.0; Win64; x64) AppleWebKit/537.36 (KHTML, like Gecko) Chrome/133.0.0.0 Safari/537.36"
189.243.238.36 - - [05/Feb/2025:11:52:54 -0600] "GET / HTTP/1.1" 200 567 "https://portal.tjamich.gob.mx/" "Mozilla/5.0 (Windows NT 10.0; Win64; x64) AppleWebKit/537.36 (KHTML, like Gecko) Chrome/132.0.0.0 Safari/537.36"
189.243.238.36 - - [05/Feb/2025:11:52:54 -0600] "GET /intranet/page_inicio.php HTTP/1.1" 200 16185 "https://intranet.tjamich.gob.mx/" "Mozilla/5.0 (Windows NT 10.0; Win64; x64) AppleWebKit/537.36 (KHTML, like Gecko) Chrome/132.0.0.0 Safari/537.36"
187.195.116.142 - - [05/Feb/2025:11:53:13 -0600] "POST /intranet/fetch.php HTTP/1.1" 200 122 "https://intranet.tjamich.gob.mx/intranet/page_home.php" "Mozilla/5.0 (Windows NT 10.0; Win64; x64) AppleWebKit/537.36 (KHTML, like Gecko) Chrome/132.0.0.0 Safari/537.36 Edg/132.0.0.0"
189.243.238.36 - - [05/Feb/2025:11:53:48 -0600] "POST /intranet/fetch.php HTTP/1.1" 200 122 "https://intranet.tjamich.gob.mx/intranet/page_home.php" "Mozilla/5.0 (Windows NT 10.0; Win64; x64) AppleWebKit/537.36 (KHTML, like Gecko) Chrome/133.0.0.0 Safari/537.36"
187.195.116.142 - - [05/Feb/2025:11:54:13 -0600] "POST /intranet/fetch.php HTTP/1.1" 200 122 "https://intranet.tjamich.gob.mx/intranet/page_home.php" "Mozilla/5.0 (Windows NT 10.0; Win64; x64) AppleWebKit/537.36 (KHTML, like Gecko) Chrome/132.0.0.0 Safari/537.36 Edg/132.0.0.0"
189.243.238.36 - - [05/Feb/2025:11:54:48 -0600] "POST /intranet/fetch.php HTTP/1.1" 200 122 "https://intranet.tjamich.gob.mx/intranet/page_home.php" "Mozilla/5.0 (Windows NT 10.0; Win64; x64) AppleWebKit/537.36 (KHTML, like Gecko) Chrome/133.0.0.0 Safari/537.36"
187.195.116.142 - - [05/Feb/2025:11:55:13 -0600] "POST /intranet/fetch.php HTTP/1.1" 200 122 "https://intranet.tjamich.gob.mx/intranet/page_home.php" "Mozilla/5.0 (Windows NT 10.0; Win64; x64) AppleWebKit/537.36 (KHTML, like Gecko) Chrome/132.0.0.0 Safari/537.36 Edg/132.0.0.0"
189.243.238.36 - - [05/Feb/2025:11:55:19 -0600] "POST /intranet/controller/login.php HTTP/1.1" 302 - "https://intranet.tjamich.gob.mx/intranet/page_inicio.php" "Mozilla/5.0 (Windows NT 10.0; Win64; x64) AppleWebKit/537.36 (KHTML, like Gecko) Chrome/132.0.0.0 Safari/537.36"
189.243.238.36 - - [05/Feb/2025:11:55:19 -0600] "GET /intranet/page_home.php HTTP/1.1" 200 67158 "https://intranet.tjamich.gob.mx/intranet/page_inicio.php" "Mozilla/5.0 (Windows NT 10.0; Win64; x64) AppleWebKit/537.36 (KHTML, like Gecko) Chrome/132.0.0.0 Safari/537.36"
189.243.238.36 - - [05/Feb/2025:11:55:20 -0600] "POST /intranet/fetch.php HTTP/1.1" 200 122 "https://intranet.tjamich.gob.mx/intranet/page_home.php" "Mozilla/5.0 (Windows NT 10.0; Win64; x64) AppleWebKit/537.36 (KHTML, like Gecko) Chrome/132.0.0.0 Safari/537.36"
189.243.238.36 - - [05/Feb/2025:11:55:25 -0600] "GET /intranet/sistemas/requisiciones/page_requisiciones.php HTTP/1.1" 200 23772 "https://intranet.tjamich.gob.mx/intranet/page_home.php" "Mozilla/5.0 (Windows NT 10.0; Win64; x64) AppleWebKit/537.36 (KHTML, like Gecko) Chrome/132.0.0.0 Safari/537.36"
189.243.238.36 - - [05/Feb/2025:11:55:25 -0600] "GET /intranet/sistemas/requisiciones/style.css HTTP/1.1" 404 - "https://intranet.tjamich.gob.mx/intranet/sistemas/requisiciones/page_requisiciones.php" "Mozilla/5.0 (Windows NT 10.0; Win64; x64) AppleWebKit/537.36 (KHTML, like Gecko) Chrome/132.0.0.0 Safari/537.36"
189.243.238.36 - - [05/Feb/2025:11:55:27 -0600] "GET /intranet/sistemas/requisiciones/page_add_carrito.php?app=1 HTTP/1.1" 200 503926 "https://intranet.tjamich.gob.mx/intranet/sistemas/requisiciones/page_requisiciones.php" "Mozilla/5.0 (Windows NT 10.0; Win64; x64) AppleWebKit/537.36 (KHTML, like Gecko) Chrome/132.0.0.0 Safari/537.36"
189.243.238.36 - - [05/Feb/2025:11:55:28 -0600] "GET /intranet/sistemas/compras/docs/2022/08/02/d83f3b96192826a89a503d9a86c4340f.jpg HTTP/1.1" 200 3749 "https://intranet.tjamich.gob.mx/intranet/sistemas/requisiciones/page_add_carrito.php?app=1" "Mozilla/5.0 (Windows NT 10.0; Win64; x64) AppleWebKit/537.36 (KHTML, like Gecko) Chrome/132.0.0.0 Safari/537.36"
189.243.238.36 - - [05/Feb/2025:11:55:28 -0600] "GET /intranet/common/vendors/bootstrap/fonts/glyphicons-halflings-regular.woff HTTP/1.1" 200 23320 "https://intranet.tjamich.gob.mx/intranet/common/vendors/bootstrap/css/bootstrap.min.css" "Mozilla/5.0 (Windows NT 10.0; Win64; x64) AppleWebKit/537.36 (KHTML, like Gecko) Chrome/132.0.0.0 Safari/537.36"
189.243.238.36 - - [05/Feb/2025:11:55:28 -0600] "GET /intranet/sistemas/compras/docs/2024/02/09/77adedf2623c536e11ae786a20883e55.jpg HTTP/1.1" 200 9542 "https://intranet.tjamich.gob.mx/intranet/sistemas/requisiciones/page_add_carrito.php?app=1" "Mozilla/5.0 (Windows NT 10.0; Win64; x64) AppleWebKit/537.36 (KHTML, like Gecko) Chrome/132.0.0.0 Safari/537.36"
189.243.238.36 - - [05/Feb/2025:11:55:28 -0600] "GET /intranet/sistemas/compras/docs/2024/08/07/46ad94bdf4425c75391212b6deca8ea7.png HTTP/1.1" 200 317045 "https://intranet.tjamich.gob.mx/intranet/sistemas/requisiciones/page_add_carrito.php?app=1" "Mozilla/5.0 (Windows NT 10.0; Win64; x64) AppleWebKit/537.36 (KHTML, like Gecko) Chrome/132.0.0.0 Safari/537.36"
189.243.238.36 - - [05/Feb/2025:11:55:28 -0600] "GET /intranet/sistemas/compras/docs/2019/09/03/891debfd8a4e539d32de9aec1cfb7932.jpg HTTP/1.1" 200 27504 "https://intranet.tjamich.gob.mx/intranet/sistemas/requisiciones/page_add_carrito.php?app=1" "Mozilla/5.0 (Windows NT 10.0; Win64; x64) AppleWebKit/537.36 (KHTML, like Gecko) Chrome/132.0.0.0 Safari/537.36"
189.243.238.36 - - [05/Feb/2025:11:55:28 -0600] "GET /intranet/sistemas/compras/docs/2024/02/01/c8cc6e0a15a5f0ffdb6fd4452ceaee5e.jpg HTTP/1.1" 200 116889 "https://intranet.tjamich.gob.mx/intranet/sistemas/requisiciones/page_add_carrito.php?app=1" "Mozilla/5.0 (Windows NT 10.0; Win64; x64) AppleWebKit/537.36 (KHTML, like Gecko) Chrome/132.0.0.0 Safari/537.36"
189.243.238.36 - - [05/Feb/2025:11:55:28 -0600] "GET /intranet/sistemas/compras/docs/2024/08/01/2cc66427efc96c4cab06e6fd2ad6ef59.png HTTP/1.1" 200 317045 "https://intranet.tjamich.gob.mx/intranet/sistemas/requisiciones/page_add_carrito.php?app=1" "Mozilla/5.0 (Windows NT 10.0; Win64; x64) AppleWebKit/537.36 (KHTML, like Gecko) Chrome/132.0.0.0 Safari/537.36"
189.243.238.36 - - [05/Feb/2025:11:55:28 -0600] "GET /intranet/sistemas/compras/docs/2019/09/03/0c6712e066e769a2638cb803d3147b72.png HTTP/1.1" 200 307337 "https://intranet.tjamich.gob.mx/intranet/sistemas/requisiciones/page_add_carrito.php?app=1" "Mozilla/5.0 (Windows NT 10.0; Win64; x64) AppleWebKit/537.36 (KHTML, like Gecko) Chrome/132.0.0.0 Safari/537.36"
189.243.238.36 - - [05/Feb/2025:11:55:28 -0600] "GET /intranet/sistemas/compras/docs/2019/09/04/c6746ac0db9913d95f21c1269b77ddf3.png HTTP/1.1" 200 256711 "https://intranet.tjamich.gob.mx/intranet/sistemas/requisiciones/page_add_carrito.php?app=1" "Mozilla/5.0 (Windows NT 10.0; Win64; x64) AppleWebKit/537.36 (KHTML, like Gecko) Chrome/132.0.0.0 Safari/537.36"
189.243.238.36 - - [05/Feb/2025:11:55:28 -0600] "GET /intranet/sistemas/compras/docs/2019/09/04/c592a78a46e9befbe637537a33f58dc5.jpg HTTP/1.1" 200 236316 "https://intranet.tjamich.gob.mx/intranet/sistemas/requisiciones/page_add_carrito.php?app=1" "Mozilla/5.0 (Windows NT 10.0; Win64; x64) AppleWebKit/537.36 (KHTML, like Gecko) Chrome/132.0.0.0 Safari/537.36"
189.243.238.36 - - [05/Feb/2025:11:55:28 -0600] "GET /intranet/sistemas/compras/docs/2019/09/03/98c65055150572468391971dbb05d8a4.png HTTP/1.1" 200 280433 "https://intranet.tjamich.gob.mx/intranet/sistemas/requisiciones/page_add_carrito.php?app=1" "Mozilla/5.0 (Windows NT 10.0; Win64; x64) AppleWebKit/537.36 (KHTML, like Gecko) Chrome/132.0.0.0 Safari/537.36"
189.243.238.36 - - [05/Feb/2025:11:55:28 -0600] "GET /intranet/sistemas/compras/docs/2019/09/04/bb80f73ab7ceab0bd56e7d07f6618abc.png HTTP/1.1" 200 491934 "https://intranet.tjamich.gob.mx/intranet/sistemas/requisiciones/page_add_carrito.php?app=1" "Mozilla/5.0 (Windows NT 10.0; Win64; x64) AppleWebKit/537.36 (KHTML, like Gecko) Chrome/132.0.0.0 Safari/537.36"
189.243.238.36 - - [05/Feb/2025:11:55:29 -0600] "GET /intranet/sistemas/compras/docs/2019/09/04/e83713779f4eaf86a7c17299e4a049ad.jpg HTTP/1.1" 200 80177 "https://intranet.tjamich.gob.mx/intranet/sistemas/requisiciones/page_add_carrito.php?app=1" "Mozilla/5.0 (Windows NT 10.0; Win64; x64) AppleWebKit/537.36 (KHTML, like Gecko) Chrome/132.0.0.0 Safari/537.36"
189.243.238.36 - - [05/Feb/2025:11:55:29 -0600] "GET /intranet/sistemas/compras/docs/2019/09/04/2fbbce3523ffe313a53bfebd77953816.png HTTP/1.1" 200 180692 "https://intranet.tjamich.gob.mx/intranet/sistemas/requisiciones/page_add_carrito.php?app=1" "Mozilla/5.0 (Windows NT 10.0; Win64; x64) AppleWebKit/537.36 (KHTML, like Gecko) Chrome/132.0.0.0 Safari/537.36"
189.243.238.36 - - [05/Feb/2025:11:55:29 -0600] "GET /intranet/sistemas/compras/docs/2019/09/04/fd519d378cdfdfbd64099012a0d108f3.png HTTP/1.1" 200 150681 "https://intranet.tjamich.gob.mx/intranet/sistemas/requisiciones/page_add_carrito.php?app=1" "Mozilla/5.0 (Windows NT 10.0; Win64; x64) AppleWebKit/537.36 (KHTML, like Gecko) Chrome/132.0.0.0 Safari/537.36"
189.243.238.36 - - [05/Feb/2025:11:55:29 -0600] "GET /intranet/sistemas/compras/docs/2019/09/04/6d033f39d0c637e87de0196b33c3d18f.png HTTP/1.1" 200 77527 "https://intranet.tjamich.gob.mx/intranet/sistemas/requisiciones/page_add_carrito.php?app=1" "Mozilla/5.0 (Windows NT 10.0; Win64; x64) AppleWebKit/537.36 (KHTML, like Gecko) Chrome/132.0.0.0 Safari/537.36"
189.243.238.36 - - [05/Feb/2025:11:55:29 -0600] "GET /intranet/sistemas/compras/docs/2019/09/04/cea003355c170fc1697188e7188deea9.png HTTP/1.1" 200 48902 "https://intranet.tjamich.gob.mx/intranet/sistemas/requisiciones/page_add_carrito.php?app=1" "Mozilla/5.0 (Windows NT 10.0; Win64; x64) AppleWebKit/537.36 (KHTML, like Gecko) Chrome/132.0.0.0 Safari/537.36"
189.243.238.36 - - [05/Feb/2025:11:55:29 -0600] "GET /intranet/sistemas/compras/docs/2019/09/04/6aa13fed8c2ea59d6c632ea4b6e753f3.png HTTP/1.1" 200 57466 "https://intranet.tjamich.gob.mx/intranet/sistemas/requisiciones/page_add_carrito.php?app=1" "Mozilla/5.0 (Windows NT 10.0; Win64; x64) AppleWebKit/537.36 (KHTML, like Gecko) Chrome/132.0.0.0 Safari/537.36"
189.243.238.36 - - [05/Feb/2025:11:55:29 -0600] "GET /intranet/sistemas/compras/docs/2019/09/04/744982bff2c01eed6baf4b992ba261d0.png HTTP/1.1" 200 125355 "https://intranet.tjamich.gob.mx/intranet/sistemas/requisiciones/page_add_carrito.php?app=1" "Mozilla/5.0 (Windows NT 10.0; Win64; x64) AppleWebKit/537.36 (KHTML, like Gecko) Chrome/132.0.0.0 Safari/537.36"
189.243.238.36 - - [05/Feb/2025:11:55:29 -0600] "GET /intranet/sistemas/compras/docs/2019/09/04/17de4568c98b91b96c109db41b0b6ea1.png HTTP/1.1" 200 201601 "https://intranet.tjamich.gob.mx/intranet/sistemas/requisiciones/page_add_carrito.php?app=1" "Mozilla/5.0 (Windows NT 10.0; Win64; x64) AppleWebKit/537.36 (KHTML, like Gecko) Chrome/132.0.0.0 Safari/537.36"
189.243.238.36 - - [05/Feb/2025:11:55:29 -0600] "GET /intranet/sistemas/compras/docs/2019/09/04/cef35b5b452f3fbbcb849a2588cf5012.png HTTP/1.1" 200 164715 "https://intranet.tjamich.gob.mx/intranet/sistemas/requisiciones/page_add_carrito.php?app=1" "Mozilla/5.0 (Windows NT 10.0; Win64; x64) AppleWebKit/537.36 (KHTML, like Gecko) Chrome/132.0.0.0 Safari/537.36"
189.243.238.36 - - [05/Feb/2025:11:55:29 -0600] "GET /intranet/sistemas/compras/docs/2019/09/04/561cf3b568fd7200df815b2a1a36f7a7.jpg HTTP/1.1" 200 47408 "https://intranet.tjamich.gob.mx/intranet/sistemas/requisiciones/page_add_carrito.php?app=1" "Mozilla/5.0 (Windows NT 10.0; Win64; x64) AppleWebKit/537.36 (KHTML, like Gecko) Chrome/132.0.0.0 Safari/537.36"
189.243.238.36 - - [05/Feb/2025:11:55:29 -0600] "GET /intranet/sistemas/compras/docs/2019/09/04/11af94fc1509cb889a4b36a3bc3405be.png HTTP/1.1" 200 197533 "https://intranet.tjamich.gob.mx/intranet/sistemas/requisiciones/page_add_carrito.php?app=1" "Mozilla/5.0 (Windows NT 10.0; Win64; x64) AppleWebKit/537.36 (KHTML, like Gecko) Chrome/132.0.0.0 Safari/537.36"
189.243.238.36 - - [05/Feb/2025:11:55:29 -0600] "GET /intranet/sistemas/compras/docs/2019/09/04/93edd48bb4a2d7c678f6d0510aa180a5.png HTTP/1.1" 200 114161 "https://intranet.tjamich.gob.mx/intranet/sistemas/requisiciones/page_add_carrito.php?app=1" "Mozilla/5.0 (Windows NT 10.0; Win64; x64) AppleWebKit/537.36 (KHTML, like Gecko) Chrome/132.0.0.0 Safari/537.36"
189.243.238.36 - - [05/Feb/2025:11:55:29 -0600] "GET /intranet/sistemas/compras/docs/2019/09/04/ef2256f24e28ecf833b611f22df795c2.png HTTP/1.1" 200 138000 "https://intranet.tjamich.gob.mx/intranet/sistemas/requisiciones/page_add_carrito.php?app=1" "Mozilla/5.0 (Windows NT 10.0; Win64; x64) AppleWebKit/537.36 (KHTML, like Gecko) Chrome/132.0.0.0 Safari/537.36"
189.243.238.36 - - [05/Feb/2025:11:55:29 -0600] "GET /intranet/sistemas/compras/docs/2019/09/04/799635d46677c1260335bda954443d00.png HTTP/1.1" 200 83410 "https://intranet.tjamich.gob.mx/intranet/sistemas/requisiciones/page_add_carrito.php?app=1" "Mozilla/5.0 (Windows NT 10.0; Win64; x64) AppleWebKit/537.36 (KHTML, like Gecko) Chrome/132.0.0.0 Safari/537.36"
189.243.238.36 - - [05/Feb/2025:11:55:29 -0600] "GET /intranet/sistemas/compras/docs/2019/09/04/9ef4bf135ecb290cc1be491c746869fd.png HTTP/1.1" 200 104556 "https://intranet.tjamich.gob.mx/intranet/sistemas/requisiciones/page_add_carrito.php?app=1" "Mozilla/5.0 (Windows NT 10.0; Win64; x64) AppleWebKit/537.36 (KHTML, like Gecko) Chrome/132.0.0.0 Safari/537.36"
189.243.238.36 - - [05/Feb/2025:11:55:29 -0600] "GET /intranet/sistemas/compras/docs/2019/09/04/791f5ba7edd812f041b5f0c8a7e2882c.png HTTP/1.1" 200 205598 "https://intranet.tjamich.gob.mx/intranet/sistemas/requisiciones/page_add_carrito.php?app=1" "Mozilla/5.0 (Windows NT 10.0; Win64; x64) AppleWebKit/537.36 (KHTML, like Gecko) Chrome/132.0.0.0 Safari/537.36"
189.243.238.36 - - [05/Feb/2025:11:55:29 -0600] "GET /intranet/sistemas/compras/docs/2019/09/04/4f9e3236c40c8decb1fa9c4a8f222ee3.png HTTP/1.1" 200 184232 "https://intranet.tjamich.gob.mx/intranet/sistemas/requisiciones/page_add_carrito.php?app=1" "Mozilla/5.0 (Windows NT 10.0; Win64; x64) AppleWebKit/537.36 (KHTML, like Gecko) Chrome/132.0.0.0 Safari/537.36"
189.243.238.36 - - [05/Feb/2025:11:55:29 -0600] "GET /intranet/sistemas/compras/docs/2019/09/04/782e23b3efffc1cf33e67d0200066806.png HTTP/1.1" 200 177726 "https://intranet.tjamich.gob.mx/intranet/sistemas/requisiciones/page_add_carrito.php?app=1" "Mozilla/5.0 (Windows NT 10.0; Win64; x64) AppleWebKit/537.36 (KHTML, like Gecko) Chrome/132.0.0.0 Safari/537.36"
189.243.238.36 - - [05/Feb/2025:11:55:30 -0600] "GET /intranet/sistemas/compras/docs/2019/09/04/3945812255e9a35aae396665d67bc398.png HTTP/1.1" 200 183045 "https://intranet.tjamich.gob.mx/intranet/sistemas/requisiciones/page_add_carrito.php?app=1" "Mozilla/5.0 (Windows NT 10.0; Win64; x64) AppleWebKit/537.36 (KHTML, like Gecko) Chrome/132.0.0.0 Safari/537.36"
189.243.238.36 - - [05/Feb/2025:11:55:30 -0600] "GET /intranet/sistemas/compras/docs/2019/09/04/3f42ffffe1273798505c7b260f8183c2.png HTTP/1.1" 200 192267 "https://intranet.tjamich.gob.mx/intranet/sistemas/requisiciones/page_add_carrito.php?app=1" "Mozilla/5.0 (Windows NT 10.0; Win64; x64) AppleWebKit/537.36 (KHTML, like Gecko) Chrome/132.0.0.0 Safari/537.36"
189.243.238.36 - - [05/Feb/2025:11:55:30 -0600] "GET /intranet/sistemas/compras/docs/2022/11/24/d917c2377973c4b2624fe14aafdf18cb.PNG HTTP/1.1" 200 191806 "https://intranet.tjamich.gob.mx/intranet/sistemas/requisiciones/page_add_carrito.php?app=1" "Mozilla/5.0 (Windows NT 10.0; Win64; x64) AppleWebKit/537.36 (KHTML, like Gecko) Chrome/132.0.0.0 Safari/537.36"
189.243.238.36 - - [05/Feb/2025:11:55:30 -0600] "GET /intranet/sistemas/compras/docs/2019/09/04/17ccce0710d69bfa90210eeeb528a55b.png HTTP/1.1" 200 148551 "https://intranet.tjamich.gob.mx/intranet/sistemas/requisiciones/page_add_carrito.php?app=1" "Mozilla/5.0 (Windows NT 10.0; Win64; x64) AppleWebKit/537.36 (KHTML, like Gecko) Chrome/132.0.0.0 Safari/537.36"
189.243.238.36 - - [05/Feb/2025:11:55:30 -0600] "GET /intranet/sistemas/compras/docs/2022/11/24/0974ba6f056ac711426bddd1f52725f7.PNG HTTP/1.1" 200 114065 "https://intranet.tjamich.gob.mx/intranet/sistemas/requisiciones/page_add_carrito.php?app=1" "Mozilla/5.0 (Windows NT 10.0; Win64; x64) AppleWebKit/537.36 (KHTML, like Gecko) Chrome/132.0.0.0 Safari/537.36"
189.243.238.36 - - [05/Feb/2025:11:55:30 -0600] "GET /intranet/sistemas/compras/docs/2019/09/04/1806fe263871c16f18f4e4382132d1b9.png HTTP/1.1" 200 247222 "https://intranet.tjamich.gob.mx/intranet/sistemas/requisiciones/page_add_carrito.php?app=1" "Mozilla/5.0 (Windows NT 10.0; Win64; x64) AppleWebKit/537.36 (KHTML, like Gecko) Chrome/132.0.0.0 Safari/537.36"
189.243.238.36 - - [05/Feb/2025:11:55:30 -0600] "GET /intranet/sistemas/compras/docs/2019/09/04/7c1c9013cb1277b4ebf7c980beb8a2e4.png HTTP/1.1" 200 314593 "https://intranet.tjamich.gob.mx/intranet/sistemas/requisiciones/page_add_carrito.php?app=1" "Mozilla/5.0 (Windows NT 10.0; Win64; x64) AppleWebKit/537.36 (KHTML, like Gecko) Chrome/132.0.0.0 Safari/537.36"
189.243.238.36 - - [05/Feb/2025:11:55:30 -0600] "GET /intranet/sistemas/compras/docs/2019/09/04/32ab38f9d666b1b36526eb85fa1fc3e7.png HTTP/1.1" 200 139734 "https://intranet.tjamich.gob.mx/intranet/sistemas/requisiciones/page_add_carrito.php?app=1" "Mozilla/5.0 (Windows NT 10.0; Win64; x64) AppleWebKit/537.36 (KHTML, like Gecko) Chrome/132.0.0.0 Safari/537.36"
189.243.238.36 - - [05/Feb/2025:11:55:30 -0600] "GET /intranet/sistemas/compras/docs/2024/03/05/d04dce8fd7a44f078556b5a069b92974.jpg HTTP/1.1" 200 49468 "https://intranet.tjamich.gob.mx/intranet/sistemas/requisiciones/page_add_carrito.php?app=1" "Mozilla/5.0 (Windows NT 10.0; Win64; x64) AppleWebKit/537.36 (KHTML, like Gecko) Chrome/132.0.0.0 Safari/537.36"
189.243.238.36 - - [05/Feb/2025:11:55:30 -0600] "GET /intranet/sistemas/compras/docs/2019/09/04/3872eaf81b5c0527c120421eea20d403.png HTTP/1.1" 200 325141 "https://intranet.tjamich.gob.mx/intranet/sistemas/requisiciones/page_add_carrito.php?app=1" "Mozilla/5.0 (Windows NT 10.0; Win64; x64) AppleWebKit/537.36 (KHTML, like Gecko) Chrome/132.0.0.0 Safari/537.36"
189.243.238.36 - - [05/Feb/2025:11:55:30 -0600] "GET /intranet/sistemas/compras/docs/2019/09/04/1accf8f69e4134bbf296903ca57feec2.jpg HTTP/1.1" 200 89521 "https://intranet.tjamich.gob.mx/intranet/sistemas/requisiciones/page_add_carrito.php?app=1" "Mozilla/5.0 (Windows NT 10.0; Win64; x64) AppleWebKit/537.36 (KHTML, like Gecko) Chrome/132.0.0.0 Safari/537.36"
189.243.238.36 - - [05/Feb/2025:11:55:30 -0600] "GET /intranet/sistemas/compras/docs/2019/09/04/ca25bdc2e8a10d77adf5fc359deb9916.png HTTP/1.1" 200 112306 "https://intranet.tjamich.gob.mx/intranet/sistemas/requisiciones/page_add_carrito.php?app=1" "Mozilla/5.0 (Windows NT 10.0; Win64; x64) AppleWebKit/537.36 (KHTML, like Gecko) Chrome/132.0.0.0 Safari/537.36"
189.243.238.36 - - [05/Feb/2025:11:55:30 -0600] "GET /intranet/sistemas/compras/docs/2024/05/06/aca730ae439cf7890a59d3e23b7cd488.png HTTP/1.1" 200 16053 "https://intranet.tjamich.gob.mx/intranet/sistemas/requisiciones/page_add_carrito.php?app=1" "Mozilla/5.0 (Windows NT 10.0; Win64; x64) AppleWebKit/537.36 (KHTML, like Gecko) Chrome/132.0.0.0 Safari/537.36"
189.243.238.36 - - [05/Feb/2025:11:55:30 -0600] "GET /intranet/sistemas/compras/docs/2019/09/04/26a54a580f83921afbd0315ccc432435.jpg HTTP/1.1" 200 76597 "https://intranet.tjamich.gob.mx/intranet/sistemas/requisiciones/page_add_carrito.php?app=1" "Mozilla/5.0 (Windows NT 10.0; Win64; x64) AppleWebKit/537.36 (KHTML, like Gecko) Chrome/132.0.0.0 Safari/537.36"
189.243.238.36 - - [05/Feb/2025:11:55:30 -0600] "GET /intranet/sistemas/compras/docs/2024/11/14/90db2c8900ce5e155ecff3ff18de1e67.jpg HTTP/1.1" 200 3780 "https://intranet.tjamich.gob.mx/intranet/sistemas/requisiciones/page_add_carrito.php?app=1" "Mozilla/5.0 (Windows NT 10.0; Win64; x64) AppleWebKit/537.36 (KHTML, like Gecko) Chrome/132.0.0.0 Safari/537.36"
189.243.238.36 - - [05/Feb/2025:11:55:30 -0600] "GET /intranet/sistemas/compras/docs/2024/04/01/9399ff311a717d19b145946a63a4fd34.png HTTP/1.1" 200 16053 "https://intranet.tjamich.gob.mx/intranet/sistemas/requisiciones/page_add_carrito.php?app=1" "Mozilla/5.0 (Windows NT 10.0; Win64; x64) AppleWebKit/537.36 (KHTML, like Gecko) Chrome/132.0.0.0 Safari/537.36"
189.243.238.36 - - [05/Feb/2025:11:55:30 -0600] "GET /intranet/sistemas/compras/docs/2024/09/09/68bee130c054207299669a348b4f1135.png HTTP/1.1" 200 218667 "https://intranet.tjamich.gob.mx/intranet/sistemas/requisiciones/page_add_carrito.php?app=1" "Mozilla/5.0 (Windows NT 10.0; Win64; x64) AppleWebKit/537.36 (KHTML, like Gecko) Chrome/132.0.0.0 Safari/537.36"
189.243.238.36 - - [05/Feb/2025:11:55:30 -0600] "GET /intranet/sistemas/compras/docs/2019/09/04/64186f0f6392cada5852f40d60556053.JPG HTTP/1.1" 200 40547 "https://intranet.tjamich.gob.mx/intranet/sistemas/requisiciones/page_add_carrito.php?app=1" "Mozilla/5.0 (Windows NT 10.0; Win64; x64) AppleWebKit/537.36 (KHTML, like Gecko) Chrome/132.0.0.0 Safari/537.36"
189.243.238.36 - - [05/Feb/2025:11:55:30 -0600] "GET /intranet/sistemas/compras/docs/2019/09/04/55e6e98b11bc4aaf1994b09611cafca2.jpg HTTP/1.1" 200 13511 "https://intranet.tjamich.gob.mx/intranet/sistemas/requisiciones/page_add_carrito.php?app=1" "Mozilla/5.0 (Windows NT 10.0; Win64; x64) AppleWebKit/537.36 (KHTML, like Gecko) Chrome/132.0.0.0 Safari/537.36"
189.243.238.36 - - [05/Feb/2025:11:55:31 -0600] "GET /intranet/sistemas/compras/docs/2019/09/04/7e6c36a6b2ddea0bbe309efba2a99789.png HTTP/1.1" 200 144576 "https://intranet.tjamich.gob.mx/intranet/sistemas/requisiciones/page_add_carrito.php?app=1" "Mozilla/5.0 (Windows NT 10.0; Win64; x64) AppleWebKit/537.36 (KHTML, like Gecko) Chrome/132.0.0.0 Safari/537.36"
189.243.238.36 - - [05/Feb/2025:11:55:31 -0600] "GET /intranet/sistemas/compras/docs/2019/09/04/57e3885debf7d298aaf1eb55ed15b6eb.gif HTTP/1.1" 200 16648 "https://intranet.tjamich.gob.mx/intranet/sistemas/requisiciones/page_add_carrito.php?app=1" "Mozilla/5.0 (Windows NT 10.0; Win64; x64) AppleWebKit/537.36 (KHTML, like Gecko) Chrome/132.0.0.0 Safari/537.36"
189.243.238.36 - - [05/Feb/2025:11:55:31 -0600] "GET /intranet/sistemas/compras/docs/2019/09/04/8cf5fcfb7f1294d833d6629aca4b6268.gif HTTP/1.1" 200 24296 "https://intranet.tjamich.gob.mx/intranet/sistemas/requisiciones/page_add_carrito.php?app=1" "Mozilla/5.0 (Windows NT 10.0; Win64; x64) AppleWebKit/537.36 (KHTML, like Gecko) Chrome/132.0.0.0 Safari/537.36"
189.243.238.36 - - [05/Feb/2025:11:55:31 -0600] "GET /intranet/sistemas/compras/docs/2024/08/07/2d4e56c4fdcc875332395fecce8f0334.jpg HTTP/1.1" 200 92547 "https://intranet.tjamich.gob.mx/intranet/sistemas/requisiciones/page_add_carrito.php?app=1" "Mozilla/5.0 (Windows NT 10.0; Win64; x64) AppleWebKit/537.36 (KHTML, like Gecko) Chrome/132.0.0.0 Safari/537.36"
189.243.238.36 - - [05/Feb/2025:11:55:31 -0600] "GET /intranet/sistemas/compras/docs/2019/09/04/9e9374cec4ba2e1059e26ea9cda1a192.jpg HTTP/1.1" 200 6932 "https://intranet.tjamich.gob.mx/intranet/sistemas/requisiciones/page_add_carrito.php?app=1" "Mozilla/5.0 (Windows NT 10.0; Win64; x64) AppleWebKit/537.36 (KHTML, like Gecko) Chrome/132.0.0.0 Safari/537.36"
189.243.238.36 - - [05/Feb/2025:11:55:31 -0600] "GET /intranet/sistemas/compras/docs/2019/09/05/eeeea31cbbbe03a41ca5dc727be54efc.jpg HTTP/1.1" 200 65133 "https://intranet.tjamich.gob.mx/intranet/sistemas/requisiciones/page_add_carrito.php?app=1" "Mozilla/5.0 (Windows NT 10.0; Win64; x64) AppleWebKit/537.36 (KHTML, like Gecko) Chrome/132.0.0.0 Safari/537.36"
189.243.238.36 - - [05/Feb/2025:11:55:31 -0600] "GET /intranet/sistemas/compras/docs/2019/09/05/9d25d654d428856d91b43327966e9b64.jpg HTTP/1.1" 200 49140 "https://intranet.tjamich.gob.mx/intranet/sistemas/requisiciones/page_add_carrito.php?app=1" "Mozilla/5.0 (Windows NT 10.0; Win64; x64) AppleWebKit/537.36 (KHTML, like Gecko) Chrome/132.0.0.0 Safari/537.36"
189.243.238.36 - - [05/Feb/2025:11:55:31 -0600] "GET /intranet/sistemas/compras/docs/2024/09/09/0546f2547ed539429bcde8b7bb9023e5.png HTTP/1.1" 200 51992 "https://intranet.tjamich.gob.mx/intranet/sistemas/requisiciones/page_add_carrito.php?app=1" "Mozilla/5.0 (Windows NT 10.0; Win64; x64) AppleWebKit/537.36 (KHTML, like Gecko) Chrome/132.0.0.0 Safari/537.36"
189.243.238.36 - - [05/Feb/2025:11:55:31 -0600] "GET /intranet/sistemas/compras/docs/2019/09/05/fd200218fd5a06301777b99309ddba13.jpg HTTP/1.1" 200 116770 "https://intranet.tjamich.gob.mx/intranet/sistemas/requisiciones/page_add_carrito.php?app=1" "Mozilla/5.0 (Windows NT 10.0; Win64; x64) AppleWebKit/537.36 (KHTML, like Gecko) Chrome/132.0.0.0 Safari/537.36"
189.243.238.36 - - [05/Feb/2025:11:55:31 -0600] "GET /intranet/sistemas/compras/docs/2019/09/05/ee190e262fd17922b1f2d9f3e7355a7a.jpg HTTP/1.1" 200 5375 "https://intranet.tjamich.gob.mx/intranet/sistemas/requisiciones/page_add_carrito.php?app=1" "Mozilla/5.0 (Windows NT 10.0; Win64; x64) AppleWebKit/537.36 (KHTML, like Gecko) Chrome/132.0.0.0 Safari/537.36"
189.243.238.36 - - [05/Feb/2025:11:55:31 -0600] "GET /intranet/sistemas/compras/docs/2019/09/05/9600ca61f5687d130f17b7d623bb9ff2.jpg HTTP/1.1" 200 3974 "https://intranet.tjamich.gob.mx/intranet/sistemas/requisiciones/page_add_carrito.php?app=1" "Mozilla/5.0 (Windows NT 10.0; Win64; x64) AppleWebKit/537.36 (KHTML, like Gecko) Chrome/132.0.0.0 Safari/537.36"
189.243.238.36 - - [05/Feb/2025:11:55:31 -0600] "GET /intranet/sistemas/compras/docs/2019/09/05/661718cfc812582855f2ccb020d765b4.jpg HTTP/1.1" 200 14222 "https://intranet.tjamich.gob.mx/intranet/sistemas/requisiciones/page_add_carrito.php?app=1" "Mozilla/5.0 (Windows NT 10.0; Win64; x64) AppleWebKit/537.36 (KHTML, like Gecko) Chrome/132.0.0.0 Safari/537.36"
189.243.238.36 - - [05/Feb/2025:11:55:31 -0600] "GET /intranet/sistemas/compras/docs/2019/09/05/635cf91aa285d0a500e35e74c060fae8.jpg HTTP/1.1" 200 56861 "https://intranet.tjamich.gob.mx/intranet/sistemas/requisiciones/page_add_carrito.php?app=1" "Mozilla/5.0 (Windows NT 10.0; Win64; x64) AppleWebKit/537.36 (KHTML, like Gecko) Chrome/132.0.0.0 Safari/537.36"
189.243.238.36 - - [05/Feb/2025:11:55:31 -0600] "GET /intranet/sistemas/compras/docs/2019/09/05/6002520f07991ac186f85b1e24e1cb0b.jpg HTTP/1.1" 200 132862 "https://intranet.tjamich.gob.mx/intranet/sistemas/requisiciones/page_add_carrito.php?app=1" "Mozilla/5.0 (Windows NT 10.0; Win64; x64) AppleWebKit/537.36 (KHTML, like Gecko) Chrome/132.0.0.0 Safari/537.36"
189.243.238.36 - - [05/Feb/2025:11:55:31 -0600] "GET /intranet/sistemas/compras/docs/2019/09/05/9d8789fb70872c4da973f483bd1f9111.jpg HTTP/1.1" 200 5608 "https://intranet.tjamich.gob.mx/intranet/sistemas/requisiciones/page_add_carrito.php?app=1" "Mozilla/5.0 (Windows NT 10.0; Win64; x64) AppleWebKit/537.36 (KHTML, like Gecko) Chrome/132.0.0.0 Safari/537.36"
189.243.238.36 - - [05/Feb/2025:11:55:31 -0600] "GET /intranet/sistemas/compras/docs/2019/09/04/e49ab29d90502218933e1bbdb926e039.jpg HTTP/1.1" 200 30854 "https://intranet.tjamich.gob.mx/intranet/sistemas/requisiciones/page_add_carrito.php?app=1" "Mozilla/5.0 (Windows NT 10.0; Win64; x64) AppleWebKit/537.36 (KHTML, like Gecko) Chrome/132.0.0.0 Safari/537.36"
189.243.238.36 - - [05/Feb/2025:11:55:31 -0600] "GET /intranet/sistemas/compras/docs/2019/09/04/f19be4ab7b024da1c4bf8e57de1648ac.jpg HTTP/1.1" 200 27342 "https://intranet.tjamich.gob.mx/intranet/sistemas/requisiciones/page_add_carrito.php?app=1" "Mozilla/5.0 (Windows NT 10.0; Win64; x64) AppleWebKit/537.36 (KHTML, like Gecko) Chrome/132.0.0.0 Safari/537.36"
189.243.238.36 - - [05/Feb/2025:11:55:31 -0600] "GET /intranet/sistemas/compras/docs/2019/09/04/a9f4bc97eae4bd1e8f627cf093ee4fc5.jpg HTTP/1.1" 200 16156 "https://intranet.tjamich.gob.mx/intranet/sistemas/requisiciones/page_add_carrito.php?app=1" "Mozilla/5.0 (Windows NT 10.0; Win64; x64) AppleWebKit/537.36 (KHTML, like Gecko) Chrome/132.0.0.0 Safari/537.36"
189.243.238.36 - - [05/Feb/2025:11:55:31 -0600] "GET /intranet/sistemas/compras/docs/2019/09/04/b4f38abc170377593b4d04d6965b3db7.jpg HTTP/1.1" 200 84003 "https://intranet.tjamich.gob.mx/intranet/sistemas/requisiciones/page_add_carrito.php?app=1" "Mozilla/5.0 (Windows NT 10.0; Win64; x64) AppleWebKit/537.36 (KHTML, like Gecko) Chrome/132.0.0.0 Safari/537.36"
189.243.238.36 - - [05/Feb/2025:11:55:31 -0600] "GET /intranet/sistemas/compras/docs/2019/09/04/0fd193914b5c0044bf3a9e70eb2c0088.png HTTP/1.1" 200 188841 "https://intranet.tjamich.gob.mx/intranet/sistemas/requisiciones/page_add_carrito.php?app=1" "Mozilla/5.0 (Windows NT 10.0; Win64; x64) AppleWebKit/537.36 (KHTML, like Gecko) Chrome/132.0.0.0 Safari/537.36"
189.243.238.36 - - [05/Feb/2025:11:55:31 -0600] "GET /intranet/sistemas/compras/docs/2024/08/07/3ca6d0ccf9f6deb32486dd325d72be70.jpg HTTP/1.1" 200 6329 "https://intranet.tjamich.gob.mx/intranet/sistemas/requisiciones/page_add_carrito.php?app=1" "Mozilla/5.0 (Windows NT 10.0; Win64; x64) AppleWebKit/537.36 (KHTML, like Gecko) Chrome/132.0.0.0 Safari/537.36"
189.243.238.36 - - [05/Feb/2025:11:55:31 -0600] "GET /intranet/sistemas/compras/docs/2019/09/04/107c7b6e011014ca9d13a42670e39aeb.jpg HTTP/1.1" 200 6656 "https://intranet.tjamich.gob.mx/intranet/sistemas/requisiciones/page_add_carrito.php?app=1" "Mozilla/5.0 (Windows NT 10.0; Win64; x64) AppleWebKit/537.36 (KHTML, like Gecko) Chrome/132.0.0.0 Safari/537.36"
189.243.238.36 - - [05/Feb/2025:11:55:31 -0600] "GET /intranet/sistemas/compras/docs/2019/09/04/79e3dba45c45f4f30421b0c9d081918c.png HTTP/1.1" 200 236865 "https://intranet.tjamich.gob.mx/intranet/sistemas/requisiciones/page_add_carrito.php?app=1" "Mozilla/5.0 (Windows NT 10.0; Win64; x64) AppleWebKit/537.36 (KHTML, like Gecko) Chrome/132.0.0.0 Safari/537.36"
189.243.238.36 - - [05/Feb/2025:11:55:31 -0600] "GET /intranet/sistemas/compras/docs/2019/09/04/7681bdeb937fa015b43bd614648fca3c.png HTTP/1.1" 200 197519 "https://intranet.tjamich.gob.mx/intranet/sistemas/requisiciones/page_add_carrito.php?app=1" "Mozilla/5.0 (Windows NT 10.0; Win64; x64) AppleWebKit/537.36 (KHTML, like Gecko) Chrome/132.0.0.0 Safari/537.36"
189.243.238.36 - - [05/Feb/2025:11:55:31 -0600] "GET /intranet/sistemas/compras/docs/2019/09/05/6bdb5bb35d29a554776ce4f7b0e4e976.png HTTP/1.1" 200 240604 "https://intranet.tjamich.gob.mx/intranet/sistemas/requisiciones/page_add_carrito.php?app=1" "Mozilla/5.0 (Windows NT 10.0; Win64; x64) AppleWebKit/537.36 (KHTML, like Gecko) Chrome/132.0.0.0 Safari/537.36"
189.243.238.36 - - [05/Feb/2025:11:55:31 -0600] "GET /intranet/sistemas/compras/docs/2019/09/05/08f801288b6643e3611b28b9ac9309b5.jpg HTTP/1.1" 200 11241 "https://intranet.tjamich.gob.mx/intranet/sistemas/requisiciones/page_add_carrito.php?app=1" "Mozilla/5.0 (Windows NT 10.0; Win64; x64) AppleWebKit/537.36 (KHTML, like Gecko) Chrome/132.0.0.0 Safari/537.36"
189.243.238.36 - - [05/Feb/2025:11:55:31 -0600] "GET /intranet/sistemas/compras/docs/2025/01/14/9b14224925b9efb668dd88440ff66c0d.png HTTP/1.1" 200 16053 "https://intranet.tjamich.gob.mx/intranet/sistemas/requisiciones/page_add_carrito.php?app=1" "Mozilla/5.0 (Windows NT 10.0; Win64; x64) AppleWebKit/537.36 (KHTML, like Gecko) Chrome/132.0.0.0 Safari/537.36"
189.243.238.36 - - [05/Feb/2025:11:55:31 -0600] "GET /intranet/sistemas/compras/docs/2024/02/02/63edee4d1e32cb8d1d05054816817ea2.png HTTP/1.1" 200 84846 "https://intranet.tjamich.gob.mx/intranet/sistemas/requisiciones/page_add_carrito.php?app=1" "Mozilla/5.0 (Windows NT 10.0; Win64; x64) AppleWebKit/537.36 (KHTML, like Gecko) Chrome/132.0.0.0 Safari/537.36"
189.243.238.36 - - [05/Feb/2025:11:55:31 -0600] "GET /intranet/sistemas/compras/docs/2019/09/05/c009c01e20391b14e7ecf67776729371.png HTTP/1.1" 200 505927 "https://intranet.tjamich.gob.mx/intranet/sistemas/requisiciones/page_add_carrito.php?app=1" "Mozilla/5.0 (Windows NT 10.0; Win64; x64) AppleWebKit/537.36 (KHTML, like Gecko) Chrome/132.0.0.0 Safari/537.36"
189.243.238.36 - - [05/Feb/2025:11:55:31 -0600] "GET /intranet/sistemas/compras/docs/2019/09/05/4d75f4b8baff71e7b842b0b94c6cb4a5.png HTTP/1.1" 200 124484 "https://intranet.tjamich.gob.mx/intranet/sistemas/requisiciones/page_add_carrito.php?app=1" "Mozilla/5.0 (Windows NT 10.0; Win64; x64) AppleWebKit/537.36 (KHTML, like Gecko) Chrome/132.0.0.0 Safari/537.36"
189.243.238.36 - - [05/Feb/2025:11:55:31 -0600] "GET /intranet/sistemas/compras/docs/2019/09/05/85595631fa1cb810161242970846d637.png HTTP/1.1" 200 72120 "https://intranet.tjamich.gob.mx/intranet/sistemas/requisiciones/page_add_carrito.php?app=1" "Mozilla/5.0 (Windows NT 10.0; Win64; x64) AppleWebKit/537.36 (KHTML, like Gecko) Chrome/132.0.0.0 Safari/537.36"
189.243.238.36 - - [05/Feb/2025:11:55:32 -0600] "GET /intranet/sistemas/compras/docs/2022/08/02/4bdfb7706d33ebefe14f51b09649f60d.jpg HTTP/1.1" 200 7346 "https://intranet.tjamich.gob.mx/intranet/sistemas/requisiciones/page_add_carrito.php?app=1" "Mozilla/5.0 (Windows NT 10.0; Win64; x64) AppleWebKit/537.36 (KHTML, like Gecko) Chrome/132.0.0.0 Safari/537.36"
189.243.238.36 - - [05/Feb/2025:11:55:32 -0600] "GET /intranet/sistemas/compras/docs/2022/08/02/8a0c3d99c03f8f6fbb541777b6d1bc08.jpg HTTP/1.1" 200 5056 "https://intranet.tjamich.gob.mx/intranet/sistemas/requisiciones/page_add_carrito.php?app=1" "Mozilla/5.0 (Windows NT 10.0; Win64; x64) AppleWebKit/537.36 (KHTML, like Gecko) Chrome/132.0.0.0 Safari/537.36"
189.243.238.36 - - [05/Feb/2025:11:55:32 -0600] "GET /intranet/sistemas/compras/docs/2024/09/09/c5ba83aab44ce3d3c473080cd873b73f.jpg HTTP/1.1" 200 67376 "https://intranet.tjamich.gob.mx/intranet/sistemas/requisiciones/page_add_carrito.php?app=1" "Mozilla/5.0 (Windows NT 10.0; Win64; x64) AppleWebKit/537.36 (KHTML, like Gecko) Chrome/132.0.0.0 Safari/537.36"
189.243.238.36 - - [05/Feb/2025:11:55:32 -0600] "GET /intranet/sistemas/compras/docs/2022/08/02/6f3237bcf2f7c1c7261cba5fff44676a.jpg HTTP/1.1" 200 14840 "https://intranet.tjamich.gob.mx/intranet/sistemas/requisiciones/page_add_carrito.php?app=1" "Mozilla/5.0 (Windows NT 10.0; Win64; x64) AppleWebKit/537.36 (KHTML, like Gecko) Chrome/132.0.0.0 Safari/537.36"
189.243.238.36 - - [05/Feb/2025:11:55:32 -0600] "GET /intranet/sistemas/compras/docs/2022/08/02/743ffa8b3a2da14b213e37c23ce15fa4.jpg HTTP/1.1" 200 4704 "https://intranet.tjamich.gob.mx/intranet/sistemas/requisiciones/page_add_carrito.php?app=1" "Mozilla/5.0 (Windows NT 10.0; Win64; x64) AppleWebKit/537.36 (KHTML, like Gecko) Chrome/132.0.0.0 Safari/537.36"
189.243.238.36 - - [05/Feb/2025:11:55:32 -0600] "GET /intranet/sistemas/compras/docs/2022/08/02/37d707eee3c9d4dcc65e0fdaa8abe465.jpg HTTP/1.1" 200 4704 "https://intranet.tjamich.gob.mx/intranet/sistemas/requisiciones/page_add_carrito.php?app=1" "Mozilla/5.0 (Windows NT 10.0; Win64; x64) AppleWebKit/537.36 (KHTML, like Gecko) Chrome/132.0.0.0 Safari/537.36"
189.243.238.36 - - [05/Feb/2025:11:55:32 -0600] "GET /intranet/sistemas/compras/docs/2022/08/02/a9f4692664cee63839038754ce1d3711.jpg HTTP/1.1" 200 5415 "https://intranet.tjamich.gob.mx/intranet/sistemas/requisiciones/page_add_carrito.php?app=1" "Mozilla/5.0 (Windows NT 10.0; Win64; x64) AppleWebKit/537.36 (KHTML, like Gecko) Chrome/132.0.0.0 Safari/537.36"
189.243.238.36 - - [05/Feb/2025:11:55:32 -0600] "GET /intranet/sistemas/compras/docs/2022/08/02/bbc3988baa229608350ff59dd697cbf5.jpg HTTP/1.1" 200 7312 "https://intranet.tjamich.gob.mx/intranet/sistemas/requisiciones/page_add_carrito.php?app=1" "Mozilla/5.0 (Windows NT 10.0; Win64; x64) AppleWebKit/537.36 (KHTML, like Gecko) Chrome/132.0.0.0 Safari/537.36"
189.243.238.36 - - [05/Feb/2025:11:55:32 -0600] "GET /intranet/sistemas/compras/docs/2022/08/02/896324a860225a8e9b64290a33095124.jpg HTTP/1.1" 200 4704 "https://intranet.tjamich.gob.mx/intranet/sistemas/requisiciones/page_add_carrito.php?app=1" "Mozilla/5.0 (Windows NT 10.0; Win64; x64) AppleWebKit/537.36 (KHTML, like Gecko) Chrome/132.0.0.0 Safari/537.36"
189.243.238.36 - - [05/Feb/2025:11:55:32 -0600] "GET /intranet/sistemas/compras/docs/2022/08/02/05ea663273db97d1afa103994470ab31.jpg HTTP/1.1" 200 6304 "https://intranet.tjamich.gob.mx/intranet/sistemas/requisiciones/page_add_carrito.php?app=1" "Mozilla/5.0 (Windows NT 10.0; Win64; x64) AppleWebKit/537.36 (KHTML, like Gecko) Chrome/132.0.0.0 Safari/537.36"
189.243.238.36 - - [05/Feb/2025:11:55:32 -0600] "GET /intranet/sistemas/compras/docs/2022/08/02/a233fb8534dc827abee518504b20e717.jpg HTTP/1.1" 200 6304 "https://intranet.tjamich.gob.mx/intranet/sistemas/requisiciones/page_add_carrito.php?app=1" "Mozilla/5.0 (Windows NT 10.0; Win64; x64) AppleWebKit/537.36 (KHTML, like Gecko) Chrome/132.0.0.0 Safari/537.36"
189.243.238.36 - - [05/Feb/2025:11:55:32 -0600] "GET /intranet/sistemas/compras/docs/2022/08/02/fbd35393c9350d2f70591406ce574526.jpg HTTP/1.1" 200 4704 "https://intranet.tjamich.gob.mx/intranet/sistemas/requisiciones/page_add_carrito.php?app=1" "Mozilla/5.0 (Windows NT 10.0; Win64; x64) AppleWebKit/537.36 (KHTML, like Gecko) Chrome/132.0.0.0 Safari/537.36"
189.243.238.36 - - [05/Feb/2025:11:55:32 -0600] "GET /intranet/sistemas/compras/docs/2022/08/02/b5898eb827e9dd44c6324f7376d87779.jpg HTTP/1.1" 200 5673 "https://intranet.tjamich.gob.mx/intranet/sistemas/requisiciones/page_add_carrito.php?app=1" "Mozilla/5.0 (Windows NT 10.0; Win64; x64) AppleWebKit/537.36 (KHTML, like Gecko) Chrome/132.0.0.0 Safari/537.36"
