189.243.202.99 - - [05/Feb/2025:11:19:30 -0600] "GET /intranet/common/ckeditor/plugins/copyformatting/styles/copyformatting.css HTTP/1.1" 200 1513 "https://www.intranet.tjamich.gob.mx/intranet/sistemas/oficios/page_ver_oficios.php?noti=1&id_oficio=8853" "Mozilla/5.0 (Windows NT 10.0; Win64; x64) AppleWebKit/537.36 (KHTML, like Gecko) Chrome/132.0.0.0 Safari/537.36"
189.243.202.99 - - [05/Feb/2025:11:19:30 -0600] "GET /intranet/common/ckeditor/contents.css?t=J1QB HTTP/1.1" 200 3094 "https://www.intranet.tjamich.gob.mx/intranet/sistemas/oficios/page_ver_oficios.php?noti=1&id_oficio=8853" "Mozilla/5.0 (Windows NT 10.0; Win64; x64) AppleWebKit/537.36 (KHTML, like Gecko) Chrome/132.0.0.0 Safari/537.36"
189.243.202.99 - - [05/Feb/2025:11:19:30 -0600] "GET /intranet/common/ckeditor/skins/moono-lisa/icons.png?t=8b53603e8 HTTP/1.1" 200 12421 "https://www.intranet.tjamich.gob.mx/intranet/common/ckeditor/skins/moono-lisa/editor.css?t=J1QB" "Mozilla/5.0 (Windows NT 10.0; Win64; x64) AppleWebKit/537.36 (KHTML, like Gecko) Chrome/132.0.0.0 Safari/537.36"
189.243.202.99 - - [05/Feb/2025:11:19:33 -0600] "GET /intranet/sistemas/oficios/documentos/2025/01/24/1600f9986b874ca976f4de7439219b7c.docx HTTP/1.1" 200 350196 "https://www.intranet.tjamich.gob.mx/intranet/sistemas/oficios/page_ver_oficios.php?noti=1&id_oficio=8853" "Mozilla/5.0 (Windows NT 10.0; Win64; x64) AppleWebKit/537.36 (KHTML, like Gecko) Chrome/132.0.0.0 Safari/537.36"
187.195.116.142 - - [05/Feb/2025:11:20:05 -0600] "POST /intranet/fetch.php HTTP/1.1" 200 122 "https://intranet.tjamich.gob.mx/intranet/page_home.php" "Mozilla/5.0 (Windows NT 10.0; Win64; x64) AppleWebKit/537.36 (KHTML, like Gecko) Chrome/132.0.0.0 Safari/537.36 Edg/132.0.0.0"
189.243.238.36 - - [05/Feb/2025:11:20:07 -0600] "POST /intranet/sistemas/declaraciones/controller/guarda_form_3.php HTTP/1.1" 302 - "https://www.intranet.tjamich.gob.mx/intranet/sistemas/declaraciones/page_add_declaraciones.php?app=1&opc=2&form=1&id_declaracion=1280&tipo=1" "Mozilla/5.0 (Windows NT 10.0; Win64; x64) AppleWebKit/537.36 (KHTML, like Gecko) Chrome/132.0.0.0 Safari/537.36"
189.243.238.36 - - [05/Feb/2025:11:20:07 -0600] "GET /intranet/sistemas/declaraciones/page_add_declaraciones.php?form=4&id_declaracion=1280&tipo=1 HTTP/1.1" 200 34907 "https://www.intranet.tjamich.gob.mx/intranet/sistemas/declaraciones/page_add_declaraciones.php?app=1&opc=2&form=1&id_declaracion=1280&tipo=1" "Mozilla/5.0 (Windows NT 10.0; Win64; x64) AppleWebKit/537.36 (KHTML, like Gecko) Chrome/132.0.0.0 Safari/537.36"
189.243.238.36 - - [05/Feb/2025:11:20:07 -0600] "GET /intranet/sistemas/declaraciones/js/VentanaCentrada.js HTTP/1.1" 404 - "https://www.intranet.tjamich.gob.mx/intranet/sistemas/declaraciones/page_add_declaraciones.php?form=4&id_declaracion=1280&tipo=1" "Mozilla/5.0 (Windows NT 10.0; Win64; x64) AppleWebKit/537.36 (KHTML, like Gecko) Chrome/132.0.0.0 Safari/537.36"
189.243.238.36 - - [05/Feb/2025:11:20:07 -0600] "GET /intranet/sistemas/sistema/common/vendors/bootstrap-datetimepicker/build/js/bootstrap-datetimepicker.min.js HTTP/1.1" 404 - "https://www.intranet.tjamich.gob.mx/intranet/sistemas/declaraciones/page_add_declaraciones.php?form=4&id_declaracion=1280&tipo=1" "Mozilla/5.0 (Windows NT 10.0; Win64; x64) AppleWebKit/537.36 (KHTML, like Gecko) Chrome/132.0.0.0 Safari/537.36"
189.243.238.36 - - [05/Feb/2025:11:20:07 -0600] "GET /intranet/sistemas/sistema/common/js/form-components.js HTTP/1.1" 404 - "https://www.intranet.tjamich.gob.mx/intranet/sistemas/declaraciones/page_add_declaraciones.php?form=4&id_declaracion=1280&tipo=1" "Mozilla/5.0 (Windows NT 10.0; Win64; x64) AppleWebKit/537.36 (KHTML, like Gecko) Chrome/132.0.0.0 Safari/537.36"
189.243.238.36 - - [05/Feb/2025:11:20:08 -0600] "POST /intranet/sistemas/declaraciones/form_4.php HTTP/1.1" 200 134957 "https://www.intranet.tjamich.gob.mx/intranet/sistemas/declaraciones/page_add_declaraciones.php?form=4&id_declaracion=1280&tipo=1" "Mozilla/5.0 (Windows NT 10.0; Win64; x64) AppleWebKit/537.36 (KHTML, like Gecko) Chrome/132.0.0.0 Safari/537.36"
189.243.238.36 - - [05/Feb/2025:11:20:21 -0600] "POST /intranet/sistemas/declaraciones/controller/guarda_form_4.php HTTP/1.1" 302 - "https://www.intranet.tjamich.gob.mx/intranet/sistemas/declaraciones/page_add_declaraciones.php?form=4&id_declaracion=1280&tipo=1" "Mozilla/5.0 (Windows NT 10.0; Win64; x64) AppleWebKit/537.36 (KHTML, like Gecko) Chrome/132.0.0.0 Safari/537.36"
189.243.238.36 - - [05/Feb/2025:11:20:21 -0600] "GET /intranet/sistemas/declaraciones/page_add_declaraciones.php?form=5&id_declaracion=1280&tipo=1 HTTP/1.1" 200 34907 "https://www.intranet.tjamich.gob.mx/intranet/sistemas/declaraciones/page_add_declaraciones.php?form=4&id_declaracion=1280&tipo=1" "Mozilla/5.0 (Windows NT 10.0; Win64; x64) AppleWebKit/537.36 (KHTML, like Gecko) Chrome/132.0.0.0 Safari/537.36"
189.243.238.36 - - [05/Feb/2025:11:20:21 -0600] "GET /intranet/sistemas/declaraciones/js/VentanaCentrada.js HTTP/1.1" 404 - "https://www.intranet.tjamich.gob.mx/intranet/sistemas/declaraciones/page_add_declaraciones.php?form=5&id_declaracion=1280&tipo=1" "Mozilla/5.0 (Windows NT 10.0; Win64; x64) AppleWebKit/537.36 (KHTML, like Gecko) Chrome/132.0.0.0 Safari/537.36"
189.243.238.36 - - [05/Feb/2025:11:20:21 -0600] "GET /intranet/sistemas/sistema/common/vendors/bootstrap-datetimepicker/build/js/bootstrap-datetimepicker.min.js HTTP/1.1" 404 - "https://www.intranet.tjamich.gob.mx/intranet/sistemas/declaraciones/page_add_declaraciones.php?form=5&id_declaracion=1280&tipo=1" "Mozilla/5.0 (Windows NT 10.0; Win64; x64) AppleWebKit/537.36 (KHTML, like Gecko) Chrome/132.0.0.0 Safari/537.36"
189.243.238.36 - - [05/Feb/2025:11:20:21 -0600] "GET /intranet/sistemas/sistema/common/js/form-components.js HTTP/1.1" 404 - "https://www.intranet.tjamich.gob.mx/intranet/sistemas/declaraciones/page_add_declaraciones.php?form=5&id_declaracion=1280&tipo=1" "Mozilla/5.0 (Windows NT 10.0; Win64; x64) AppleWebKit/537.36 (KHTML, like Gecko) Chrome/132.0.0.0 Safari/537.36"
189.243.238.36 - - [05/Feb/2025:11:20:22 -0600] "POST /intranet/sistemas/declaraciones/form_5.php HTTP/1.1" 200 20679 "https://www.intranet.tjamich.gob.mx/intranet/sistemas/declaraciones/page_add_declaraciones.php?form=5&id_declaracion=1280&tipo=1" "Mozilla/5.0 (Windows NT 10.0; Win64; x64) AppleWebKit/537.36 (KHTML, like Gecko) Chrome/132.0.0.0 Safari/537.36"
187.195.116.142 - - [05/Feb/2025:11:20:55 -0600] "POST /intranet/fetch.php HTTP/1.1" 200 122 "https://intranet.tjamich.gob.mx/intranet/page_home.php" "Mozilla/5.0 (Windows NT 10.0; Win64; x64) AppleWebKit/537.36 (KHTML, like Gecko) Chrome/132.0.0.0 Safari/537.36 Edg/132.0.0.0"
189.243.238.36 - - [05/Feb/2025:11:21:00 -0600] "GET /intranet/sistemas/declaraciones/controller/guarda_form_5.php?no_envia=1&btnSiguiente=1&form=5&hay_datos=1&no_antecedentes=off&id_declaracion=1280&se_registro_no=0&tipo=1 HTTP/1.1" 302 - "https://www.intranet.tjamich.gob.mx/intranet/sistemas/declaraciones/page_add_declaraciones.php?form=5&id_declaracion=1280&tipo=1" "Mozilla/5.0 (Windows NT 10.0; Win64; x64) AppleWebKit/537.36 (KHTML, like Gecko) Chrome/132.0.0.0 Safari/537.36"
189.243.238.36 - - [05/Feb/2025:11:21:01 -0600] "GET /intranet/sistemas/declaraciones/page_add_declaraciones.php?form=6&id_declaracion=1280&tipo=1 HTTP/1.1" 200 34907 "https://www.intranet.tjamich.gob.mx/intranet/sistemas/declaraciones/page_add_declaraciones.php?form=5&id_declaracion=1280&tipo=1" "Mozilla/5.0 (Windows NT 10.0; Win64; x64) AppleWebKit/537.36 (KHTML, like Gecko) Chrome/132.0.0.0 Safari/537.36"
189.243.238.36 - - [05/Feb/2025:11:21:01 -0600] "GET /intranet/sistemas/declaraciones/js/VentanaCentrada.js HTTP/1.1" 404 - "https://www.intranet.tjamich.gob.mx/intranet/sistemas/declaraciones/page_add_declaraciones.php?form=6&id_declaracion=1280&tipo=1" "Mozilla/5.0 (Windows NT 10.0; Win64; x64) AppleWebKit/537.36 (KHTML, like Gecko) Chrome/132.0.0.0 Safari/537.36"
189.243.238.36 - - [05/Feb/2025:11:21:01 -0600] "GET /intranet/sistemas/sistema/common/vendors/bootstrap-datetimepicker/build/js/bootstrap-datetimepicker.min.js HTTP/1.1" 404 - "https://www.intranet.tjamich.gob.mx/intranet/sistemas/declaraciones/page_add_declaraciones.php?form=6&id_declaracion=1280&tipo=1" "Mozilla/5.0 (Windows NT 10.0; Win64; x64) AppleWebKit/537.36 (KHTML, like Gecko) Chrome/132.0.0.0 Safari/537.36"
189.243.238.36 - - [05/Feb/2025:11:21:01 -0600] "GET /intranet/sistemas/sistema/common/js/form-components.js HTTP/1.1" 404 - "https://www.intranet.tjamich.gob.mx/intranet/sistemas/declaraciones/page_add_declaraciones.php?form=6&id_declaracion=1280&tipo=1" "Mozilla/5.0 (Windows NT 10.0; Win64; x64) AppleWebKit/537.36 (KHTML, like Gecko) Chrome/132.0.0.0 Safari/537.36"
189.243.238.36 - - [05/Feb/2025:11:21:01 -0600] "POST /intranet/sistemas/declaraciones/form_6.php HTTP/1.1" 200 90460 "https://www.intranet.tjamich.gob.mx/intranet/sistemas/declaraciones/page_add_declaraciones.php?form=6&id_declaracion=1280&tipo=1" "Mozilla/5.0 (Windows NT 10.0; Win64; x64) AppleWebKit/537.36 (KHTML, like Gecko) Chrome/132.0.0.0 Safari/537.36"
189.243.238.36 - - [05/Feb/2025:11:21:11 -0600] "POST /intranet/sistemas/declaraciones/controller/guarda_form_6.php HTTP/1.1" 302 - "https://www.intranet.tjamich.gob.mx/intranet/sistemas/declaraciones/page_add_declaraciones.php?form=6&id_declaracion=1280&tipo=1" "Mozilla/5.0 (Windows NT 10.0; Win64; x64) AppleWebKit/537.36 (KHTML, like Gecko) Chrome/132.0.0.0 Safari/537.36"
189.243.238.36 - - [05/Feb/2025:11:21:11 -0600] "GET /intranet/sistemas/declaraciones/page_add_declaraciones.php?form=7&id_declaracion=1280&tipo=1 HTTP/1.1" 200 34907 "https://www.intranet.tjamich.gob.mx/intranet/sistemas/declaraciones/page_add_declaraciones.php?form=6&id_declaracion=1280&tipo=1" "Mozilla/5.0 (Windows NT 10.0; Win64; x64) AppleWebKit/537.36 (KHTML, like Gecko) Chrome/132.0.0.0 Safari/537.36"
189.243.238.36 - - [05/Feb/2025:11:21:11 -0600] "GET /intranet/sistemas/declaraciones/js/VentanaCentrada.js HTTP/1.1" 404 - "https://www.intranet.tjamich.gob.mx/intranet/sistemas/declaraciones/page_add_declaraciones.php?form=7&id_declaracion=1280&tipo=1" "Mozilla/5.0 (Windows NT 10.0; Win64; x64) AppleWebKit/537.36 (KHTML, like Gecko) Chrome/132.0.0.0 Safari/537.36"
189.243.238.36 - - [05/Feb/2025:11:21:11 -0600] "GET /intranet/sistemas/sistema/common/vendors/bootstrap-datetimepicker/build/js/bootstrap-datetimepicker.min.js HTTP/1.1" 404 - "https://www.intranet.tjamich.gob.mx/intranet/sistemas/declaraciones/page_add_declaraciones.php?form=7&id_declaracion=1280&tipo=1" "Mozilla/5.0 (Windows NT 10.0; Win64; x64) AppleWebKit/537.36 (KHTML, like Gecko) Chrome/132.0.0.0 Safari/537.36"
189.243.238.36 - - [05/Feb/2025:11:21:11 -0600] "GET /intranet/sistemas/sistema/common/js/form-components.js HTTP/1.1" 404 - "https://www.intranet.tjamich.gob.mx/intranet/sistemas/declaraciones/page_add_declaraciones.php?form=7&id_declaracion=1280&tipo=1" "Mozilla/5.0 (Windows NT 10.0; Win64; x64) AppleWebKit/537.36 (KHTML, like Gecko) Chrome/132.0.0.0 Safari/537.36"
189.243.238.36 - - [05/Feb/2025:11:21:12 -0600] "POST /intranet/sistemas/declaraciones/form_7.php HTTP/1.1" 200 89444 "https://www.intranet.tjamich.gob.mx/intranet/sistemas/declaraciones/page_add_declaraciones.php?form=7&id_declaracion=1280&tipo=1" "Mozilla/5.0 (Windows NT 10.0; Win64; x64) AppleWebKit/537.36 (KHTML, like Gecko) Chrome/132.0.0.0 Safari/537.36"
189.243.238.36 - - [05/Feb/2025:11:21:16 -0600] "GET /intranet/sistemas/declaraciones/controller/guarda_form_7.php?no_envia=1&btnSiguiente=1&form=7&hay_datos=1&no_antecedentes=off&id_declaracion=1280&se_registro_no=0&tipo=1 HTTP/1.1" 302 - "https://www.intranet.tjamich.gob.mx/intranet/sistemas/declaraciones/page_add_declaraciones.php?form=7&id_declaracion=1280&tipo=1" "Mozilla/5.0 (Windows NT 10.0; Win64; x64) AppleWebKit/537.36 (KHTML, like Gecko) Chrome/132.0.0.0 Safari/537.36"
189.243.238.36 - - [05/Feb/2025:11:21:16 -0600] "GET /intranet/sistemas/declaraciones/page_add_declaraciones.php?form=8&id_declaracion=1280&tipo=1 HTTP/1.1" 200 34907 "https://www.intranet.tjamich.gob.mx/intranet/sistemas/declaraciones/page_add_declaraciones.php?form=7&id_declaracion=1280&tipo=1" "Mozilla/5.0 (Windows NT 10.0; Win64; x64) AppleWebKit/537.36 (KHTML, like Gecko) Chrome/132.0.0.0 Safari/537.36"
189.243.238.36 - - [05/Feb/2025:11:21:17 -0600] "GET /intranet/sistemas/declaraciones/js/VentanaCentrada.js HTTP/1.1" 404 - "https://www.intranet.tjamich.gob.mx/intranet/sistemas/declaraciones/page_add_declaraciones.php?form=8&id_declaracion=1280&tipo=1" "Mozilla/5.0 (Windows NT 10.0; Win64; x64) AppleWebKit/537.36 (KHTML, like Gecko) Chrome/132.0.0.0 Safari/537.36"
189.243.238.36 - - [05/Feb/2025:11:21:17 -0600] "GET /intranet/sistemas/sistema/common/vendors/bootstrap-datetimepicker/build/js/bootstrap-datetimepicker.min.js HTTP/1.1" 404 - "https://www.intranet.tjamich.gob.mx/intranet/sistemas/declaraciones/page_add_declaraciones.php?form=8&id_declaracion=1280&tipo=1" "Mozilla/5.0 (Windows NT 10.0; Win64; x64) AppleWebKit/537.36 (KHTML, like Gecko) Chrome/132.0.0.0 Safari/537.36"
189.243.238.36 - - [05/Feb/2025:11:21:17 -0600] "GET /intranet/sistemas/sistema/common/js/form-components.js HTTP/1.1" 404 - "https://www.intranet.tjamich.gob.mx/intranet/sistemas/declaraciones/page_add_declaraciones.php?form=8&id_declaracion=1280&tipo=1" "Mozilla/5.0 (Windows NT 10.0; Win64; x64) AppleWebKit/537.36 (KHTML, like Gecko) Chrome/132.0.0.0 Safari/537.36"
189.243.238.36 - - [05/Feb/2025:11:21:17 -0600] "POST /intranet/sistemas/declaraciones/form_8.php HTTP/1.1" 200 16146 "https://www.intranet.tjamich.gob.mx/intranet/sistemas/declaraciones/page_add_declaraciones.php?form=8&id_declaracion=1280&tipo=1" "Mozilla/5.0 (Windows NT 10.0; Win64; x64) AppleWebKit/537.36 (KHTML, like Gecko) Chrome/132.0.0.0 Safari/537.36"
189.243.238.36 - - [05/Feb/2025:11:21:34 -0600] "POST /intranet/sistemas/declaraciones/controller/guarda_form_8.php HTTP/1.1" 302 - "https://www.intranet.tjamich.gob.mx/intranet/sistemas/declaraciones/page_add_declaraciones.php?form=8&id_declaracion=1280&tipo=1" "Mozilla/5.0 (Windows NT 10.0; Win64; x64) AppleWebKit/537.36 (KHTML, like Gecko) Chrome/132.0.0.0 Safari/537.36"
189.243.238.36 - - [05/Feb/2025:11:21:34 -0600] "GET /intranet/sistemas/declaraciones/page_add_declaraciones.php?form=9&id_declaracion=1280&tipo=1 HTTP/1.1" 200 34907 "https://www.intranet.tjamich.gob.mx/intranet/sistemas/declaraciones/page_add_declaraciones.php?form=8&id_declaracion=1280&tipo=1" "Mozilla/5.0 (Windows NT 10.0; Win64; x64) AppleWebKit/537.36 (KHTML, like Gecko) Chrome/132.0.0.0 Safari/537.36"
189.243.238.36 - - [05/Feb/2025:11:21:34 -0600] "GET /intranet/sistemas/declaraciones/js/VentanaCentrada.js HTTP/1.1" 404 - "https://www.intranet.tjamich.gob.mx/intranet/sistemas/declaraciones/page_add_declaraciones.php?form=9&id_declaracion=1280&tipo=1" "Mozilla/5.0 (Windows NT 10.0; Win64; x64) AppleWebKit/537.36 (KHTML, like Gecko) Chrome/132.0.0.0 Safari/537.36"
189.243.238.36 - - [05/Feb/2025:11:21:35 -0600] "GET /intranet/sistemas/sistema/common/vendors/bootstrap-datetimepicker/build/js/bootstrap-datetimepicker.min.js HTTP/1.1" 404 - "https://www.intranet.tjamich.gob.mx/intranet/sistemas/declaraciones/page_add_declaraciones.php?form=9&id_declaracion=1280&tipo=1" "Mozilla/5.0 (Windows NT 10.0; Win64; x64) AppleWebKit/537.36 (KHTML, like Gecko) Chrome/132.0.0.0 Safari/537.36"
189.243.238.36 - - [05/Feb/2025:11:21:35 -0600] "GET /intranet/sistemas/sistema/common/js/form-components.js HTTP/1.1" 404 - "https://www.intranet.tjamich.gob.mx/intranet/sistemas/declaraciones/page_add_declaraciones.php?form=9&id_declaracion=1280&tipo=1" "Mozilla/5.0 (Windows NT 10.0; Win64; x64) AppleWebKit/537.36 (KHTML, like Gecko) Chrome/132.0.0.0 Safari/537.36"
189.243.238.36 - - [05/Feb/2025:11:21:35 -0600] "POST /intranet/sistemas/declaraciones/form_9.php HTTP/1.1" 200 21772 "https://www.intranet.tjamich.gob.mx/intranet/sistemas/declaraciones/page_add_declaraciones.php?form=9&id_declaracion=1280&tipo=1" "Mozilla/5.0 (Windows NT 10.0; Win64; x64) AppleWebKit/537.36 (KHTML, like Gecko) Chrome/132.0.0.0 Safari/537.36"
189.243.238.36 - - [05/Feb/2025:11:21:45 -0600] "POST /intranet/sistemas/declaraciones/controller/guarda_form_9.php HTTP/1.1" 302 - "https://www.intranet.tjamich.gob.mx/intranet/sistemas/declaraciones/page_add_declaraciones.php?form=9&id_declaracion=1280&tipo=1" "Mozilla/5.0 (Windows NT 10.0; Win64; x64) AppleWebKit/537.36 (KHTML, like Gecko) Chrome/132.0.0.0 Safari/537.36"
189.243.238.36 - - [05/Feb/2025:11:21:45 -0600] "GET /intranet/sistemas/declaraciones/page_add_declaraciones.php?form=10&id_declaracion=1280&tipo=1&1=1 HTTP/1.1" 200 34909 "https://www.intranet.tjamich.gob.mx/intranet/sistemas/declaraciones/page_add_declaraciones.php?form=9&id_declaracion=1280&tipo=1" "Mozilla/5.0 (Windows NT 10.0; Win64; x64) AppleWebKit/537.36 (KHTML, like Gecko) Chrome/132.0.0.0 Safari/537.36"
189.243.238.36 - - [05/Feb/2025:11:21:45 -0600] "GET /intranet/sistemas/declaraciones/js/VentanaCentrada.js HTTP/1.1" 404 - "https://www.intranet.tjamich.gob.mx/intranet/sistemas/declaraciones/page_add_declaraciones.php?form=10&id_declaracion=1280&tipo=1&1=1" "Mozilla/5.0 (Windows NT 10.0; Win64; x64) AppleWebKit/537.36 (KHTML, like Gecko) Chrome/132.0.0.0 Safari/537.36"
189.243.238.36 - - [05/Feb/2025:11:21:45 -0600] "GET /intranet/sistemas/sistema/common/vendors/bootstrap-datetimepicker/build/js/bootstrap-datetimepicker.min.js HTTP/1.1" 404 - "https://www.intranet.tjamich.gob.mx/intranet/sistemas/declaraciones/page_add_declaraciones.php?form=10&id_declaracion=1280&tipo=1&1=1" "Mozilla/5.0 (Windows NT 10.0; Win64; x64) AppleWebKit/537.36 (KHTML, like Gecko) Chrome/132.0.0.0 Safari/537.36"
189.243.238.36 - - [05/Feb/2025:11:21:45 -0600] "GET /intranet/sistemas/sistema/common/js/form-components.js HTTP/1.1" 404 - "https://www.intranet.tjamich.gob.mx/intranet/sistemas/declaraciones/page_add_declaraciones.php?form=10&id_declaracion=1280&tipo=1&1=1" "Mozilla/5.0 (Windows NT 10.0; Win64; x64) AppleWebKit/537.36 (KHTML, like Gecko) Chrome/132.0.0.0 Safari/537.36"
187.195.116.142 - - [05/Feb/2025:11:21:45 -0600] "POST /intranet/fetch.php HTTP/1.1" 200 122 "https://intranet.tjamich.gob.mx/intranet/page_home.php" "Mozilla/5.0 (Windows NT 10.0; Win64; x64) AppleWebKit/537.36 (KHTML, like Gecko) Chrome/132.0.0.0 Safari/537.36 Edg/132.0.0.0"
189.243.238.36 - - [05/Feb/2025:11:21:46 -0600] "POST /intranet/sistemas/declaraciones/form_10.php HTTP/1.1" 200 87326 "https://www.intranet.tjamich.gob.mx/intranet/sistemas/declaraciones/page_add_declaraciones.php?form=10&id_declaracion=1280&tipo=1&1=1" "Mozilla/5.0 (Windows NT 10.0; Win64; x64) AppleWebKit/537.36 (KHTML, like Gecko) Chrome/132.0.0.0 Safari/537.36"
189.243.238.36 - - [05/Feb/2025:11:21:53 -0600] "GET /intranet/sistemas/declaraciones/controller/guarda_form_10.php?no_envia=1&btnSiguiente=1&form=10&hay_datos=1&no_antecedentes=off&id_declaracion=1280&se_registro_no=0&tipo=1 HTTP/1.1" 302 - "https://www.intranet.tjamich.gob.mx/intranet/sistemas/declaraciones/page_add_declaraciones.php?form=10&id_declaracion=1280&tipo=1&1=1" "Mozilla/5.0 (Windows NT 10.0; Win64; x64) AppleWebKit/537.36 (KHTML, like Gecko) Chrome/132.0.0.0 Safari/537.36"
189.243.238.36 - - [05/Feb/2025:11:21:53 -0600] "GET /intranet/sistemas/declaraciones/page_add_declaraciones.php?form=11&id_declaracion=1280&tipo=1 HTTP/1.1" 200 34909 "https://www.intranet.tjamich.gob.mx/intranet/sistemas/declaraciones/page_add_declaraciones.php?form=10&id_declaracion=1280&tipo=1&1=1" "Mozilla/5.0 (Windows NT 10.0; Win64; x64) AppleWebKit/537.36 (KHTML, like Gecko) Chrome/132.0.0.0 Safari/537.36"
189.243.238.36 - - [05/Feb/2025:11:21:54 -0600] "GET /intranet/sistemas/declaraciones/js/VentanaCentrada.js HTTP/1.1" 404 - "https://www.intranet.tjamich.gob.mx/intranet/sistemas/declaraciones/page_add_declaraciones.php?form=11&id_declaracion=1280&tipo=1" "Mozilla/5.0 (Windows NT 10.0; Win64; x64) AppleWebKit/537.36 (KHTML, like Gecko) Chrome/132.0.0.0 Safari/537.36"
189.243.238.36 - - [05/Feb/2025:11:21:54 -0600] "GET /intranet/sistemas/sistema/common/vendors/bootstrap-datetimepicker/build/js/bootstrap-datetimepicker.min.js HTTP/1.1" 404 - "https://www.intranet.tjamich.gob.mx/intranet/sistemas/declaraciones/page_add_declaraciones.php?form=11&id_declaracion=1280&tipo=1" "Mozilla/5.0 (Windows NT 10.0; Win64; x64) AppleWebKit/537.36 (KHTML, like Gecko) Chrome/132.0.0.0 Safari/537.36"
189.243.238.36 - - [05/Feb/2025:11:21:54 -0600] "GET /intranet/sistemas/sistema/common/js/form-components.js HTTP/1.1" 404 - "https://www.intranet.tjamich.gob.mx/intranet/sistemas/declaraciones/page_add_declaraciones.php?form=11&id_declaracion=1280&tipo=1" "Mozilla/5.0 (Windows NT 10.0; Win64; x64) AppleWebKit/537.36 (KHTML, like Gecko) Chrome/132.0.0.0 Safari/537.36"
189.243.238.36 - - [05/Feb/2025:11:21:54 -0600] "POST /intranet/sistemas/declaraciones/form_11.php HTTP/1.1" 200 61545 "https://www.intranet.tjamich.gob.mx/intranet/sistemas/declaraciones/page_add_declaraciones.php?form=11&id_declaracion=1280&tipo=1" "Mozilla/5.0 (Windows NT 10.0; Win64; x64) AppleWebKit/537.36 (KHTML, like Gecko) Chrome/132.0.0.0 Safari/537.36"
189.243.238.36 - - [05/Feb/2025:11:22:07 -0600] "GET /intranet/sistemas/declaraciones/controller/guarda_form_11.php?no_envia=1&btnSiguiente=1&form=11&hay_datos=1&no_antecedentes=off&id_declaracion=1280&se_registro_no=0&tipo=1 HTTP/1.1" 302 - "https://www.intranet.tjamich.gob.mx/intranet/sistemas/declaraciones/page_add_declaraciones.php?form=11&id_declaracion=1280&tipo=1" "Mozilla/5.0 (Windows NT 10.0; Win64; x64) AppleWebKit/537.36 (KHTML, like Gecko) Chrome/132.0.0.0 Safari/537.36"
189.243.238.36 - - [05/Feb/2025:11:22:07 -0600] "GET /intranet/sistemas/declaraciones/page_add_declaraciones.php?form=12&id_declaracion=1280&tipo=1 HTTP/1.1" 200 34909 "https://www.intranet.tjamich.gob.mx/intranet/sistemas/declaraciones/page_add_declaraciones.php?form=11&id_declaracion=1280&tipo=1" "Mozilla/5.0 (Windows NT 10.0; Win64; x64) AppleWebKit/537.36 (KHTML, like Gecko) Chrome/132.0.0.0 Safari/537.36"
189.243.238.36 - - [05/Feb/2025:11:22:07 -0600] "GET /intranet/sistemas/declaraciones/js/VentanaCentrada.js HTTP/1.1" 404 - "https://www.intranet.tjamich.gob.mx/intranet/sistemas/declaraciones/page_add_declaraciones.php?form=12&id_declaracion=1280&tipo=1" "Mozilla/5.0 (Windows NT 10.0; Win64; x64) AppleWebKit/537.36 (KHTML, like Gecko) Chrome/132.0.0.0 Safari/537.36"
189.243.238.36 - - [05/Feb/2025:11:22:07 -0600] "GET /intranet/sistemas/sistema/common/vendors/bootstrap-datetimepicker/build/js/bootstrap-datetimepicker.min.js HTTP/1.1" 404 - "https://www.intranet.tjamich.gob.mx/intranet/sistemas/declaraciones/page_add_declaraciones.php?form=12&id_declaracion=1280&tipo=1" "Mozilla/5.0 (Windows NT 10.0; Win64; x64) AppleWebKit/537.36 (KHTML, like Gecko) Chrome/132.0.0.0 Safari/537.36"
189.243.238.36 - - [05/Feb/2025:11:22:07 -0600] "GET /intranet/sistemas/sistema/common/js/form-components.js HTTP/1.1" 404 - "https://www.intranet.tjamich.gob.mx/intranet/sistemas/declaraciones/page_add_declaraciones.php?form=12&id_declaracion=1280&tipo=1" "Mozilla/5.0 (Windows NT 10.0; Win64; x64) AppleWebKit/537.36 (KHTML, like Gecko) Chrome/132.0.0.0 Safari/537.36"
189.243.238.36 - - [05/Feb/2025:11:22:08 -0600] "POST /intranet/sistemas/declaraciones/form_12.php HTTP/1.1" 200 31568 "https://www.intranet.tjamich.gob.mx/intranet/sistemas/declaraciones/page_add_declaraciones.php?form=12&id_declaracion=1280&tipo=1" "Mozilla/5.0 (Windows NT 10.0; Win64; x64) AppleWebKit/537.36 (KHTML, like Gecko) Chrome/132.0.0.0 Safari/537.36"
189.243.238.36 - - [05/Feb/2025:11:22:13 -0600] "GET /intranet/sistemas/declaraciones/controller/guarda_form_12.php?btnSiguiente=1&form=12&hay_datos=1&no_antecedentes=off&id_declaracion=1280&se_registro_no=0&tipo=1 HTTP/1.1" 302 - "https://www.intranet.tjamich.gob.mx/intranet/sistemas/declaraciones/page_add_declaraciones.php?form=12&id_declaracion=1280&tipo=1" "Mozilla/5.0 (Windows NT 10.0; Win64; x64) AppleWebKit/537.36 (KHTML, like Gecko) Chrome/132.0.0.0 Safari/537.36"
189.243.238.36 - - [05/Feb/2025:11:22:13 -0600] "GET /intranet/sistemas/declaraciones/page_add_declaraciones.php?form=12&id_declaracion=1280&tipo=1 HTTP/1.1" 200 34909 "https://www.intranet.tjamich.gob.mx/intranet/sistemas/declaraciones/page_add_declaraciones.php?form=12&id_declaracion=1280&tipo=1" "Mozilla/5.0 (Windows NT 10.0; Win64; x64) AppleWebKit/537.36 (KHTML, like Gecko) Chrome/132.0.0.0 Safari/537.36"
189.243.238.36 - - [05/Feb/2025:11:22:13 -0600] "GET /intranet/sistemas/declaraciones/js/VentanaCentrada.js HTTP/1.1" 404 - "https://www.intranet.tjamich.gob.mx/intranet/sistemas/declaraciones/page_add_declaraciones.php?form=12&id_declaracion=1280&tipo=1" "Mozilla/5.0 (Windows NT 10.0; Win64; x64) AppleWebKit/537.36 (KHTML, like Gecko) Chrome/132.0.0.0 Safari/537.36"
189.243.238.36 - - [05/Feb/2025:11:22:14 -0600] "GET /intranet/sistemas/sistema/common/vendors/bootstrap-datetimepicker/build/js/bootstrap-datetimepicker.min.js HTTP/1.1" 404 - "https://www.intranet.tjamich.gob.mx/intranet/sistemas/declaraciones/page_add_declaraciones.php?form=12&id_declaracion=1280&tipo=1" "Mozilla/5.0 (Windows NT 10.0; Win64; x64) AppleWebKit/537.36 (KHTML, like Gecko) Chrome/132.0.0.0 Safari/537.36"
189.243.238.36 - - [05/Feb/2025:11:22:14 -0600] "GET /intranet/sistemas/sistema/common/js/form-components.js HTTP/1.1" 404 - "https://www.intranet.tjamich.gob.mx/intranet/sistemas/declaraciones/page_add_declaraciones.php?form=12&id_declaracion=1280&tipo=1" "Mozilla/5.0 (Windows NT 10.0; Win64; x64) AppleWebKit/537.36 (KHTML, like Gecko) Chrome/132.0.0.0 Safari/537.36"
189.243.238.36 - - [05/Feb/2025:11:22:14 -0600] "POST /intranet/sistemas/declaraciones/form_12.php HTTP/1.1" 200 31568 "https://www.intranet.tjamich.gob.mx/intranet/sistemas/declaraciones/page_add_declaraciones.php?form=12&id_declaracion=1280&tipo=1" "Mozilla/5.0 (Windows NT 10.0; Win64; x64) AppleWebKit/537.36 (KHTML, like Gecko) Chrome/132.0.0.0 Safari/537.36"
189.243.238.36 - - [05/Feb/2025:11:22:16 -0600] "GET /intranet/sistemas/declaraciones/controller/guarda_form_12.php?btnSiguiente=1&form=12&hay_datos=1&no_antecedentes=off&id_declaracion=1280&se_registro_no=0&tipo=1 HTTP/1.1" 302 - "https://www.intranet.tjamich.gob.mx/intranet/sistemas/declaraciones/page_add_declaraciones.php?form=12&id_declaracion=1280&tipo=1" "Mozilla/5.0 (Windows NT 10.0; Win64; x64) AppleWebKit/537.36 (KHTML, like Gecko) Chrome/132.0.0.0 Safari/537.36"
189.243.238.36 - - [05/Feb/2025:11:22:16 -0600] "GET /intranet/sistemas/declaraciones/page_add_declaraciones.php?form=12&id_declaracion=1280&tipo=1 HTTP/1.1" 200 34909 "https://www.intranet.tjamich.gob.mx/intranet/sistemas/declaraciones/page_add_declaraciones.php?form=12&id_declaracion=1280&tipo=1" "Mozilla/5.0 (Windows NT 10.0; Win64; x64) AppleWebKit/537.36 (KHTML, like Gecko) Chrome/132.0.0.0 Safari/537.36"
189.243.238.36 - - [05/Feb/2025:11:22:17 -0600] "GET /intranet/sistemas/sistema/common/js/form-components.js HTTP/1.1" 404 - "https://www.intranet.tjamich.gob.mx/intranet/sistemas/declaraciones/page_add_declaraciones.php?form=12&id_declaracion=1280&tipo=1" "Mozilla/5.0 (Windows NT 10.0; Win64; x64) AppleWebKit/537.36 (KHTML, like Gecko) Chrome/132.0.0.0 Safari/537.36"
189.243.238.36 - - [05/Feb/2025:11:22:17 -0600] "GET /intranet/sistemas/sistema/common/vendors/bootstrap-datetimepicker/build/js/bootstrap-datetimepicker.min.js HTTP/1.1" 404 - "https://www.intranet.tjamich.gob.mx/intranet/sistemas/declaraciones/page_add_declaraciones.php?form=12&id_declaracion=1280&tipo=1" "Mozilla/5.0 (Windows NT 10.0; Win64; x64) AppleWebKit/537.36 (KHTML, like Gecko) Chrome/132.0.0.0 Safari/537.36"
189.243.238.36 - - [05/Feb/2025:11:22:17 -0600] "GET /intranet/sistemas/declaraciones/js/VentanaCentrada.js HTTP/1.1" 404 - "https://www.intranet.tjamich.gob.mx/intranet/sistemas/declaraciones/page_add_declaraciones.php?form=12&id_declaracion=1280&tipo=1" "Mozilla/5.0 (Windows NT 10.0; Win64; x64) AppleWebKit/537.36 (KHTML, like Gecko) Chrome/132.0.0.0 Safari/537.36"
189.243.238.36 - - [05/Feb/2025:11:22:17 -0600] "POST /intranet/sistemas/declaraciones/form_12.php HTTP/1.1" 200 31568 "https://www.intranet.tjamich.gob.mx/intranet/sistemas/declaraciones/page_add_declaraciones.php?form=12&id_declaracion=1280&tipo=1" "Mozilla/5.0 (Windows NT 10.0; Win64; x64) AppleWebKit/537.36 (KHTML, like Gecko) Chrome/132.0.0.0 Safari/537.36"
187.195.116.142 - - [05/Feb/2025:11:22:22 -0600] "GET /intranet/sistemas/compras/page_inicio.php HTTP/1.1" 200 23052 "https://intranet.tjamich.gob.mx/intranet/sistemas/compras/page_stocks.php?app=1" "Mozilla/5.0 (Windows NT 10.0; Win64; x64) AppleWebKit/537.36 (KHTML, like Gecko) Chrome/133.0.0.0 Safari/537.36"
187.195.116.142 - - [05/Feb/2025:11:22:23 -0600] "GET /intranet/sistemas/compras/page_requisiciones.php?app=1 HTTP/1.1" 200 22559 "https://intranet.tjamich.gob.mx/intranet/sistemas/compras/page_inicio.php" "Mozilla/5.0 (Windows NT 10.0; Win64; x64) AppleWebKit/537.36 (KHTML, like Gecko) Chrome/133.0.0.0 Safari/537.36"
187.195.116.142 - - [05/Feb/2025:11:22:23 -0600] "GET /intranet/sistemas/compras/page_find_requisicion.php?app=1 HTTP/1.1" 200 29109 "https://intranet.tjamich.gob.mx/intranet/sistemas/compras/page_requisiciones.php?app=1" "Mozilla/5.0 (Windows NT 10.0; Win64; x64) AppleWebKit/537.36 (KHTML, like Gecko) Chrome/133.0.0.0 Safari/537.36"
189.243.238.36 - - [05/Feb/2025:11:22:24 -0600] "GET /intranet/sistemas/declaraciones/controller/guarda_form_12.php?btnSiguiente=1&form=12&hay_datos=1&no_antecedentes=off&id_declaracion=1280&se_registro_no=0&tipo=1 HTTP/1.1" 302 - "https://www.intranet.tjamich.gob.mx/intranet/sistemas/declaraciones/page_add_declaraciones.php?form=12&id_declaracion=1280&tipo=1" "Mozilla/5.0 (Windows NT 10.0; Win64; x64) AppleWebKit/537.36 (KHTML, like Gecko) Chrome/132.0.0.0 Safari/537.36"
189.243.238.36 - - [05/Feb/2025:11:22:24 -0600] "GET /intranet/sistemas/declaraciones/page_add_declaraciones.php?form=12&id_declaracion=1280&tipo=1 HTTP/1.1" 200 34909 "https://www.intranet.tjamich.gob.mx/intranet/sistemas/declaraciones/page_add_declaraciones.php?form=12&id_declaracion=1280&tipo=1" "Mozilla/5.0 (Windows NT 10.0; Win64; x64) AppleWebKit/537.36 (KHTML, like Gecko) Chrome/132.0.0.0 Safari/537.36"
189.243.238.36 - - [05/Feb/2025:11:22:24 -0600] "GET /intranet/sistemas/declaraciones/js/VentanaCentrada.js HTTP/1.1" 404 - "https://www.intranet.tjamich.gob.mx/intranet/sistemas/declaraciones/page_add_declaraciones.php?form=12&id_declaracion=1280&tipo=1" "Mozilla/5.0 (Windows NT 10.0; Win64; x64) AppleWebKit/537.36 (KHTML, like Gecko) Chrome/132.0.0.0 Safari/537.36"
189.243.238.36 - - [05/Feb/2025:11:22:24 -0600] "GET /intranet/sistemas/sistema/common/vendors/bootstrap-datetimepicker/build/js/bootstrap-datetimepicker.min.js HTTP/1.1" 404 - "https://www.intranet.tjamich.gob.mx/intranet/sistemas/declaraciones/page_add_declaraciones.php?form=12&id_declaracion=1280&tipo=1" "Mozilla/5.0 (Windows NT 10.0; Win64; x64) AppleWebKit/537.36 (KHTML, like Gecko) Chrome/132.0.0.0 Safari/537.36"
189.243.238.36 - - [05/Feb/2025:11:22:24 -0600] "GET /intranet/sistemas/sistema/common/js/form-components.js HTTP/1.1" 404 - "https://www.intranet.tjamich.gob.mx/intranet/sistemas/declaraciones/page_add_declaraciones.php?form=12&id_declaracion=1280&tipo=1" "Mozilla/5.0 (Windows NT 10.0; Win64; x64) AppleWebKit/537.36 (KHTML, like Gecko) Chrome/132.0.0.0 Safari/537.36"
189.243.238.36 - - [05/Feb/2025:11:22:25 -0600] "POST /intranet/sistemas/declaraciones/form_12.php HTTP/1.1" 200 31568 "https://www.intranet.tjamich.gob.mx/intranet/sistemas/declaraciones/page_add_declaraciones.php?form=12&id_declaracion=1280&tipo=1" "Mozilla/5.0 (Windows NT 10.0; Win64; x64) AppleWebKit/537.36 (KHTML, like Gecko) Chrome/132.0.0.0 Safari/537.36"
187.195.116.142 - - [05/Feb/2025:11:22:26 -0600] "GET /intranet/sistemas/compras/documentos/2025/01/07/f1c5bf38d75d0b753f9a277044dce5c6.pdf HTTP/1.1" 200 336468 "https://intranet.tjamich.gob.mx/intranet/sistemas/compras/page_find_requisicion.php?app=1" "Mozilla/5.0 (Windows NT 10.0; Win64; x64) AppleWebKit/537.36 (KHTML, like Gecko) Chrome/133.0.0.0 Safari/537.36"
187.195.116.142 - - [05/Feb/2025:11:22:27 -0600] "GET /favicon.ico HTTP/1.1" 404 - "https://intranet.tjamich.gob.mx/intranet/sistemas/compras/documentos/2025/01/07/f1c5bf38d75d0b753f9a277044dce5c6.pdf" "Mozilla/5.0 (Windows NT 10.0; Win64; x64) AppleWebKit/537.36 (KHTML, like Gecko) Chrome/133.0.0.0 Safari/537.36"
187.195.116.142 - - [05/Feb/2025:11:22:28 -0600] "GET /intranet/sistemas/compras/documentos/2025/01/07/f1c5bf38d75d0b753f9a277044dce5c6.pdf HTTP/1.1" 206 1025 "-" "Mozilla/5.0 (Windows NT 10.0; Win64; x64) AppleWebKit/537.36 (KHTML, like Gecko) Chrome/133.0.0.0 Safari/537.36"
189.243.238.36 - - [05/Feb/2025:11:22:29 -0600] "POST /intranet/sistemas/declaraciones/form_22.php HTTP/1.1" 200 20186 "https://www.intranet.tjamich.gob.mx/intranet/sistemas/declaraciones/page_add_declaraciones.php?form=12&id_declaracion=1280&tipo=1" "Mozilla/5.0 (Windows NT 10.0; Win64; x64) AppleWebKit/537.36 (KHTML, like Gecko) Chrome/132.0.0.0 Safari/537.36"
187.195.116.142 - - [05/Feb/2025:11:22:29 -0600] "GET /intranet/sistemas/compras/documentos/2025/01/07/f1c5bf38d75d0b753f9a277044dce5c6.pdf HTTP/1.1" 206 64512 "-" "Mozilla/5.0 (Windows NT 10.0; Win64; x64) AppleWebKit/537.36 (KHTML, like Gecko) Chrome/133.0.0.0 Safari/537.36"
187.195.116.142 - - [05/Feb/2025:11:22:28 -0600] "GET /intranet/sistemas/compras/documentos/2025/01/07/f1c5bf38d75d0b753f9a277044dce5c6.pdf HTTP/1.1" 200 336468 "-" "Mozilla/5.0 (Windows NT 10.0; Win64; x64) AppleWebKit/537.36 (KHTML, like Gecko) Chrome/133.0.0.0 Safari/537.36"
187.195.116.142 - - [05/Feb/2025:11:22:35 -0600] "POST /intranet/fetch.php HTTP/1.1" 200 122 "https://intranet.tjamich.gob.mx/intranet/page_home.php" "Mozilla/5.0 (Windows NT 10.0; Win64; x64) AppleWebKit/537.36 (KHTML, like Gecko) Chrome/132.0.0.0 Safari/537.36 Edg/132.0.0.0"
189.243.238.36 - - [05/Feb/2025:11:22:37 -0600] "GET /intranet/sistemas/declaraciones/controller/guarda_form_22.php?btnSiguiente=1&form=22&hay_datos=0&no_antecedentes=on&id_declaracion=1280&se_registro_no=0&tipo=1 HTTP/1.1" 302 - "https://www.intranet.tjamich.gob.mx/intranet/sistemas/declaraciones/page_add_declaraciones.php?form=12&id_declaracion=1280&tipo=1" "Mozilla/5.0 (Windows NT 10.0; Win64; x64) AppleWebKit/537.36 (KHTML, like Gecko) Chrome/132.0.0.0 Safari/537.36"
189.243.238.36 - - [05/Feb/2025:11:22:37 -0600] "GET /intranet/sistemas/declaraciones/page_fin_declaracion.php?app=1&opc=2&form=23&id_declaracion=1280&tipo=1 HTTP/1.1" 200 29327 "https://www.intranet.tjamich.gob.mx/intranet/sistemas/declaraciones/page_add_declaraciones.php?form=12&id_declaracion=1280&tipo=1" "Mozilla/5.0 (Windows NT 10.0; Win64; x64) AppleWebKit/537.36 (KHTML, like Gecko) Chrome/132.0.0.0 Safari/537.36"
189.243.238.36 - - [05/Feb/2025:11:22:37 -0600] "GET /intranet/sistemas/declaraciones/style.css HTTP/1.1" 404 - "https://www.intranet.tjamich.gob.mx/intranet/sistemas/declaraciones/page_fin_declaracion.php?app=1&opc=2&form=23&id_declaracion=1280&tipo=1" "Mozilla/5.0 (Windows NT 10.0; Win64; x64) AppleWebKit/537.36 (KHTML, like Gecko) Chrome/132.0.0.0 Safari/537.36"
189.243.238.36 - - [05/Feb/2025:11:22:37 -0600] "GET /intranet/sistemas/declaraciones/pdfresultadopatrimonial.php?id_declaracion=1280 HTTP/1.1" 200 840608 "https://www.intranet.tjamich.gob.mx/intranet/sistemas/declaraciones/page_fin_declaracion.php?app=1&opc=2&form=23&id_declaracion=1280&tipo=1" "Mozilla/5.0 (Windows NT 10.0; Win64; x64) AppleWebKit/537.36 (KHTML, like Gecko) Chrome/132.0.0.0 Safari/537.36"
187.195.116.142 - - [05/Feb/2025:11:22:43 -0600] "GET /intranet/sistemas/compras/documentos/2025/01/07/78bb1b75da552c9b3a32ca1a67a06ee6.pdf HTTP/1.1" 200 337223 "https://intranet.tjamich.gob.mx/intranet/sistemas/compras/page_find_requisicion.php?app=1" "Mozilla/5.0 (Windows NT 10.0; Win64; x64) AppleWebKit/537.36 (KHTML, like Gecko) Chrome/133.0.0.0 Safari/537.36"
187.195.116.142 - - [05/Feb/2025:11:22:44 -0600] "GET /favicon.ico HTTP/1.1" 404 - "https://intranet.tjamich.gob.mx/intranet/sistemas/compras/documentos/2025/01/07/78bb1b75da552c9b3a32ca1a67a06ee6.pdf" "Mozilla/5.0 (Windows NT 10.0; Win64; x64) AppleWebKit/537.36 (KHTML, like Gecko) Chrome/133.0.0.0 Safari/537.36"
187.195.116.142 - - [05/Feb/2025:11:22:45 -0600] "GET /intranet/sistemas/compras/documentos/2025/01/07/78bb1b75da552c9b3a32ca1a67a06ee6.pdf HTTP/1.1" 206 1025 "-" "Mozilla/5.0 (Windows NT 10.0; Win64; x64) AppleWebKit/537.36 (KHTML, like Gecko) Chrome/133.0.0.0 Safari/537.36"
187.195.116.142 - - [05/Feb/2025:11:22:46 -0600] "GET /intranet/sistemas/compras/documentos/2025/01/07/78bb1b75da552c9b3a32ca1a67a06ee6.pdf HTTP/1.1" 206 64512 "-" "Mozilla/5.0 (Windows NT 10.0; Win64; x64) AppleWebKit/537.36 (KHTML, like Gecko) Chrome/133.0.0.0 Safari/537.36"
187.195.116.142 - - [05/Feb/2025:11:22:45 -0600] "GET /intranet/sistemas/compras/documentos/2025/01/07/78bb1b75da552c9b3a32ca1a67a06ee6.pdf HTTP/1.1" 200 337223 "-" "Mozilla/5.0 (Windows NT 10.0; Win64; x64) AppleWebKit/537.36 (KHTML, like Gecko) Chrome/133.0.0.0 Safari/537.36"
187.195.116.142 - - [05/Feb/2025:11:22:58 -0600] "GET /intranet/sistemas/compras/page_find_requisicion_ent.php?id_requisicion=619&app=3 HTTP/1.1" 200 30215 "https://intranet.tjamich.gob.mx/intranet/sistemas/compras/page_find_requisicion.php?app=1" "Mozilla/5.0 (Windows NT 10.0; Win64; x64) AppleWebKit/537.36 (KHTML, like Gecko) Chrome/133.0.0.0 Safari/537.36"
187.195.116.142 - - [05/Feb/2025:11:23:25 -0600] "POST /intranet/fetch.php HTTP/1.1" 200 122 "https://intranet.tjamich.gob.mx/intranet/page_home.php" "Mozilla/5.0 (Windows NT 10.0; Win64; x64) AppleWebKit/537.36 (KHTML, like Gecko) Chrome/132.0.0.0 Safari/537.36 Edg/132.0.0.0"
187.195.116.142 - - [05/Feb/2025:11:23:31 -0600] "POST /intranet/sistemas/compras/controller/agregar_ent_req.php HTTP/1.1" 200 119 "https://intranet.tjamich.gob.mx/intranet/sistemas/compras/page_find_requisicion_ent.php?id_requisicion=619&app=3" "Mozilla/5.0 (Windows NT 10.0; Win64; x64) AppleWebKit/537.36 (KHTML, like Gecko) Chrome/133.0.0.0 Safari/537.36"
187.195.116.142 - - [05/Feb/2025:11:23:31 -0600] "GET /intranet/sistemas/compras/page_find_requisicion_entrega.php?app=1&id_entrega=517 HTTP/1.1" 200 644400 "https://intranet.tjamich.gob.mx/intranet/sistemas/compras/controller/agregar_ent_req.php" "Mozilla/5.0 (Windows NT 10.0; Win64; x64) AppleWebKit/537.36 (KHTML, like Gecko) Chrome/133.0.0.0 Safari/537.36"
187.195.116.142 - - [05/Feb/2025:11:23:35 -0600] "GET /intranet/sistemas/compras/page_inicio.php HTTP/1.1" 200 23052 "https://intranet.tjamich.gob.mx/intranet/sistemas/compras/page_find_requisicion_entrega.php?app=1&id_entrega=517" "Mozilla/5.0 (Windows NT 10.0; Win64; x64) AppleWebKit/537.36 (KHTML, like Gecko) Chrome/133.0.0.0 Safari/537.36"
187.195.116.142 - - [05/Feb/2025:11:23:36 -0600] "GET /intranet/sistemas/compras/page_requisiciones.php?app=1 HTTP/1.1" 200 22559 "https://intranet.tjamich.gob.mx/intranet/sistemas/compras/page_inicio.php" "Mozilla/5.0 (Windows NT 10.0; Win64; x64) AppleWebKit/537.36 (KHTML, like Gecko) Chrome/133.0.0.0 Safari/537.36"
187.195.116.142 - - [05/Feb/2025:11:23:37 -0600] "GET /intranet/sistemas/compras/page_find_requisicion.php?app=1 HTTP/1.1" 200 27869 "https://intranet.tjamich.gob.mx/intranet/sistemas/compras/page_requisiciones.php?app=1" "Mozilla/5.0 (Windows NT 10.0; Win64; x64) AppleWebKit/537.36 (KHTML, like Gecko) Chrome/133.0.0.0 Safari/537.36"
187.195.116.142 - - [05/Feb/2025:11:23:43 -0600] "GET /intranet/sistemas/compras/documentos/2025/01/07/7dd259eec92258684c9c34e9a27a3dd1.pdf HTTP/1.1" 304 - "https://intranet.tjamich.gob.mx/intranet/sistemas/compras/page_find_requisicion.php?app=1" "Mozilla/5.0 (Windows NT 10.0; Win64; x64) AppleWebKit/537.36 (KHTML, like Gecko) Chrome/133.0.0.0 Safari/537.36"
187.195.116.142 - - [05/Feb/2025:11:23:43 -0600] "GET /favicon.ico HTTP/1.1" 404 - "https://intranet.tjamich.gob.mx/intranet/sistemas/compras/documentos/2025/01/07/7dd259eec92258684c9c34e9a27a3dd1.pdf" "Mozilla/5.0 (Windows NT 10.0; Win64; x64) AppleWebKit/537.36 (KHTML, like Gecko) Chrome/133.0.0.0 Safari/537.36"
187.195.116.142 - - [05/Feb/2025:11:23:43 -0600] "GET /intranet/sistemas/compras/documentos/2025/01/07/7dd259eec92258684c9c34e9a27a3dd1.pdf HTTP/1.1" 304 - "-" "Mozilla/5.0 (Windows NT 10.0; Win64; x64) AppleWebKit/537.36 (KHTML, like Gecko) Chrome/133.0.0.0 Safari/537.36"
187.195.116.142 - - [05/Feb/2025:11:23:44 -0600] "GET /intranet/sistemas/compras/documentos/2025/01/07/7dd259eec92258684c9c34e9a27a3dd1.pdf HTTP/1.1" 206 64512 "-" "Mozilla/5.0 (Windows NT 10.0; Win64; x64) AppleWebKit/537.36 (KHTML, like Gecko) Chrome/133.0.0.0 Safari/537.36"
187.195.116.142 - - [05/Feb/2025:11:23:43 -0600] "GET /intranet/sistemas/compras/documentos/2025/01/07/7dd259eec92258684c9c34e9a27a3dd1.pdf HTTP/1.1" 200 337208 "-" "Mozilla/5.0 (Windows NT 10.0; Win64; x64) AppleWebKit/537.36 (KHTML, like Gecko) Chrome/133.0.0.0 Safari/537.36"
187.195.116.142 - - [05/Feb/2025:11:24:15 -0600] "POST /intranet/fetch.php HTTP/1.1" 200 122 "https://intranet.tjamich.gob.mx/intranet/page_home.php" "Mozilla/5.0 (Windows NT 10.0; Win64; x64) AppleWebKit/537.36 (KHTML, like Gecko) Chrome/132.0.0.0 Safari/537.36 Edg/132.0.0.0"
189.243.202.99 - - [05/Feb/2025:11:25:02 -0600] "GET / HTTP/1.1" 200 567 "https://portal.tjamich.gob.mx/" "Mozilla/5.0 (Windows NT 10.0; Win64; x64) AppleWebKit/537.36 (KHTML, like Gecko) Chrome/132.0.0.0 Safari/537.36"
189.243.202.99 - - [05/Feb/2025:11:25:03 -0600] "GET /intranet/page_inicio.php HTTP/1.1" 200 16185 "https://intranet.tjamich.gob.mx/" "Mozilla/5.0 (Windows NT 10.0; Win64; x64) AppleWebKit/537.36 (KHTML, like Gecko) Chrome/132.0.0.0 Safari/537.36"
189.243.202.99 - - [05/Feb/2025:11:25:04 -0600] "GET /intranet/logo.png HTTP/1.1" 304 - "https://intranet.tjamich.gob.mx/intranet/page_inicio.php" "Mozilla/5.0 (Windows NT 10.0; Win64; x64) AppleWebKit/537.36 (KHTML, like Gecko) Chrome/132.0.0.0 Safari/537.36"
187.195.116.142 - - [05/Feb/2025:11:25:05 -0600] "POST /intranet/fetch.php HTTP/1.1" 200 122 "https://intranet.tjamich.gob.mx/intranet/page_home.php" "Mozilla/5.0 (Windows NT 10.0; Win64; x64) AppleWebKit/537.36 (KHTML, like Gecko) Chrome/132.0.0.0 Safari/537.36 Edg/132.0.0.0"
189.243.202.99 - - [05/Feb/2025:11:25:16 -0600] "POST /intranet/controller/login.php HTTP/1.1" 302 - "https://intranet.tjamich.gob.mx/intranet/page_inicio.php" "Mozilla/5.0 (Windows NT 10.0; Win64; x64) AppleWebKit/537.36 (KHTML, like Gecko) Chrome/132.0.0.0 Safari/537.36"
189.243.202.99 - - [05/Feb/2025:11:25:17 -0600] "GET /intranet/page_home.php HTTP/1.1" 200 64875 "https://intranet.tjamich.gob.mx/intranet/page_inicio.php" "Mozilla/5.0 (Windows NT 10.0; Win64; x64) AppleWebKit/537.36 (KHTML, like Gecko) Chrome/132.0.0.0 Safari/537.36"
189.243.202.99 - - [05/Feb/2025:11:25:17 -0600] "GET /intranet/common/images/Logo-TJAM.png HTTP/1.1" 304 - "https://intranet.tjamich.gob.mx/intranet/page_home.php" "Mozilla/5.0 (Windows NT 10.0; Win64; x64) AppleWebKit/537.36 (KHTML, like Gecko) Chrome/132.0.0.0 Safari/537.36"
189.243.202.99 - - [05/Feb/2025:11:25:19 -0600] "POST /intranet/fetch.php HTTP/1.1" 200 122 "https://intranet.tjamich.gob.mx/intranet/page_home.php" "Mozilla/5.0 (Windows NT 10.0; Win64; x64) AppleWebKit/537.36 (KHTML, like Gecko) Chrome/132.0.0.0 Safari/537.36"
189.243.202.99 - - [05/Feb/2025:11:25:23 -0600] "POST /intranet/fetch.php HTTP/1.1" 200 122 "https://intranet.tjamich.gob.mx/intranet/page_home.php" "Mozilla/5.0 (Windows NT 10.0; Win64; x64) AppleWebKit/537.36 (KHTML, like Gecko) Chrome/132.0.0.0 Safari/537.36"
162.144.87.82 - - [05/Feb/2025:11:25:24 -0600] "GET /intranet/sistemas/usuarios/256/2025/TJA0711304U1_NOM_NOMINA43295_256.XML HTTP/1.0" 200 6782 "-" "-"
162.144.87.82 - - [05/Feb/2025:11:25:24 -0600] "GET /intranet/sistemas/usuarios/256/2025/TJA0711304U1_NOM_NOMINA43486_256.XML HTTP/1.0" 200 7354 "-" "-"
189.243.202.99 - - [05/Feb/2025:11:25:24 -0600] "GET /intranet/sistemas/usuarios/page_nomina.php?noti=1 HTTP/1.1" 200 30659 "https://intranet.tjamich.gob.mx/intranet/page_home.php" "Mozilla/5.0 (Windows NT 10.0; Win64; x64) AppleWebKit/537.36 (KHTML, like Gecko) Chrome/132.0.0.0 Safari/537.36"
189.243.202.99 - - [05/Feb/2025:11:25:24 -0600] "GET /intranet/common/images/pdfg.png HTTP/1.1" 200 71532 "https://intranet.tjamich.gob.mx/intranet/sistemas/usuarios/page_nomina.php?noti=1" "Mozilla/5.0 (Windows NT 10.0; Win64; x64) AppleWebKit/537.36 (KHTML, like Gecko) Chrome/132.0.0.0 Safari/537.36"
187.195.116.142 - - [05/Feb/2025:11:25:55 -0600] "POST /intranet/fetch.php HTTP/1.1" 200 122 "https://intranet.tjamich.gob.mx/intranet/page_home.php" "Mozilla/5.0 (Windows NT 10.0; Win64; x64) AppleWebKit/537.36 (KHTML, like Gecko) Chrome/132.0.0.0 Safari/537.36 Edg/132.0.0.0"
189.243.202.99 - - [05/Feb/2025:11:26:01 -0600] "POST /intranet/sistemas/usuarios/registroFirma.php HTTP/1.1" 200 17 "https://intranet.tjamich.gob.mx/intranet/sistemas/usuarios/page_nomina.php?noti=1" "Mozilla/5.0 (Windows NT 10.0; Win64; x64) AppleWebKit/537.36 (KHTML, like Gecko) Chrome/132.0.0.0 Safari/537.36"
189.243.202.99 - - [05/Feb/2025:11:26:01 -0600] "GET /intranet/sistemas/usuarios/controller/firmar_nomina.php?id_firma=17962&rfc=SAVA800914KR9&id_nom=16003&id_usuario=232&password2=%242y%2412%24X9MsonHudHe29.zyiGCDIej2jnmB%2F7uoEBrJlsgUs20Y9NQeWyFAa&usuario=asaldivarv%40tjamich.gob.mx&password=matute1980&llavePrivada=SAVA800914KR9.key&llavePublica=SAVA800914KR9.cer&data=Nominas HTTP/1.1" 302 - "https://intranet.tjamich.gob.mx/intranet/sistemas/usuarios/page_nomina.php?noti=1" "Mozilla/5.0 (Windows NT 10.0; Win64; x64) AppleWebKit/537.36 (KHTML, like Gecko) Chrome/132.0.0.0 Safari/537.36"
162.144.87.82 - - [05/Feb/2025:11:26:01 -0600] "GET /intranet/sistemas/usuarios/256/2025/TJA0711304U1_NOM_NOMINA43295_256.XML HTTP/1.0" 200 6782 "-" "-"
162.144.87.82 - - [05/Feb/2025:11:26:01 -0600] "GET /intranet/sistemas/usuarios/256/2025/TJA0711304U1_NOM_NOMINA43486_256.XML HTTP/1.0" 200 7354 "-" "-"
189.243.202.99 - - [05/Feb/2025:11:26:01 -0600] "GET /intranet/sistemas/usuarios/page_nomina.php HTTP/1.1" 200 30520 "https://intranet.tjamich.gob.mx/intranet/sistemas/usuarios/page_nomina.php?noti=1" "Mozilla/5.0 (Windows NT 10.0; Win64; x64) AppleWebKit/537.36 (KHTML, like Gecko) Chrome/132.0.0.0 Safari/537.36"
189.243.202.99 - - [05/Feb/2025:11:26:07 -0600] "GET /intranet/logout.php HTTP/1.1" 302 - "https://intranet.tjamich.gob.mx/intranet/sistemas/usuarios/page_nomina.php" "Mozilla/5.0 (Windows NT 10.0; Win64; x64) AppleWebKit/537.36 (KHTML, like Gecko) Chrome/132.0.0.0 Safari/537.36"
189.243.202.99 - - [05/Feb/2025:11:26:07 -0600] "GET /intranet/page_inicio.php HTTP/1.1" 200 16185 "https://intranet.tjamich.gob.mx/intranet/sistemas/usuarios/page_nomina.php" "Mozilla/5.0 (Windows NT 10.0; Win64; x64) AppleWebKit/537.36 (KHTML, like Gecko) Chrome/132.0.0.0 Safari/537.36"
187.195.116.142 - - [05/Feb/2025:11:26:45 -0600] "POST /intranet/fetch.php HTTP/1.1" 200 122 "https://intranet.tjamich.gob.mx/intranet/page_home.php" "Mozilla/5.0 (Windows NT 10.0; Win64; x64) AppleWebKit/537.36 (KHTML, like Gecko) Chrome/132.0.0.0 Safari/537.36 Edg/132.0.0.0"
189.243.238.36 - - [05/Feb/2025:11:27:29 -0600] "GET / HTTP/1.1" 200 567 "-" "Mozilla/5.0 (Windows NT 10.0; Win64; x64) AppleWebKit/537.36 (KHTML, like Gecko) Chrome/133.0.0.0 Safari/537.36"
189.243.238.36 - - [05/Feb/2025:11:27:29 -0600] "GET /intranet/page_inicio.php HTTP/1.1" 200 16185 "https://intranet.tjamich.gob.mx/" "Mozilla/5.0 (Windows NT 10.0; Win64; x64) AppleWebKit/537.36 (KHTML, like Gecko) Chrome/133.0.0.0 Safari/537.36"
189.243.238.36 - - [05/Feb/2025:11:27:29 -0600] "GET /intranet/common/vendors/jquery-ui-1.10.4.custom/css/ui-lightness/jquery-ui-1.10.4.custom.min.css HTTP/1.1" 200 34406 "https://intranet.tjamich.gob.mx/intranet/page_inicio.php" "Mozilla/5.0 (Windows NT 10.0; Win64; x64) AppleWebKit/537.36 (KHTML, like Gecko) Chrome/133.0.0.0 Safari/537.36"
189.243.238.36 - - [05/Feb/2025:11:27:30 -0600] "GET /intranet/common/vendors/fontawesome/css/all.css HTTP/1.1" 200 78193 "https://intranet.tjamich.gob.mx/intranet/page_inicio.php" "Mozilla/5.0 (Windows NT 10.0; Win64; x64) AppleWebKit/537.36 (KHTML, like Gecko) Chrome/133.0.0.0 Safari/537.36"
189.243.238.36 - - [05/Feb/2025:11:27:30 -0600] "GET /intranet/common/vendors/bootstrap/css/bootstrap.min.css HTTP/1.1" 200 145284 "https://intranet.tjamich.gob.mx/intranet/page_inicio.php" "Mozilla/5.0 (Windows NT 10.0; Win64; x64) AppleWebKit/537.36 (KHTML, like Gecko) Chrome/133.0.0.0 Safari/537.36"
189.243.238.36 - - [05/Feb/2025:11:27:30 -0600] "GET /intranet/common/vendors/bootstrap-switch/css/bootstrap-switch.css HTTP/1.1" 200 15444 "https://intranet.tjamich.gob.mx/intranet/page_inicio.php" "Mozilla/5.0 (Windows NT 10.0; Win64; x64) AppleWebKit/537.36 (KHTML, like Gecko) Chrome/133.0.0.0 Safari/537.36"
189.243.238.36 - - [05/Feb/2025:11:27:30 -0600] "GET /intranet/common/vendors/bootstrap-datetimepicker/build/css/bootstrap-datetimepicker.min.css HTTP/1.1" 200 4510 "https://intranet.tjamich.gob.mx/intranet/page_inicio.php" "Mozilla/5.0 (Windows NT 10.0; Win64; x64) AppleWebKit/537.36 (KHTML, like Gecko) Chrome/133.0.0.0 Safari/537.36"
189.243.238.36 - - [05/Feb/2025:11:27:30 -0600] "GET /intranet/common/vendors/bootstrap-clockface/css/clockface.css HTTP/1.1" 200 6428 "https://intranet.tjamich.gob.mx/intranet/page_inicio.php" "Mozilla/5.0 (Windows NT 10.0; Win64; x64) AppleWebKit/537.36 (KHTML, like Gecko) Chrome/133.0.0.0 Safari/537.36"
189.243.238.36 - - [05/Feb/2025:11:27:30 -0600] "GET /intranet/common/vendors/bootstrap-timepicker/css/bootstrap-timepicker.min.css HTTP/1.1" 200 3056 "https://intranet.tjamich.gob.mx/intranet/page_inicio.php" "Mozilla/5.0 (Windows NT 10.0; Win64; x64) AppleWebKit/537.36 (KHTML, like Gecko) Chrome/133.0.0.0 Safari/537.36"
