%PDF- %PDF-
Direktori : /home/tjamichg/access-logs/ |
Current File : /home/tjamichg/access-logs/intranet.tjamich.gob.mx-ssl_log |
187.195.110.68 - - [05/Feb/2025:08:40:32 -0600] "GET / HTTP/1.1" 200 567 "-" "Mozilla/5.0 (Windows NT 10.0; Win64; x64) AppleWebKit/537.36 (KHTML, like Gecko) Chrome/132.0.0.0 Safari/537.36"
187.195.110.68 - - [05/Feb/2025:08:40:32 -0600] "GET / HTTP/1.1" 200 567 "-" "Mozilla/5.0 (Windows NT 10.0; Win64; x64) AppleWebKit/537.36 (KHTML, like Gecko) Chrome/132.0.0.0 Safari/537.36"
187.195.110.68 - - [05/Feb/2025:08:40:33 -0600] "GET /intranet/page_inicio.php HTTP/1.1" 200 16185 "https://intranet.tjamich.gob.mx/" "Mozilla/5.0 (Windows NT 10.0; Win64; x64) AppleWebKit/537.36 (KHTML, like Gecko) Chrome/132.0.0.0 Safari/537.36"
187.195.110.68 - - [05/Feb/2025:08:40:36 -0600] "POST /intranet/controller/login.php HTTP/1.1" 302 - "https://intranet.tjamich.gob.mx/intranet/page_inicio.php" "Mozilla/5.0 (Windows NT 10.0; Win64; x64) AppleWebKit/537.36 (KHTML, like Gecko) Chrome/132.0.0.0 Safari/537.36"
187.195.110.68 - - [05/Feb/2025:08:40:36 -0600] "GET /intranet/page_home.php HTTP/1.1" 200 66001 "https://intranet.tjamich.gob.mx/intranet/page_inicio.php" "Mozilla/5.0 (Windows NT 10.0; Win64; x64) AppleWebKit/537.36 (KHTML, like Gecko) Chrome/132.0.0.0 Safari/537.36"
187.195.110.68 - - [05/Feb/2025:08:40:37 -0600] "POST /intranet/fetch.php HTTP/1.1" 200 122 "https://intranet.tjamich.gob.mx/intranet/page_home.php" "Mozilla/5.0 (Windows NT 10.0; Win64; x64) AppleWebKit/537.36 (KHTML, like Gecko) Chrome/132.0.0.0 Safari/537.36"
187.195.110.68 - - [05/Feb/2025:08:40:39 -0600] "GET /intranet/sistemas/recursoshumanos/page_inicio.php HTTP/1.1" 200 25429 "https://intranet.tjamich.gob.mx/intranet/page_home.php" "Mozilla/5.0 (Windows NT 10.0; Win64; x64) AppleWebKit/537.36 (KHTML, like Gecko) Chrome/132.0.0.0 Safari/537.36"
187.195.110.68 - - [05/Feb/2025:08:40:41 -0600] "GET /intranet/sistemas/recursoshumanos/page_plantilla_area.php HTTP/1.1" 200 912082 "https://intranet.tjamich.gob.mx/intranet/sistemas/recursoshumanos/page_inicio.php" "Mozilla/5.0 (Windows NT 10.0; Win64; x64) AppleWebKit/537.36 (KHTML, like Gecko) Chrome/132.0.0.0 Safari/537.36"
187.195.110.68 - - [05/Feb/2025:08:40:45 -0600] "GET /intranet/sistemas/recursoshumanos/page_inicio.php HTTP/1.1" 200 25429 "https://intranet.tjamich.gob.mx/intranet/sistemas/recursoshumanos/page_plantilla_area.php" "Mozilla/5.0 (Windows NT 10.0; Win64; x64) AppleWebKit/537.36 (KHTML, like Gecko) Chrome/132.0.0.0 Safari/537.36"
187.195.110.68 - - [05/Feb/2025:08:40:46 -0600] "GET /intranet/sistemas/recursoshumanos/page_find_historial_contratos.php?app=2 HTTP/1.1" 200 1348388 "https://intranet.tjamich.gob.mx/intranet/sistemas/recursoshumanos/page_inicio.php" "Mozilla/5.0 (Windows NT 10.0; Win64; x64) AppleWebKit/537.36 (KHTML, like Gecko) Chrome/132.0.0.0 Safari/537.36"
187.195.110.68 - - [05/Feb/2025:08:40:59 -0600] "GET /intranet/sistemas/recursoshumanos/page_inicio.php HTTP/1.1" 200 25429 "https://intranet.tjamich.gob.mx/intranet/sistemas/recursoshumanos/page_find_historial_contratos.php?app=2" "Mozilla/5.0 (Windows NT 10.0; Win64; x64) AppleWebKit/537.36 (KHTML, like Gecko) Chrome/132.0.0.0 Safari/537.36"
187.195.110.68 - - [05/Feb/2025:08:41:01 -0600] "GET /intranet/sistemas/recursoshumanos/page_plantilla_area.php HTTP/1.1" 200 912082 "https://intranet.tjamich.gob.mx/intranet/sistemas/recursoshumanos/page_inicio.php" "Mozilla/5.0 (Windows NT 10.0; Win64; x64) AppleWebKit/537.36 (KHTML, like Gecko) Chrome/132.0.0.0 Safari/537.36"
187.195.110.68 - - [05/Feb/2025:08:41:04 -0600] "GET /intranet/sistemas/recursoshumanos/page_plantilla_area.php?id_area=11 HTTP/1.1" 200 87449 "https://intranet.tjamich.gob.mx/intranet/sistemas/recursoshumanos/page_plantilla_area.php" "Mozilla/5.0 (Windows NT 10.0; Win64; x64) AppleWebKit/537.36 (KHTML, like Gecko) Chrome/132.0.0.0 Safari/537.36"
187.195.110.68 - - [05/Feb/2025:08:41:13 -0600] "GET /intranet/sistemas/recursoshumanos/page_inicio.php HTTP/1.1" 200 25429 "https://intranet.tjamich.gob.mx/intranet/sistemas/recursoshumanos/page_plantilla_area.php?id_area=11" "Mozilla/5.0 (Windows NT 10.0; Win64; x64) AppleWebKit/537.36 (KHTML, like Gecko) Chrome/132.0.0.0 Safari/537.36"
187.195.110.68 - - [05/Feb/2025:08:41:13 -0600] "GET /intranet/sistemas/recursoshumanos/page_find_historial_contratos.php?app=2 HTTP/1.1" 200 1348388 "https://intranet.tjamich.gob.mx/intranet/sistemas/recursoshumanos/page_inicio.php" "Mozilla/5.0 (Windows NT 10.0; Win64; x64) AppleWebKit/537.36 (KHTML, like Gecko) Chrome/132.0.0.0 Safari/537.36"
187.195.110.68 - - [05/Feb/2025:08:42:06 -0600] "GET /intranet/sistemas/recursoshumanos/pdfcontrato.php?id_contrato=1442&app=1&opc=2 HTTP/1.1" 200 47004 "https://intranet.tjamich.gob.mx/intranet/sistemas/recursoshumanos/page_find_historial_contratos.php?app=2" "Mozilla/5.0 (Windows NT 10.0; Win64; x64) AppleWebKit/537.36 (KHTML, like Gecko) Chrome/132.0.0.0 Safari/537.36"
187.195.110.68 - - [05/Feb/2025:08:42:07 -0600] "GET /favicon.ico HTTP/1.1" 404 - "https://intranet.tjamich.gob.mx/intranet/sistemas/recursoshumanos/pdfcontrato.php?id_contrato=1442&app=1&opc=2" "Mozilla/5.0 (Windows NT 10.0; Win64; x64) AppleWebKit/537.36 (KHTML, like Gecko) Chrome/132.0.0.0 Safari/537.36"
187.195.116.142 - - [05/Feb/2025:08:43:05 -0600] "GET / HTTP/1.1" 200 567 "https://portal.tjamich.gob.mx/" "Mozilla/5.0 (Windows NT 10.0; Win64; x64) AppleWebKit/537.36 (KHTML, like Gecko) Chrome/132.0.0.0 Safari/537.36"
187.195.116.142 - - [05/Feb/2025:08:43:05 -0600] "GET /intranet/page_inicio.php HTTP/1.1" 200 16185 "https://intranet.tjamich.gob.mx/" "Mozilla/5.0 (Windows NT 10.0; Win64; x64) AppleWebKit/537.36 (KHTML, like Gecko) Chrome/132.0.0.0 Safari/537.36"
187.195.116.142 - - [05/Feb/2025:08:43:21 -0600] "POST /intranet/controller/login.php HTTP/1.1" 302 - "https://intranet.tjamich.gob.mx/intranet/page_inicio.php" "Mozilla/5.0 (Windows NT 10.0; Win64; x64) AppleWebKit/537.36 (KHTML, like Gecko) Chrome/132.0.0.0 Safari/537.36"
187.195.116.142 - - [05/Feb/2025:08:43:21 -0600] "GET /intranet/page_home.php HTTP/1.1" 200 67253 "https://intranet.tjamich.gob.mx/intranet/page_inicio.php" "Mozilla/5.0 (Windows NT 10.0; Win64; x64) AppleWebKit/537.36 (KHTML, like Gecko) Chrome/132.0.0.0 Safari/537.36"
187.195.116.142 - - [05/Feb/2025:08:43:23 -0600] "POST /intranet/fetch.php HTTP/1.1" 200 122 "https://intranet.tjamich.gob.mx/intranet/page_home.php" "Mozilla/5.0 (Windows NT 10.0; Win64; x64) AppleWebKit/537.36 (KHTML, like Gecko) Chrome/132.0.0.0 Safari/537.36"
187.195.116.142 - - [05/Feb/2025:08:43:25 -0600] "GET /intranet/sistemas/recursoshumanos/page_find_historial_contratos.php HTTP/1.1" 200 1349478 "https://intranet.tjamich.gob.mx/intranet/page_home.php" "Mozilla/5.0 (Windows NT 10.0; Win64; x64) AppleWebKit/537.36 (KHTML, like Gecko) Chrome/132.0.0.0 Safari/537.36"
187.195.116.142 - - [05/Feb/2025:08:44:49 -0600] "GET /intranet/sistemas/recursoshumanos/pdfcontrato.php?id_contrato=641&app=1&opc=2 HTTP/1.1" 200 46964 "https://intranet.tjamich.gob.mx/intranet/sistemas/recursoshumanos/page_find_historial_contratos.php" "Mozilla/5.0 (Windows NT 10.0; Win64; x64) AppleWebKit/537.36 (KHTML, like Gecko) Chrome/132.0.0.0 Safari/537.36"
187.195.116.142 - - [05/Feb/2025:08:44:50 -0600] "GET /favicon.ico HTTP/1.1" 404 - "https://intranet.tjamich.gob.mx/intranet/sistemas/recursoshumanos/pdfcontrato.php?id_contrato=641&app=1&opc=2" "Mozilla/5.0 (Windows NT 10.0; Win64; x64) AppleWebKit/537.36 (KHTML, like Gecko) Chrome/132.0.0.0 Safari/537.36"
187.195.110.68 - - [05/Feb/2025:08:46:06 -0600] "GET /intranet/sistemas/recursoshumanos/page_inicio.php HTTP/1.1" 200 25429 "https://intranet.tjamich.gob.mx/intranet/sistemas/recursoshumanos/page_find_historial_contratos.php?app=2" "Mozilla/5.0 (Windows NT 10.0; Win64; x64) AppleWebKit/537.36 (KHTML, like Gecko) Chrome/132.0.0.0 Safari/537.36"
187.195.110.68 - - [05/Feb/2025:08:46:07 -0600] "GET /intranet/sistemas/recursoshumanos/page_find_personal.php?app=1 HTTP/1.1" 200 518814 "https://intranet.tjamich.gob.mx/intranet/sistemas/recursoshumanos/page_inicio.php" "Mozilla/5.0 (Windows NT 10.0; Win64; x64) AppleWebKit/537.36 (KHTML, like Gecko) Chrome/132.0.0.0 Safari/537.36"
187.195.110.68 - - [05/Feb/2025:08:47:31 -0600] "GET /intranet/sistemas/recursoshumanos/page_inicio.php HTTP/1.1" 200 25429 "https://intranet.tjamich.gob.mx/intranet/sistemas/recursoshumanos/page_find_personal.php?app=1" "Mozilla/5.0 (Windows NT 10.0; Win64; x64) AppleWebKit/537.36 (KHTML, like Gecko) Chrome/132.0.0.0 Safari/537.36"
187.195.110.68 - - [05/Feb/2025:08:47:32 -0600] "GET /intranet/sistemas/recursoshumanos/page_find_historial_contratos.php?app=2 HTTP/1.1" 200 1348388 "https://intranet.tjamich.gob.mx/intranet/sistemas/recursoshumanos/page_inicio.php" "Mozilla/5.0 (Windows NT 10.0; Win64; x64) AppleWebKit/537.36 (KHTML, like Gecko) Chrome/132.0.0.0 Safari/537.36"
187.195.116.142 - - [05/Feb/2025:08:47:50 -0600] "GET /intranet/page_inicio.php HTTP/1.1" 200 16185 "https://intranet.tjamich.gob.mx/" "Mozilla/5.0 (Windows NT 10.0; Win64; x64) AppleWebKit/537.36 (KHTML, like Gecko) Chrome/132.0.0.0 Safari/537.36 Edg/132.0.0.0"
187.195.116.142 - - [05/Feb/2025:08:47:50 -0600] "GET /intranet/common/images/favicon.ico HTTP/1.1" 200 16958 "https://intranet.tjamich.gob.mx/" "Mozilla/5.0 (Windows NT 10.0; Win64; x64) AppleWebKit/537.36 (KHTML, like Gecko) Chrome/132.0.0.0 Safari/537.36 Edg/132.0.0.0"
187.195.110.68 - - [05/Feb/2025:08:47:53 -0600] "GET /intranet/sistemas/recursoshumanos/pdfcontrato.php?id_contrato=1435&app=1&opc=2 HTTP/1.1" 200 47090 "https://intranet.tjamich.gob.mx/intranet/sistemas/recursoshumanos/page_find_historial_contratos.php?app=2" "Mozilla/5.0 (Windows NT 10.0; Win64; x64) AppleWebKit/537.36 (KHTML, like Gecko) Chrome/132.0.0.0 Safari/537.36"
187.195.116.142 - - [05/Feb/2025:08:47:54 -0600] "GET /intranet/sistemas/recursoshumanos/pdfcontrato.php?id_contrato=751&app=1&opc=2 HTTP/1.1" 200 46914 "https://intranet.tjamich.gob.mx/intranet/sistemas/recursoshumanos/page_find_historial_contratos.php" "Mozilla/5.0 (Windows NT 10.0; Win64; x64) AppleWebKit/537.36 (KHTML, like Gecko) Chrome/132.0.0.0 Safari/537.36"
187.195.110.68 - - [05/Feb/2025:08:49:47 -0600] "GET /intranet/sistemas/contraloria/denuncias/page_find_denuncias.php HTTP/1.1" 302 6631 "https://intranet.tjamich.gob.mx/intranet/sistemas/usuarios/page_nomina.php" "Mozilla/5.0 (Windows NT 10.0; Win64; x64) AppleWebKit/537.36 (KHTML, like Gecko) Chrome/132.0.0.0 Safari/537.36"
187.195.110.68 - - [05/Feb/2025:08:51:21 -0600] "GET /intranet/sistemas/recursoshumanos/pdfcontrato.php?id_contrato=1433&app=1&opc=2 HTTP/1.1" 200 46964 "https://intranet.tjamich.gob.mx/intranet/sistemas/recursoshumanos/page_find_historial_contratos.php?app=2" "Mozilla/5.0 (Windows NT 10.0; Win64; x64) AppleWebKit/537.36 (KHTML, like Gecko) Chrome/132.0.0.0 Safari/537.36"
187.195.110.68 - - [05/Feb/2025:08:52:34 -0600] "POST /intranet/controller/login.php HTTP/1.1" 302 - "https://intranet.tjamich.gob.mx/intranet/page_inicio.php" "Mozilla/5.0 (Windows NT 10.0; Win64; x64) AppleWebKit/537.36 (KHTML, like Gecko) Chrome/132.0.0.0 Safari/537.36"
187.195.110.68 - - [05/Feb/2025:08:52:35 -0600] "GET /intranet/page_home.php HTTP/1.1" 200 65447 "https://intranet.tjamich.gob.mx/intranet/page_inicio.php" "Mozilla/5.0 (Windows NT 10.0; Win64; x64) AppleWebKit/537.36 (KHTML, like Gecko) Chrome/132.0.0.0 Safari/537.36"
187.195.110.68 - - [05/Feb/2025:08:52:35 -0600] "POST /intranet/fetch.php HTTP/1.1" 200 122 "https://intranet.tjamich.gob.mx/intranet/page_home.php" "Mozilla/5.0 (Windows NT 10.0; Win64; x64) AppleWebKit/537.36 (KHTML, like Gecko) Chrome/132.0.0.0 Safari/537.36"
187.195.110.68 - - [05/Feb/2025:08:52:38 -0600] "GET /intranet/sistemas/contraloria/denuncias/page_find_denuncias.php HTTP/1.1" 200 28296 "https://intranet.tjamich.gob.mx/intranet/page_home.php" "Mozilla/5.0 (Windows NT 10.0; Win64; x64) AppleWebKit/537.36 (KHTML, like Gecko) Chrome/132.0.0.0 Safari/537.36"
187.195.110.68 - - [05/Feb/2025:08:52:38 -0600] "GET /intranet/sistemas/contraloria/denuncias/style.css HTTP/1.1" 404 - "https://intranet.tjamich.gob.mx/intranet/sistemas/contraloria/denuncias/page_find_denuncias.php" "Mozilla/5.0 (Windows NT 10.0; Win64; x64) AppleWebKit/537.36 (KHTML, like Gecko) Chrome/132.0.0.0 Safari/537.36"
187.195.110.68 - - [05/Feb/2025:08:52:38 -0600] "GET /intranet/sistemas/common/js/main.js HTTP/1.1" 404 - "https://intranet.tjamich.gob.mx/intranet/sistemas/contraloria/denuncias/page_find_denuncias.php" "Mozilla/5.0 (Windows NT 10.0; Win64; x64) AppleWebKit/537.36 (KHTML, like Gecko) Chrome/132.0.0.0 Safari/537.36"
189.243.202.99 - - [05/Feb/2025:08:57:08 -0600] "GET / HTTP/1.1" 200 567 "-" "Mozilla/5.0 (Windows NT 10.0; Win64; x64) AppleWebKit/537.36 (KHTML, like Gecko) Chrome/132.0.0.0 Safari/537.36"
189.243.202.99 - - [05/Feb/2025:08:57:08 -0600] "GET /intranet/page_inicio.php HTTP/1.1" 200 16185 "https://intranet.tjamich.gob.mx/" "Mozilla/5.0 (Windows NT 10.0; Win64; x64) AppleWebKit/537.36 (KHTML, like Gecko) Chrome/132.0.0.0 Safari/537.36"
189.243.202.99 - - [05/Feb/2025:08:57:18 -0600] "POST /intranet/controller/login.php HTTP/1.1" 302 - "https://intranet.tjamich.gob.mx/intranet/page_inicio.php" "Mozilla/5.0 (Windows NT 10.0; Win64; x64) AppleWebKit/537.36 (KHTML, like Gecko) Chrome/132.0.0.0 Safari/537.36"
189.243.202.99 - - [05/Feb/2025:08:57:18 -0600] "GET /intranet/page_home.php HTTP/1.1" 200 64452 "https://intranet.tjamich.gob.mx/intranet/page_inicio.php" "Mozilla/5.0 (Windows NT 10.0; Win64; x64) AppleWebKit/537.36 (KHTML, like Gecko) Chrome/132.0.0.0 Safari/537.36"
189.243.202.99 - - [05/Feb/2025:08:57:19 -0600] "POST /intranet/fetch.php HTTP/1.1" 200 122 "https://intranet.tjamich.gob.mx/intranet/page_home.php" "Mozilla/5.0 (Windows NT 10.0; Win64; x64) AppleWebKit/537.36 (KHTML, like Gecko) Chrome/132.0.0.0 Safari/537.36"
189.243.202.99 - - [05/Feb/2025:08:58:09 -0600] "POST /intranet/fetch.php HTTP/1.1" 200 122 "https://intranet.tjamich.gob.mx/intranet/page_home.php" "Mozilla/5.0 (Windows NT 10.0; Win64; x64) AppleWebKit/537.36 (KHTML, like Gecko) Chrome/132.0.0.0 Safari/537.36"
189.243.202.99 - - [05/Feb/2025:08:58:23 -0600] "GET /intranet/page_home.php HTTP/1.1" 200 64452 "https://intranet.tjamich.gob.mx/intranet/page_home.php" "Mozilla/5.0 (Windows NT 10.0; Win64; x64) AppleWebKit/537.36 (KHTML, like Gecko) Chrome/132.0.0.0 Safari/537.36"
189.243.202.99 - - [05/Feb/2025:08:58:23 -0600] "POST /intranet/fetch.php HTTP/1.1" 200 122 "https://intranet.tjamich.gob.mx/intranet/page_home.php" "Mozilla/5.0 (Windows NT 10.0; Win64; x64) AppleWebKit/537.36 (KHTML, like Gecko) Chrome/132.0.0.0 Safari/537.36"
189.243.202.99 - - [05/Feb/2025:08:58:24 -0600] "GET /intranet/page_home.php HTTP/1.1" 200 64452 "https://intranet.tjamich.gob.mx/intranet/page_home.php" "Mozilla/5.0 (Windows NT 10.0; Win64; x64) AppleWebKit/537.36 (KHTML, like Gecko) Chrome/132.0.0.0 Safari/537.36"
189.243.202.99 - - [05/Feb/2025:08:58:25 -0600] "POST /intranet/fetch.php HTTP/1.1" 200 122 "https://intranet.tjamich.gob.mx/intranet/page_home.php" "Mozilla/5.0 (Windows NT 10.0; Win64; x64) AppleWebKit/537.36 (KHTML, like Gecko) Chrome/132.0.0.0 Safari/537.36"
189.243.202.99 - - [05/Feb/2025:08:58:54 -0600] "GET / HTTP/1.1" 200 567 "-" "Mozilla/5.0 (Windows NT 10.0; Win64; x64) AppleWebKit/537.36 (KHTML, like Gecko) Chrome/132.0.0.0 Safari/537.36"
189.243.202.99 - - [05/Feb/2025:08:59:16 -0600] "POST /intranet/fetch.php HTTP/1.1" 200 122 "https://intranet.tjamich.gob.mx/intranet/page_home.php" "Mozilla/5.0 (Windows NT 10.0; Win64; x64) AppleWebKit/537.36 (KHTML, like Gecko) Chrome/132.0.0.0 Safari/537.36"
189.243.202.99 - - [05/Feb/2025:09:00:06 -0600] "POST /intranet/fetch.php HTTP/1.1" 200 122 "https://intranet.tjamich.gob.mx/intranet/page_home.php" "Mozilla/5.0 (Windows NT 10.0; Win64; x64) AppleWebKit/537.36 (KHTML, like Gecko) Chrome/132.0.0.0 Safari/537.36"
187.195.116.142 - - [05/Feb/2025:09:00:25 -0600] "GET / HTTP/1.1" 200 567 "-" "Mozilla/5.0 (Windows NT 10.0; Win64; x64) AppleWebKit/537.36 (KHTML, like Gecko) Chrome/132.0.0.0 Safari/537.36"
187.195.116.142 - - [05/Feb/2025:09:00:25 -0600] "GET /intranet/page_inicio.php HTTP/1.1" 200 16185 "https://intranet.tjamich.gob.mx/" "Mozilla/5.0 (Windows NT 10.0; Win64; x64) AppleWebKit/537.36 (KHTML, like Gecko) Chrome/132.0.0.0 Safari/537.36"
187.195.116.142 - - [05/Feb/2025:09:00:35 -0600] "POST /intranet/controller/login.php HTTP/1.1" 302 - "https://intranet.tjamich.gob.mx/intranet/page_inicio.php" "Mozilla/5.0 (Windows NT 10.0; Win64; x64) AppleWebKit/537.36 (KHTML, like Gecko) Chrome/132.0.0.0 Safari/537.36"
187.195.116.142 - - [05/Feb/2025:09:00:36 -0600] "GET /intranet/page_home.php HTTP/1.1" 200 66909 "https://intranet.tjamich.gob.mx/intranet/page_inicio.php" "Mozilla/5.0 (Windows NT 10.0; Win64; x64) AppleWebKit/537.36 (KHTML, like Gecko) Chrome/132.0.0.0 Safari/537.36"
187.195.116.142 - - [05/Feb/2025:09:00:36 -0600] "POST /intranet/fetch.php HTTP/1.1" 200 122 "https://intranet.tjamich.gob.mx/intranet/page_home.php" "Mozilla/5.0 (Windows NT 10.0; Win64; x64) AppleWebKit/537.36 (KHTML, like Gecko) Chrome/132.0.0.0 Safari/537.36"
187.195.116.142 - - [05/Feb/2025:09:00:41 -0600] "GET /intranet/sistemas/declaraciones/page_declara.php HTTP/1.1" 200 55186 "https://intranet.tjamich.gob.mx/intranet/page_home.php" "Mozilla/5.0 (Windows NT 10.0; Win64; x64) AppleWebKit/537.36 (KHTML, like Gecko) Chrome/132.0.0.0 Safari/537.36"
187.195.116.142 - - [05/Feb/2025:09:00:41 -0600] "GET /intranet/sistemas/declaraciones/style.css HTTP/1.1" 404 - "https://intranet.tjamich.gob.mx/intranet/sistemas/declaraciones/page_declara.php" "Mozilla/5.0 (Windows NT 10.0; Win64; x64) AppleWebKit/537.36 (KHTML, like Gecko) Chrome/132.0.0.0 Safari/537.36"
189.243.202.99 - - [05/Feb/2025:09:00:56 -0600] "POST /intranet/fetch.php HTTP/1.1" 200 122 "https://intranet.tjamich.gob.mx/intranet/page_home.php" "Mozilla/5.0 (Windows NT 10.0; Win64; x64) AppleWebKit/537.36 (KHTML, like Gecko) Chrome/132.0.0.0 Safari/537.36"
187.195.116.142 - - [05/Feb/2025:09:01:20 -0600] "GET /intranet/sistemas/recursoshumanos/pdfcontrato.php?id_contrato=1545&app=1&opc=2 HTTP/1.1" 200 47018 "https://intranet.tjamich.gob.mx/intranet/sistemas/recursoshumanos/page_find_historial_contratos.php" "Mozilla/5.0 (Windows NT 10.0; Win64; x64) AppleWebKit/537.36 (KHTML, like Gecko) Chrome/132.0.0.0 Safari/537.36"
187.195.116.142 - - [05/Feb/2025:09:01:25 -0600] "GET /intranet/sistemas/declaraciones/page_pdf_publico.php?id_declaracion=1031&app=1&opc=2 HTTP/1.1" 200 22331 "https://intranet.tjamich.gob.mx/intranet/sistemas/declaraciones/page_declara.php" "Mozilla/5.0 (Windows NT 10.0; Win64; x64) AppleWebKit/537.36 (KHTML, like Gecko) Chrome/132.0.0.0 Safari/537.36"
187.195.116.142 - - [05/Feb/2025:09:01:25 -0600] "GET /intranet/sistemas/declaraciones/style.css HTTP/1.1" 404 - "https://intranet.tjamich.gob.mx/intranet/sistemas/declaraciones/page_pdf_publico.php?id_declaracion=1031&app=1&opc=2" "Mozilla/5.0 (Windows NT 10.0; Win64; x64) AppleWebKit/537.36 (KHTML, like Gecko) Chrome/132.0.0.0 Safari/537.36"
187.195.116.142 - - [05/Feb/2025:09:01:26 -0600] "GET /intranet/sistemas/declaraciones/versionp.php?id_declaracion=1031 HTTP/1.1" 200 811389 "https://intranet.tjamich.gob.mx/intranet/sistemas/declaraciones/page_pdf_publico.php?id_declaracion=1031&app=1&opc=2" "Mozilla/5.0 (Windows NT 10.0; Win64; x64) AppleWebKit/537.36 (KHTML, like Gecko) Chrome/132.0.0.0 Safari/537.36"
189.243.202.99 - - [05/Feb/2025:09:01:46 -0600] "POST /intranet/fetch.php HTTP/1.1" 200 122 "https://intranet.tjamich.gob.mx/intranet/page_home.php" "Mozilla/5.0 (Windows NT 10.0; Win64; x64) AppleWebKit/537.36 (KHTML, like Gecko) Chrome/132.0.0.0 Safari/537.36"
187.195.110.68 - - [05/Feb/2025:09:02:16 -0600] "GET /intranet/sistemas/contraloria/denuncias/page_find_denuncias.php HTTP/1.1" 200 28296 "https://intranet.tjamich.gob.mx/intranet/sistemas/contraloria/denuncias/page_find_denuncias.php" "Mozilla/5.0 (Windows NT 10.0; Win64; x64) AppleWebKit/537.36 (KHTML, like Gecko) Chrome/132.0.0.0 Safari/537.36"
187.195.110.68 - - [05/Feb/2025:09:02:16 -0600] "GET /intranet/sistemas/contraloria/denuncias/style.css HTTP/1.1" 404 - "https://intranet.tjamich.gob.mx/intranet/sistemas/contraloria/denuncias/page_find_denuncias.php" "Mozilla/5.0 (Windows NT 10.0; Win64; x64) AppleWebKit/537.36 (KHTML, like Gecko) Chrome/132.0.0.0 Safari/537.36"
187.195.110.68 - - [05/Feb/2025:09:02:16 -0600] "GET /intranet/sistemas/common/js/main.js HTTP/1.1" 404 - "https://intranet.tjamich.gob.mx/intranet/sistemas/contraloria/denuncias/page_find_denuncias.php" "Mozilla/5.0 (Windows NT 10.0; Win64; x64) AppleWebKit/537.36 (KHTML, like Gecko) Chrome/132.0.0.0 Safari/537.36"
187.195.110.68 - - [05/Feb/2025:09:02:17 -0600] "GET /intranet/sistemas/contraloria/declaraciones/page_find_declaraciones.php HTTP/1.1" 200 38710 "https://intranet.tjamich.gob.mx/intranet/sistemas/contraloria/denuncias/page_find_denuncias.php" "Mozilla/5.0 (Windows NT 10.0; Win64; x64) AppleWebKit/537.36 (KHTML, like Gecko) Chrome/132.0.0.0 Safari/537.36"
189.243.202.99 - - [05/Feb/2025:09:02:36 -0600] "POST /intranet/fetch.php HTTP/1.1" 200 122 "https://intranet.tjamich.gob.mx/intranet/page_home.php" "Mozilla/5.0 (Windows NT 10.0; Win64; x64) AppleWebKit/537.36 (KHTML, like Gecko) Chrome/132.0.0.0 Safari/537.36"
187.195.116.142 - - [05/Feb/2025:09:03:08 -0600] "GET /intranet/sistemas/recursoshumanos/pdfcontrato.php?id_contrato=1545&app=1&opc=2 HTTP/1.1" 200 47018 "https://intranet.tjamich.gob.mx/intranet/sistemas/recursoshumanos/page_find_historial_contratos.php" "Mozilla/5.0 (Windows NT 10.0; Win64; x64) AppleWebKit/537.36 (KHTML, like Gecko) Chrome/132.0.0.0 Safari/537.36"
189.243.202.99 - - [05/Feb/2025:09:03:26 -0600] "POST /intranet/fetch.php HTTP/1.1" 200 122 "https://intranet.tjamich.gob.mx/intranet/page_home.php" "Mozilla/5.0 (Windows NT 10.0; Win64; x64) AppleWebKit/537.36 (KHTML, like Gecko) Chrome/132.0.0.0 Safari/537.36"
187.195.116.142 - - [05/Feb/2025:09:03:45 -0600] "GET /intranet/logout.php HTTP/1.1" 302 - "https://intranet.tjamich.gob.mx/intranet/sistemas/declaraciones/page_pdf_publico.php?id_declaracion=1031&app=1&opc=2" "Mozilla/5.0 (Windows NT 10.0; Win64; x64) AppleWebKit/537.36 (KHTML, like Gecko) Chrome/132.0.0.0 Safari/537.36"
187.195.116.142 - - [05/Feb/2025:09:03:45 -0600] "GET /intranet/page_inicio.php HTTP/1.1" 200 16185 "https://intranet.tjamich.gob.mx/intranet/sistemas/declaraciones/page_pdf_publico.php?id_declaracion=1031&app=1&opc=2" "Mozilla/5.0 (Windows NT 10.0; Win64; x64) AppleWebKit/537.36 (KHTML, like Gecko) Chrome/132.0.0.0 Safari/537.36"
189.243.202.99 - - [05/Feb/2025:09:04:27 -0600] "POST /intranet/fetch.php HTTP/1.1" 200 122 "https://intranet.tjamich.gob.mx/intranet/page_home.php" "Mozilla/5.0 (Windows NT 10.0; Win64; x64) AppleWebKit/537.36 (KHTML, like Gecko) Chrome/132.0.0.0 Safari/537.36"
187.195.110.68 - - [05/Feb/2025:09:04:54 -0600] "GET /intranet/sistemas/contraloria/declaraciones/page_contraloria_dec.php?app=1&controloria=1 HTTP/1.1" 200 24727 "https://intranet.tjamich.gob.mx/intranet/sistemas/contraloria/declaraciones/page_find_declaraciones.php" "Mozilla/5.0 (Windows NT 10.0; Win64; x64) AppleWebKit/537.36 (KHTML, like Gecko) Chrome/132.0.0.0 Safari/537.36"
187.195.110.68 - - [05/Feb/2025:09:04:55 -0600] "GET /intranet/sistemas/contraloria/declaraciones/page_find_usr_dec.php?app=1&controloria=1 HTTP/1.1" 200 523796 "https://intranet.tjamich.gob.mx/intranet/sistemas/contraloria/declaraciones/page_contraloria_dec.php?app=1&controloria=1" "Mozilla/5.0 (Windows NT 10.0; Win64; x64) AppleWebKit/537.36 (KHTML, like Gecko) Chrome/132.0.0.0 Safari/537.36"
187.195.110.68 - - [05/Feb/2025:09:05:15 -0600] "GET /intranet/sistemas/contraloria/declaraciones/page_view_usr_det.php?id_usuario=388&app=1&opc=2 HTTP/1.1" 200 42001 "https://intranet.tjamich.gob.mx/intranet/sistemas/contraloria/declaraciones/page_find_usr_dec.php?app=1&controloria=1" "Mozilla/5.0 (Windows NT 10.0; Win64; x64) AppleWebKit/537.36 (KHTML, like Gecko) Chrome/132.0.0.0 Safari/537.36"
189.243.202.99 - - [05/Feb/2025:09:05:28 -0600] "POST /intranet/fetch.php HTTP/1.1" 200 122 "https://intranet.tjamich.gob.mx/intranet/page_home.php" "Mozilla/5.0 (Windows NT 10.0; Win64; x64) AppleWebKit/537.36 (KHTML, like Gecko) Chrome/132.0.0.0 Safari/537.36"
187.195.110.68 - - [05/Feb/2025:09:05:30 -0600] "GET /intranet/sistemas/contraloria/declaraciones/page_find_usr_dec.php?app=1&controloria=1 HTTP/1.1" 200 523796 "https://intranet.tjamich.gob.mx/intranet/sistemas/contraloria/declaraciones/page_view_usr_det.php?id_usuario=388&app=1&opc=2" "Mozilla/5.0 (Windows NT 10.0; Win64; x64) AppleWebKit/537.36 (KHTML, like Gecko) Chrome/132.0.0.0 Safari/537.36"
189.243.202.99 - - [05/Feb/2025:09:06:29 -0600] "POST /intranet/fetch.php HTTP/1.1" 200 122 "https://intranet.tjamich.gob.mx/intranet/page_home.php" "Mozilla/5.0 (Windows NT 10.0; Win64; x64) AppleWebKit/537.36 (KHTML, like Gecko) Chrome/132.0.0.0 Safari/537.36"
189.243.202.99 - - [05/Feb/2025:09:06:55 -0600] "POST /intranet/fetch.php HTTP/1.1" 200 122 "https://intranet.tjamich.gob.mx/intranet/page_home.php" "Mozilla/5.0 (Windows NT 10.0; Win64; x64) AppleWebKit/537.36 (KHTML, like Gecko) Chrome/132.0.0.0 Safari/537.36"
189.243.202.99 - - [05/Feb/2025:09:07:55 -0600] "POST /intranet/fetch.php HTTP/1.1" 200 122 "https://intranet.tjamich.gob.mx/intranet/page_home.php" "Mozilla/5.0 (Windows NT 10.0; Win64; x64) AppleWebKit/537.36 (KHTML, like Gecko) Chrome/132.0.0.0 Safari/537.36"
187.195.116.142 - - [05/Feb/2025:09:08:23 -0600] "GET /intranet/sistemas/recursoshumanos/pdfcontrato.php?id_contrato=1536&app=1&opc=2 HTTP/1.1" 200 46916 "https://intranet.tjamich.gob.mx/intranet/sistemas/recursoshumanos/page_find_historial_contratos.php" "Mozilla/5.0 (Windows NT 10.0; Win64; x64) AppleWebKit/537.36 (KHTML, like Gecko) Chrome/132.0.0.0 Safari/537.36"
189.243.238.36 - - [05/Feb/2025:09:08:26 -0600] "GET / HTTP/1.1" 200 567 "-" "Mozilla/5.0 (Windows NT 10.0; Win64; x64) AppleWebKit/537.36 (KHTML, like Gecko) Chrome/132.0.0.0 Safari/537.36"
189.243.238.36 - - [05/Feb/2025:09:08:26 -0600] "GET /intranet/page_inicio.php HTTP/1.1" 200 16185 "https://intranet.tjamich.gob.mx/" "Mozilla/5.0 (Windows NT 10.0; Win64; x64) AppleWebKit/537.36 (KHTML, like Gecko) Chrome/132.0.0.0 Safari/537.36"
189.243.238.36 - - [05/Feb/2025:09:08:26 -0600] "GET /intranet/logo.png HTTP/1.1" 304 - "https://intranet.tjamich.gob.mx/intranet/page_inicio.php" "Mozilla/5.0 (Windows NT 10.0; Win64; x64) AppleWebKit/537.36 (KHTML, like Gecko) Chrome/132.0.0.0 Safari/537.36"
189.243.238.36 - - [05/Feb/2025:09:08:26 -0600] "GET /intranet/common/images/favicon.ico HTTP/1.1" 200 16958 "https://intranet.tjamich.gob.mx/" "Mozilla/5.0 (Windows NT 10.0; Win64; x64) AppleWebKit/537.36 (KHTML, like Gecko) Chrome/132.0.0.0 Safari/537.36"
189.243.238.36 - - [05/Feb/2025:09:08:26 -0600] "GET / HTTP/1.1" 200 567 "-" "Mozilla/5.0 (Windows NT 10.0; Win64; x64) AppleWebKit/537.36 (KHTML, like Gecko) Chrome/132.0.0.0 Safari/537.36"
189.243.238.36 - - [05/Feb/2025:09:08:27 -0600] "GET /intranet/page_inicio.php HTTP/1.1" 200 16185 "https://www.intranet.tjamich.gob.mx/" "Mozilla/5.0 (Windows NT 10.0; Win64; x64) AppleWebKit/537.36 (KHTML, like Gecko) Chrome/132.0.0.0 Safari/537.36"
189.243.238.36 - - [05/Feb/2025:09:08:29 -0600] "GET / HTTP/1.1" 200 567 "-" "Mozilla/5.0 (Windows NT 10.0; Win64; x64) AppleWebKit/537.36 (KHTML, like Gecko) Chrome/132.0.0.0 Safari/537.36"
189.243.238.36 - - [05/Feb/2025:09:08:29 -0600] "GET /intranet/page_inicio.php HTTP/1.1" 200 16185 "https://www.intranet.tjamich.gob.mx/" "Mozilla/5.0 (Windows NT 10.0; Win64; x64) AppleWebKit/537.36 (KHTML, like Gecko) Chrome/132.0.0.0 Safari/537.36"
189.243.238.36 - - [05/Feb/2025:09:08:42 -0600] "POST /intranet/controller/login.php HTTP/1.1" 302 - "https://www.intranet.tjamich.gob.mx/intranet/page_inicio.php" "Mozilla/5.0 (Windows NT 10.0; Win64; x64) AppleWebKit/537.36 (KHTML, like Gecko) Chrome/132.0.0.0 Safari/537.36"
189.243.238.36 - - [05/Feb/2025:09:08:42 -0600] "GET /intranet/page_home.php HTTP/1.1" 200 64460 "https://www.intranet.tjamich.gob.mx/intranet/page_inicio.php" "Mozilla/5.0 (Windows NT 10.0; Win64; x64) AppleWebKit/537.36 (KHTML, like Gecko) Chrome/132.0.0.0 Safari/537.36"
189.243.238.36 - - [05/Feb/2025:09:08:43 -0600] "POST /intranet/controller/login.php HTTP/1.1" 302 - "https://intranet.tjamich.gob.mx/intranet/page_inicio.php" "Mozilla/5.0 (Windows NT 10.0; Win64; x64) AppleWebKit/537.36 (KHTML, like Gecko) Chrome/132.0.0.0 Safari/537.36"
189.243.238.36 - - [05/Feb/2025:09:08:43 -0600] "GET /intranet/page_home.php HTTP/1.1" 200 65894 "https://intranet.tjamich.gob.mx/intranet/page_inicio.php" "Mozilla/5.0 (Windows NT 10.0; Win64; x64) AppleWebKit/537.36 (KHTML, like Gecko) Chrome/132.0.0.0 Safari/537.36"
189.243.238.36 - - [05/Feb/2025:09:08:43 -0600] "POST /intranet/fetch.php HTTP/1.1" 200 122 "https://www.intranet.tjamich.gob.mx/intranet/page_home.php" "Mozilla/5.0 (Windows NT 10.0; Win64; x64) AppleWebKit/537.36 (KHTML, like Gecko) Chrome/132.0.0.0 Safari/537.36"
189.243.238.36 - - [05/Feb/2025:09:08:44 -0600] "GET /intranet/common/images/Logo-TJAM.png HTTP/1.1" 304 - "https://intranet.tjamich.gob.mx/intranet/page_home.php" "Mozilla/5.0 (Windows NT 10.0; Win64; x64) AppleWebKit/537.36 (KHTML, like Gecko) Chrome/132.0.0.0 Safari/537.36"
189.243.238.36 - - [05/Feb/2025:09:08:44 -0600] "POST /intranet/fetch.php HTTP/1.1" 200 122 "https://intranet.tjamich.gob.mx/intranet/page_home.php" "Mozilla/5.0 (Windows NT 10.0; Win64; x64) AppleWebKit/537.36 (KHTML, like Gecko) Chrome/132.0.0.0 Safari/537.36"
189.243.238.36 - - [05/Feb/2025:09:08:50 -0600] "GET /intranet/sistemas/oficios/page_oficios.php HTTP/1.1" 200 18887 "https://www.intranet.tjamich.gob.mx/intranet/page_home.php" "Mozilla/5.0 (Windows NT 10.0; Win64; x64) AppleWebKit/537.36 (KHTML, like Gecko) Chrome/132.0.0.0 Safari/537.36"
189.243.238.36 - - [05/Feb/2025:09:08:52 -0600] "GET /intranet/sistemas/oficios/page_find_oficios.php?app=1 HTTP/1.1" 200 21377 "https://www.intranet.tjamich.gob.mx/intranet/sistemas/oficios/page_oficios.php" "Mozilla/5.0 (Windows NT 10.0; Win64; x64) AppleWebKit/537.36 (KHTML, like Gecko) Chrome/132.0.0.0 Safari/537.36"
162.144.87.82 - - [05/Feb/2025:09:08:54 -0600] "GET /intranet/sistemas/usuarios/479/2025/TJA0711304U1_NOM_NOMINA43390_479.XML HTTP/1.0" 200 6729 "-" "-"
162.144.87.82 - - [05/Feb/2025:09:08:54 -0600] "GET /intranet/sistemas/usuarios/479/2025/TJA0711304U1_NOM_NOMINA43584_479.XML HTTP/1.0" 200 7309 "-" "-"
189.243.238.36 - - [05/Feb/2025:09:08:54 -0600] "GET /intranet/sistemas/usuarios/page_nomina.php?noti=1 HTTP/1.1" 200 31684 "https://intranet.tjamich.gob.mx/intranet/page_home.php" "Mozilla/5.0 (Windows NT 10.0; Win64; x64) AppleWebKit/537.36 (KHTML, like Gecko) Chrome/132.0.0.0 Safari/537.36"
189.243.238.36 - - [05/Feb/2025:09:08:55 -0600] "GET /intranet/common/images/pdfg.png HTTP/1.1" 200 71532 "https://intranet.tjamich.gob.mx/intranet/sistemas/usuarios/page_nomina.php?noti=1" "Mozilla/5.0 (Windows NT 10.0; Win64; x64) AppleWebKit/537.36 (KHTML, like Gecko) Chrome/132.0.0.0 Safari/537.36"
189.243.202.99 - - [05/Feb/2025:09:08:55 -0600] "POST /intranet/fetch.php HTTP/1.1" 200 122 "https://intranet.tjamich.gob.mx/intranet/page_home.php" "Mozilla/5.0 (Windows NT 10.0; Win64; x64) AppleWebKit/537.36 (KHTML, like Gecko) Chrome/132.0.0.0 Safari/537.36"
189.243.238.36 - - [05/Feb/2025:09:08:57 -0600] "GET /intranet/sistemas/declaraciones/page_declara.php HTTP/1.1" 200 46967 "https://www.intranet.tjamich.gob.mx/intranet/sistemas/oficios/page_find_oficios.php?app=1" "Mozilla/5.0 (Windows NT 10.0; Win64; x64) AppleWebKit/537.36 (KHTML, like Gecko) Chrome/132.0.0.0 Safari/537.36"
189.243.238.36 - - [05/Feb/2025:09:08:58 -0600] "GET /intranet/sistemas/declaraciones/style.css HTTP/1.1" 404 - "https://www.intranet.tjamich.gob.mx/intranet/sistemas/declaraciones/page_declara.php" "Mozilla/5.0 (Windows NT 10.0; Win64; x64) AppleWebKit/537.36 (KHTML, like Gecko) Chrome/132.0.0.0 Safari/537.36"
187.195.110.68 - - [05/Feb/2025:09:09:30 -0600] "GET /intranet/sistemas/recursoshumanos/page_inicio.php HTTP/1.1" 200 25429 "https://intranet.tjamich.gob.mx/intranet/sistemas/recursoshumanos/page_find_historial_contratos.php?app=2" "Mozilla/5.0 (Windows NT 10.0; Win64; x64) AppleWebKit/537.36 (KHTML, like Gecko) Chrome/132.0.0.0 Safari/537.36"
189.243.202.99 - - [05/Feb/2025:09:09:55 -0600] "POST /intranet/fetch.php HTTP/1.1" 200 122 "https://intranet.tjamich.gob.mx/intranet/page_home.php" "Mozilla/5.0 (Windows NT 10.0; Win64; x64) AppleWebKit/537.36 (KHTML, like Gecko) Chrome/132.0.0.0 Safari/537.36"
189.243.238.36 - - [05/Feb/2025:09:10:42 -0600] "POST /intranet/sistemas/usuarios/registroFirma.php HTTP/1.1" 200 17 "https://intranet.tjamich.gob.mx/intranet/sistemas/usuarios/page_nomina.php?noti=1" "Mozilla/5.0 (Windows NT 10.0; Win64; x64) AppleWebKit/537.36 (KHTML, like Gecko) Chrome/132.0.0.0 Safari/537.36"
189.243.238.36 - - [05/Feb/2025:09:10:43 -0600] "GET /intranet/sistemas/usuarios/controller/firmar_nomina.php?id_firma=17948&rfc=HUMH930113HP7&id_nom=16098&id_usuario=365&password2=%242y%2412%24DNekPTcS.1uIC6jWAKbGtegiZLflRnHvcTWDvQy42NL26Fk3Fqpby&usuario=hhurtadom%40tjamich.gob.mx&password=hildahurtadom&llavePrivada=HUMH930113HP7.key&llavePublica=HUMH930113HP7.cer&data=Nominas HTTP/1.1" 302 - "https://intranet.tjamich.gob.mx/intranet/sistemas/usuarios/page_nomina.php?noti=1" "Mozilla/5.0 (Windows NT 10.0; Win64; x64) AppleWebKit/537.36 (KHTML, like Gecko) Chrome/132.0.0.0 Safari/537.36"
162.144.87.82 - - [05/Feb/2025:09:10:43 -0600] "GET /intranet/sistemas/usuarios/479/2025/TJA0711304U1_NOM_NOMINA43390_479.XML HTTP/1.0" 200 6729 "-" "-"
162.144.87.82 - - [05/Feb/2025:09:10:43 -0600] "GET /intranet/sistemas/usuarios/479/2025/TJA0711304U1_NOM_NOMINA43584_479.XML HTTP/1.0" 200 7309 "-" "-"
189.243.238.36 - - [05/Feb/2025:09:10:43 -0600] "GET /intranet/sistemas/usuarios/page_nomina.php HTTP/1.1" 200 31550 "https://intranet.tjamich.gob.mx/intranet/sistemas/usuarios/page_nomina.php?noti=1" "Mozilla/5.0 (Windows NT 10.0; Win64; x64) AppleWebKit/537.36 (KHTML, like Gecko) Chrome/132.0.0.0 Safari/537.36"
189.243.238.36 - - [05/Feb/2025:09:10:46 -0600] "GET /intranet/sistemas/usuarios/479/2025/TJA0711304U1_NOM_NOMINA43584_479_F.pdf HTTP/1.1" 200 60986 "https://intranet.tjamich.gob.mx/intranet/sistemas/usuarios/page_nomina.php" "Mozilla/5.0 (Windows NT 10.0; Win64; x64) AppleWebKit/537.36 (KHTML, like Gecko) Chrome/132.0.0.0 Safari/537.36"
189.243.238.36 - - [05/Feb/2025:09:10:46 -0600] "GET /favicon.ico HTTP/1.1" 404 - "https://intranet.tjamich.gob.mx/intranet/sistemas/usuarios/479/2025/TJA0711304U1_NOM_NOMINA43584_479_F.pdf" "Mozilla/5.0 (Windows NT 10.0; Win64; x64) AppleWebKit/537.36 (KHTML, like Gecko) Chrome/132.0.0.0 Safari/537.36"
187.195.110.68 - - [05/Feb/2025:09:10:54 -0600] "GET /intranet/sistemas/recursoshumanos/page_inicio.php HTTP/1.1" 200 25429 "https://intranet.tjamich.gob.mx/intranet/sistemas/recursoshumanos/page_inicio.php" "Mozilla/5.0 (Windows NT 10.0; Win64; x64) AppleWebKit/537.36 (KHTML, like Gecko) Chrome/132.0.0.0 Safari/537.36"
189.243.202.99 - - [05/Feb/2025:09:10:55 -0600] "POST /intranet/fetch.php HTTP/1.1" 200 122 "https://intranet.tjamich.gob.mx/intranet/page_home.php" "Mozilla/5.0 (Windows NT 10.0; Win64; x64) AppleWebKit/537.36 (KHTML, like Gecko) Chrome/132.0.0.0 Safari/537.36"
187.195.110.68 - - [05/Feb/2025:09:10:57 -0600] "GET /intranet/sistemas/recursoshumanos/page_find_historial_contratos.php?app=2 HTTP/1.1" 200 1348388 "https://intranet.tjamich.gob.mx/intranet/sistemas/recursoshumanos/page_inicio.php" "Mozilla/5.0 (Windows NT 10.0; Win64; x64) AppleWebKit/537.36 (KHTML, like Gecko) Chrome/132.0.0.0 Safari/537.36"
189.243.238.36 - - [05/Feb/2025:09:11:37 -0600] "GET /intranet/sistemas/usuarios/479/2025/TJA0711304U1_NOM_NOMINA43390_479_F.pdf HTTP/1.1" 200 60888 "https://intranet.tjamich.gob.mx/intranet/sistemas/usuarios/page_nomina.php" "Mozilla/5.0 (Windows NT 10.0; Win64; x64) AppleWebKit/537.36 (KHTML, like Gecko) Chrome/132.0.0.0 Safari/537.36"
189.243.238.36 - - [05/Feb/2025:09:11:54 -0600] "GET /intranet/sistemas/oficios/page_ver_oficios.php?noti=1&id_oficio=8663 HTTP/1.1" 200 26101 "https://intranet.tjamich.gob.mx/intranet/sistemas/usuarios/page_nomina.php" "Mozilla/5.0 (Windows NT 10.0; Win64; x64) AppleWebKit/537.36 (KHTML, like Gecko) Chrome/132.0.0.0 Safari/537.36"
189.243.238.36 - - [05/Feb/2025:09:11:54 -0600] "GET /intranet/common/ckeditor/ckeditor.js HTTP/1.1" 200 702357 "https://intranet.tjamich.gob.mx/intranet/sistemas/oficios/page_ver_oficios.php?noti=1&id_oficio=8663" "Mozilla/5.0 (Windows NT 10.0; Win64; x64) AppleWebKit/537.36 (KHTML, like Gecko) Chrome/132.0.0.0 Safari/537.36"
189.243.238.36 - - [05/Feb/2025:09:11:54 -0600] "GET /intranet/common/ckeditor5/translations/es.js HTTP/1.1" 200 5401 "https://intranet.tjamich.gob.mx/intranet/sistemas/oficios/page_ver_oficios.php?noti=1&id_oficio=8663" "Mozilla/5.0 (Windows NT 10.0; Win64; x64) AppleWebKit/537.36 (KHTML, like Gecko) Chrome/132.0.0.0 Safari/537.36"
189.243.238.36 - - [05/Feb/2025:09:11:54 -0600] "GET /intranet/common/ckeditor5/ckeditor.js HTTP/1.1" 200 812575 "https://intranet.tjamich.gob.mx/intranet/sistemas/oficios/page_ver_oficios.php?noti=1&id_oficio=8663" "Mozilla/5.0 (Windows NT 10.0; Win64; x64) AppleWebKit/537.36 (KHTML, like Gecko) Chrome/132.0.0.0 Safari/537.36"
189.243.238.36 - - [05/Feb/2025:09:11:55 -0600] "GET /intranet/common/ckeditor/config.js?t=J1QB HTTP/1.1" 200 348 "https://intranet.tjamich.gob.mx/intranet/sistemas/oficios/page_ver_oficios.php?noti=1&id_oficio=8663" "Mozilla/5.0 (Windows NT 10.0; Win64; x64) AppleWebKit/537.36 (KHTML, like Gecko) Chrome/132.0.0.0 Safari/537.36"
189.243.238.36 - - [05/Feb/2025:09:11:55 -0600] "GET /intranet/common/ckeditor/skins/moono-lisa/editor.css?t=J1QB HTTP/1.1" 200 47805 "https://intranet.tjamich.gob.mx/intranet/sistemas/oficios/page_ver_oficios.php?noti=1&id_oficio=8663" "Mozilla/5.0 (Windows NT 10.0; Win64; x64) AppleWebKit/537.36 (KHTML, like Gecko) Chrome/132.0.0.0 Safari/537.36"
189.243.238.36 - - [05/Feb/2025:09:11:55 -0600] "GET /intranet/common/ckeditor/lang/es.js?t=J1QB HTTP/1.1" 200 20986 "https://intranet.tjamich.gob.mx/intranet/sistemas/oficios/page_ver_oficios.php?noti=1&id_oficio=8663" "Mozilla/5.0 (Windows NT 10.0; Win64; x64) AppleWebKit/537.36 (KHTML, like Gecko) Chrome/132.0.0.0 Safari/537.36"
189.243.202.99 - - [05/Feb/2025:09:11:55 -0600] "POST /intranet/fetch.php HTTP/1.1" 200 122 "https://intranet.tjamich.gob.mx/intranet/page_home.php" "Mozilla/5.0 (Windows NT 10.0; Win64; x64) AppleWebKit/537.36 (KHTML, like Gecko) Chrome/132.0.0.0 Safari/537.36"
189.243.238.36 - - [05/Feb/2025:09:11:55 -0600] "GET /intranet/common/ckeditor/styles.js?t=J1QB HTTP/1.1" 200 5579 "https://intranet.tjamich.gob.mx/intranet/sistemas/oficios/page_ver_oficios.php?noti=1&id_oficio=8663" "Mozilla/5.0 (Windows NT 10.0; Win64; x64) AppleWebKit/537.36 (KHTML, like Gecko) Chrome/132.0.0.0 Safari/537.36"
189.243.238.36 - - [05/Feb/2025:09:11:55 -0600] "GET /intranet/common/ckeditor/plugins/tableselection/styles/tableselection.css HTTP/1.1" 200 1145 "https://intranet.tjamich.gob.mx/intranet/sistemas/oficios/page_ver_oficios.php?noti=1&id_oficio=8663" "Mozilla/5.0 (Windows NT 10.0; Win64; x64) AppleWebKit/537.36 (KHTML, like Gecko) Chrome/132.0.0.0 Safari/537.36"
189.243.238.36 - - [05/Feb/2025:09:11:55 -0600] "GET /intranet/common/ckeditor/plugins/scayt/dialogs/dialog.css HTTP/1.1" 200 419 "https://intranet.tjamich.gob.mx/intranet/sistemas/oficios/page_ver_oficios.php?noti=1&id_oficio=8663" "Mozilla/5.0 (Windows NT 10.0; Win64; x64) AppleWebKit/537.36 (KHTML, like Gecko) Chrome/132.0.0.0 Safari/537.36"
189.243.238.36 - - [05/Feb/2025:09:11:55 -0600] "GET /intranet/common/ckeditor/plugins/scayt/skins/moono-lisa/scayt.css HTTP/1.1" 200 381 "https://intranet.tjamich.gob.mx/intranet/sistemas/oficios/page_ver_oficios.php?noti=1&id_oficio=8663" "Mozilla/5.0 (Windows NT 10.0; Win64; x64) AppleWebKit/537.36 (KHTML, like Gecko) Chrome/132.0.0.0 Safari/537.36"
189.243.238.36 - - [05/Feb/2025:09:11:55 -0600] "GET /intranet/common/ckeditor/plugins/wsc/skins/moono-lisa/wsc.css HTTP/1.1" 200 1306 "https://intranet.tjamich.gob.mx/intranet/sistemas/oficios/page_ver_oficios.php?noti=1&id_oficio=8663" "Mozilla/5.0 (Windows NT 10.0; Win64; x64) AppleWebKit/537.36 (KHTML, like Gecko) Chrome/132.0.0.0 Safari/537.36"
189.243.238.36 - - [05/Feb/2025:09:11:55 -0600] "GET /intranet/common/ckeditor/plugins/copyformatting/styles/copyformatting.css HTTP/1.1" 200 1513 "https://intranet.tjamich.gob.mx/intranet/sistemas/oficios/page_ver_oficios.php?noti=1&id_oficio=8663" "Mozilla/5.0 (Windows NT 10.0; Win64; x64) AppleWebKit/537.36 (KHTML, like Gecko) Chrome/132.0.0.0 Safari/537.36"
189.243.238.36 - - [05/Feb/2025:09:11:55 -0600] "GET /intranet/common/ckeditor/contents.css?t=J1QB HTTP/1.1" 200 3094 "https://intranet.tjamich.gob.mx/intranet/sistemas/oficios/page_ver_oficios.php?noti=1&id_oficio=8663" "Mozilla/5.0 (Windows NT 10.0; Win64; x64) AppleWebKit/537.36 (KHTML, like Gecko) Chrome/132.0.0.0 Safari/537.36"
189.243.238.36 - - [05/Feb/2025:09:11:55 -0600] "GET /intranet/common/ckeditor/skins/moono-lisa/icons.png?t=8b53603e8 HTTP/1.1" 200 12421 "https://intranet.tjamich.gob.mx/intranet/common/ckeditor/skins/moono-lisa/editor.css?t=J1QB" "Mozilla/5.0 (Windows NT 10.0; Win64; x64) AppleWebKit/537.36 (KHTML, like Gecko) Chrome/132.0.0.0 Safari/537.36"
189.243.238.36 - - [05/Feb/2025:09:11:58 -0600] "GET /intranet/sistemas/oficios/page_ver_oficios.php?noti=1&id_oficio=8863 HTTP/1.1" 200 25380 "https://intranet.tjamich.gob.mx/intranet/sistemas/oficios/page_ver_oficios.php?noti=1&id_oficio=8663" "Mozilla/5.0 (Windows NT 10.0; Win64; x64) AppleWebKit/537.36 (KHTML, like Gecko) Chrome/132.0.0.0 Safari/537.36"
189.243.238.36 - - [05/Feb/2025:09:11:59 -0600] "GET /intranet/common/images/file.png HTTP/1.1" 200 130882 "https://intranet.tjamich.gob.mx/intranet/sistemas/oficios/page_ver_oficios.php?noti=1&id_oficio=8863" "Mozilla/5.0 (Windows NT 10.0; Win64; x64) AppleWebKit/537.36 (KHTML, like Gecko) Chrome/132.0.0.0 Safari/537.36"
187.195.110.68 - - [05/Feb/2025:09:12:03 -0600] "GET /intranet/sistemas/recursoshumanos/page_inicio.php HTTP/1.1" 200 25429 "https://intranet.tjamich.gob.mx/intranet/sistemas/recursoshumanos/page_find_historial_contratos.php?app=2" "Mozilla/5.0 (Windows NT 10.0; Win64; x64) AppleWebKit/537.36 (KHTML, like Gecko) Chrome/132.0.0.0 Safari/537.36"
189.243.238.36 - - [05/Feb/2025:09:12:19 -0600] "GET /intranet/logout.php HTTP/1.1" 302 - "https://intranet.tjamich.gob.mx/intranet/sistemas/oficios/page_ver_oficios.php?noti=1&id_oficio=8863" "Mozilla/5.0 (Windows NT 10.0; Win64; x64) AppleWebKit/537.36 (KHTML, like Gecko) Chrome/132.0.0.0 Safari/537.36"
189.243.238.36 - - [05/Feb/2025:09:12:19 -0600] "GET /intranet/page_inicio.php HTTP/1.1" 200 16185 "https://intranet.tjamich.gob.mx/intranet/sistemas/oficios/page_ver_oficios.php?noti=1&id_oficio=8863" "Mozilla/5.0 (Windows NT 10.0; Win64; x64) AppleWebKit/537.36 (KHTML, like Gecko) Chrome/132.0.0.0 Safari/537.36"
187.142.0.161 - - [05/Feb/2025:09:12:21 -0600] "GET / HTTP/1.1" 200 567 "https://portal.tjamich.gob.mx/" "Mozilla/5.0 (Windows NT 10.0; Win64; x64) AppleWebKit/537.36 (KHTML, like Gecko) Chrome/132.0.0.0 Safari/537.36"
187.142.0.161 - - [05/Feb/2025:09:12:26 -0600] "GET /intranet/page_inicio.php HTTP/1.1" 200 16185 "https://intranet.tjamich.gob.mx/" "Mozilla/5.0 (Windows NT 10.0; Win64; x64) AppleWebKit/537.36 (KHTML, like Gecko) Chrome/132.0.0.0 Safari/537.36"
187.142.0.161 - - [05/Feb/2025:09:12:26 -0600] "GET /intranet/common/vendors/jquery-ui-1.10.4.custom/css/ui-lightness/jquery-ui-1.10.4.custom.min.css HTTP/1.1" 200 34406 "https://intranet.tjamich.gob.mx/intranet/page_inicio.php" "Mozilla/5.0 (Windows NT 10.0; Win64; x64) AppleWebKit/537.36 (KHTML, like Gecko) Chrome/132.0.0.0 Safari/537.36"
187.142.0.161 - - [05/Feb/2025:09:12:26 -0600] "GET /intranet/common/vendors/fontawesome/css/all.css HTTP/1.1" 200 78193 "https://intranet.tjamich.gob.mx/intranet/page_inicio.php" "Mozilla/5.0 (Windows NT 10.0; Win64; x64) AppleWebKit/537.36 (KHTML, like Gecko) Chrome/132.0.0.0 Safari/537.36"
187.142.0.161 - - [05/Feb/2025:09:12:27 -0600] "GET /intranet/common/vendors/bootstrap-timepicker/css/bootstrap-timepicker.min.css HTTP/1.1" 200 3056 "https://intranet.tjamich.gob.mx/intranet/page_inicio.php" "Mozilla/5.0 (Windows NT 10.0; Win64; x64) AppleWebKit/537.36 (KHTML, like Gecko) Chrome/132.0.0.0 Safari/537.36"
187.142.0.161 - - [05/Feb/2025:09:12:27 -0600] "GET /intranet/common/vendors/bootstrap-datetimepicker/build/css/bootstrap-datetimepicker.min.css HTTP/1.1" 200 4510 "https://intranet.tjamich.gob.mx/intranet/page_inicio.php" "Mozilla/5.0 (Windows NT 10.0; Win64; x64) AppleWebKit/537.36 (KHTML, like Gecko) Chrome/132.0.0.0 Safari/537.36"
187.142.0.161 - - [05/Feb/2025:09:12:27 -0600] "GET /intranet/common/vendors/bootstrap-clockface/css/clockface.css HTTP/1.1" 200 6428 "https://intranet.tjamich.gob.mx/intranet/page_inicio.php" "Mozilla/5.0 (Windows NT 10.0; Win64; x64) AppleWebKit/537.36 (KHTML, like Gecko) Chrome/132.0.0.0 Safari/537.36"
187.142.0.161 - - [05/Feb/2025:09:12:27 -0600] "GET /intranet/common/vendors/bootstrap-switch/css/bootstrap-switch.css HTTP/1.1" 200 15444 "https://intranet.tjamich.gob.mx/intranet/page_inicio.php" "Mozilla/5.0 (Windows NT 10.0; Win64; x64) AppleWebKit/537.36 (KHTML, like Gecko) Chrome/132.0.0.0 Safari/537.36"
187.142.0.161 - - [05/Feb/2025:09:12:27 -0600] "GET /intranet/common/vendors/jplist/html/css/jplist-custom.css HTTP/1.1" 200 21350 "https://intranet.tjamich.gob.mx/intranet/page_inicio.php" "Mozilla/5.0 (Windows NT 10.0; Win64; x64) AppleWebKit/537.36 (KHTML, like Gecko) Chrome/132.0.0.0 Safari/537.36"
187.142.0.161 - - [05/Feb/2025:09:12:27 -0600] "GET /intranet/common/vendors/bootstrap/css/bootstrap.min.css HTTP/1.1" 200 145284 "https://intranet.tjamich.gob.mx/intranet/page_inicio.php" "Mozilla/5.0 (Windows NT 10.0; Win64; x64) AppleWebKit/537.36 (KHTML, like Gecko) Chrome/132.0.0.0 Safari/537.36"
187.142.0.161 - - [05/Feb/2025:09:12:27 -0600] "GET /intranet/common/vendors/sco.message/sco.message.css HTTP/1.1" 200 2485 "https://intranet.tjamich.gob.mx/intranet/page_inicio.php" "Mozilla/5.0 (Windows NT 10.0; Win64; x64) AppleWebKit/537.36 (KHTML, like Gecko) Chrome/132.0.0.0 Safari/537.36"
187.142.0.161 - - [05/Feb/2025:09:12:27 -0600] "GET /intranet/common/vendors/calendar/zabuto_calendar.min.css HTTP/1.1" 200 3565 "https://intranet.tjamich.gob.mx/intranet/page_inicio.php" "Mozilla/5.0 (Windows NT 10.0; Win64; x64) AppleWebKit/537.36 (KHTML, like Gecko) Chrome/132.0.0.0 Safari/537.36"
187.142.0.161 - - [05/Feb/2025:09:12:27 -0600] "GET /intranet/common/vendors/intro.js/introjs.css HTTP/1.1" 200 8396 "https://intranet.tjamich.gob.mx/intranet/page_inicio.php" "Mozilla/5.0 (Windows NT 10.0; Win64; x64) AppleWebKit/537.36 (KHTML, like Gecko) Chrome/132.0.0.0 Safari/537.36"
187.142.0.161 - - [05/Feb/2025:09:12:27 -0600] "GET /intranet/common/vendors/lightbox/css/lightbox.css HTTP/1.1" 200 4348 "https://intranet.tjamich.gob.mx/intranet/page_inicio.php" "Mozilla/5.0 (Windows NT 10.0; Win64; x64) AppleWebKit/537.36 (KHTML, like Gecko) Chrome/132.0.0.0 Safari/537.36"
187.142.0.161 - - [05/Feb/2025:09:12:27 -0600] "GET /intranet/common/vendors/DataTables/media/css/jquery.dataTables.css HTTP/1.1" 200 18275 "https://intranet.tjamich.gob.mx/intranet/page_inicio.php" "Mozilla/5.0 (Windows NT 10.0; Win64; x64) AppleWebKit/537.36 (KHTML, like Gecko) Chrome/132.0.0.0 Safari/537.36"
187.195.110.68 - - [05/Feb/2025:09:12:27 -0600] "GET /intranet/sistemas/recursoshumanos/page_inicio.php HTTP/1.1" 200 25429 "https://intranet.tjamich.gob.mx/intranet/sistemas/recursoshumanos/page_inicio.php" "Mozilla/5.0 (Windows NT 10.0; Win64; x64) AppleWebKit/537.36 (KHTML, like Gecko) Chrome/132.0.0.0 Safari/537.36"
187.142.0.161 - - [05/Feb/2025:09:12:27 -0600] "GET /intranet/common/vendors/DataTables/media/css/dataTables.bootstrap.css HTTP/1.1" 200 7931 "https://intranet.tjamich.gob.mx/intranet/page_inicio.php" "Mozilla/5.0 (Windows NT 10.0; Win64; x64) AppleWebKit/537.36 (KHTML, like Gecko) Chrome/132.0.0.0 Safari/537.36"
187.142.0.161 - - [05/Feb/2025:09:12:27 -0600] "GET /intranet/common/vendors/DataTables/extensions/TableTools/css/dataTables.tableTools.min.css HTTP/1.1" 200 6995 "https://intranet.tjamich.gob.mx/intranet/page_inicio.php" "Mozilla/5.0 (Windows NT 10.0; Win64; x64) AppleWebKit/537.36 (KHTML, like Gecko) Chrome/132.0.0.0 Safari/537.36"
187.142.0.161 - - [05/Feb/2025:09:12:27 -0600] "GET /intranet/common/vendors/animate.css/animate.css HTTP/1.1" 200 68392 "https://intranet.tjamich.gob.mx/intranet/page_inicio.php" "Mozilla/5.0 (Windows NT 10.0; Win64; x64) AppleWebKit/537.36 (KHTML, like Gecko) Chrome/132.0.0.0 Safari/537.36"
187.142.0.161 - - [05/Feb/2025:09:12:27 -0600] "GET /intranet/common/vendors/iCheck/skins/all.css HTTP/1.1" 200 1624 "https://intranet.tjamich.gob.mx/intranet/page_inicio.php" "Mozilla/5.0 (Windows NT 10.0; Win64; x64) AppleWebKit/537.36 (KHTML, like Gecko) Chrome/132.0.0.0 Safari/537.36"
187.142.0.161 - - [05/Feb/2025:09:12:27 -0600] "GET /intranet/common/vendors/jquery-notific8/jquery.notific8.min.css HTTP/1.1" 200 4980 "https://intranet.tjamich.gob.mx/intranet/page_inicio.php" "Mozilla/5.0 (Windows NT 10.0; Win64; x64) AppleWebKit/537.36 (KHTML, like Gecko) Chrome/132.0.0.0 Safari/537.36"
187.142.0.161 - - [05/Feb/2025:09:12:27 -0600] "GET /intranet/common/vendors/bootstrap-daterangepicker/daterangepicker-bs3.css HTTP/1.1" 200 5757 "https://intranet.tjamich.gob.mx/intranet/page_inicio.php" "Mozilla/5.0 (Windows NT 10.0; Win64; x64) AppleWebKit/537.36 (KHTML, like Gecko) Chrome/132.0.0.0 Safari/537.36"
