%PDF- %PDF-
| Direktori : /home/tjamichg/access-logs/ |
| Current File : /home/tjamichg/access-logs/mail.tjamich.gob.mx-ssl_log |
208.110.64.178 - - [14/Dec/2025:06:11:47 -0600] "GET /wp-includes/admin.php HTTP/1.1" 301 299 "https://mail.tjamich.gob.mx/wp-includes/admin.php" "Mozilla/5.0 (Windows NT 10.0; Win64; x64) AppleWebKit/537.36 (KHTML, like Gecko) Chrome/58.0.3029.110 Safari/537.3"
66.249.79.228 - - [14/Dec/2025:06:28:22 -0600] "GET /item/domi197cjnnt40913.html HTTP/1.1" 301 305 "-" "Mozilla/5.0 (Linux; Android 6.0.1; Nexus 5X Build/MMB29P) AppleWebKit/537.36 (KHTML, like Gecko) Chrome/141.0.7390.122 Mobile Safari/537.36 (compatible; Googlebot/2.1; +http://www.google.com/bot.html)"
66.249.79.228 - - [14/Dec/2025:06:31:15 -0600] "GET /Directorio HTTP/1.1" 301 288 "-" "Mozilla/5.0 (Linux; Android 6.0.1; Nexus 5X Build/MMB29P) AppleWebKit/537.36 (KHTML, like Gecko) Chrome/141.0.7390.122 Mobile Safari/537.36 (compatible; Googlebot/2.1; +http://www.google.com/bot.html)"
66.249.79.228 - - [14/Dec/2025:06:41:40 -0600] "GET /product/ride41?c=g&l=9266 HTTP/1.1" 301 307 "-" "Mozilla/5.0 (Linux; Android 6.0.1; Nexus 5X Build/MMB29P) AppleWebKit/537.36 (KHTML, like Gecko) Chrome/141.0.7390.122 Mobile Safari/537.36 (compatible; Googlebot/2.1; +http://www.google.com/bot.html)"
204.12.252.98 - - [14/Dec/2025:06:47:52 -0600] "GET /wp-includes/admin.php HTTP/1.1" 301 299 "https://mail.tjamich.gob.mx/wp-includes/admin.php" "Mozilla/5.0 (Windows NT 10.0; Win64; x64) AppleWebKit/537.36 (KHTML, like Gecko) Chrome/58.0.3029.110 Safari/537.3"
66.249.79.229 - - [14/Dec/2025:06:48:12 -0600] "GET /product/fruit163?c=g&l=16962 HTTP/1.1" 301 310 "-" "Mozilla/5.0 (Linux; Android 6.0.1; Nexus 5X Build/MMB29P) AppleWebKit/537.36 (KHTML, like Gecko) Chrome/141.0.7390.122 Mobile Safari/537.36 (compatible; Googlebot/2.1; +http://www.google.com/bot.html)"
66.249.79.229 - - [14/Dec/2025:07:01:44 -0600] "GET /655843327.shtml HTTP/1.1" 301 293 "-" "Mozilla/5.0 (Linux; Android 6.0.1; Nexus 5X Build/MMB29P) AppleWebKit/537.36 (KHTML, like Gecko) Chrome/141.0.7390.122 Mobile Safari/537.36 (compatible; Googlebot/2.1; +http://www.google.com/bot.html)"
204.12.252.98 - - [14/Dec/2025:07:07:29 -0600] "GET /wp-includes/admin.php HTTP/1.1" 301 299 "https://mail.tjamich.gob.mx/wp-includes/admin.php" "Mozilla/5.0 (Windows NT 10.0; Win64; x64) AppleWebKit/537.36 (KHTML, like Gecko) Chrome/58.0.3029.110 Safari/537.3"
66.249.79.228 - - [14/Dec/2025:07:08:09 -0600] "GET /219608708 HTTP/1.1" 301 287 "-" "Mozilla/5.0 (Linux; Android 6.0.1; Nexus 5X Build/MMB29P) AppleWebKit/537.36 (KHTML, like Gecko) Chrome/141.0.7390.122 Mobile Safari/537.36 (compatible; Googlebot/2.1; +http://www.google.com/bot.html)"
204.12.252.98 - - [14/Dec/2025:07:09:57 -0600] "GET /wp-includes/admin.php HTTP/1.1" 301 299 "https://mail.tjamich.gob.mx/wp-includes/admin.php" "Mozilla/5.0 (Windows NT 10.0; Win64; x64) AppleWebKit/537.36 (KHTML, like Gecko) Chrome/58.0.3029.110 Safari/537.3"
204.12.252.98 - - [14/Dec/2025:07:16:42 -0600] "GET /wp-includes/admin.php HTTP/1.1" 301 299 "https://mail.tjamich.gob.mx/wp-includes/admin.php" "Mozilla/5.0 (Windows NT 10.0; Win64; x64) AppleWebKit/537.36 (KHTML, like Gecko) Chrome/58.0.3029.110 Safari/537.3"
66.249.79.229 - - [14/Dec/2025:07:21:29 -0600] "GET /uyqrh/w1768622.html HTTP/1.1" 301 297 "-" "Mozilla/5.0 (Linux; Android 6.0.1; Nexus 5X Build/MMB29P) AppleWebKit/537.36 (KHTML, like Gecko) Chrome/141.0.7390.122 Mobile Safari/537.36 (compatible; Googlebot/2.1; +http://www.google.com/bot.html)"
208.110.64.178 - - [14/Dec/2025:07:26:00 -0600] "GET /wp-includes/admin.php HTTP/1.1" 301 299 "https://mail.tjamich.gob.mx/wp-includes/admin.php" "Mozilla/5.0 (Windows NT 10.0; Win64; x64) AppleWebKit/537.36 (KHTML, like Gecko) Chrome/58.0.3029.110 Safari/537.3"
204.12.252.98 - - [14/Dec/2025:07:34:23 -0600] "GET /wp-includes/admin.php HTTP/1.1" 301 299 "https://mail.tjamich.gob.mx/wp-includes/admin.php" "Mozilla/5.0 (Windows NT 10.0; Win64; x64) AppleWebKit/537.36 (KHTML, like Gecko) Chrome/58.0.3029.110 Safari/537.3"
66.249.79.228 - - [14/Dec/2025:07:35:15 -0600] "GET /PDF-JEL/4.-LINEAMIENTOS.pdf HTTP/1.1" 301 305 "-" "Mozilla/5.0 (Linux; Android 6.0.1; Nexus 5X Build/MMB29P) AppleWebKit/537.36 (KHTML, like Gecko) Chrome/141.0.7390.122 Mobile Safari/537.36 (compatible; Googlebot/2.1; +http://www.google.com/bot.html)"
204.12.252.98 - - [14/Dec/2025:07:44:36 -0600] "GET /wp-includes/admin.php HTTP/1.1" 301 299 "https://mail.tjamich.gob.mx/wp-includes/admin.php" "Mozilla/5.0 (Windows NT 10.0; Win64; x64) AppleWebKit/537.36 (KHTML, like Gecko) Chrome/58.0.3029.110 Safari/537.3"
208.110.64.178 - - [14/Dec/2025:07:49:24 -0600] "GET /wp-includes/admin.php HTTP/1.1" 301 299 "https://mail.tjamich.gob.mx/wp-includes/admin.php" "Mozilla/5.0 (Windows NT 10.0; Win64; x64) AppleWebKit/537.36 (KHTML, like Gecko) Chrome/58.0.3029.110 Safari/537.3"
66.249.79.229 - - [14/Dec/2025:08:03:57 -0600] "GET /consume41/x1i9n-32315/ HTTP/1.1" 301 300 "-" "Mozilla/5.0 (Linux; Android 6.0.1; Nexus 5X Build/MMB29P) AppleWebKit/537.36 (KHTML, like Gecko) Chrome/141.0.7390.122 Mobile Safari/537.36 (compatible; Googlebot/2.1; +http://www.google.com/bot.html)"
208.110.64.178 - - [14/Dec/2025:08:04:57 -0600] "GET /wp-includes/admin.php HTTP/1.1" 301 299 "https://mail.tjamich.gob.mx/wp-includes/admin.php" "Mozilla/5.0 (Windows NT 10.0; Win64; x64) AppleWebKit/537.36 (KHTML, like Gecko) Chrome/58.0.3029.110 Safari/537.3"
66.249.79.229 - - [14/Dec/2025:08:13:14 -0600] "GET /groups/sk2-type-r/65738156/ HTTP/1.1" 301 305 "-" "Mozilla/5.0 (Linux; Android 6.0.1; Nexus 5X Build/MMB29P) AppleWebKit/537.36 (KHTML, like Gecko) Chrome/141.0.7390.122 Mobile Safari/537.36 (compatible; Googlebot/2.1; +http://www.google.com/bot.html)"
208.110.64.178 - - [14/Dec/2025:08:16:02 -0600] "GET /wp-includes/admin.php HTTP/1.1" 301 299 "https://mail.tjamich.gob.mx/wp-includes/admin.php" "Mozilla/5.0 (Windows NT 10.0; Win64; x64) AppleWebKit/537.36 (KHTML, like Gecko) Chrome/58.0.3029.110 Safari/537.3"
208.110.64.178 - - [14/Dec/2025:08:24:00 -0600] "GET /wp-includes/admin.php HTTP/1.1" 301 299 "https://mail.tjamich.gob.mx/wp-includes/admin.php" "Mozilla/5.0 (Windows NT 10.0; Win64; x64) AppleWebKit/537.36 (KHTML, like Gecko) Chrome/58.0.3029.110 Safari/537.3"
66.249.79.229 - - [14/Dec/2025:08:31:52 -0600] "GET /97300844 HTTP/1.1" 301 286 "-" "Mozilla/5.0 (Linux; Android 6.0.1; Nexus 5X Build/MMB29P) AppleWebKit/537.36 (KHTML, like Gecko) Chrome/141.0.7390.122 Mobile Safari/537.36 (compatible; Googlebot/2.1; +http://www.google.com/bot.html)"
208.110.64.178 - - [14/Dec/2025:08:35:20 -0600] "GET /wp-includes/admin.php HTTP/1.1" 301 299 "https://mail.tjamich.gob.mx/wp-includes/admin.php" "Mozilla/5.0 (Windows NT 10.0; Win64; x64) AppleWebKit/537.36 (KHTML, like Gecko) Chrome/58.0.3029.110 Safari/537.3"
66.249.79.229 - - [14/Dec/2025:08:36:25 -0600] "GET /item/ahu271nbtvd49491.html HTTP/1.1" 301 304 "-" "Mozilla/5.0 (Linux; Android 6.0.1; Nexus 5X Build/MMB29P) AppleWebKit/537.36 (KHTML, like Gecko) Chrome/141.0.7390.122 Mobile Safari/537.36 (compatible; Googlebot/2.1; +http://www.google.com/bot.html)"
66.249.70.199 - - [14/Dec/2025:08:43:17 -0600] "GET /Consulta-de-Acuerdos-por-Numero-de-Expediente HTTP/1.1" 301 323 "-" "Mozilla/5.0 (Linux; Android 6.0.1; Nexus 5X Build/MMB29P) AppleWebKit/537.36 (KHTML, like Gecko) Chrome/141.0.7390.122 Mobile Safari/537.36 (compatible; Googlebot/2.1; +http://www.google.com/bot.html)"
204.12.252.98 - - [14/Dec/2025:08:49:18 -0600] "GET /wp-includes/admin.php HTTP/1.1" 301 299 "https://mail.tjamich.gob.mx/wp-includes/admin.php" "Mozilla/5.0 (Windows NT 10.0; Win64; x64) AppleWebKit/537.36 (KHTML, like Gecko) Chrome/58.0.3029.110 Safari/537.3"
66.249.79.228 - - [14/Dec/2025:08:50:20 -0600] "GET /item/whwg24znjnz22946.html HTTP/1.1" 301 304 "-" "Mozilla/5.0 (Linux; Android 6.0.1; Nexus 5X Build/MMB29P) AppleWebKit/537.36 (KHTML, like Gecko) Chrome/141.0.7390.122 Mobile Safari/537.36 (compatible; Googlebot/2.1; +http://www.google.com/bot.html)"
204.12.252.98 - - [14/Dec/2025:08:58:34 -0600] "GET /wp-includes/admin.php HTTP/1.1" 301 299 "https://mail.tjamich.gob.mx/wp-includes/admin.php" "Mozilla/5.0 (Windows NT 10.0; Win64; x64) AppleWebKit/537.36 (KHTML, like Gecko) Chrome/58.0.3029.110 Safari/537.3"
208.110.64.178 - - [14/Dec/2025:09:09:54 -0600] "GET /wp-includes/admin.php HTTP/1.1" 301 299 "https://mail.tjamich.gob.mx/wp-includes/admin.php" "Mozilla/5.0 (Windows NT 10.0; Win64; x64) AppleWebKit/537.36 (KHTML, like Gecko) Chrome/58.0.3029.110 Safari/537.3"
204.12.252.98 - - [14/Dec/2025:09:37:44 -0600] "GET /wp-includes/admin.php HTTP/1.1" 301 299 "https://mail.tjamich.gob.mx/wp-includes/admin.php" "Mozilla/5.0 (Windows NT 10.0; Win64; x64) AppleWebKit/537.36 (KHTML, like Gecko) Chrome/58.0.3029.110 Safari/537.3"
66.249.79.228 - - [14/Dec/2025:09:41:19 -0600] "GET /77615948 HTTP/1.1" 301 286 "-" "Mozilla/5.0 (Linux; Android 6.0.1; Nexus 5X Build/MMB29P) AppleWebKit/537.36 (KHTML, like Gecko) Chrome/141.0.7390.122 Mobile Safari/537.36 (compatible; Googlebot/2.1; +http://www.google.com/bot.html)"
66.249.79.228 - - [14/Dec/2025:09:43:43 -0600] "GET /Listas-de-Acuerdos HTTP/1.1" 301 296 "-" "Mozilla/5.0 (Linux; Android 6.0.1; Nexus 5X Build/MMB29P) AppleWebKit/537.36 (KHTML, like Gecko) Chrome/141.0.7390.122 Mobile Safari/537.36 (compatible; Googlebot/2.1; +http://www.google.com/bot.html)"
66.249.79.228 - - [14/Dec/2025:09:45:59 -0600] "GET /ywrib/z985131.html HTTP/1.1" 301 296 "-" "Mozilla/5.0 (Linux; Android 6.0.1; Nexus 5X Build/MMB29P) AppleWebKit/537.36 (KHTML, like Gecko) Chrome/141.0.7390.122 Mobile Safari/537.36 (compatible; Googlebot/2.1; +http://www.google.com/bot.html)"
204.12.252.98 - - [14/Dec/2025:09:51:50 -0600] "GET /wp-includes/admin.php HTTP/1.1" 301 299 "https://mail.tjamich.gob.mx/wp-includes/admin.php" "Mozilla/5.0 (Windows NT 10.0; Win64; x64) AppleWebKit/537.36 (KHTML, like Gecko) Chrome/58.0.3029.110 Safari/537.3"
204.12.252.98 - - [14/Dec/2025:09:57:57 -0600] "GET /wp-includes/admin.php HTTP/1.1" 301 299 "https://mail.tjamich.gob.mx/wp-includes/admin.php" "Mozilla/5.0 (Windows NT 10.0; Win64; x64) AppleWebKit/537.36 (KHTML, like Gecko) Chrome/58.0.3029.110 Safari/537.3"
51.79.137.237 - - [14/Dec/2025:10:02:22 -0600] "GET / HTTP/1.1" 301 278 "-" "Mozilla/5.0 (Windows NT 10.0; Win64; x64) AppleWebKit/537.36 (KHTML, like Gecko) Chrome/79.0 Safari/537.36"
66.249.79.229 - - [14/Dec/2025:10:04:30 -0600] "GET /item/juq201mktxr36072.html HTTP/1.1" 301 304 "-" "Mozilla/5.0 (Linux; Android 6.0.1; Nexus 5X Build/MMB29P) AppleWebKit/537.36 (KHTML, like Gecko) Chrome/141.0.7390.122 Mobile Safari/537.36 (compatible; Googlebot/2.1; +http://www.google.com/bot.html)"
66.249.79.230 - - [14/Dec/2025:10:13:49 -0600] "GET /248239184 HTTP/1.1" 301 287 "-" "Mozilla/5.0 (Linux; Android 6.0.1; Nexus 5X Build/MMB29P) AppleWebKit/537.36 (KHTML, like Gecko) Chrome/141.0.7390.122 Mobile Safari/537.36 (compatible; Googlebot/2.1; +http://www.google.com/bot.html)"
66.249.79.229 - - [14/Dec/2025:10:23:03 -0600] "GET /groups/m-black-snp/62724986/ HTTP/1.1" 301 306 "-" "Mozilla/5.0 (Linux; Android 6.0.1; Nexus 5X Build/MMB29P) AppleWebKit/537.36 (KHTML, like Gecko) Chrome/141.0.7390.122 Mobile Safari/537.36 (compatible; Googlebot/2.1; +http://www.google.com/bot.html)"
66.249.79.228 - - [14/Dec/2025:10:31:44 -0600] "GET /Noticias&idnoti=291&t=Tribunal-de-Justicia-Administrativa-retoma-normalidad HTTP/1.1" 301 361 "-" "Mozilla/5.0 (Linux; Android 6.0.1; Nexus 5X Build/MMB29P) AppleWebKit/537.36 (KHTML, like Gecko) Chrome/141.0.7390.122 Mobile Safari/537.36 (compatible; Googlebot/2.1; +http://www.google.com/bot.html)"
204.12.252.98 - - [14/Dec/2025:10:33:23 -0600] "GET /wp-includes/admin.php HTTP/1.1" 301 299 "https://mail.tjamich.gob.mx/wp-includes/admin.php" "Mozilla/5.0 (Windows NT 10.0; Win64; x64) AppleWebKit/537.36 (KHTML, like Gecko) Chrome/58.0.3029.110 Safari/537.3"
208.110.64.178 - - [14/Dec/2025:10:36:21 -0600] "GET /wp-includes/admin.php HTTP/1.1" 301 299 "https://mail.tjamich.gob.mx/wp-includes/admin.php" "Mozilla/5.0 (Windows NT 10.0; Win64; x64) AppleWebKit/537.36 (KHTML, like Gecko) Chrome/58.0.3029.110 Safari/537.3"
208.110.64.178 - - [14/Dec/2025:10:59:15 -0600] "GET /wp-includes/admin.php HTTP/1.1" 301 299 "https://mail.tjamich.gob.mx/wp-includes/admin.php" "Mozilla/5.0 (Windows NT 10.0; Win64; x64) AppleWebKit/537.36 (KHTML, like Gecko) Chrome/58.0.3029.110 Safari/537.3"
66.249.79.228 - - [14/Dec/2025:11:22:03 -0600] "GET /product/management61?c=g&l=14941 HTTP/1.1" 301 314 "-" "Mozilla/5.0 (Linux; Android 6.0.1; Nexus 5X Build/MMB29P) AppleWebKit/537.36 (KHTML, like Gecko) Chrome/141.0.7390.122 Mobile Safari/537.36 (compatible; Googlebot/2.1; +http://www.google.com/bot.html)"
208.110.64.178 - - [14/Dec/2025:11:40:29 -0600] "GET /wp-includes/admin.php HTTP/1.1" 301 299 "https://mail.tjamich.gob.mx/wp-includes/admin.php" "Mozilla/5.0 (Windows NT 10.0; Win64; x64) AppleWebKit/537.36 (KHTML, like Gecko) Chrome/58.0.3029.110 Safari/537.3"
172.203.190.136 - - [14/Dec/2025:11:41:25 -0600] "GET /robots.txt HTTP/1.1" 301 288 "-" "Mozilla/5.0 (Macintosh; Intel Mac OS X 10_15_7) AppleWebKit/537.36 (KHTML, like Gecko) Chrome/131.0.0.0 Safari/537.36; compatible; OAI-SearchBot/1.0; +https://openai.com/searchbot"
208.110.64.178 - - [14/Dec/2025:11:50:14 -0600] "GET /wp-includes/admin.php HTTP/1.1" 301 299 "https://mail.tjamich.gob.mx/wp-includes/admin.php" "Mozilla/5.0 (Windows NT 10.0; Win64; x64) AppleWebKit/537.36 (KHTML, like Gecko) Chrome/58.0.3029.110 Safari/537.3"
66.249.79.228 - - [14/Dec/2025:11:54:24 -0600] "GET /Calendario-Oficial HTTP/1.1" 301 296 "-" "Mozilla/5.0 (Linux; Android 6.0.1; Nexus 5X Build/MMB29P) AppleWebKit/537.36 (KHTML, like Gecko) Chrome/141.0.7390.122 Mobile Safari/537.36 (compatible; Googlebot/2.1; +http://www.google.com/bot.html)"
204.12.252.98 - - [14/Dec/2025:12:38:28 -0600] "GET /wp-includes/admin.php HTTP/1.1" 301 299 "https://mail.tjamich.gob.mx/wp-includes/admin.php" "Mozilla/5.0 (Windows NT 10.0; Win64; x64) AppleWebKit/537.36 (KHTML, like Gecko) Chrome/58.0.3029.110 Safari/537.3"
208.110.64.178 - - [14/Dec/2025:13:02:58 -0600] "GET /wp-includes/admin.php HTTP/1.1" 301 299 "https://mail.tjamich.gob.mx/wp-includes/admin.php" "Mozilla/5.0 (Windows NT 10.0; Win64; x64) AppleWebKit/537.36 (KHTML, like Gecko) Chrome/58.0.3029.110 Safari/537.3"
204.12.252.98 - - [14/Dec/2025:13:26:57 -0600] "GET /wp-includes/admin.php HTTP/1.1" 301 299 "https://mail.tjamich.gob.mx/wp-includes/admin.php" "Mozilla/5.0 (Windows NT 10.0; Win64; x64) AppleWebKit/537.36 (KHTML, like Gecko) Chrome/58.0.3029.110 Safari/537.3"
208.110.64.178 - - [14/Dec/2025:14:03:48 -0600] "GET /wp-includes/admin.php HTTP/1.1" 301 299 "https://mail.tjamich.gob.mx/wp-includes/admin.php" "Mozilla/5.0 (Windows NT 10.0; Win64; x64) AppleWebKit/537.36 (KHTML, like Gecko) Chrome/58.0.3029.110 Safari/537.3"
204.12.252.98 - - [14/Dec/2025:14:11:42 -0600] "GET /wp-includes/admin.php HTTP/1.1" 301 299 "https://mail.tjamich.gob.mx/wp-includes/admin.php" "Mozilla/5.0 (Windows NT 10.0; Win64; x64) AppleWebKit/537.36 (KHTML, like Gecko) Chrome/58.0.3029.110 Safari/537.3"
208.110.64.178 - - [14/Dec/2025:14:15:08 -0600] "GET /wp-includes/admin.php HTTP/1.1" 301 299 "https://mail.tjamich.gob.mx/wp-includes/admin.php" "Mozilla/5.0 (Windows NT 10.0; Win64; x64) AppleWebKit/537.36 (KHTML, like Gecko) Chrome/58.0.3029.110 Safari/537.3"
74.7.230.32 - - [14/Dec/2025:14:18:55 -0600] "GET /robots.txt HTTP/1.1" 404 - "-" "Mozilla/5.0 (Macintosh; Intel Mac OS X 10_15_7) AppleWebKit/537.36 (KHTML, like Gecko) Chrome/131.0.0.0 Safari/537.36; compatible; OAI-SearchBot/1.3; robots.txt; +https://openai.com/searchbot"
74.7.228.22 - - [14/Dec/2025:14:23:18 -0600] "GET /robots.txt HTTP/1.1" 301 288 "-" "Mozilla/5.0 (Macintosh; Intel Mac OS X 10_15_7) AppleWebKit/537.36 (KHTML, like Gecko) Chrome/131.0.0.0 Safari/537.36; compatible; OAI-SearchBot/1.3; robots.txt; +https://openai.com/searchbot"
208.110.64.178 - - [14/Dec/2025:14:27:55 -0600] "GET /wp-includes/admin.php HTTP/1.1" 301 299 "https://mail.tjamich.gob.mx/wp-includes/admin.php" "Mozilla/5.0 (Windows NT 10.0; Win64; x64) AppleWebKit/537.36 (KHTML, like Gecko) Chrome/58.0.3029.110 Safari/537.3"
208.110.64.178 - - [14/Dec/2025:14:35:23 -0600] "GET /wp-includes/admin.php HTTP/1.1" 301 299 "https://mail.tjamich.gob.mx/wp-includes/admin.php" "Mozilla/5.0 (Windows NT 10.0; Win64; x64) AppleWebKit/537.36 (KHTML, like Gecko) Chrome/58.0.3029.110 Safari/537.3"
208.110.64.178 - - [14/Dec/2025:14:40:51 -0600] "GET /wp-includes/admin.php HTTP/1.1" 301 299 "https://mail.tjamich.gob.mx/wp-includes/admin.php" "Mozilla/5.0 (Windows NT 10.0; Win64; x64) AppleWebKit/537.36 (KHTML, like Gecko) Chrome/58.0.3029.110 Safari/537.3"
198.199.65.32 - - [14/Dec/2025:14:45:40 -0600] "GET /Igualdad-de-Genero/sentencias/JAR-0026-2022-II.pdf HTTP/1.1" 301 328 "-" "Mozilla/5.0 (Macintosh; Intel Mac OS X 10_15_7) AppleWebKit/537.36 (KHTML, like Gecko) Chrome/135.0.0.0 Safari/537.36"
208.110.64.178 - - [14/Dec/2025:14:52:08 -0600] "GET /wp-includes/admin.php HTTP/1.1" 301 299 "https://mail.tjamich.gob.mx/wp-includes/admin.php" "Mozilla/5.0 (Windows NT 10.0; Win64; x64) AppleWebKit/537.36 (KHTML, like Gecko) Chrome/58.0.3029.110 Safari/537.3"
208.110.64.178 - - [14/Dec/2025:15:01:02 -0600] "GET /wp-includes/admin.php HTTP/1.1" 301 299 "https://mail.tjamich.gob.mx/wp-includes/admin.php" "Mozilla/5.0 (Windows NT 10.0; Win64; x64) AppleWebKit/537.36 (KHTML, like Gecko) Chrome/58.0.3029.110 Safari/537.3"
206.189.142.126 - - [14/Dec/2025:15:10:31 -0600] "POST /owa/auth.owa HTTP/1.1" 301 290 "https://mail.tjamich.gob.mx/owa/auth/logon.aspx?replaceCurrent=1&url=https%3a%2f%2fmail.tjamich.gob.mx%2fowa%2f" "Mozilla/5.0 (Windows NT 10.0; Win64; x64) AppleWebKit/537.36 (KHTML, like Gecko) Chrome/96.0.4664.110 Safari/537.36"
208.110.64.178 - - [14/Dec/2025:15:12:45 -0600] "GET /wp-includes/admin.php HTTP/1.1" 301 299 "https://mail.tjamich.gob.mx/wp-includes/admin.php" "Mozilla/5.0 (Windows NT 10.0; Win64; x64) AppleWebKit/537.36 (KHTML, like Gecko) Chrome/58.0.3029.110 Safari/537.3"
34.221.21.250 - - [14/Dec/2025:15:23:18 -0600] "GET / HTTP/1.1" 404 - "-" "Mozilla/5.0 (X11; Linux i686; rv:124.0) Gecko/20100101 Firefox/124.0"
208.110.64.178 - - [14/Dec/2025:15:27:11 -0600] "GET /wp-includes/admin.php HTTP/1.1" 301 299 "https://mail.tjamich.gob.mx/wp-includes/admin.php" "Mozilla/5.0 (Windows NT 10.0; Win64; x64) AppleWebKit/537.36 (KHTML, like Gecko) Chrome/58.0.3029.110 Safari/537.3"
216.244.66.234 - - [14/Dec/2025:15:28:10 -0600] "GET /robots.txt HTTP/1.1" 301 288 "-" "Mozilla/5.0 (compatible; DotBot/1.2; +https://opensiteexplorer.org/dotbot; help@moz.com)"
204.12.252.98 - - [14/Dec/2025:15:38:36 -0600] "GET /wp-includes/admin.php HTTP/1.1" 301 299 "https://mail.tjamich.gob.mx/wp-includes/admin.php" "Mozilla/5.0 (Windows NT 10.0; Win64; x64) AppleWebKit/537.36 (KHTML, like Gecko) Chrome/58.0.3029.110 Safari/537.3"
216.244.66.234 - - [14/Dec/2025:15:47:57 -0600] "GET /Defensoria-Juridica HTTP/1.1" 301 297 "-" "Mozilla/5.0 (compatible; DotBot/1.2; +https://opensiteexplorer.org/dotbot; help@moz.com)"
216.244.66.234 - - [14/Dec/2025:15:48:02 -0600] "GET /Listas-de-Acuerdos HTTP/1.1" 301 296 "-" "Mozilla/5.0 (compatible; DotBot/1.2; +https://opensiteexplorer.org/dotbot; help@moz.com)"
208.110.64.178 - - [14/Dec/2025:15:48:34 -0600] "GET /wp-includes/admin.php HTTP/1.1" 301 299 "https://mail.tjamich.gob.mx/wp-includes/admin.php" "Mozilla/5.0 (Windows NT 10.0; Win64; x64) AppleWebKit/537.36 (KHTML, like Gecko) Chrome/58.0.3029.110 Safari/537.3"
204.12.252.98 - - [14/Dec/2025:16:01:44 -0600] "GET /wp-includes/admin.php HTTP/1.1" 301 299 "https://mail.tjamich.gob.mx/wp-includes/admin.php" "Mozilla/5.0 (Windows NT 10.0; Win64; x64) AppleWebKit/537.36 (KHTML, like Gecko) Chrome/58.0.3029.110 Safari/537.3"
216.244.66.234 - - [14/Dec/2025:16:11:15 -0600] "GET /robots.txt HTTP/1.1" 301 288 "-" "Mozilla/5.0 (compatible; DotBot/1.2; +https://opensiteexplorer.org/dotbot; help@moz.com)"
208.110.64.178 - - [14/Dec/2025:16:19:27 -0600] "GET /wp-includes/admin.php HTTP/1.1" 301 299 "https://mail.tjamich.gob.mx/wp-includes/admin.php" "Mozilla/5.0 (Windows NT 10.0; Win64; x64) AppleWebKit/537.36 (KHTML, like Gecko) Chrome/58.0.3029.110 Safari/537.3"
208.110.64.178 - - [14/Dec/2025:16:25:44 -0600] "GET /wp-includes/admin.php HTTP/1.1" 301 299 "https://mail.tjamich.gob.mx/wp-includes/admin.php" "Mozilla/5.0 (Windows NT 10.0; Win64; x64) AppleWebKit/537.36 (KHTML, like Gecko) Chrome/58.0.3029.110 Safari/537.3"
216.244.66.234 - - [14/Dec/2025:16:30:11 -0600] "GET /Consulta-de-Acuerdos-por-Numero-de-Expediente HTTP/1.1" 301 323 "-" "Mozilla/5.0 (compatible; DotBot/1.2; +https://opensiteexplorer.org/dotbot; help@moz.com)"
208.110.64.178 - - [14/Dec/2025:16:49:50 -0600] "GET /wp-includes/admin.php HTTP/1.1" 301 299 "https://mail.tjamich.gob.mx/wp-includes/admin.php" "Mozilla/5.0 (Windows NT 10.0; Win64; x64) AppleWebKit/537.36 (KHTML, like Gecko) Chrome/58.0.3029.110 Safari/537.3"
208.110.64.178 - - [14/Dec/2025:17:00:02 -0600] "GET /wp-includes/admin.php HTTP/1.1" 301 299 "https://mail.tjamich.gob.mx/wp-includes/admin.php" "Mozilla/5.0 (Windows NT 10.0; Win64; x64) AppleWebKit/537.36 (KHTML, like Gecko) Chrome/58.0.3029.110 Safari/537.3"
208.110.64.178 - - [14/Dec/2025:17:09:52 -0600] "GET /wp-includes/admin.php HTTP/1.1" 301 299 "https://mail.tjamich.gob.mx/wp-includes/admin.php" "Mozilla/5.0 (Windows NT 10.0; Win64; x64) AppleWebKit/537.36 (KHTML, like Gecko) Chrome/58.0.3029.110 Safari/537.3"
208.110.64.178 - - [14/Dec/2025:17:30:31 -0600] "GET /wp-includes/admin.php HTTP/1.1" 301 299 "https://mail.tjamich.gob.mx/wp-includes/admin.php" "Mozilla/5.0 (Windows NT 10.0; Win64; x64) AppleWebKit/537.36 (KHTML, like Gecko) Chrome/58.0.3029.110 Safari/537.3"
119.249.100.170 - - [14/Dec/2025:17:40:27 -0600] "GET /robots.txt HTTP/1.1" 301 288 "-" "Mozilla/5.0 (Windows NT 10.0; WOW64) AppleWebKit/537.36 (KHTML, like Gecko) Chrome/48.0.2564.116 Safari/537.36"
220.181.108.113 - - [14/Dec/2025:17:40:28 -0600] "GET /Resultados-Eventos HTTP/1.1" 301 296 "-" "Mozilla/5.0 (compatible; Baiduspider/2.0; +http://www.baidu.com/search/spider.html)"
208.110.64.178 - - [14/Dec/2025:17:58:30 -0600] "GET /wp-includes/admin.php HTTP/1.1" 301 299 "https://mail.tjamich.gob.mx/wp-includes/admin.php" "Mozilla/5.0 (Windows NT 10.0; Win64; x64) AppleWebKit/537.36 (KHTML, like Gecko) Chrome/58.0.3029.110 Safari/537.3"
204.12.252.98 - - [14/Dec/2025:18:11:18 -0600] "GET /wp-includes/admin.php HTTP/1.1" 301 299 "https://mail.tjamich.gob.mx/wp-includes/admin.php" "Mozilla/5.0 (Windows NT 10.0; Win64; x64) AppleWebKit/537.36 (KHTML, like Gecko) Chrome/58.0.3029.110 Safari/537.3"
104.210.140.133 - - [14/Dec/2025:18:15:01 -0600] "GET /robots.txt HTTP/1.1" 301 288 "-" "Mozilla/5.0 (Macintosh; Intel Mac OS X 10_15_7) AppleWebKit/537.36 (KHTML, like Gecko) Chrome/131.0.0.0 Safari/537.36; compatible; OAI-SearchBot/1.0; +https://openai.com/searchbot"
66.249.79.230 - - [14/Dec/2025:18:33:25 -0600] "GET /robots.txt HTTP/1.1" 301 288 "-" "Mozilla/5.0 (compatible; Googlebot/2.1; +http://www.google.com/bot.html)"
66.249.79.230 - - [14/Dec/2025:18:33:26 -0600] "GET /Directorio HTTP/1.1" 301 288 "-" "Mozilla/5.0 (Linux; Android 6.0.1; Nexus 5X Build/MMB29P) AppleWebKit/537.36 (KHTML, like Gecko) Chrome/141.0.7390.122 Mobile Safari/537.36 (compatible; Googlebot/2.1; +http://www.google.com/bot.html)"
47.128.51.154 - - [14/Dec/2025:18:50:46 -0600] "GET / HTTP/1.1" 301 278 "-" "Mozilla/5.0 (Linux; Android 5.0) AppleWebKit/537.36 (KHTML, like Gecko) Mobile Safari/537.36 (compatible; Bytespider; spider-feedback@bytedance.com)"
204.12.252.98 - - [14/Dec/2025:18:55:18 -0600] "GET /wp-includes/admin.php HTTP/1.1" 301 299 "https://mail.tjamich.gob.mx/wp-includes/admin.php" "Mozilla/5.0 (Windows NT 10.0; Win64; x64) AppleWebKit/537.36 (KHTML, like Gecko) Chrome/58.0.3029.110 Safari/537.3"
47.128.116.89 - - [14/Dec/2025:19:15:03 -0600] "GET /robots.txt HTTP/1.1" 301 288 "-" "Mozilla/5.0 (Linux; Android 5.0) AppleWebKit/537.36 (KHTML, like Gecko) Mobile Safari/537.36 (compatible; Bytespider; spider-feedback@bytedance.com)"
208.110.64.178 - - [14/Dec/2025:19:16:51 -0600] "GET /wp-includes/admin.php HTTP/1.1" 301 299 "https://mail.tjamich.gob.mx/wp-includes/admin.php" "Mozilla/5.0 (Windows NT 10.0; Win64; x64) AppleWebKit/537.36 (KHTML, like Gecko) Chrome/58.0.3029.110 Safari/537.3"
204.12.252.98 - - [14/Dec/2025:19:50:21 -0600] "GET /wp-includes/admin.php HTTP/1.1" 301 299 "https://mail.tjamich.gob.mx/wp-includes/admin.php" "Mozilla/5.0 (Windows NT 10.0; Win64; x64) AppleWebKit/537.36 (KHTML, like Gecko) Chrome/58.0.3029.110 Safari/537.3"
66.249.79.230 - - [14/Dec/2025:19:56:30 -0600] "GET /?_ga=2.198040047.1958808748.1721886654-862398307.1699453578&_bdsid=2ulvIJ.n~ZXCIW.1721886656070.1721886848&_bd_prev_page=https://mail.tjamich.gob.mx/detail.php?vzam/a223392.html HTTP/1.1" 301 463 "-" "Mozilla/5.0 (Linux; Android 6.0.1; Nexus 5X Build/MMB29P) AppleWebKit/537.36 (KHTML, like Gecko) Chrome/141.0.7390.122 Mobile Safari/537.36 (compatible; Googlebot/2.1; +http://www.google.com/bot.html)"
208.110.64.178 - - [14/Dec/2025:20:02:32 -0600] "GET /wp-includes/admin.php HTTP/1.1" 301 299 "https://mail.tjamich.gob.mx/wp-includes/admin.php" "Mozilla/5.0 (Windows NT 10.0; Win64; x64) AppleWebKit/537.36 (KHTML, like Gecko) Chrome/58.0.3029.110 Safari/537.3"
66.249.79.230 - - [14/Dec/2025:20:06:20 -0600] "GET /Consulta-de-Acuerdos-por-Numero-de-Expediente HTTP/1.1" 301 323 "-" "Mozilla/5.0 (Linux; Android 6.0.1; Nexus 5X Build/MMB29P) AppleWebKit/537.36 (KHTML, like Gecko) Chrome/141.0.7390.122 Mobile Safari/537.36 (compatible; Googlebot/2.1; +http://www.google.com/bot.html)"
66.249.79.230 - - [14/Dec/2025:20:24:50 -0600] "GET /Listas-de-Acuerdos HTTP/1.1" 301 296 "-" "Mozilla/5.0 (Linux; Android 6.0.1; Nexus 5X Build/MMB29P) AppleWebKit/537.36 (KHTML, like Gecko) Chrome/141.0.7390.122 Mobile Safari/537.36 (compatible; Googlebot/2.1; +http://www.google.com/bot.html)"
208.110.64.178 - - [14/Dec/2025:20:37:54 -0600] "GET /wp-includes/admin.php HTTP/1.1" 301 299 "https://mail.tjamich.gob.mx/wp-includes/admin.php" "Mozilla/5.0 (Windows NT 10.0; Win64; x64) AppleWebKit/537.36 (KHTML, like Gecko) Chrome/58.0.3029.110 Safari/537.3"
121.37.107.202 - - [14/Dec/2025:21:45:40 -0600] "GET /Noticias&idnoti=461 HTTP/1.1" 301 301 "https://mail.tjamich.gob.mx/Noticias&idnoti=461" "Mozilla/5.0 (Windows NT 10.0; Win64; x64) AppleWebKit/537.36 (KHTML, like Gecko) Chrome/101.0.4951.64 Safari/537.36 Edg/101.0.1210.47"
208.110.64.178 - - [14/Dec/2025:21:50:50 -0600] "GET /wp-includes/admin.php HTTP/1.1" 301 299 "https://mail.tjamich.gob.mx/wp-includes/admin.php" "Mozilla/5.0 (Windows NT 10.0; Win64; x64) AppleWebKit/537.36 (KHTML, like Gecko) Chrome/58.0.3029.110 Safari/537.3"
66.249.79.229 - - [14/Dec/2025:22:11:40 -0600] "GET /Calendario-Oficial HTTP/1.1" 301 296 "-" "Mozilla/5.0 (Linux; Android 6.0.1; Nexus 5X Build/MMB29P) AppleWebKit/537.36 (KHTML, like Gecko) Chrome/141.0.7390.122 Mobile Safari/537.36 (compatible; Googlebot/2.1; +http://www.google.com/bot.html)"
119.8.53.248 - - [14/Dec/2025:22:17:50 -0600] "GET /Resultados-Noticias2?pagina=11 HTTP/1.1" 301 308 "https://mail.tjamich.gob.mx/Resultados-Noticias2?pagina=11" "Mozilla/5.0 (Macintosh; Intel Mac OS X 10_15_7) AppleWebKit/537.36 (KHTML, like Gecko) Chrome/119.0.0.0 Safari/537.36"
114.119.190.140 - - [14/Dec/2025:22:31:55 -0600] "GET /Resultados-Noticias2?pagina=32 HTTP/1.1" 301 308 "https://mail.tjamich.gob.mx/Resultados-Noticias2?pagina=32" "Mozilla/5.0 (Macintosh; Intel Mac OS X 10_15_7) AppleWebKit/537.36 (KHTML, like Gecko) Chrome/119.0.0.0 Safari/537.36"
204.12.252.98 - - [14/Dec/2025:22:37:25 -0600] "GET /wp-includes/admin.php HTTP/1.1" 301 299 "https://mail.tjamich.gob.mx/wp-includes/admin.php" "Mozilla/5.0 (Windows NT 10.0; Win64; x64) AppleWebKit/537.36 (KHTML, like Gecko) Chrome/58.0.3029.110 Safari/537.3"
166.108.232.235 - - [14/Dec/2025:22:44:01 -0600] "GET /Resultados-Noticias2?pagina=39 HTTP/1.1" 301 308 "https://mail.tjamich.gob.mx/Resultados-Noticias2?pagina=39" "Mozilla/5.0 (Macintosh; Intel Mac OS X 10_15_7) AppleWebKit/537.36 (KHTML, like Gecko) Chrome/131.0.0.0 Safari/537.36"
119.8.119.213 - - [14/Dec/2025:23:05:34 -0600] "GET /Resultados-Noticias2?pagina=7 HTTP/1.1" 301 307 "https://mail.tjamich.gob.mx/Resultados-Noticias2?pagina=7" "Mozilla/5.0 (Macintosh; Intel Mac OS X 10_15_7) AppleWebKit/537.36 (KHTML, like Gecko) Chrome/123.0.0.0 Safari/537.36"
111.119.244.209 - - [14/Dec/2025:23:21:33 -0600] "GET /Noticias&idnoti=462 HTTP/1.1" 301 301 "https://mail.tjamich.gob.mx/Noticias&idnoti=462" "Mozilla/5.0 (Windows NT 10.0; Win64; x64) AppleWebKit/537.36 (KHTML, like Gecko) Chrome/116.0.0.0 Safari/537.36"
208.110.64.178 - - [14/Dec/2025:23:21:38 -0600] "GET /wp-includes/admin.php HTTP/1.1" 301 299 "https://mail.tjamich.gob.mx/wp-includes/admin.php" "Mozilla/5.0 (Windows NT 10.0; Win64; x64) AppleWebKit/537.36 (KHTML, like Gecko) Chrome/58.0.3029.110 Safari/537.3"
52.167.144.57 - - [15/Dec/2025:00:25:28 -0600] "GET /robots.txt HTTP/1.1" 301 288 "-" "Mozilla/5.0 AppleWebKit/537.36 (KHTML, like Gecko; compatible; bingbot/2.0; +http://www.bing.com/bingbot.htm) Chrome/116.0.1938.76 Safari/537.36"
40.77.167.77 - - [15/Dec/2025:00:25:43 -0600] "GET /Juicio-en-Linea HTTP/1.1" 301 293 "-" "Mozilla/5.0 AppleWebKit/537.36 (KHTML, like Gecko; compatible; bingbot/2.0; +http://www.bing.com/bingbot.htm) Chrome/116.0.1938.76 Safari/537.36"
114.119.142.156 - - [15/Dec/2025:00:30:10 -0600] "GET /robots.txt HTTP/1.1" 301 288 "-" "Mozilla/5.0 (compatible;PetalBot;+https://webmaster.petalsearch.com/site/petalbot)"
208.110.64.178 - - [15/Dec/2025:00:57:52 -0600] "GET /wp-includes/admin.php HTTP/1.1" 301 299 "https://mail.tjamich.gob.mx/wp-includes/admin.php" "Mozilla/5.0 (Windows NT 10.0; Win64; x64) AppleWebKit/537.36 (KHTML, like Gecko) Chrome/58.0.3029.110 Safari/537.3"
208.110.64.178 - - [15/Dec/2025:01:11:19 -0600] "GET /wp-includes/admin.php HTTP/1.1" 301 299 "https://mail.tjamich.gob.mx/wp-includes/admin.php" "Mozilla/5.0 (Windows NT 10.0; Win64; x64) AppleWebKit/537.36 (KHTML, like Gecko) Chrome/58.0.3029.110 Safari/537.3"
208.110.64.178 - - [15/Dec/2025:01:19:53 -0600] "GET /wp-includes/admin.php HTTP/1.1" 301 299 "https://mail.tjamich.gob.mx/wp-includes/admin.php" "Mozilla/5.0 (Windows NT 10.0; Win64; x64) AppleWebKit/537.36 (KHTML, like Gecko) Chrome/58.0.3029.110 Safari/537.3"
208.110.64.178 - - [15/Dec/2025:01:25:54 -0600] "GET /wp-includes/admin.php HTTP/1.1" 301 299 "https://mail.tjamich.gob.mx/wp-includes/admin.php" "Mozilla/5.0 (Windows NT 10.0; Win64; x64) AppleWebKit/537.36 (KHTML, like Gecko) Chrome/58.0.3029.110 Safari/537.3"
208.110.64.178 - - [15/Dec/2025:01:34:15 -0600] "GET /wp-includes/admin.php HTTP/1.1" 301 299 "https://mail.tjamich.gob.mx/wp-includes/admin.php" "Mozilla/5.0 (Windows NT 10.0; Win64; x64) AppleWebKit/537.36 (KHTML, like Gecko) Chrome/58.0.3029.110 Safari/537.3"
66.249.79.229 - - [15/Dec/2025:01:34:34 -0600] "GET /Resultados-Noticias2?pagina=38 HTTP/1.1" 301 308 "-" "Mozilla/5.0 (Linux; Android 6.0.1; Nexus 5X Build/MMB29P) AppleWebKit/537.36 (KHTML, like Gecko) Chrome/141.0.7390.122 Mobile Safari/537.36 (compatible; Googlebot/2.1; +http://www.google.com/bot.html)"
66.249.79.228 - - [15/Dec/2025:01:38:20 -0600] "GET /Noticias&idnoti=77&t=Estudiantes-de-Derecho-deben-vincularse-a-la-vida-laboral-Presidente-del-TJAM HTTP/1.1" 301 384 "-" "Mozilla/5.0 (Linux; Android 6.0.1; Nexus 5X Build/MMB29P) AppleWebKit/537.36 (KHTML, like Gecko) Chrome/141.0.7390.122 Mobile Safari/537.36 (compatible; Googlebot/2.1; +http://www.google.com/bot.html)"
208.110.64.178 - - [15/Dec/2025:01:43:45 -0600] "GET /wp-includes/admin.php HTTP/1.1" 301 299 "https://mail.tjamich.gob.mx/wp-includes/admin.php" "Mozilla/5.0 (Windows NT 10.0; Win64; x64) AppleWebKit/537.36 (KHTML, like Gecko) Chrome/58.0.3029.110 Safari/537.3"
208.110.64.178 - - [15/Dec/2025:01:47:22 -0600] "GET /wp-includes/admin.php HTTP/1.1" 301 299 "https://mail.tjamich.gob.mx/wp-includes/admin.php" "Mozilla/5.0 (Windows NT 10.0; Win64; x64) AppleWebKit/537.36 (KHTML, like Gecko) Chrome/58.0.3029.110 Safari/537.3"
208.110.64.178 - - [15/Dec/2025:01:59:41 -0600] "GET /wp-includes/admin.php HTTP/1.1" 301 299 "https://mail.tjamich.gob.mx/wp-includes/admin.php" "Mozilla/5.0 (Windows NT 10.0; Win64; x64) AppleWebKit/537.36 (KHTML, like Gecko) Chrome/58.0.3029.110 Safari/537.3"