185.177.72.56 - - [10/Aug/2025:14:04:57 -0600] "GET /api/config.php HTTP/1.1" 404 - "-" "Mozilla/5.0 (Windows NT 10.0; Win64; x64) AppleWebKit/537.36 (KHTML, like Gecko) Chrome/91.0.4472.124 Safari/537.36"
185.177.72.56 - - [10/Aug/2025:14:04:57 -0600] "GET /config/config.php HTTP/1.1" 404 - "-" "Mozilla/5.0 (Windows NT 10.0; Win64; x64) AppleWebKit/537.36 (KHTML, like Gecko) Chrome/91.0.4472.124 Safari/537.36"
185.177.72.56 - - [10/Aug/2025:14:04:57 -0600] "GET /app/config.php HTTP/1.1" 404 - "-" "Mozilla/5.0 (Windows NT 10.0; Win64; x64) AppleWebKit/537.36 (KHTML, like Gecko) Chrome/91.0.4472.124 Safari/537.36"
185.177.72.56 - - [10/Aug/2025:14:04:57 -0600] "GET /backend/config.php HTTP/1.1" 404 - "-" "Mozilla/5.0 (Windows NT 10.0; Win64; x64) AppleWebKit/537.36 (KHTML, like Gecko) Chrome/91.0.4472.124 Safari/537.36"
185.177.72.56 - - [10/Aug/2025:14:04:57 -0600] "GET /src/config.php HTTP/1.1" 404 - "-" "Mozilla/5.0 (Windows NT 10.0; Win64; x64) AppleWebKit/537.36 (KHTML, like Gecko) Chrome/91.0.4472.124 Safari/537.36"
185.177.72.56 - - [10/Aug/2025:14:04:57 -0600] "GET /config/database.php HTTP/1.1" 404 - "-" "Mozilla/5.0 (Windows NT 10.0; Win64; x64) AppleWebKit/537.36 (KHTML, like Gecko) Chrome/91.0.4472.124 Safari/537.36"
185.177.72.56 - - [10/Aug/2025:14:04:58 -0600] "GET /config/mail.php HTTP/1.1" 404 - "-" "Mozilla/5.0 (Windows NT 10.0; Win64; x64) AppleWebKit/537.36 (KHTML, like Gecko) Chrome/91.0.4472.124 Safari/537.36"
185.177.72.56 - - [10/Aug/2025:14:04:58 -0600] "GET /config/app.php HTTP/1.1" 404 - "-" "Mozilla/5.0 (Windows NT 10.0; Win64; x64) AppleWebKit/537.36 (KHTML, like Gecko) Chrome/91.0.4472.124 Safari/537.36"
185.177.72.56 - - [10/Aug/2025:14:04:58 -0600] "GET /config/services.php HTTP/1.1" 404 - "-" "Mozilla/5.0 (Windows NT 10.0; Win64; x64) AppleWebKit/537.36 (KHTML, like Gecko) Chrome/91.0.4472.124 Safari/537.36"
185.177.72.56 - - [10/Aug/2025:14:04:58 -0600] "GET /configuration.php HTTP/1.1" 404 - "-" "Mozilla/5.0 (Windows NT 10.0; Win64; x64) AppleWebKit/537.36 (KHTML, like Gecko) Chrome/91.0.4472.124 Safari/537.36"
185.177.72.56 - - [10/Aug/2025:14:04:58 -0600] "GET /.aws/config HTTP/1.1" 404 - "-" "Mozilla/5.0 (Windows NT 10.0; Win64; x64) AppleWebKit/537.36 (KHTML, like Gecko) Chrome/91.0.4472.124 Safari/537.36"
185.177.72.56 - - [10/Aug/2025:14:04:58 -0600] "GET /config/aws.json HTTP/1.1" 404 - "-" "Mozilla/5.0 (Windows NT 10.0; Win64; x64) AppleWebKit/537.36 (KHTML, like Gecko) Chrome/91.0.4472.124 Safari/537.36"
185.177.72.56 - - [10/Aug/2025:14:04:58 -0600] "GET /config/sendgrid.json HTTP/1.1" 404 - "-" "Mozilla/5.0 (Windows NT 10.0; Win64; x64) AppleWebKit/537.36 (KHTML, like Gecko) Chrome/91.0.4472.124 Safari/537.36"
185.177.72.56 - - [10/Aug/2025:14:04:58 -0600] "GET /config/mailgun.json HTTP/1.1" 404 - "-" "Mozilla/5.0 (Windows NT 10.0; Win64; x64) AppleWebKit/537.36 (KHTML, like Gecko) Chrome/91.0.4472.124 Safari/537.36"
185.177.72.56 - - [10/Aug/2025:14:04:59 -0600] "GET /sendgrid.json HTTP/1.1" 404 - "-" "Mozilla/5.0 (Windows NT 10.0; Win64; x64) AppleWebKit/537.36 (KHTML, like Gecko) Chrome/91.0.4472.124 Safari/537.36"
185.177.72.56 - - [10/Aug/2025:14:04:59 -0600] "GET /aws.json HTTP/1.1" 404 - "-" "Mozilla/5.0 (Windows NT 10.0; Win64; x64) AppleWebKit/537.36 (KHTML, like Gecko) Chrome/91.0.4472.124 Safari/537.36"
185.177.72.56 - - [10/Aug/2025:14:04:59 -0600] "GET /api_keys.json HTTP/1.1" 404 - "-" "Mozilla/5.0 (Windows NT 10.0; Win64; x64) AppleWebKit/537.36 (KHTML, like Gecko) Chrome/91.0.4472.124 Safari/537.36"
185.177.72.56 - - [10/Aug/2025:14:04:59 -0600] "GET /keys.json HTTP/1.1" 404 - "-" "Mozilla/5.0 (Windows NT 10.0; Win64; x64) AppleWebKit/537.36 (KHTML, like Gecko) Chrome/91.0.4472.124 Safari/537.36"
185.177.72.56 - - [10/Aug/2025:14:04:59 -0600] "GET /secrets.json HTTP/1.1" 404 - "-" "Mozilla/5.0 (Windows NT 10.0; Win64; x64) AppleWebKit/537.36 (KHTML, like Gecko) Chrome/91.0.4472.124 Safari/537.36"
185.177.72.56 - - [10/Aug/2025:14:04:59 -0600] "GET /config/secrets.json HTTP/1.1" 404 - "-" "Mozilla/5.0 (Windows NT 10.0; Win64; x64) AppleWebKit/537.36 (KHTML, like Gecko) Chrome/91.0.4472.124 Safari/537.36"
185.177.72.56 - - [10/Aug/2025:14:04:59 -0600] "GET /private/.env HTTP/1.1" 404 - "-" "Mozilla/5.0 (Windows NT 10.0; Win64; x64) AppleWebKit/537.36 (KHTML, like Gecko) Chrome/91.0.4472.124 Safari/537.36"
185.177.72.56 - - [10/Aug/2025:14:04:59 -0600] "GET /backup/.env HTTP/1.1" 404 - "-" "Mozilla/5.0 (Windows NT 10.0; Win64; x64) AppleWebKit/537.36 (KHTML, like Gecko) Chrome/91.0.4472.124 Safari/537.36"
185.177.72.56 - - [10/Aug/2025:14:05:00 -0600] "GET /test/.env HTTP/1.1" 404 - "-" "Mozilla/5.0 (Windows NT 10.0; Win64; x64) AppleWebKit/537.36 (KHTML, like Gecko) Chrome/91.0.4472.124 Safari/537.36"
185.177.72.56 - - [10/Aug/2025:14:05:00 -0600] "GET /staging/.env HTTP/1.1" 404 - "-" "Mozilla/5.0 (Windows NT 10.0; Win64; x64) AppleWebKit/537.36 (KHTML, like Gecko) Chrome/91.0.4472.124 Safari/537.36"
185.177.72.56 - - [10/Aug/2025:14:05:00 -0600] "GET /production/.env HTTP/1.1" 404 - "-" "Mozilla/5.0 (Windows NT 10.0; Win64; x64) AppleWebKit/537.36 (KHTML, like Gecko) Chrome/91.0.4472.124 Safari/537.36"
185.177.72.56 - - [10/Aug/2025:14:05:00 -0600] "GET /config/config.json HTTP/1.1" 404 - "-" "Mozilla/5.0 (Windows NT 10.0; Win64; x64) AppleWebKit/537.36 (KHTML, like Gecko) Chrome/91.0.4472.124 Safari/537.36"
185.177.72.56 - - [10/Aug/2025:14:05:00 -0600] "GET /app/config.json HTTP/1.1" 404 - "-" "Mozilla/5.0 (Windows NT 10.0; Win64; x64) AppleWebKit/537.36 (KHTML, like Gecko) Chrome/91.0.4472.124 Safari/537.36"
185.177.72.56 - - [10/Aug/2025:14:05:00 -0600] "GET /test/phpinfo.php HTTP/1.1" 404 - "-" "Mozilla/5.0 (Windows NT 10.0; Win64; x64) AppleWebKit/537.36 (KHTML, like Gecko) Chrome/91.0.4472.124 Safari/537.36"
185.177.72.56 - - [10/Aug/2025:14:05:00 -0600] "GET /backup/config.php HTTP/1.1" 404 - "-" "Mozilla/5.0 (Windows NT 10.0; Win64; x64) AppleWebKit/537.36 (KHTML, like Gecko) Chrome/91.0.4472.124 Safari/537.36"
185.177.72.56 - - [10/Aug/2025:14:05:01 -0600] "GET /private/config.php HTTP/1.1" 404 - "-" "Mozilla/5.0 (Windows NT 10.0; Win64; x64) AppleWebKit/537.36 (KHTML, like Gecko) Chrome/91.0.4472.124 Safari/537.36"
185.177.72.56 - - [10/Aug/2025:14:05:01 -0600] "GET /settings.php HTTP/1.1" 404 - "-" "Mozilla/5.0 (Windows NT 10.0; Win64; x64) AppleWebKit/537.36 (KHTML, like Gecko) Chrome/91.0.4472.124 Safari/537.36"
185.177.72.56 - - [10/Aug/2025:14:05:01 -0600] "GET /app/settings.php HTTP/1.1" 404 - "-" "Mozilla/5.0 (Windows NT 10.0; Win64; x64) AppleWebKit/537.36 (KHTML, like Gecko) Chrome/91.0.4472.124 Safari/537.36"
185.177.72.56 - - [10/Aug/2025:14:05:01 -0600] "GET /config/settings.php HTTP/1.1" 404 - "-" "Mozilla/5.0 (Windows NT 10.0; Win64; x64) AppleWebKit/537.36 (KHTML, like Gecko) Chrome/91.0.4472.124 Safari/537.36"
185.177.72.56 - - [10/Aug/2025:14:05:01 -0600] "GET /database.yml HTTP/1.1" 404 - "-" "Mozilla/5.0 (Windows NT 10.0; Win64; x64) AppleWebKit/537.36 (KHTML, like Gecko) Chrome/91.0.4472.124 Safari/537.36"
185.177.72.56 - - [10/Aug/2025:14:05:01 -0600] "GET /config/database.json HTTP/1.1" 404 - "-" "Mozilla/5.0 (Windows NT 10.0; Win64; x64) AppleWebKit/537.36 (KHTML, like Gecko) Chrome/91.0.4472.124 Safari/537.36"
185.177.72.56 - - [10/Aug/2025:14:05:02 -0600] "GET /administrator/.env HTTP/1.1" 404 - "-" "Mozilla/5.0 (Windows NT 10.0; Win64; x64) AppleWebKit/537.36 (KHTML, like Gecko) Chrome/91.0.4472.124 Safari/537.36"
185.177.72.56 - - [10/Aug/2025:14:05:02 -0600] "GET /cms/.env HTTP/1.1" 404 - "-" "Mozilla/5.0 (Windows NT 10.0; Win64; x64) AppleWebKit/537.36 (KHTML, like Gecko) Chrome/91.0.4472.124 Safari/537.36"
204.12.252.98 - - [10/Aug/2025:14:11:07 -0600] "GET /wp-includes/admin.php HTTP/1.1" 301 259 "https://mail.tjamich.gob.mx/wp-includes/admin.php" "Mozilla/5.0 (Windows NT 10.0; Win64; x64) AppleWebKit/537.36 (KHTML, like Gecko) Chrome/58.0.3029.110 Safari/537.3"
40.77.167.68 - - [10/Aug/2025:14:15:54 -0600] "GET /groups/wooden-bow-back-chairs/67742339/Tribunal-de-Justicia-Administrativa-de-Michoacan-de-Ocampo HTTP/1.1" 301 335 "-" "Mozilla/5.0 AppleWebKit/537.36 (KHTML, like Gecko; compatible; bingbot/2.0; +http://www.bing.com/bingbot.htm) Chrome/116.0.1938.76 Safari/537.36"
208.110.64.178 - - [10/Aug/2025:14:22:14 -0600] "GET /wp-includes/admin.php HTTP/1.1" 301 259 "https://mail.tjamich.gob.mx/wp-includes/admin.php" "Mozilla/5.0 (Windows NT 10.0; Win64; x64) AppleWebKit/537.36 (KHTML, like Gecko) Chrome/58.0.3029.110 Safari/537.3"
204.12.252.98 - - [10/Aug/2025:14:31:10 -0600] "GET /wp-includes/admin.php HTTP/1.1" 301 259 "https://mail.tjamich.gob.mx/wp-includes/admin.php" "Mozilla/5.0 (Windows NT 10.0; Win64; x64) AppleWebKit/537.36 (KHTML, like Gecko) Chrome/58.0.3029.110 Safari/537.3"
66.249.79.229 - - [10/Aug/2025:14:34:19 -0600] "GET / HTTP/1.1" 301 238 "-" "Mozilla/5.0 (Linux; Android 6.0.1; Nexus 5X Build/MMB29P) AppleWebKit/537.36 (KHTML, like Gecko) Chrome/138.0.7204.183 Mobile Safari/537.36 (compatible; Googlebot/2.1; +http://www.google.com/bot.html)"
204.12.208.18 - - [10/Aug/2025:14:35:02 -0600] "GET /wp-includes/admin.php HTTP/1.1" 301 259 "https://mail.tjamich.gob.mx/wp-includes/admin.php" "Mozilla/5.0 (Windows NT 6.1) AppleWebKit/534.24 (KHTML, like Gecko) Chrome/11.0.696.65 Safari/534.24"
208.110.64.178 - - [10/Aug/2025:14:41:51 -0600] "GET /wp-includes/admin.php HTTP/1.1" 301 259 "https://mail.tjamich.gob.mx/wp-includes/admin.php" "Mozilla/5.0 (Windows NT 10.0; Win64; x64) AppleWebKit/537.36 (KHTML, like Gecko) Chrome/58.0.3029.110 Safari/537.3"
52.167.144.235 - - [10/Aug/2025:14:43:14 -0600] "GET /groups/solid-wood-saddle-counter-stool/48369116/pdf/pdf/Informe_PADA.pdf HTTP/1.1" 301 310 "-" "Mozilla/5.0 AppleWebKit/537.36 (KHTML, like Gecko; compatible; bingbot/2.0; +http://www.bing.com/bingbot.htm) Chrome/116.0.1938.76 Safari/537.36"
40.77.167.26 - - [10/Aug/2025:14:45:24 -0600] "GET /view-box/view-box_2021/pdf/view-box_2021/Organigrama HTTP/1.1" 301 290 "-" "Mozilla/5.0 AppleWebKit/537.36 (KHTML, like Gecko; compatible; bingbot/2.0; +http://www.bing.com/bingbot.htm) Chrome/116.0.1938.76 Safari/537.36"
204.12.252.98 - - [10/Aug/2025:14:46:40 -0600] "GET /wp-includes/admin.php HTTP/1.1" 301 259 "https://mail.tjamich.gob.mx/wp-includes/admin.php" "Mozilla/5.0 (Windows NT 10.0; Win64; x64) AppleWebKit/537.36 (KHTML, like Gecko) Chrome/58.0.3029.110 Safari/537.3"
52.167.144.204 - - [10/Aug/2025:14:55:29 -0600] "GET /archivo/10%20Secretaria%20General%20de%20Acuerdos/2016/08-AGOSTO/Listas_Agosto_2016_Secretaria_Gral.pdf HTTP/1.1" 301 341 "-" "Mozilla/5.0 AppleWebKit/537.36 (KHTML, like Gecko; compatible; bingbot/2.0; +http://www.bing.com/bingbot.htm) Chrome/116.0.1938.76 Safari/537.36"
66.249.79.228 - - [10/Aug/2025:14:56:35 -0600] "GET /pdf/Cartel_formacion_usuarios_en_los_archivos.pdf HTTP/1.1" 301 287 "-" "Mozilla/5.0 (Linux; Android 6.0.1; Nexus 5X Build/MMB29P) AppleWebKit/537.36 (KHTML, like Gecko) Chrome/138.0.7204.183 Mobile Safari/537.36 (compatible; GoogleOther)"
52.167.144.145 - - [10/Aug/2025:15:05:25 -0600] "GET /archivo/?dir=6%20Segunda%20Sala%20Administrativa%20Ordinaria/2011/01%20-%20ENERO HTTP/1.1" 301 318 "-" "Mozilla/5.0 AppleWebKit/537.36 (KHTML, like Gecko; compatible; bingbot/2.0; +http://www.bing.com/bingbot.htm) Chrome/116.0.1938.76 Safari/537.36"
208.110.64.178 - - [10/Aug/2025:15:08:04 -0600] "GET /wp-includes/admin.php HTTP/1.1" 301 259 "https://mail.tjamich.gob.mx/wp-includes/admin.php" "Mozilla/5.0 (Windows NT 10.0; Win64; x64) AppleWebKit/537.36 (KHTML, like Gecko) Chrome/58.0.3029.110 Safari/537.3"
204.12.252.98 - - [10/Aug/2025:15:10:58 -0600] "GET /wp-includes/admin.php HTTP/1.1" 301 259 "https://mail.tjamich.gob.mx/wp-includes/admin.php" "Mozilla/5.0 (Windows NT 10.0; Win64; x64) AppleWebKit/537.36 (KHTML, like Gecko) Chrome/58.0.3029.110 Safari/537.3"
204.12.252.98 - - [10/Aug/2025:15:25:51 -0600] "GET /wp-includes/admin.php HTTP/1.1" 301 259 "https://mail.tjamich.gob.mx/wp-includes/admin.php" "Mozilla/5.0 (Windows NT 10.0; Win64; x64) AppleWebKit/537.36 (KHTML, like Gecko) Chrome/58.0.3029.110 Safari/537.3"
204.12.208.18 - - [10/Aug/2025:15:30:03 -0600] "GET /wp-includes/admin.php HTTP/1.1" 301 259 "https://mail.tjamich.gob.mx/wp-includes/admin.php" "Mozilla/5.0 (compatible; MSIE 10.0; Windows NT 6.2; Trident/6.0)"
208.110.64.178 - - [10/Aug/2025:15:40:08 -0600] "GET /wp-includes/admin.php HTTP/1.1" 301 259 "https://mail.tjamich.gob.mx/wp-includes/admin.php" "Mozilla/5.0 (Windows NT 10.0; Win64; x64) AppleWebKit/537.36 (KHTML, like Gecko) Chrome/58.0.3029.110 Safari/537.3"
40.77.167.158 - - [10/Aug/2025:15:46:41 -0600] "GET /archivo/?dir=5%20Primera%20Sala%20Administrativa%20Ordinaria/2017/11-NOVIEMBRE HTTP/1.1" 301 316 "-" "Mozilla/5.0 AppleWebKit/537.36 (KHTML, like Gecko; compatible; bingbot/2.0; +http://www.bing.com/bingbot.htm) Chrome/116.0.1938.76 Safari/537.36"
208.110.64.178 - - [10/Aug/2025:15:49:34 -0600] "GET /wp-includes/admin.php HTTP/1.1" 301 259 "https://mail.tjamich.gob.mx/wp-includes/admin.php" "Mozilla/5.0 (Windows NT 10.0; Win64; x64) AppleWebKit/537.36 (KHTML, like Gecko) Chrome/58.0.3029.110 Safari/537.3"
40.77.167.158 - - [10/Aug/2025:15:52:15 -0600] "GET /Igualdad-de-Genero-Mujeres HTTP/1.1" 301 264 "-" "Mozilla/5.0 AppleWebKit/537.36 (KHTML, like Gecko; compatible; bingbot/2.0; +http://www.bing.com/bingbot.htm) Chrome/116.0.1938.76 Safari/537.36"
204.12.252.98 - - [10/Aug/2025:16:06:29 -0600] "GET /wp-includes/admin.php HTTP/1.1" 301 259 "https://mail.tjamich.gob.mx/wp-includes/admin.php" "Mozilla/5.0 (Windows NT 10.0; Win64; x64) AppleWebKit/537.36 (KHTML, like Gecko) Chrome/58.0.3029.110 Safari/537.3"
208.110.64.178 - - [10/Aug/2025:16:22:34 -0600] "GET /wp-includes/admin.php HTTP/1.1" 301 259 "https://mail.tjamich.gob.mx/wp-includes/admin.php" "Mozilla/5.0 (Windows NT 10.0; Win64; x64) AppleWebKit/537.36 (KHTML, like Gecko) Chrome/58.0.3029.110 Safari/537.3"
52.167.144.186 - - [10/Aug/2025:16:22:52 -0600] "GET /groups/dining-table-centre-panel/36172417/pdf/Legislacion-Estatal-y-Federal HTTP/1.1" 301 313 "-" "Mozilla/5.0 AppleWebKit/537.36 (KHTML, like Gecko; compatible; bingbot/2.0; +http://www.bing.com/bingbot.htm) Chrome/116.0.1938.76 Safari/537.36"
204.12.208.18 - - [10/Aug/2025:16:25:14 -0600] "GET /wp-includes/admin.php HTTP/1.1" 301 259 "https://mail.tjamich.gob.mx/wp-includes/admin.php" "Mozilla/5.0 (Windows; U; Windows NT 5.1; en-US) AppleWebKit/534.16 (KHTML, like Gecko) Chrome/10.0.648.151 Safari/534.16"
40.77.167.43 - - [10/Aug/2025:16:37:02 -0600] "GET /products/beleza-rubber-wood-bed/pdf/Juicio-en-Linea HTTP/1.1" 301 289 "-" "Mozilla/5.0 AppleWebKit/537.36 (KHTML, like Gecko; compatible; bingbot/2.0; +http://www.bing.com/bingbot.htm) Chrome/116.0.1938.76 Safari/537.36"
208.110.64.178 - - [10/Aug/2025:16:40:00 -0600] "GET /wp-includes/admin.php HTTP/1.1" 301 259 "https://mail.tjamich.gob.mx/wp-includes/admin.php" "Mozilla/5.0 (Windows NT 10.0; Win64; x64) AppleWebKit/537.36 (KHTML, like Gecko) Chrome/58.0.3029.110 Safari/537.3"
66.249.79.230 - - [10/Aug/2025:16:45:20 -0600] "GET /robots.txt HTTP/1.1" 301 248 "-" "Mozilla/5.0 (compatible; Googlebot/2.1; +http://www.google.com/bot.html)"
66.249.79.230 - - [10/Aug/2025:16:45:20 -0600] "GET /Igualdad-de-Genero/carrusel/img/foto_24.jpg HTTP/1.1" 301 281 "-" "Googlebot-Image/1.0"
208.110.64.178 - - [10/Aug/2025:16:53:28 -0600] "GET /wp-includes/admin.php HTTP/1.1" 301 259 "https://mail.tjamich.gob.mx/wp-includes/admin.php" "Mozilla/5.0 (Windows NT 10.0; Win64; x64) AppleWebKit/537.36 (KHTML, like Gecko) Chrome/58.0.3029.110 Safari/537.3"
40.77.167.235 - - [10/Aug/2025:17:02:09 -0600] "GET /archivo/3%20Juzgado%20Tercero%20Administrativo/2021/06-JUNIO/Listas_Junio_2021_TJA.pdf HTTP/1.1" 301 324 "-" "Mozilla/5.0 AppleWebKit/537.36 (KHTML, like Gecko; compatible; bingbot/2.0; +http://www.bing.com/bingbot.htm) Chrome/116.0.1938.76 Safari/537.36"
52.167.144.238 - - [10/Aug/2025:17:03:15 -0600] "GET /archivo/2%20Juzgado%20Segundo%20Administrativo/2021/02-FEBRERO/Listas_Febrero_2021_SJAc.pdf HTTP/1.1" 301 329 "-" "Mozilla/5.0 AppleWebKit/537.36 (KHTML, like Gecko; compatible; bingbot/2.0; +http://www.bing.com/bingbot.htm) Chrome/116.0.1938.76 Safari/537.36"
208.110.64.178 - - [10/Aug/2025:17:08:44 -0600] "GET /wp-includes/admin.php HTTP/1.1" 301 259 "https://mail.tjamich.gob.mx/wp-includes/admin.php" "Mozilla/5.0 (Windows NT 10.0; Win64; x64) AppleWebKit/537.36 (KHTML, like Gecko) Chrome/58.0.3029.110 Safari/537.3"
204.12.208.18 - - [10/Aug/2025:17:21:35 -0600] "GET /wp-includes/admin.php HTTP/1.1" 301 259 "https://mail.tjamich.gob.mx/wp-includes/admin.php" "Mozilla/5.0 (Macintosh; Intel Mac OS X 10_6_8) AppleWebKit/534.24 (KHTML, like Gecko) Iron/11.0.700.2 Chrome/11.0.700.2 Safari/534.24"
204.12.252.98 - - [10/Aug/2025:17:38:32 -0600] "GET /wp-includes/admin.php HTTP/1.1" 301 259 "https://mail.tjamich.gob.mx/wp-includes/admin.php" "Mozilla/5.0 (Windows NT 10.0; Win64; x64) AppleWebKit/537.36 (KHTML, like Gecko) Chrome/58.0.3029.110 Safari/537.3"
208.110.64.178 - - [10/Aug/2025:17:45:54 -0600] "GET /wp-includes/admin.php HTTP/1.1" 301 259 "https://mail.tjamich.gob.mx/wp-includes/admin.php" "Mozilla/5.0 (Windows NT 10.0; Win64; x64) AppleWebKit/537.36 (KHTML, like Gecko) Chrome/58.0.3029.110 Safari/537.3"
17.241.219.207 - - [10/Aug/2025:17:46:40 -0600] "GET /robots.txt HTTP/1.1" 301 248 "-" "Mozilla/5.0 (Macintosh; Intel Mac OS X 10_15_7) AppleWebKit/605.1.15 (KHTML, like Gecko) Version/17.4 Safari/605.1.15 (Applebot/0.1; +http://www.apple.com/go/applebot)"
17.241.219.207 - - [10/Aug/2025:17:46:40 -0600] "GET /Noticias&idnoti=459 HTTP/1.1" 301 261 "-" "Mozilla/5.0 (Macintosh; Intel Mac OS X 10_15_7) AppleWebKit/605.1.15 (KHTML, like Gecko) Version/17.4 Safari/605.1.15 (Applebot/0.1; +http://www.apple.com/go/applebot)"
40.77.167.152 - - [10/Aug/2025:17:47:25 -0600] "GET /groups/smugdesk-d-27-r-bk/75162374/pdf/Tribunal-de-Justicia-Administrativa-de-Michoacan-de-Ocampo HTTP/1.1" 301 335 "-" "Mozilla/5.0 AppleWebKit/537.36 (KHTML, like Gecko; compatible; bingbot/2.0; +http://www.bing.com/bingbot.htm) Chrome/116.0.1938.76 Safari/537.36"
157.55.39.205 - - [10/Aug/2025:17:51:19 -0600] "GET /groups/6-piece-modular-sofa-costco/66604179/Titular-de-Unidad-de-Transparencia HTTP/1.1" 301 316 "-" "Mozilla/5.0 AppleWebKit/537.36 (KHTML, like Gecko; compatible; bingbot/2.0; +http://www.bing.com/bingbot.htm) Chrome/116.0.1938.76 Safari/537.36"
66.249.79.229 - - [10/Aug/2025:18:03:53 -0600] "GET /Listas-de-Acuerdos HTTP/1.1" 301 256 "-" "Mozilla/5.0 (Linux; Android 6.0.1; Nexus 5X Build/MMB29P) AppleWebKit/537.36 (KHTML, like Gecko) Chrome/138.0.7204.183 Mobile Safari/537.36 (compatible; Googlebot/2.1; +http://www.google.com/bot.html)"
208.110.64.178 - - [10/Aug/2025:18:17:20 -0600] "GET /wp-includes/admin.php HTTP/1.1" 301 259 "https://mail.tjamich.gob.mx/wp-includes/admin.php" "Mozilla/5.0 (Windows NT 10.0; Win64; x64) AppleWebKit/537.36 (KHTML, like Gecko) Chrome/58.0.3029.110 Safari/537.3"
204.12.208.18 - - [10/Aug/2025:18:18:04 -0600] "GET /wp-includes/admin.php HTTP/1.1" 301 259 "https://mail.tjamich.gob.mx/wp-includes/admin.php" "Mozilla/5.0 (X11; Linux i686) AppleWebKit/535.2 (KHTML, like Gecko) Ubuntu/10.04 Chromium/15.0.874.106 Chrome/15.0.874.106 Safari/535.2"
208.110.64.178 - - [10/Aug/2025:18:30:30 -0600] "GET /wp-includes/admin.php HTTP/1.1" 301 259 "https://mail.tjamich.gob.mx/wp-includes/admin.php" "Mozilla/5.0 (Windows NT 10.0; Win64; x64) AppleWebKit/537.36 (KHTML, like Gecko) Chrome/58.0.3029.110 Safari/537.3"
208.110.64.178 - - [10/Aug/2025:19:04:32 -0600] "GET /wp-includes/admin.php HTTP/1.1" 301 259 "https://mail.tjamich.gob.mx/wp-includes/admin.php" "Mozilla/5.0 (Windows NT 10.0; Win64; x64) AppleWebKit/537.36 (KHTML, like Gecko) Chrome/58.0.3029.110 Safari/537.3"
204.12.208.18 - - [10/Aug/2025:19:15:50 -0600] "GET /wp-includes/admin.php HTTP/1.1" 301 259 "https://mail.tjamich.gob.mx/wp-includes/admin.php" "Mozilla/5.0 (Macintosh; Intel Mac OS X 10.7; rv:9.0.1) Gecko/20100101 Firefox/9.0.1"
40.77.167.48 - - [10/Aug/2025:19:21:35 -0600] "GET /archivo/?dir=5%20Primera%20Sala%20Administrativa%20Ordinaria/2014/11%20-%20NOVIEMBRE HTTP/1.1" 301 322 "-" "Mozilla/5.0 AppleWebKit/537.36 (KHTML, like Gecko; compatible; bingbot/2.0; +http://www.bing.com/bingbot.htm) Chrome/116.0.1938.76 Safari/537.36"
4.227.36.117 - - [10/Aug/2025:19:22:31 -0600] "GET /robots.txt HTTP/1.1" 301 248 "-" "Mozilla/5.0 AppleWebKit/537.36 (KHTML, like Gecko; compatible; GPTBot/1.2; +https://openai.com/gptbot)"
20.171.207.111 - - [10/Aug/2025:19:22:31 -0600] "GET / HTTP/1.1" 301 238 "-" "Mozilla/5.0 AppleWebKit/537.36 (KHTML, like Gecko; compatible; GPTBot/1.2; +https://openai.com/gptbot)"
4.227.36.113 - - [10/Aug/2025:19:23:11 -0600] "GET /robots.txt HTTP/1.1" 404 - "-" "Mozilla/5.0 AppleWebKit/537.36 (KHTML, like Gecko; compatible; GPTBot/1.2; +https://openai.com/gptbot)"
20.171.207.223 - - [10/Aug/2025:19:23:11 -0600] "GET / HTTP/1.1" 404 - "-" "Mozilla/5.0 AppleWebKit/537.36 (KHTML, like Gecko; compatible; GPTBot/1.2; +https://openai.com/gptbot)"
54.36.148.147 - - [10/Aug/2025:19:27:54 -0600] "GET /robots.txt HTTP/1.1" 301 248 "-" "Mozilla/5.0 (compatible; AhrefsBot/7.0; +http://ahrefs.com/robot/)"
52.167.144.162 - - [10/Aug/2025:19:29:58 -0600] "GET /groups/sitting-room-tables-for-sale/76551747/reglamento_interno_reformado.pdf HTTP/1.1" 301 315 "-" "Mozilla/5.0 AppleWebKit/537.36 (KHTML, like Gecko; compatible; bingbot/2.0; +http://www.bing.com/bingbot.htm) Chrome/116.0.1938.76 Safari/537.36"
204.12.252.98 - - [10/Aug/2025:19:34:53 -0600] "GET /wp-includes/admin.php HTTP/1.1" 301 259 "https://mail.tjamich.gob.mx/wp-includes/admin.php" "Mozilla/5.0 (Windows NT 10.0; Win64; x64) AppleWebKit/537.36 (KHTML, like Gecko) Chrome/58.0.3029.110 Safari/537.3"
208.110.64.178 - - [10/Aug/2025:20:03:15 -0600] "GET /wp-includes/admin.php HTTP/1.1" 301 259 "https://mail.tjamich.gob.mx/wp-includes/admin.php" "Mozilla/5.0 (Windows NT 10.0; Win64; x64) AppleWebKit/537.36 (KHTML, like Gecko) Chrome/58.0.3029.110 Safari/537.3"
52.167.144.146 - - [10/Aug/2025:20:10:26 -0600] "GET /groups/billiard-bean-bags/70229510/Ubicacion HTTP/1.1" 301 282 "-" "Mozilla/5.0 AppleWebKit/537.36 (KHTML, like Gecko; compatible; bingbot/2.0; +http://www.bing.com/bingbot.htm) Chrome/116.0.1938.76 Safari/537.36"
204.12.208.18 - - [10/Aug/2025:20:12:54 -0600] "GET /wp-includes/admin.php HTTP/1.1" 301 259 "https://mail.tjamich.gob.mx/wp-includes/admin.php" "Mozilla/5.0 (Macintosh; Intel Mac OS X 10_6_8) AppleWebKit/534.24 (KHTML, like Gecko) Iron/11.0.700.2 Chrome/11.0.700.2 Safari/534.24"
52.167.144.209 - - [10/Aug/2025:20:13:50 -0600] "GET /products/beds-rubber-wood-bed-solid-wood-furniture-bed-china/view-box_2021/Directorio HTTP/1.1" 301 323 "-" "Mozilla/5.0 AppleWebKit/537.36 (KHTML, like Gecko; compatible; bingbot/2.0; +http://www.bing.com/bingbot.htm) Chrome/116.0.1938.76 Safari/537.36"
216.244.66.234 - - [10/Aug/2025:20:17:52 -0600] "GET /robots.txt HTTP/1.1" 301 248 "-" "Mozilla/5.0 (compatible; DotBot/1.2; +https://opensiteexplorer.org/dotbot; help@moz.com)"
204.12.252.98 - - [10/Aug/2025:20:23:43 -0600] "GET /wp-includes/admin.php HTTP/1.1" 301 259 "https://mail.tjamich.gob.mx/wp-includes/admin.php" "Mozilla/5.0 (Windows NT 10.0; Win64; x64) AppleWebKit/537.36 (KHTML, like Gecko) Chrome/58.0.3029.110 Safari/537.3"
52.167.144.169 - - [10/Aug/2025:20:26:31 -0600] "GET /pdf-normativa/Codigo-Etica-Conducta.pdf HTTP/1.1" 301 277 "-" "Mozilla/5.0 AppleWebKit/537.36 (KHTML, like Gecko; compatible; bingbot/2.0; +http://www.bing.com/bingbot.htm) Chrome/116.0.1938.76 Safari/537.36"
216.244.66.234 - - [10/Aug/2025:20:36:20 -0600] "GET /Noticias&idnoti=435&t=Destaca-TJAM-en-justicia-igualitaria HTTP/1.1" 301 304 "-" "Mozilla/5.0 (compatible; DotBot/1.2; +https://opensiteexplorer.org/dotbot; help@moz.com)"
66.249.79.229 - - [10/Aug/2025:20:45:20 -0600] "GET /Igualdad-de-Genero/carrusel/img/foto_21.jpg HTTP/1.1" 301 281 "-" "Googlebot-Image/1.0"
66.249.79.229 - - [10/Aug/2025:20:57:18 -0600] "GET /Consulta-de-Acuerdos-por-Numero-de-Expediente HTTP/1.1" 301 283 "-" "Mozilla/5.0 (Linux; Android 6.0.1; Nexus 5X Build/MMB29P) AppleWebKit/537.36 (KHTML, like Gecko) Chrome/138.0.7204.183 Mobile Safari/537.36 (compatible; Googlebot/2.1; +http://www.google.com/bot.html)"
66.249.79.228 - - [10/Aug/2025:20:58:09 -0600] "GET /Pleno HTTP/1.1" 301 243 "-" "Mozilla/5.0 (Linux; Android 6.0.1; Nexus 5X Build/MMB29P) AppleWebKit/537.36 (KHTML, like Gecko) Chrome/138.0.7204.183 Mobile Safari/537.36 (compatible; Googlebot/2.1; +http://www.google.com/bot.html)"
207.46.13.86 - - [10/Aug/2025:20:59:58 -0600] "GET /archivo/10%20Secretaria%20General%20de%20Acuerdos/2022/09-SEPTIEMBRE/Listas_Septiembre_2022_SecGral.pdf HTTP/1.1" 301 341 "-" "Mozilla/5.0 AppleWebKit/537.36 (KHTML, like Gecko; compatible; bingbot/2.0; +http://www.bing.com/bingbot.htm) Chrome/116.0.1938.76 Safari/537.36"
157.55.39.56 - - [10/Aug/2025:21:01:58 -0600] "GET /products/beds-rubber-wood-bed-solid-wood-furniture-bed-china/Resultados-Noticias HTTP/1.1" 301 318 "-" "Mozilla/5.0 AppleWebKit/537.36 (KHTML, like Gecko; compatible; bingbot/2.0; +http://www.bing.com/bingbot.htm) Chrome/116.0.1938.76 Safari/537.36"
204.12.208.18 - - [10/Aug/2025:21:12:01 -0600] "GET /wp-includes/admin.php HTTP/1.1" 301 259 "https://mail.tjamich.gob.mx/wp-includes/admin.php" "Opera/9.80 (Macintosh; Intel Mac OS X 10.6.8; U; ja) Presto/2.10.289 Version/12.00"
40.77.167.18 - - [10/Aug/2025:21:12:56 -0600] "GET /groups/dark-brown-entertainment-center-with-fireplace/38111794/Tribunal-de-Justicia-Administrativa-de-Michoacan-de-Ocampo HTTP/1.1" 301 359 "-" "Mozilla/5.0 AppleWebKit/537.36 (KHTML, like Gecko; compatible; bingbot/2.0; +http://www.bing.com/bingbot.htm) Chrome/116.0.1938.76 Safari/537.36"
208.110.64.178 - - [10/Aug/2025:21:20:38 -0600] "GET /wp-includes/admin.php HTTP/1.1" 301 259 "https://mail.tjamich.gob.mx/wp-includes/admin.php" "Mozilla/5.0 (Windows NT 10.0; Win64; x64) AppleWebKit/537.36 (KHTML, like Gecko) Chrome/58.0.3029.110 Safari/537.3"
52.167.144.24 - - [10/Aug/2025:21:24:24 -0600] "GET /groups/wooden-bow-back-chairs/67742339/9a-7722.pdf HTTP/1.1" 301 288 "-" "Mozilla/5.0 AppleWebKit/537.36 (KHTML, like Gecko; compatible; bingbot/2.0; +http://www.bing.com/bingbot.htm) Chrome/116.0.1938.76 Safari/537.36"
188.143.244.135 - - [10/Aug/2025:21:39:55 -0600] "GET / HTTP/1.1" 301 238 "http://mail.tjamich.gob.mx/" "Mozilla/5.0 X11; Ubuntu; Linux x86_64; rv:126.0 Gecko/20100101 Firefox/126.0"
208.110.64.178 - - [10/Aug/2025:21:53:16 -0600] "GET /wp-includes/admin.php HTTP/1.1" 301 259 "https://mail.tjamich.gob.mx/wp-includes/admin.php" "Mozilla/5.0 (Windows NT 10.0; Win64; x64) AppleWebKit/537.36 (KHTML, like Gecko) Chrome/58.0.3029.110 Safari/537.3"
157.55.39.56 - - [10/Aug/2025:21:54:31 -0600] "GET /groups/bett-220-x-220-mit-bettkasten/27806442/Pleno HTTP/1.1" 301 289 "-" "Mozilla/5.0 AppleWebKit/537.36 (KHTML, like Gecko; compatible; bingbot/2.0; +http://www.bing.com/bingbot.htm) Chrome/116.0.1938.76 Safari/537.36"
66.249.79.228 - - [10/Aug/2025:21:57:33 -0600] "GET /view-box_2021/contenidos.php?action=ver&ta=na35fviii2&year=2018&tempo=13&nt=1 HTTP/1.1" 301 331 "-" "Mozilla/5.0 (Linux; Android 6.0.1; Nexus 5X Build/MMB29P) AppleWebKit/537.36 (KHTML, like Gecko) Chrome/138.0.7204.183 Mobile Safari/537.36 (compatible; Googlebot/2.1; +http://www.google.com/bot.html)"
204.12.208.18 - - [10/Aug/2025:22:10:28 -0600] "GET /wp-includes/admin.php HTTP/1.1" 301 259 "https://mail.tjamich.gob.mx/wp-includes/admin.php" "Mozilla/5.0 (Macintosh; Intel Mac OS X 10.5; rv:5.0.1) Gecko/20100101 Firefox/5.0.1"
52.167.144.209 - - [10/Aug/2025:22:10:31 -0600] "GET /groups/nested-dining-table-set/68417217/Legislacion-Estatal-y-Federal HTTP/1.1" 301 307 "-" "Mozilla/5.0 AppleWebKit/537.36 (KHTML, like Gecko; compatible; bingbot/2.0; +http://www.bing.com/bingbot.htm) Chrome/116.0.1938.76 Safari/537.36"
204.12.252.98 - - [10/Aug/2025:22:24:19 -0600] "GET /wp-includes/admin.php HTTP/1.1" 301 259 "https://mail.tjamich.gob.mx/wp-includes/admin.php" "Mozilla/5.0 (Windows NT 10.0; Win64; x64) AppleWebKit/537.36 (KHTML, like Gecko) Chrome/58.0.3029.110 Safari/537.3"
66.249.79.229 - - [10/Aug/2025:22:25:16 -0600] "GET /view-box_2021/contenidos.php?action=ver&ta=na35fviii2&year=2018&tempo=16&nt=4 HTTP/1.1" 301 331 "-" "Mozilla/5.0 (Linux; Android 6.0.1; Nexus 5X Build/MMB29P) AppleWebKit/537.36 (KHTML, like Gecko) Chrome/138.0.7204.183 Mobile Safari/537.36 (compatible; Googlebot/2.1; +http://www.google.com/bot.html)"
66.249.79.229 - - [10/Aug/2025:22:30:15 -0600] "GET /pdf/Cartel_Derechos_Humanos.pdf HTTP/1.1" 301 269 "-" "Mozilla/5.0 (Linux; Android 6.0.1; Nexus 5X Build/MMB29P) AppleWebKit/537.36 (KHTML, like Gecko) Chrome/138.0.7204.183 Mobile Safari/537.36 (compatible; Googlebot/2.1; +http://www.google.com/bot.html)"
52.167.144.136 - - [10/Aug/2025:22:38:15 -0600] "GET /archivo/?dir=2%20Juzgado%20Segundo%20Administrativo/2022/02-FEBRERO HTTP/1.1" 301 305 "-" "Mozilla/5.0 AppleWebKit/537.36 (KHTML, like Gecko; compatible; bingbot/2.0; +http://www.bing.com/bingbot.htm) Chrome/116.0.1938.76 Safari/537.36"
52.167.144.16 - - [10/Aug/2025:23:05:54 -0600] "GET /products/beds-rubber-wood-bed-solid-wood-furniture-bed-china/pdf/Organigrama HTTP/1.1" 301 314 "-" "Mozilla/5.0 AppleWebKit/537.36 (KHTML, like Gecko; compatible; bingbot/2.0; +http://www.bing.com/bingbot.htm) Chrome/116.0.1938.76 Safari/537.36"
204.12.208.18 - - [10/Aug/2025:23:08:38 -0600] "GET /wp-includes/admin.php HTTP/1.1" 301 259 "https://mail.tjamich.gob.mx/wp-includes/admin.php" "Mozilla/5.0 (compatible; MSIE 9.0; Windows NT 6.0; Trident/5.0)"
40.77.167.46 - - [10/Aug/2025:23:10:21 -0600] "GET /groups/seater-corner-seater-sofa/60556588/Que-Hacemos HTTP/1.1" 301 291 "-" "Mozilla/5.0 AppleWebKit/537.36 (KHTML, like Gecko; compatible; bingbot/2.0; +http://www.bing.com/bingbot.htm) Chrome/116.0.1938.76 Safari/537.36"
157.55.39.192 - - [10/Aug/2025:23:29:04 -0600] "GET /groups/smugdesk-d-27-r-bk/75162374/Organigrama HTTP/1.1" 301 284 "-" "Mozilla/5.0 AppleWebKit/537.36 (KHTML, like Gecko; compatible; bingbot/2.0; +http://www.bing.com/bingbot.htm) Chrome/116.0.1938.76 Safari/537.36"
216.244.66.234 - - [10/Aug/2025:23:33:44 -0600] "GET /robots.txt HTTP/1.1" 301 248 "-" "Mozilla/5.0 (compatible; DotBot/1.2; +https://opensiteexplorer.org/dotbot; help@moz.com)"
216.244.66.234 - - [10/Aug/2025:23:40:13 -0600] "GET /Resultados-Equidad?pagina=10 HTTP/1.1" 301 266 "-" "Mozilla/5.0 (compatible; DotBot/1.2; +https://opensiteexplorer.org/dotbot; help@moz.com)"
40.77.167.203 - - [11/Aug/2025:00:02:05 -0600] "GET /robots.txt HTTP/1.1" 301 248 "-" "Mozilla/5.0 AppleWebKit/537.36 (KHTML, like Gecko; compatible; bingbot/2.0; +http://www.bing.com/bingbot.htm) Chrome/116.0.1938.76 Safari/537.36"
52.167.144.22 - - [11/Aug/2025:00:02:18 -0600] "GET /archivo/7%20Tercera%20Sala%20Administrativa%20Ordinaria/2013/06%20-%20JUNIO/Listas_Junio_2013_Ponencia_3.pdf HTTP/1.1" 301 346 "-" "Mozilla/5.0 AppleWebKit/537.36 (KHTML, like Gecko; compatible; bingbot/2.0; +http://www.bing.com/bingbot.htm) Chrome/116.0.1938.76 Safari/537.36"
204.12.208.18 - - [11/Aug/2025:00:06:04 -0600] "GET /wp-includes/admin.php HTTP/1.1" 301 259 "https://mail.tjamich.gob.mx/wp-includes/admin.php" "Mozilla/5.0 (compatible; MSIE 10.0; Windows NT 6.2; WOW64; Trident/6.0)"
216.244.66.234 - - [11/Aug/2025:00:18:28 -0600] "GET /robots.txt HTTP/1.1" 301 248 "-" "Mozilla/5.0 (compatible; DotBot/1.2; +https://opensiteexplorer.org/dotbot; help@moz.com)"
216.244.66.234 - - [11/Aug/2025:00:33:57 -0600] "GET /Resultados-Noticias2?pagina=15 HTTP/1.1" 301 268 "-" "Mozilla/5.0 (compatible; DotBot/1.2; +https://opensiteexplorer.org/dotbot; help@moz.com)"
216.244.66.234 - - [11/Aug/2025:00:33:58 -0600] "GET /Resultados-Noticias2?pagina=36 HTTP/1.1" 301 268 "-" "Mozilla/5.0 (compatible; DotBot/1.2; +https://opensiteexplorer.org/dotbot; help@moz.com)"
208.110.64.178 - - [11/Aug/2025:00:36:15 -0600] "GET /wp-includes/admin.php HTTP/1.1" 301 259 "https://mail.tjamich.gob.mx/wp-includes/admin.php" "Mozilla/5.0 (Windows NT 10.0; Win64; x64) AppleWebKit/537.36 (KHTML, like Gecko) Chrome/58.0.3029.110 Safari/537.3"
54.255.66.232 - - [11/Aug/2025:00:46:01 -0600] "GET /img/noticias/546_UNO%20%2021%20de%20febrero%20de%202024%20(4).png HTTP/1.1" 301 303 "-" "Mozilla/5.0 (compatible; crawler)"
204.12.252.98 - - [11/Aug/2025:01:00:19 -0600] "GET /wp-includes/admin.php HTTP/1.1" 301 259 "https://mail.tjamich.gob.mx/wp-includes/admin.php" "Mozilla/5.0 (Windows NT 10.0; Win64; x64) AppleWebKit/537.36 (KHTML, like Gecko) Chrome/58.0.3029.110 Safari/537.3"
204.12.208.18 - - [11/Aug/2025:01:05:02 -0600] "GET /wp-includes/admin.php HTTP/1.1" 301 259 "https://mail.tjamich.gob.mx/wp-includes/admin.php" "Mozilla/5.0 (compatible; MSIE 10.0; Windows NT 6.1; Trident/6.0)"
52.167.144.221 - - [11/Aug/2025:01:05:03 -0600] "GET /products/for-apartment-platform-bed-buy-solid-wood-plank-bed/Resultados-Eventos HTTP/1.1" 301 317 "-" "Mozilla/5.0 AppleWebKit/537.36 (KHTML, like Gecko; compatible; bingbot/2.0; +http://www.bing.com/bingbot.htm) Chrome/116.0.1938.76 Safari/537.36"
108.130.149.198 - - [11/Aug/2025:01:12:08 -0600] "GET / HTTP/1.0" 404 - "-" "Mozilla/5.0 (compatible; NetcraftSurveyAgent/1.0; +info@netcraft.com)"
4.227.36.117 - - [11/Aug/2025:01:14:19 -0600] "GET /robots.txt HTTP/1.1" 301 248 "-" "Mozilla/5.0 AppleWebKit/537.36 (KHTML, like Gecko; compatible; GPTBot/1.2; +https://openai.com/gptbot)"
20.171.207.111 - - [11/Aug/2025:01:14:19 -0600] "GET /Tribunal-de-Justicia-Administrativa-de-Michoacan-de-Ocampo/ HTTP/1.1" 301 297 "-" "Mozilla/5.0 AppleWebKit/537.36 (KHTML, like Gecko; compatible; GPTBot/1.2; +https://openai.com/gptbot)"
208.110.64.178 - - [11/Aug/2025:01:16:11 -0600] "GET /wp-includes/admin.php HTTP/1.1" 301 259 "https://mail.tjamich.gob.mx/wp-includes/admin.php" "Mozilla/5.0 (Windows NT 10.0; Win64; x64) AppleWebKit/537.36 (KHTML, like Gecko) Chrome/58.0.3029.110 Safari/537.3"
52.167.144.207 - - [11/Aug/2025:01:19:19 -0600] "GET /pdf/calendario/Calendario-2018.pdf HTTP/1.1" 301 272 "-" "Mozilla/5.0 AppleWebKit/537.36 (KHTML, like Gecko; compatible; bingbot/2.0; +http://www.bing.com/bingbot.htm) Chrome/116.0.1938.76 Safari/537.36"