%PDF- %PDF-
Direktori : /home/tjamichg/access-logs/ |
Current File : /home/tjamichg/access-logs/mail.tjamich.gob.mx-ssl_log |
208.110.64.178 - - [10/Aug/2025:06:23:34 -0600] "GET /wp-includes/admin.php HTTP/1.1" 301 259 "https://mail.tjamich.gob.mx/wp-includes/admin.php" "Mozilla/5.0 (Windows NT 10.0; Win64; x64) AppleWebKit/537.36 (KHTML, like Gecko) Chrome/58.0.3029.110 Safari/537.3"
208.110.64.178 - - [10/Aug/2025:06:52:26 -0600] "GET /wp-includes/admin.php HTTP/1.1" 301 259 "https://mail.tjamich.gob.mx/wp-includes/admin.php" "Mozilla/5.0 (Windows NT 10.0; Win64; x64) AppleWebKit/537.36 (KHTML, like Gecko) Chrome/58.0.3029.110 Safari/537.3"
204.12.208.18 - - [10/Aug/2025:06:57:08 -0600] "GET /wp-includes/admin.php HTTP/1.1" 301 259 "https://mail.tjamich.gob.mx/wp-includes/admin.php" "Mozilla/5.0 (Windows NT 6.1; WOW64; rv:5.0) Gecko/20100101 Firefox/5.0"
66.249.79.230 - - [10/Aug/2025:06:59:26 -0600] "GET /Organo-Interno-de-Control HTTP/1.1" 301 263 "-" "Mozilla/5.0 (Linux; Android 6.0.1; Nexus 5X Build/MMB29P) AppleWebKit/537.36 (KHTML, like Gecko) Chrome/138.0.7204.183 Mobile Safari/537.36 (compatible; Googlebot/2.1; +http://www.google.com/bot.html)"
204.12.252.98 - - [10/Aug/2025:07:08:46 -0600] "GET /wp-includes/admin.php HTTP/1.1" 301 259 "https://mail.tjamich.gob.mx/wp-includes/admin.php" "Mozilla/5.0 (Windows NT 10.0; Win64; x64) AppleWebKit/537.36 (KHTML, like Gecko) Chrome/58.0.3029.110 Safari/537.3"
208.110.64.178 - - [10/Aug/2025:07:16:13 -0600] "GET /wp-includes/admin.php HTTP/1.1" 301 259 "https://mail.tjamich.gob.mx/wp-includes/admin.php" "Mozilla/5.0 (Windows NT 10.0; Win64; x64) AppleWebKit/537.36 (KHTML, like Gecko) Chrome/58.0.3029.110 Safari/537.3"
204.12.252.98 - - [10/Aug/2025:07:31:22 -0600] "GET /wp-includes/admin.php HTTP/1.1" 301 259 "https://mail.tjamich.gob.mx/wp-includes/admin.php" "Mozilla/5.0 (Windows NT 10.0; Win64; x64) AppleWebKit/537.36 (KHTML, like Gecko) Chrome/58.0.3029.110 Safari/537.3"
40.77.167.203 - - [10/Aug/2025:07:34:44 -0600] "GET /robots.txt HTTP/1.1" 301 248 "-" "Mozilla/5.0 AppleWebKit/537.36 (KHTML, like Gecko; compatible; bingbot/2.0; +http://www.bing.com/bingbot.htm) Chrome/116.0.1938.76 Safari/537.36"
40.77.167.22 - - [10/Aug/2025:07:34:54 -0600] "GET /archivo/?dir=7%20Tercera%20Sala%20Administrativa%20Ordinaria/2009/01%20-%20ENERO HTTP/1.1" 301 318 "-" "Mozilla/5.0 AppleWebKit/537.36 (KHTML, like Gecko; compatible; bingbot/2.0; +http://www.bing.com/bingbot.htm) Chrome/116.0.1938.76 Safari/537.36"
204.12.252.98 - - [10/Aug/2025:07:41:35 -0600] "GET /wp-includes/admin.php HTTP/1.1" 301 259 "https://mail.tjamich.gob.mx/wp-includes/admin.php" "Mozilla/5.0 (Windows NT 10.0; Win64; x64) AppleWebKit/537.36 (KHTML, like Gecko) Chrome/58.0.3029.110 Safari/537.3"
85.215.115.184 - - [10/Aug/2025:07:47:19 -0600] "GET / HTTP/1.1" 301 238 "-" "Mozilla/5.0 (Windows NT 10.0; Win64; x64) AppleWebKit/537.36 (KHTML, like Gecko) Chrome/97.0.4692.71 Safari/537.36"
40.77.167.131 - - [10/Aug/2025:07:47:53 -0600] "GET /archivo/4%20Juzgado%20Administrativo%20Uruapan/2022/10-OCTUBRE/Listas_Octubre_2022_JAU.pdf HTTP/1.1" 301 328 "-" "Mozilla/5.0 AppleWebKit/537.36 (KHTML, like Gecko; compatible; bingbot/2.0; +http://www.bing.com/bingbot.htm) Chrome/116.0.1938.76 Safari/537.36"
66.249.79.228 - - [10/Aug/2025:07:48:46 -0600] "GET / HTTP/1.1" 301 238 "-" "Mozilla/5.0 (Linux; Android 6.0.1; Nexus 5X Build/MMB29P) AppleWebKit/537.36 (KHTML, like Gecko) Chrome/138.0.7204.183 Mobile Safari/537.36 (compatible; Googlebot/2.1; +http://www.google.com/bot.html)"
208.110.64.178 - - [10/Aug/2025:07:51:30 -0600] "GET /wp-includes/admin.php HTTP/1.1" 301 259 "https://mail.tjamich.gob.mx/wp-includes/admin.php" "Mozilla/5.0 (Windows NT 10.0; Win64; x64) AppleWebKit/537.36 (KHTML, like Gecko) Chrome/58.0.3029.110 Safari/537.3"
216.244.66.234 - - [10/Aug/2025:07:52:54 -0600] "GET /robots.txt HTTP/1.1" 301 248 "-" "Mozilla/5.0 (compatible; DotBot/1.2; +https://opensiteexplorer.org/dotbot; help@moz.com)"
204.12.208.18 - - [10/Aug/2025:07:53:11 -0600] "GET /wp-includes/admin.php HTTP/1.1" 301 259 "https://mail.tjamich.gob.mx/wp-includes/admin.php" "Mozilla/4.0 (compatible; MSIE 7.0; Windows NT 5.1; SV1; .NET CLR 1.1.4322; .NET CLR 2.0.50727; InfoPath.1)"
216.244.66.234 - - [10/Aug/2025:08:02:57 -0600] "GET /pdf-normativa/CJAM.pdf HTTP/1.1" 301 260 "-" "Mozilla/5.0 (compatible; DotBot/1.2; +https://opensiteexplorer.org/dotbot; help@moz.com)"
208.110.64.178 - - [10/Aug/2025:08:07:27 -0600] "GET /wp-includes/admin.php HTTP/1.1" 301 259 "https://mail.tjamich.gob.mx/wp-includes/admin.php" "Mozilla/5.0 (Windows NT 10.0; Win64; x64) AppleWebKit/537.36 (KHTML, like Gecko) Chrome/58.0.3029.110 Safari/537.3"
204.12.252.98 - - [10/Aug/2025:08:19:47 -0600] "GET /wp-includes/admin.php HTTP/1.1" 301 259 "https://mail.tjamich.gob.mx/wp-includes/admin.php" "Mozilla/5.0 (Windows NT 10.0; Win64; x64) AppleWebKit/537.36 (KHTML, like Gecko) Chrome/58.0.3029.110 Safari/537.3"
208.110.64.178 - - [10/Aug/2025:08:31:32 -0600] "GET /wp-includes/admin.php HTTP/1.1" 301 259 "https://mail.tjamich.gob.mx/wp-includes/admin.php" "Mozilla/5.0 (Windows NT 10.0; Win64; x64) AppleWebKit/537.36 (KHTML, like Gecko) Chrome/58.0.3029.110 Safari/537.3"
40.77.167.12 - - [10/Aug/2025:08:33:30 -0600] "GET /groups/sitting-room-tables-for-sale/76551747/Tribunal-de-Justicia-Administrativa-de-Michoacan-de-Ocampo HTTP/1.1" 301 341 "-" "Mozilla/5.0 AppleWebKit/537.36 (KHTML, like Gecko; compatible; bingbot/2.0; +http://www.bing.com/bingbot.htm) Chrome/116.0.1938.76 Safari/537.36"
159.223.90.11 - - [10/Aug/2025:08:45:24 -0600] "POST /_ignition/execute-solution HTTP/1.1" 301 247 "-" "python-requests/2.31.0"
159.223.90.11 - - [10/Aug/2025:08:45:31 -0600] "POST /_ignition/execute-solution HTTP/1.1" 404 - "-" "python-requests/2.31.0"
208.110.64.178 - - [10/Aug/2025:08:48:37 -0600] "GET /wp-includes/admin.php HTTP/1.1" 301 259 "https://mail.tjamich.gob.mx/wp-includes/admin.php" "Mozilla/5.0 (Windows NT 10.0; Win64; x64) AppleWebKit/537.36 (KHTML, like Gecko) Chrome/58.0.3029.110 Safari/537.3"
52.167.144.16 - - [10/Aug/2025:08:51:53 -0600] "GET /groups/leather-futon-mattress/74765188/pdf/Legislacion-Estatal-y-Federal HTTP/1.1" 301 310 "-" "Mozilla/5.0 AppleWebKit/537.36 (KHTML, like Gecko; compatible; bingbot/2.0; +http://www.bing.com/bingbot.htm) Chrome/116.0.1938.76 Safari/537.36"
204.12.208.18 - - [10/Aug/2025:08:54:10 -0600] "GET /wp-includes/admin.php HTTP/1.1" 301 259 "https://mail.tjamich.gob.mx/wp-includes/admin.php" "Mozilla/5.0 (Macintosh; U; PPC Mac OS X; ja-jp) AppleWebKit/523.12 (KHTML, like Gecko) Version/3.0.4 Safari/523.12"
204.12.252.98 - - [10/Aug/2025:09:00:59 -0600] "GET /wp-includes/admin.php HTTP/1.1" 301 259 "https://mail.tjamich.gob.mx/wp-includes/admin.php" "Mozilla/5.0 (Windows NT 10.0; Win64; x64) AppleWebKit/537.36 (KHTML, like Gecko) Chrome/58.0.3029.110 Safari/537.3"
40.77.167.235 - - [10/Aug/2025:09:10:32 -0600] "GET /products/buy-leo-engineer-wood-bed-with-storage-getmycouch/pdf/Defensoria-Juridica HTTP/1.1" 301 320 "-" "Mozilla/5.0 AppleWebKit/537.36 (KHTML, like Gecko; compatible; bingbot/2.0; +http://www.bing.com/bingbot.htm) Chrome/116.0.1938.76 Safari/537.36"
204.12.252.98 - - [10/Aug/2025:09:23:14 -0600] "GET /wp-includes/admin.php HTTP/1.1" 301 259 "https://mail.tjamich.gob.mx/wp-includes/admin.php" "Mozilla/5.0 (Windows NT 10.0; Win64; x64) AppleWebKit/537.36 (KHTML, like Gecko) Chrome/58.0.3029.110 Safari/537.3"
52.167.144.177 - - [10/Aug/2025:09:33:06 -0600] "GET /archivo/3%20Juzgado%20Tercero%20Administrativo/2024/06-JUNIO/Listas_Junio_2024_TJA.pdf HTTP/1.1" 301 324 "-" "Mozilla/5.0 AppleWebKit/537.36 (KHTML, like Gecko; compatible; bingbot/2.0; +http://www.bing.com/bingbot.htm) Chrome/116.0.1938.76 Safari/537.36"
208.110.64.178 - - [10/Aug/2025:09:38:35 -0600] "GET /wp-includes/admin.php HTTP/1.1" 301 259 "https://mail.tjamich.gob.mx/wp-includes/admin.php" "Mozilla/5.0 (Windows NT 10.0; Win64; x64) AppleWebKit/537.36 (KHTML, like Gecko) Chrome/58.0.3029.110 Safari/537.3"
208.110.64.178 - - [10/Aug/2025:09:42:51 -0600] "GET /wp-includes/admin.php HTTP/1.1" 301 259 "https://mail.tjamich.gob.mx/wp-includes/admin.php" "Mozilla/5.0 (Windows NT 10.0; Win64; x64) AppleWebKit/537.36 (KHTML, like Gecko) Chrome/58.0.3029.110 Safari/537.3"
74.208.127.62 - - [10/Aug/2025:09:46:10 -0600] "GET /view-box_2021/contenidos.php?ta=na35fxl3&te=2&year=2022/? HTTP/1.1" 301 303 "-" "Go-http-client/1.1"
204.12.208.18 - - [10/Aug/2025:09:50:15 -0600] "GET /wp-includes/admin.php HTTP/1.1" 301 259 "https://mail.tjamich.gob.mx/wp-includes/admin.php" "Mozilla/5.0 (Macintosh; Intel Mac OS X 10_7_2) AppleWebKit/535.2 (KHTML, like Gecko) Chrome/15.0.874.106 Safari/535.2"
23.234.113.206 - - [10/Aug/2025:09:50:40 -0600] "GET /view-box_2021/contenidos.php?ta=na39fv4&te=2&year=2021 HTTP/1.1" 301 300 "-" "Mozilla/5.0 (iPad; CPU OS 15_4 like Mac OS X) AppleWebKit/605.1.15 (KHTML, like Gecko) CriOS/99.0.4844.59 Mobile/15E148 Safari/604.1"
23.234.113.206 - - [10/Aug/2025:09:50:40 -0600] "GET /view-box_2021/contenidos.php?ta=na39fv4%27&te=2&year=2021 HTTP/1.1" 301 303 "-" "Mozilla/5.0 (Windows; U; Windows NT 5.1; en-US) AppleWebKit/534.7 (KHTML, like Gecko) Chrome/7.0.514.0 Safari/534.7"
23.234.113.206 - - [10/Aug/2025:09:50:41 -0600] "GET /view-box_2021/contenidos.php?ta=na39fv4&te=2%27&year=2021 HTTP/1.1" 301 303 "-" "Mozilla/5.0 (Linux; Android 11; LM-V510N) AppleWebKit/537.36 (KHTML, like Gecko) Chrome/101.0.4951.41 Mobile Safari/537.36 EdgA/101.0.1210.32"
23.234.113.206 - - [10/Aug/2025:09:50:41 -0600] "GET /view-box_2021/contenidos.php?ta=na39fv4&te=2&year=2021%27 HTTP/1.1" 301 303 "-" "Mozilla/5.0 (X11; Linux x86_64) AppleWebKit/537.36 (KHTML, like Gecko) Chrome/96.0.4664.45 Safari/537.36"
156.228.114.249 - - [10/Aug/2025:09:59:14 -0600] "GET /view-box_2021/contenidos.php?ta=na35fxl3&te=2&year=2022 HTTP/1.1" 301 301 "-" "Mozilla/5.0 (Linux; Android 9; ASUS_I005DA Build/PI; wv) AppleWebKit/537.36 (KHTML, like Gecko) Version/4.0 Chrome/133.0.6943.122 Mobile"
156.228.113.157 - - [10/Aug/2025:09:59:15 -0600] "GET /view-box_2021/contenidos.php?ta=na35fxl3&te=2&year=2022&year=%27 HTTP/1.1" 301 314 "-" "Mozilla/5.0 (Linux; Android 9; ASUS_I005DA Build/PI; wv) AppleWebKit/537.36 (KHTML, like Gecko) Version/4.0 Chrome/133.0.6943.122 Mobile"
156.228.94.90 - - [10/Aug/2025:09:59:16 -0600] "GET /view-box_2021/contenidos.php?ta=na35fxl3&ta=%27&te=2&year=2022 HTTP/1.1" 301 312 "-" "Mozilla/5.0 (Linux; Android 9; ASUS_I005DA Build/PI; wv) AppleWebKit/537.36 (KHTML, like Gecko) Version/4.0 Chrome/133.0.6943.122 Mobile"
156.248.84.190 - - [10/Aug/2025:09:59:18 -0600] "GET /view-box_2021/contenidos.php?ta=na35fxl3&te=2&te=%27&year=2022 HTTP/1.1" 301 312 "-" "Mozilla/5.0 (Linux; Android 9; ASUS_I005DA Build/PI; wv) AppleWebKit/537.36 (KHTML, like Gecko) Version/4.0 Chrome/133.0.6943.122 Mobile"
154.213.163.174 - - [10/Aug/2025:09:59:19 -0600] "GET /view-box_2021/contenidos.php?ta=%27&te=%27&year=%27 HTTP/1.1" 301 297 "-" "Mozilla/5.0 (Linux; Android 9; ASUS_I005DA Build/PI; wv) AppleWebKit/537.36 (KHTML, like Gecko) Version/4.0 Chrome/133.0.6943.122 Mobile"
156.228.98.12 - - [10/Aug/2025:09:59:20 -0600] "GET /view-box_2021/contenidos.php?ta=na35fxl3%27&te=2&year=2022 HTTP/1.1" 301 304 "-" "Mozilla/5.0 (Linux; Android 9; ASUS_I005DA Build/PI; wv) AppleWebKit/537.36 (KHTML, like Gecko) Version/4.0 Chrome/133.0.6943.122 Mobile"
156.248.84.122 - - [10/Aug/2025:09:59:22 -0600] "GET /view-box_2021/contenidos.php?ta=na35fxl3&te=2%27&year=2022 HTTP/1.1" 301 304 "-" "Mozilla/5.0 (Linux; Android 9; ASUS_I005DA Build/PI; wv) AppleWebKit/537.36 (KHTML, like Gecko) Version/4.0 Chrome/133.0.6943.122 Mobile"
156.228.89.234 - - [10/Aug/2025:09:59:23 -0600] "GET /view-box_2021/contenidos.php?ta=na35fxl3&te=2&year=2022%27 HTTP/1.1" 301 304 "-" "Mozilla/5.0 (Linux; Android 9; ASUS_I005DA Build/PI; wv) AppleWebKit/537.36 (KHTML, like Gecko) Version/4.0 Chrome/133.0.6943.122 Mobile"
208.110.64.178 - - [10/Aug/2025:10:02:28 -0600] "GET /wp-includes/admin.php HTTP/1.1" 301 259 "https://mail.tjamich.gob.mx/wp-includes/admin.php" "Mozilla/5.0 (Windows NT 10.0; Win64; x64) AppleWebKit/537.36 (KHTML, like Gecko) Chrome/58.0.3029.110 Safari/537.3"
156.228.114.36 - - [10/Aug/2025:10:03:20 -0600] "GET /view-box_2021/contenidos.php?action=ver&ta=na39fv6&year=2018&tempo=14&nt=2 HTTP/1.1" 301 328 "-" "Mozilla/5.0 (Linux; Android 9; ASUS_I005DA Build/PI; wv) AppleWebKit/537.36 (KHTML, like Gecko) Version/4.0 Chrome/133.0.6943.122 Mobile"
156.248.85.178 - - [10/Aug/2025:10:03:22 -0600] "GET /view-box_2021/contenidos.php?action=ver&nt=2&nt=%27&ta=na39fv6&tempo=14&year=2018 HTTP/1.1" 301 339 "-" "Mozilla/5.0 (Linux; Android 9; ASUS_I005DA Build/PI; wv) AppleWebKit/537.36 (KHTML, like Gecko) Version/4.0 Chrome/133.0.6943.122 Mobile"
156.228.125.177 - - [10/Aug/2025:10:03:23 -0600] "GET /view-box_2021/contenidos.php?action=ver&action=%27&nt=2&ta=na39fv6&tempo=14&year=2018 HTTP/1.1" 301 343 "-" "Mozilla/5.0 (Linux; Android 9; ASUS_I005DA Build/PI; wv) AppleWebKit/537.36 (KHTML, like Gecko) Version/4.0 Chrome/133.0.6943.122 Mobile"
156.242.32.185 - - [10/Aug/2025:10:03:24 -0600] "GET /view-box_2021/contenidos.php?action=ver&nt=2&ta=na39fv6&ta=%27&tempo=14&year=2018 HTTP/1.1" 301 339 "-" "Mozilla/5.0 (Linux; Android 9; ASUS_I005DA Build/PI; wv) AppleWebKit/537.36 (KHTML, like Gecko) Version/4.0 Chrome/133.0.6943.122 Mobile"
154.213.163.190 - - [10/Aug/2025:10:03:26 -0600] "GET /view-box_2021/contenidos.php?action=ver&nt=2&ta=na39fv6&tempo=14&year=2018&year=%27 HTTP/1.1" 301 341 "-" "Mozilla/5.0 (Linux; Android 9; ASUS_I005DA Build/PI; wv) AppleWebKit/537.36 (KHTML, like Gecko) Version/4.0 Chrome/133.0.6943.122 Mobile"
156.228.85.45 - - [10/Aug/2025:10:03:27 -0600] "GET /view-box_2021/contenidos.php?action=ver&nt=2&ta=na39fv6&tempo=14&tempo=%27&year=2018 HTTP/1.1" 301 342 "-" "Mozilla/5.0 (Linux; Android 9; ASUS_I005DA Build/PI; wv) AppleWebKit/537.36 (KHTML, like Gecko) Version/4.0 Chrome/133.0.6943.122 Mobile"
156.228.116.198 - - [10/Aug/2025:10:03:28 -0600] "GET /view-box_2021/contenidos.php?action=%27&nt=%27&ta=%27&tempo=%27&year=%27 HTTP/1.1" 301 326 "-" "Mozilla/5.0 (Linux; Android 9; ASUS_I005DA Build/PI; wv) AppleWebKit/537.36 (KHTML, like Gecko) Version/4.0 Chrome/133.0.6943.122 Mobile"
156.242.47.206 - - [10/Aug/2025:10:03:30 -0600] "GET /view-box_2021/contenidos.php?action=ver%27&nt=2&ta=na39fv6&tempo=14&year=2018 HTTP/1.1" 301 331 "-" "Mozilla/5.0 (Linux; Android 9; ASUS_I005DA Build/PI; wv) AppleWebKit/537.36 (KHTML, like Gecko) Version/4.0 Chrome/133.0.6943.122 Mobile"
156.228.98.253 - - [10/Aug/2025:10:03:31 -0600] "GET /view-box_2021/contenidos.php?action=ver&nt=2&ta=na39fv6%27&tempo=14&year=2018 HTTP/1.1" 301 331 "-" "Mozilla/5.0 (Linux; Android 9; ASUS_I005DA Build/PI; wv) AppleWebKit/537.36 (KHTML, like Gecko) Version/4.0 Chrome/133.0.6943.122 Mobile"
156.228.110.103 - - [10/Aug/2025:10:03:32 -0600] "GET /view-box_2021/contenidos.php?action=ver&nt=2&ta=na39fv6&tempo=14&year=2018%27 HTTP/1.1" 301 331 "-" "Mozilla/5.0 (Linux; Android 9; ASUS_I005DA Build/PI; wv) AppleWebKit/537.36 (KHTML, like Gecko) Version/4.0 Chrome/133.0.6943.122 Mobile"
156.228.96.132 - - [10/Aug/2025:10:03:34 -0600] "GET /view-box_2021/contenidos.php?action=ver&nt=2&ta=na39fv6&tempo=14%27&year=2018 HTTP/1.1" 301 331 "-" "Mozilla/5.0 (Linux; Android 9; ASUS_I005DA Build/PI; wv) AppleWebKit/537.36 (KHTML, like Gecko) Version/4.0 Chrome/133.0.6943.122 Mobile"
156.228.100.40 - - [10/Aug/2025:10:03:35 -0600] "GET /view-box_2021/contenidos.php?action=ver&nt=2%27&ta=na39fv6&tempo=14&year=2018 HTTP/1.1" 301 331 "-" "Mozilla/5.0 (Linux; Android 9; ASUS_I005DA Build/PI; wv) AppleWebKit/537.36 (KHTML, like Gecko) Version/4.0 Chrome/133.0.6943.122 Mobile"
66.249.79.228 - - [10/Aug/2025:10:06:07 -0600] "GET /Legislacion-Estatal-y-Federal HTTP/1.1" 301 267 "-" "Mozilla/5.0 (Linux; Android 6.0.1; Nexus 5X Build/MMB29P) AppleWebKit/537.36 (KHTML, like Gecko) Chrome/138.0.7204.183 Mobile Safari/537.36 (compatible; Googlebot/2.1; +http://www.google.com/bot.html)"
68.183.232.198 - - [10/Aug/2025:10:06:28 -0600] "GET / HTTP/1.1" 301 238 "http://mail.tjamich.gob.mx/" "Go-http-client/1.1"
68.183.232.198 - - [10/Aug/2025:10:06:29 -0600] "GET /403.shtml HTTP/1.1" 301 247 "http://mail.tjamich.gob.mx//doiconvs.php" "Go-http-client/1.1"
68.183.232.198 - - [10/Aug/2025:10:06:30 -0600] "GET /403.shtml HTTP/1.1" 301 247 "http://mail.tjamich.gob.mx//moddofuns.php" "Go-http-client/1.1"
68.183.232.198 - - [10/Aug/2025:10:06:31 -0600] "GET /403.shtml HTTP/1.1" 301 247 "http://mail.tjamich.gob.mx//inputs.php" "Go-http-client/1.1"
68.183.232.198 - - [10/Aug/2025:10:06:32 -0600] "GET /403.shtml HTTP/1.1" 301 247 "http://mail.tjamich.gob.mx//memberfuns.php" "Go-http-client/1.1"
68.183.232.198 - - [10/Aug/2025:10:06:33 -0600] "GET /403.shtml HTTP/1.1" 301 247 "http://mail.tjamich.gob.mx//gdftps.php" "Go-http-client/1.1"
40.77.167.7 - - [10/Aug/2025:10:09:30 -0600] "GET /products/size-cot-size-x-feet-at-rs-22500-in/pdf/reglamento_interno_reformado.pdf HTTP/1.1" 301 319 "-" "Mozilla/5.0 AppleWebKit/537.36 (KHTML, like Gecko; compatible; bingbot/2.0; +http://www.bing.com/bingbot.htm) Chrome/116.0.1938.76 Safari/537.36"
85.215.115.184 - - [10/Aug/2025:10:12:14 -0600] "GET / HTTP/1.1" 301 238 "-" "Mozilla/5.0 (Windows NT 10.0; Win64; x64) AppleWebKit/537.36 (KHTML, like Gecko) Chrome/97.0.4692.71 Safari/537.36"
204.12.252.98 - - [10/Aug/2025:10:20:21 -0600] "GET /wp-includes/admin.php HTTP/1.1" 301 259 "https://mail.tjamich.gob.mx/wp-includes/admin.php" "Mozilla/5.0 (Windows NT 10.0; Win64; x64) AppleWebKit/537.36 (KHTML, like Gecko) Chrome/58.0.3029.110 Safari/537.3"
66.249.79.228 - - [10/Aug/2025:10:25:07 -0600] "GET /9a-7722.pdf HTTP/1.1" 301 249 "-" "Mozilla/5.0 AppleWebKit/537.36 (KHTML, like Gecko; compatible; GoogleOther) Chrome/138.0.7204.183 Safari/537.36"
74.208.127.62 - - [10/Aug/2025:10:27:17 -0600] "GET /view-box_2021/contenidos.php?ta=na35fxl3&te=2&year=2022/? HTTP/1.1" 301 303 "-" "Go-http-client/1.1"
74.208.127.62 - - [10/Aug/2025:10:31:58 -0600] "GET /view-box_2021/contenidos.php?ta=na35fxl3&te=2&year=2022/? HTTP/1.1" 301 303 "-" "Go-http-client/1.1"
74.208.127.62 - - [10/Aug/2025:10:33:41 -0600] "GET /view-box_2021/contenidos.php?ta=na35fxl3&te=2&year=2022/? HTTP/1.1" 301 303 "-" "Go-http-client/1.1"
85.215.121.237 - - [10/Aug/2025:10:34:38 -0600] "GET / HTTP/1.1" 301 238 "-" "Mozilla/5.0 (Windows NT 10.0; Win64; x64) AppleWebKit/537.36 (KHTML, like Gecko) Chrome/97.0.4692.71 Safari/537.36"
204.12.252.98 - - [10/Aug/2025:10:40:07 -0600] "GET /wp-includes/admin.php HTTP/1.1" 301 259 "https://mail.tjamich.gob.mx/wp-includes/admin.php" "Mozilla/5.0 (Windows NT 10.0; Win64; x64) AppleWebKit/537.36 (KHTML, like Gecko) Chrome/58.0.3029.110 Safari/537.3"
40.77.167.55 - - [10/Aug/2025:10:45:13 -0600] "GET /view-box/view-box_2021/9a-7722.pdf HTTP/1.1" 301 272 "-" "Mozilla/5.0 AppleWebKit/537.36 (KHTML, like Gecko; compatible; bingbot/2.0; +http://www.bing.com/bingbot.htm) Chrome/116.0.1938.76 Safari/537.36"
204.12.208.18 - - [10/Aug/2025:10:46:43 -0600] "GET /wp-includes/admin.php HTTP/1.1" 301 259 "https://mail.tjamich.gob.mx/wp-includes/admin.php" "Opera/9.80 (Windows NT 6.1; U; ja) Presto/2.9.168 Version/11.50"
66.249.79.228 - - [10/Aug/2025:10:58:21 -0600] "GET /Consulta-de-Acuerdos-por-Numero-de-Expediente HTTP/1.1" 301 283 "-" "Mozilla/5.0 (Linux; Android 6.0.1; Nexus 5X Build/MMB29P) AppleWebKit/537.36 (KHTML, like Gecko) Chrome/138.0.7204.183 Mobile Safari/537.36 (compatible; Googlebot/2.1; +http://www.google.com/bot.html)"
52.167.144.174 - - [10/Aug/2025:11:00:14 -0600] "GET /products/sleep/pdf/Organigrama HTTP/1.1" 301 268 "-" "Mozilla/5.0 AppleWebKit/537.36 (KHTML, like Gecko; compatible; bingbot/2.0; +http://www.bing.com/bingbot.htm) Chrome/116.0.1938.76 Safari/537.36"
157.55.39.8 - - [10/Aug/2025:11:00:38 -0600] "GET /groups/nested-dining-table-set/68417217/pdf/Titular-de-Unidad-de-Transparencia HTTP/1.1" 301 316 "-" "Mozilla/5.0 AppleWebKit/537.36 (KHTML, like Gecko; compatible; bingbot/2.0; +http://www.bing.com/bingbot.htm) Chrome/116.0.1938.76 Safari/537.36"
122.248.249.153 - - [10/Aug/2025:11:03:04 -0600] "GET /img/comite_igualdad_de_genero.png HTTP/1.1" 301 271 "-" "Mozilla/5.0 (compatible; crawler)"
152.42.244.162 - - [10/Aug/2025:11:12:58 -0600] "GET / HTTP/1.1" 301 238 "-" "Mozilla/5.0 (Windows NT 10.0; Win64; x64) AppleWebKit/537.36 (KHTML, like Gecko) Chrome/88.0.4240.193 Safari/537.36"
152.42.244.162 - - [10/Aug/2025:11:13:00 -0600] "GET / HTTP/1.1" 301 238 "-" "Mozilla/5.0 (Windows NT 10.0; Win64; x64) AppleWebKit/537.36 (KHTML, like Gecko) Chrome/88.0.4240.193 Safari/537.36"
208.110.64.178 - - [10/Aug/2025:11:13:01 -0600] "GET /wp-includes/admin.php HTTP/1.1" 301 259 "https://mail.tjamich.gob.mx/wp-includes/admin.php" "Mozilla/5.0 (Windows NT 10.0; Win64; x64) AppleWebKit/537.36 (KHTML, like Gecko) Chrome/58.0.3029.110 Safari/537.3"
43.133.253.253 - - [10/Aug/2025:11:30:44 -0600] "GET / HTTP/1.1" 301 238 "http://mail.tjamich.gob.mx" "Mozilla/5.0 (iPhone; CPU iPhone OS 13_2_3 like Mac OS X) AppleWebKit/605.1.15 (KHTML, like Gecko) Version/13.0.3 Mobile/15E148 Safari/604.1"
208.110.64.178 - - [10/Aug/2025:11:36:21 -0600] "GET /wp-includes/admin.php HTTP/1.1" 301 259 "https://mail.tjamich.gob.mx/wp-includes/admin.php" "Mozilla/5.0 (Windows NT 10.0; Win64; x64) AppleWebKit/537.36 (KHTML, like Gecko) Chrome/58.0.3029.110 Safari/537.3"
40.77.167.27 - - [10/Aug/2025:11:40:41 -0600] "GET /groups/extra-large-sectional-sofas-with-recliners/36201912/pdf/Informe_PADA.pdf HTTP/1.1" 301 317 "-" "Mozilla/5.0 AppleWebKit/537.36 (KHTML, like Gecko; compatible; bingbot/2.0; +http://www.bing.com/bingbot.htm) Chrome/116.0.1938.76 Safari/537.36"
204.12.208.18 - - [10/Aug/2025:11:48:30 -0600] "GET /wp-includes/admin.php HTTP/1.1" 301 259 "https://mail.tjamich.gob.mx/wp-includes/admin.php" "Mozilla/5.0 (Macintosh; U; Intel Mac OS X 10_5_6; ja-jp) AppleWebKit/525.27.1 (KHTML, like Gecko) Version/3.2.1 Safari/525.27.1"
208.110.64.178 - - [10/Aug/2025:11:56:32 -0600] "GET /wp-includes/admin.php HTTP/1.1" 301 259 "https://mail.tjamich.gob.mx/wp-includes/admin.php" "Mozilla/5.0 (Windows NT 10.0; Win64; x64) AppleWebKit/537.36 (KHTML, like Gecko) Chrome/58.0.3029.110 Safari/537.3"
66.249.79.228 - - [10/Aug/2025:12:14:32 -0600] "GET /Listas-de-Acuerdos HTTP/1.1" 301 256 "-" "Mozilla/5.0 (Linux; Android 6.0.1; Nexus 5X Build/MMB29P) AppleWebKit/537.36 (KHTML, like Gecko) Chrome/138.0.7204.183 Mobile Safari/537.36 (compatible; Googlebot/2.1; +http://www.google.com/bot.html)"
208.110.64.178 - - [10/Aug/2025:12:16:53 -0600] "GET /wp-includes/admin.php HTTP/1.1" 301 259 "https://mail.tjamich.gob.mx/wp-includes/admin.php" "Mozilla/5.0 (Windows NT 10.0; Win64; x64) AppleWebKit/537.36 (KHTML, like Gecko) Chrome/58.0.3029.110 Safari/537.3"
40.77.167.72 - - [10/Aug/2025:12:21:01 -0600] "GET /pdf-normativa/CJAM.pdf HTTP/1.1" 301 260 "-" "Mozilla/5.0 AppleWebKit/537.36 (KHTML, like Gecko; compatible; bingbot/2.0; +http://www.bing.com/bingbot.htm) Chrome/116.0.1938.76 Safari/537.36"
104.210.140.130 - - [10/Aug/2025:12:36:21 -0600] "GET /robots.txt HTTP/1.1" 301 248 "-" "Mozilla/5.0 (Macintosh; Intel Mac OS X 10_15_7) AppleWebKit/537.36 (KHTML, like Gecko) Chrome/131.0.0.0 Safari/537.36; compatible; OAI-SearchBot/1.0; +https://openai.com/searchbot"
204.12.208.18 - - [10/Aug/2025:12:44:04 -0600] "GET /wp-includes/admin.php HTTP/1.1" 301 259 "https://mail.tjamich.gob.mx/wp-includes/admin.php" "Mozilla/4.0 (compatible; MSIE 7.0; Windows NT 5.1; SV1)"
204.12.252.98 - - [10/Aug/2025:12:45:50 -0600] "GET /wp-includes/admin.php HTTP/1.1" 301 259 "https://mail.tjamich.gob.mx/wp-includes/admin.php" "Mozilla/5.0 (Windows NT 10.0; Win64; x64) AppleWebKit/537.36 (KHTML, like Gecko) Chrome/58.0.3029.110 Safari/537.3"
40.77.167.47 - - [10/Aug/2025:12:58:06 -0600] "GET /groups/smugdesk-d-27-r-bk/75162374/Pleno HTTP/1.1" 301 278 "-" "Mozilla/5.0 AppleWebKit/537.36 (KHTML, like Gecko; compatible; bingbot/2.0; +http://www.bing.com/bingbot.htm) Chrome/116.0.1938.76 Safari/537.36"
40.77.167.38 - - [10/Aug/2025:12:58:27 -0600] "GET /groups/leather-futon-mattress/74765188/Presidencia HTTP/1.1" 301 288 "-" "Mozilla/5.0 AppleWebKit/537.36 (KHTML, like Gecko; compatible; bingbot/2.0; +http://www.bing.com/bingbot.htm) Chrome/116.0.1938.76 Safari/537.36"
185.177.72.56 - - [10/Aug/2025:13:27:02 -0600] "GET / HTTP/1.1" 301 238 "-" "Mozilla/5.0 (Windows NT 10.0; Win64; x64) AppleWebKit/537.36 (KHTML, like Gecko) Chrome/91.0.4472.124 Safari/537.36"
208.110.64.178 - - [10/Aug/2025:13:31:18 -0600] "GET /wp-includes/admin.php HTTP/1.1" 301 259 "https://mail.tjamich.gob.mx/wp-includes/admin.php" "Mozilla/5.0 (Windows NT 10.0; Win64; x64) AppleWebKit/537.36 (KHTML, like Gecko) Chrome/58.0.3029.110 Safari/537.3"
204.12.208.18 - - [10/Aug/2025:13:39:58 -0600] "GET /wp-includes/admin.php HTTP/1.1" 301 259 "https://mail.tjamich.gob.mx/wp-includes/admin.php" "Mozilla/5.0 (compatible; MSIE 10.0; Windows NT 6.1; Trident/6.0)"
157.55.39.195 - - [10/Aug/2025:13:53:33 -0600] "GET /archivo/12%20Amparo/2022/10-OCTUBRE/Listas_Octubre_2022_Amparos.pdf HTTP/1.1" 301 305 "-" "Mozilla/5.0 AppleWebKit/537.36 (KHTML, like Gecko; compatible; bingbot/2.0; +http://www.bing.com/bingbot.htm) Chrome/116.0.1938.76 Safari/537.36"
208.110.64.178 - - [10/Aug/2025:13:56:17 -0600] "GET /wp-includes/admin.php HTTP/1.1" 301 259 "https://mail.tjamich.gob.mx/wp-includes/admin.php" "Mozilla/5.0 (Windows NT 10.0; Win64; x64) AppleWebKit/537.36 (KHTML, like Gecko) Chrome/58.0.3029.110 Safari/537.3"
185.177.72.56 - - [10/Aug/2025:14:04:40 -0600] "GET / HTTP/1.1" 404 - "-" "Mozilla/5.0 (Windows NT 10.0; Win64; x64) AppleWebKit/537.36 (KHTML, like Gecko) Chrome/91.0.4472.124 Safari/537.36"
185.177.72.56 - - [10/Aug/2025:14:04:40 -0600] "GET /auth/login HTTP/1.1" 404 - "-" "Mozilla/5.0 (Windows NT 10.0; Win64; x64) AppleWebKit/537.36 (KHTML, like Gecko) Chrome/91.0.4472.124 Safari/537.36"
185.177.72.56 - - [10/Aug/2025:14:04:40 -0600] "GET /api HTTP/1.1" 404 - "-" "Mozilla/5.0 (Windows NT 10.0; Win64; x64) AppleWebKit/537.36 (KHTML, like Gecko) Chrome/91.0.4472.124 Safari/537.36"
185.177.72.56 - - [10/Aug/2025:14:04:40 -0600] "GET /env HTTP/1.1" 404 - "-" "Mozilla/5.0 (Windows NT 10.0; Win64; x64) AppleWebKit/537.36 (KHTML, like Gecko) Chrome/91.0.4472.124 Safari/537.36"
185.177.72.56 - - [10/Aug/2025:14:04:40 -0600] "GET /backend HTTP/1.1" 404 - "-" "Mozilla/5.0 (Windows NT 10.0; Win64; x64) AppleWebKit/537.36 (KHTML, like Gecko) Chrome/91.0.4472.124 Safari/537.36"
185.177.72.56 - - [10/Aug/2025:14:04:40 -0600] "GET /info HTTP/1.1" 404 - "-" "Mozilla/5.0 (Windows NT 10.0; Win64; x64) AppleWebKit/537.36 (KHTML, like Gecko) Chrome/91.0.4472.124 Safari/537.36"
185.177.72.56 - - [10/Aug/2025:14:04:40 -0600] "GET /.env HTTP/1.1" 404 - "-" "Mozilla/5.0 (Windows NT 10.0; Win64; x64) AppleWebKit/537.36 (KHTML, like Gecko) Chrome/91.0.4472.124 Safari/537.36"
185.177.72.56 - - [10/Aug/2025:14:04:41 -0600] "GET /sendgrid.env HTTP/1.1" 404 - "-" "Mozilla/5.0 (Windows NT 10.0; Win64; x64) AppleWebKit/537.36 (KHTML, like Gecko) Chrome/91.0.4472.124 Safari/537.36"
185.177.72.56 - - [10/Aug/2025:14:04:41 -0600] "GET /docker-compose.yml HTTP/1.1" 404 - "-" "Mozilla/5.0 (Windows NT 10.0; Win64; x64) AppleWebKit/537.36 (KHTML, like Gecko) Chrome/91.0.4472.124 Safari/537.36"
185.177.72.56 - - [10/Aug/2025:14:04:41 -0600] "GET /backend/.env HTTP/1.1" 404 - "-" "Mozilla/5.0 (Windows NT 10.0; Win64; x64) AppleWebKit/537.36 (KHTML, like Gecko) Chrome/91.0.4472.124 Safari/537.36"
185.177.72.56 - - [10/Aug/2025:14:04:41 -0600] "GET /.env.production HTTP/1.1" 404 - "-" "Mozilla/5.0 (Windows NT 10.0; Win64; x64) AppleWebKit/537.36 (KHTML, like Gecko) Chrome/91.0.4472.124 Safari/537.36"
185.177.72.56 - - [10/Aug/2025:14:04:41 -0600] "GET /app/.env HTTP/1.1" 404 - "-" "Mozilla/5.0 (Windows NT 10.0; Win64; x64) AppleWebKit/537.36 (KHTML, like Gecko) Chrome/91.0.4472.124 Safari/537.36"
185.177.72.56 - - [10/Aug/2025:14:04:41 -0600] "GET /api/login HTTP/1.1" 404 - "-" "Mozilla/5.0 (Windows NT 10.0; Win64; x64) AppleWebKit/537.36 (KHTML, like Gecko) Chrome/91.0.4472.124 Safari/537.36"
185.177.72.56 - - [10/Aug/2025:14:04:41 -0600] "GET /_profiler/phpinfo HTTP/1.1" 404 - "-" "Mozilla/5.0 (Windows NT 10.0; Win64; x64) AppleWebKit/537.36 (KHTML, like Gecko) Chrome/91.0.4472.124 Safari/537.36"
185.177.72.56 - - [10/Aug/2025:14:04:42 -0600] "GET /wp-config.php HTTP/1.1" 404 - "-" "Mozilla/5.0 (Windows NT 10.0; Win64; x64) AppleWebKit/537.36 (KHTML, like Gecko) Chrome/91.0.4472.124 Safari/537.36"
185.177.72.56 - - [10/Aug/2025:14:04:42 -0600] "GET /%c0 HTTP/1.1" 404 - "-" "Mozilla/5.0 (Windows NT 10.0; Win64; x64) AppleWebKit/537.36 (KHTML, like Gecko) Chrome/91.0.4472.124 Safari/537.36"
185.177.72.56 - - [10/Aug/2025:14:04:42 -0600] "GET /settings.py HTTP/1.1" 404 - "-" "Mozilla/5.0 (Windows NT 10.0; Win64; x64) AppleWebKit/537.36 (KHTML, like Gecko) Chrome/91.0.4472.124 Safari/537.36"
185.177.72.56 - - [10/Aug/2025:14:04:42 -0600] "GET /phpinfo.php HTTP/1.1" 404 - "-" "Mozilla/5.0 (Windows NT 10.0; Win64; x64) AppleWebKit/537.36 (KHTML, like Gecko) Chrome/91.0.4472.124 Safari/537.36"
185.177.72.56 - - [10/Aug/2025:14:04:42 -0600] "GET /wp-content/debug.log HTTP/1.1" 404 - "-" "Mozilla/5.0 (Windows NT 10.0; Win64; x64) AppleWebKit/537.36 (KHTML, like Gecko) Chrome/91.0.4472.124 Safari/537.36"
185.177.72.56 - - [10/Aug/2025:14:04:42 -0600] "GET /api/info HTTP/1.1" 404 - "-" "Mozilla/5.0 (Windows NT 10.0; Win64; x64) AppleWebKit/537.36 (KHTML, like Gecko) Chrome/91.0.4472.124 Safari/537.36"
185.177.72.56 - - [10/Aug/2025:14:04:42 -0600] "GET /app.yaml HTTP/1.1" 404 - "-" "Mozilla/5.0 (Windows NT 10.0; Win64; x64) AppleWebKit/537.36 (KHTML, like Gecko) Chrome/91.0.4472.124 Safari/537.36"
185.177.72.56 - - [10/Aug/2025:14:04:42 -0600] "GET /%c0/ HTTP/1.1" 404 - "-" "Mozilla/5.0 (Windows NT 10.0; Win64; x64) AppleWebKit/537.36 (KHTML, like Gecko) Chrome/91.0.4472.124 Safari/537.36"
185.177.72.56 - - [10/Aug/2025:14:04:43 -0600] "GET /config.php HTTP/1.1" 404 - "-" "Mozilla/5.0 (Windows NT 10.0; Win64; x64) AppleWebKit/537.36 (KHTML, like Gecko) Chrome/91.0.4472.124 Safari/537.36"
185.177.72.56 - - [10/Aug/2025:14:04:43 -0600] "GET /mail/.env HTTP/1.1" 404 - "-" "Mozilla/5.0 (Windows NT 10.0; Win64; x64) AppleWebKit/537.36 (KHTML, like Gecko) Chrome/91.0.4472.124 Safari/537.36"
185.177.72.56 - - [10/Aug/2025:14:04:43 -0600] "GET /.env1 HTTP/1.1" 404 - "-" "Mozilla/5.0 (Windows NT 10.0; Win64; x64) AppleWebKit/537.36 (KHTML, like Gecko) Chrome/91.0.4472.124 Safari/537.36"
185.177.72.56 - - [10/Aug/2025:14:04:43 -0600] "GET /debug.php HTTP/1.1" 404 - "-" "Mozilla/5.0 (Windows NT 10.0; Win64; x64) AppleWebKit/537.36 (KHTML, like Gecko) Chrome/91.0.4472.124 Safari/537.36"
185.177.72.56 - - [10/Aug/2025:14:04:43 -0600] "GET /v1/.env HTTP/1.1" 404 - "-" "Mozilla/5.0 (Windows NT 10.0; Win64; x64) AppleWebKit/537.36 (KHTML, like Gecko) Chrome/91.0.4472.124 Safari/537.36"
185.177.72.56 - - [10/Aug/2025:14:04:43 -0600] "GET /portal/.env HTTP/1.1" 404 - "-" "Mozilla/5.0 (Windows NT 10.0; Win64; x64) AppleWebKit/537.36 (KHTML, like Gecko) Chrome/91.0.4472.124 Safari/537.36"
185.177.72.56 - - [10/Aug/2025:14:04:43 -0600] "GET /development/.env HTTP/1.1" 404 - "-" "Mozilla/5.0 (Windows NT 10.0; Win64; x64) AppleWebKit/537.36 (KHTML, like Gecko) Chrome/91.0.4472.124 Safari/537.36"
185.177.72.56 - - [10/Aug/2025:14:04:44 -0600] "GET /phpinfo HTTP/1.1" 404 - "-" "Mozilla/5.0 (Windows NT 10.0; Win64; x64) AppleWebKit/537.36 (KHTML, like Gecko) Chrome/91.0.4472.124 Safari/537.36"
185.177.72.56 - - [10/Aug/2025:14:04:44 -0600] "GET /internal/config HTTP/1.1" 404 - "-" "Mozilla/5.0 (Windows NT 10.0; Win64; x64) AppleWebKit/537.36 (KHTML, like Gecko) Chrome/91.0.4472.124 Safari/537.36"
185.177.72.56 - - [10/Aug/2025:14:04:44 -0600] "GET /test HTTP/1.1" 404 - "-" "Mozilla/5.0 (Windows NT 10.0; Win64; x64) AppleWebKit/537.36 (KHTML, like Gecko) Chrome/91.0.4472.124 Safari/537.36"
185.177.72.56 - - [10/Aug/2025:14:04:44 -0600] "GET /logs/app.log HTTP/1.1" 404 - "-" "Mozilla/5.0 (Windows NT 10.0; Win64; x64) AppleWebKit/537.36 (KHTML, like Gecko) Chrome/91.0.4472.124 Safari/537.36"
185.177.72.56 - - [10/Aug/2025:14:04:44 -0600] "GET /api/src/.env HTTP/1.1" 404 - "-" "Mozilla/5.0 (Windows NT 10.0; Win64; x64) AppleWebKit/537.36 (KHTML, like Gecko) Chrome/91.0.4472.124 Safari/537.36"
185.177.72.56 - - [10/Aug/2025:14:04:44 -0600] "GET /app/info HTTP/1.1" 404 - "-" "Mozilla/5.0 (Windows NT 10.0; Win64; x64) AppleWebKit/537.36 (KHTML, like Gecko) Chrome/91.0.4472.124 Safari/537.36"
185.177.72.56 - - [10/Aug/2025:14:04:44 -0600] "GET /configuration.php.bak HTTP/1.1" 404 - "-" "Mozilla/5.0 (Windows NT 10.0; Win64; x64) AppleWebKit/537.36 (KHTML, like Gecko) Chrome/91.0.4472.124 Safari/537.36"
185.177.72.56 - - [10/Aug/2025:14:04:45 -0600] "GET /info.php HTTP/1.1" 404 - "-" "Mozilla/5.0 (Windows NT 10.0; Win64; x64) AppleWebKit/537.36 (KHTML, like Gecko) Chrome/91.0.4472.124 Safari/537.36"
185.177.72.56 - - [10/Aug/2025:14:04:45 -0600] "GET /.env.example HTTP/1.1" 404 - "-" "Mozilla/5.0 (Windows NT 10.0; Win64; x64) AppleWebKit/537.36 (KHTML, like Gecko) Chrome/91.0.4472.124 Safari/537.36"
185.177.72.56 - - [10/Aug/2025:14:04:45 -0600] "GET /platform/.env HTTP/1.1" 404 - "-" "Mozilla/5.0 (Windows NT 10.0; Win64; x64) AppleWebKit/537.36 (KHTML, like Gecko) Chrome/91.0.4472.124 Safari/537.36"
185.177.72.56 - - [10/Aug/2025:14:04:45 -0600] "GET /Booking/Default.aspx HTTP/1.1" 404 - "-" "Mozilla/5.0 (Windows NT 10.0; Win64; x64) AppleWebKit/537.36 (KHTML, like Gecko) Chrome/91.0.4472.124 Safari/537.36"
185.177.72.56 - - [10/Aug/2025:14:04:45 -0600] "GET /.env.txt/html/.env HTTP/1.1" 404 - "-" "Mozilla/5.0 (Windows NT 10.0; Win64; x64) AppleWebKit/537.36 (KHTML, like Gecko) Chrome/91.0.4472.124 Safari/537.36"
185.177.72.56 - - [10/Aug/2025:14:04:45 -0600] "GET /.env.local HTTP/1.1" 404 - "-" "Mozilla/5.0 (Windows NT 10.0; Win64; x64) AppleWebKit/537.36 (KHTML, like Gecko) Chrome/91.0.4472.124 Safari/537.36"
185.177.72.56 - - [10/Aug/2025:14:04:45 -0600] "GET /server/.env HTTP/1.1" 404 - "-" "Mozilla/5.0 (Windows NT 10.0; Win64; x64) AppleWebKit/537.36 (KHTML, like Gecko) Chrome/91.0.4472.124 Safari/537.36"
185.177.72.56 - - [10/Aug/2025:14:04:45 -0600] "GET /appsettings.json HTTP/1.1" 404 - "-" "Mozilla/5.0 (Windows NT 10.0; Win64; x64) AppleWebKit/537.36 (KHTML, like Gecko) Chrome/91.0.4472.124 Safari/537.36"
185.177.72.56 - - [10/Aug/2025:14:04:46 -0600] "GET /pi.php HTTP/1.1" 404 - "-" "Mozilla/5.0 (Windows NT 10.0; Win64; x64) AppleWebKit/537.36 (KHTML, like Gecko) Chrome/91.0.4472.124 Safari/537.36"
185.177.72.56 - - [10/Aug/2025:14:04:46 -0600] "GET /wp-config.php.orig HTTP/1.1" 404 - "-" "Mozilla/5.0 (Windows NT 10.0; Win64; x64) AppleWebKit/537.36 (KHTML, like Gecko) Chrome/91.0.4472.124 Safari/537.36"
185.177.72.56 - - [10/Aug/2025:14:04:46 -0600] "GET /config.ini HTTP/1.1" 404 - "-" "Mozilla/5.0 (Windows NT 10.0; Win64; x64) AppleWebKit/537.36 (KHTML, like Gecko) Chrome/91.0.4472.124 Safari/537.36"
185.177.72.56 - - [10/Aug/2025:14:04:46 -0600] "GET /phpinfo.phtml HTTP/1.1" 404 - "-" "Mozilla/5.0 (Windows NT 10.0; Win64; x64) AppleWebKit/537.36 (KHTML, like Gecko) Chrome/91.0.4472.124 Safari/537.36"
185.177.72.56 - - [10/Aug/2025:14:04:46 -0600] "GET /test.php HTTP/1.1" 404 - "-" "Mozilla/5.0 (Windows NT 10.0; Win64; x64) AppleWebKit/537.36 (KHTML, like Gecko) Chrome/91.0.4472.124 Safari/537.36"
185.177.72.56 - - [10/Aug/2025:14:04:46 -0600] "GET /html/.env HTTP/1.1" 404 - "-" "Mozilla/5.0 (Windows NT 10.0; Win64; x64) AppleWebKit/537.36 (KHTML, like Gecko) Chrome/91.0.4472.124 Safari/537.36"
185.177.72.56 - - [10/Aug/2025:14:04:46 -0600] "GET /aws-credentials.txt HTTP/1.1" 404 - "-" "Mozilla/5.0 (Windows NT 10.0; Win64; x64) AppleWebKit/537.36 (KHTML, like Gecko) Chrome/91.0.4472.124 Safari/537.36"
185.177.72.56 - - [10/Aug/2025:14:04:47 -0600] "GET /wp-config.php.backup HTTP/1.1" 404 - "-" "Mozilla/5.0 (Windows NT 10.0; Win64; x64) AppleWebKit/537.36 (KHTML, like Gecko) Chrome/91.0.4472.124 Safari/537.36"
185.177.72.56 - - [10/Aug/2025:14:04:47 -0600] "GET /dev/.env HTTP/1.1" 404 - "-" "Mozilla/5.0 (Windows NT 10.0; Win64; x64) AppleWebKit/537.36 (KHTML, like Gecko) Chrome/91.0.4472.124 Safari/537.36"
185.177.72.56 - - [10/Aug/2025:14:04:47 -0600] "GET /configs/application.ini HTTP/1.1" 404 - "-" "Mozilla/5.0 (Windows NT 10.0; Win64; x64) AppleWebKit/537.36 (KHTML, like Gecko) Chrome/91.0.4472.124 Safari/537.36"
185.177.72.56 - - [10/Aug/2025:14:04:47 -0600] "GET /test/info.php HTTP/1.1" 404 - "-" "Mozilla/5.0 (Windows NT 10.0; Win64; x64) AppleWebKit/537.36 (KHTML, like Gecko) Chrome/91.0.4472.124 Safari/537.36"
185.177.72.56 - - [10/Aug/2025:14:04:47 -0600] "GET /.env.txt HTTP/1.1" 404 - "-" "Mozilla/5.0 (Windows NT 10.0; Win64; x64) AppleWebKit/537.36 (KHTML, like Gecko) Chrome/91.0.4472.124 Safari/537.36"
185.177.72.56 - - [10/Aug/2025:14:04:47 -0600] "GET /public/.env HTTP/1.1" 404 - "-" "Mozilla/5.0 (Windows NT 10.0; Win64; x64) AppleWebKit/537.36 (KHTML, like Gecko) Chrome/91.0.4472.124 Safari/537.36"
185.177.72.56 - - [10/Aug/2025:14:04:47 -0600] "GET /laravel/.env HTTP/1.1" 404 - "-" "Mozilla/5.0 (Windows NT 10.0; Win64; x64) AppleWebKit/537.36 (KHTML, like Gecko) Chrome/91.0.4472.124 Safari/537.36"
185.177.72.56 - - [10/Aug/2025:14:04:47 -0600] "GET /laravel/core/.env HTTP/1.1" 404 - "-" "Mozilla/5.0 (Windows NT 10.0; Win64; x64) AppleWebKit/537.36 (KHTML, like Gecko) Chrome/91.0.4472.124 Safari/537.36"
185.177.72.56 - - [10/Aug/2025:14:04:48 -0600] "GET /beta/.env HTTP/1.1" 404 - "-" "Mozilla/5.0 (Windows NT 10.0; Win64; x64) AppleWebKit/537.36 (KHTML, like Gecko) Chrome/91.0.4472.124 Safari/537.36"
185.177.72.56 - - [10/Aug/2025:14:04:48 -0600] "GET /kyc/.env HTTP/1.1" 404 - "-" "Mozilla/5.0 (Windows NT 10.0; Win64; x64) AppleWebKit/537.36 (KHTML, like Gecko) Chrome/91.0.4472.124 Safari/537.36"
185.177.72.56 - - [10/Aug/2025:14:04:48 -0600] "GET /admin/.env HTTP/1.1" 404 - "-" "Mozilla/5.0 (Windows NT 10.0; Win64; x64) AppleWebKit/537.36 (KHTML, like Gecko) Chrome/91.0.4472.124 Safari/537.36"
185.177.72.56 - - [10/Aug/2025:14:04:48 -0600] "GET /prod/.env HTTP/1.1" 404 - "-" "Mozilla/5.0 (Windows NT 10.0; Win64; x64) AppleWebKit/537.36 (KHTML, like Gecko) Chrome/91.0.4472.124 Safari/537.36"
185.177.72.56 - - [10/Aug/2025:14:04:48 -0600] "GET /api/.env HTTP/1.1" 404 - "-" "Mozilla/5.0 (Windows NT 10.0; Win64; x64) AppleWebKit/537.36 (KHTML, like Gecko) Chrome/91.0.4472.124 Safari/537.36"
185.177.72.56 - - [10/Aug/2025:14:04:48 -0600] "GET /.docker/laravel/app/.env HTTP/1.1" 404 - "-" "Mozilla/5.0 (Windows NT 10.0; Win64; x64) AppleWebKit/537.36 (KHTML, like Gecko) Chrome/91.0.4472.124 Safari/537.36"
185.177.72.56 - - [10/Aug/2025:14:04:48 -0600] "GET /.docker/.env HTTP/1.1" 404 - "-" "Mozilla/5.0 (Windows NT 10.0; Win64; x64) AppleWebKit/537.36 (KHTML, like Gecko) Chrome/91.0.4472.124 Safari/537.36"
185.177.72.56 - - [10/Aug/2025:14:04:49 -0600] "GET /.gitlab-ci/.env HTTP/1.1" 404 - "-" "Mozilla/5.0 (Windows NT 10.0; Win64; x64) AppleWebKit/537.36 (KHTML, like Gecko) Chrome/91.0.4472.124 Safari/537.36"
185.177.72.56 - - [10/Aug/2025:14:04:49 -0600] "GET /.vscode/.env HTTP/1.1" 404 - "-" "Mozilla/5.0 (Windows NT 10.0; Win64; x64) AppleWebKit/537.36 (KHTML, like Gecko) Chrome/91.0.4472.124 Safari/537.36"
185.177.72.56 - - [10/Aug/2025:14:04:49 -0600] "GET /web/.env HTTP/1.1" 404 - "-" "Mozilla/5.0 (Windows NT 10.0; Win64; x64) AppleWebKit/537.36 (KHTML, like Gecko) Chrome/91.0.4472.124 Safari/537.36"
185.177.72.56 - - [10/Aug/2025:14:04:49 -0600] "GET /crm/.env HTTP/1.1" 404 - "-" "Mozilla/5.0 (Windows NT 10.0; Win64; x64) AppleWebKit/537.36 (KHTML, like Gecko) Chrome/91.0.4472.124 Safari/537.36"
185.177.72.56 - - [10/Aug/2025:14:04:49 -0600] "GET /local/.env HTTP/1.1" 404 - "-" "Mozilla/5.0 (Windows NT 10.0; Win64; x64) AppleWebKit/537.36 (KHTML, like Gecko) Chrome/91.0.4472.124 Safari/537.36"
185.177.72.56 - - [10/Aug/2025:14:04:49 -0600] "GET /application/.env HTTP/1.1" 404 - "-" "Mozilla/5.0 (Windows NT 10.0; Win64; x64) AppleWebKit/537.36 (KHTML, like Gecko) Chrome/91.0.4472.124 Safari/537.36"
185.177.72.56 - - [10/Aug/2025:14:04:49 -0600] "GET /live_env HTTP/1.1" 404 - "-" "Mozilla/5.0 (Windows NT 10.0; Win64; x64) AppleWebKit/537.36 (KHTML, like Gecko) Chrome/91.0.4472.124 Safari/537.36"
185.177.72.56 - - [10/Aug/2025:14:04:50 -0600] "GET /admin-app/.env HTTP/1.1" 404 - "-" "Mozilla/5.0 (Windows NT 10.0; Win64; x64) AppleWebKit/537.36 (KHTML, like Gecko) Chrome/91.0.4472.124 Safari/537.36"
185.177.72.56 - - [10/Aug/2025:14:04:50 -0600] "GET /mailer/.env HTTP/1.1" 404 - "-" "Mozilla/5.0 (Windows NT 10.0; Win64; x64) AppleWebKit/537.36 (KHTML, like Gecko) Chrome/91.0.4472.124 Safari/537.36"
185.177.72.56 - - [10/Aug/2025:14:04:50 -0600] "GET /shared/.env HTTP/1.1" 404 - "-" "Mozilla/5.0 (Windows NT 10.0; Win64; x64) AppleWebKit/537.36 (KHTML, like Gecko) Chrome/91.0.4472.124 Safari/537.36"
185.177.72.56 - - [10/Aug/2025:14:04:50 -0600] "GET /.env.project HTTP/1.1" 404 - "-" "Mozilla/5.0 (Windows NT 10.0; Win64; x64) AppleWebKit/537.36 (KHTML, like Gecko) Chrome/91.0.4472.124 Safari/537.36"
185.177.72.56 - - [10/Aug/2025:14:04:50 -0600] "GET /apps/.env HTTP/1.1" 404 - "-" "Mozilla/5.0 (Windows NT 10.0; Win64; x64) AppleWebKit/537.36 (KHTML, like Gecko) Chrome/91.0.4472.124 Safari/537.36"
185.177.72.56 - - [10/Aug/2025:14:04:50 -0600] "GET /.env.bak HTTP/1.1" 404 - "-" "Mozilla/5.0 (Windows NT 10.0; Win64; x64) AppleWebKit/537.36 (KHTML, like Gecko) Chrome/91.0.4472.124 Safari/537.36"
185.177.72.56 - - [10/Aug/2025:14:04:50 -0600] "GET /.env.config HTTP/1.1" 404 - "-" "Mozilla/5.0 (Windows NT 10.0; Win64; x64) AppleWebKit/537.36 (KHTML, like Gecko) Chrome/91.0.4472.124 Safari/537.36"
185.177.72.56 - - [10/Aug/2025:14:04:51 -0600] "GET /.env-example HTTP/1.1" 404 - "-" "Mozilla/5.0 (Windows NT 10.0; Win64; x64) AppleWebKit/537.36 (KHTML, like Gecko) Chrome/91.0.4472.124 Safari/537.36"
185.177.72.56 - - [10/Aug/2025:14:04:51 -0600] "GET /.env-sample HTTP/1.1" 404 - "-" "Mozilla/5.0 (Windows NT 10.0; Win64; x64) AppleWebKit/537.36 (KHTML, like Gecko) Chrome/91.0.4472.124 Safari/537.36"
185.177.72.56 - - [10/Aug/2025:14:04:51 -0600] "GET /.env.backup HTTP/1.1" 404 - "-" "Mozilla/5.0 (Windows NT 10.0; Win64; x64) AppleWebKit/537.36 (KHTML, like Gecko) Chrome/91.0.4472.124 Safari/537.36"
185.177.72.56 - - [10/Aug/2025:14:04:51 -0600] "GET /.env.dev HTTP/1.1" 404 - "-" "Mozilla/5.0 (Windows NT 10.0; Win64; x64) AppleWebKit/537.36 (KHTML, like Gecko) Chrome/91.0.4472.124 Safari/537.36"
185.177.72.56 - - [10/Aug/2025:14:04:51 -0600] "GET /.env.dev.local HTTP/1.1" 404 - "-" "Mozilla/5.0 (Windows NT 10.0; Win64; x64) AppleWebKit/537.36 (KHTML, like Gecko) Chrome/91.0.4472.124 Safari/537.36"
185.177.72.56 - - [10/Aug/2025:14:04:51 -0600] "GET /.env.development.local HTTP/1.1" 404 - "-" "Mozilla/5.0 (Windows NT 10.0; Win64; x64) AppleWebKit/537.36 (KHTML, like Gecko) Chrome/91.0.4472.124 Safari/537.36"
185.177.72.56 - - [10/Aug/2025:14:04:51 -0600] "GET /.env.development.sample HTTP/1.1" 404 - "-" "Mozilla/5.0 (Windows NT 10.0; Win64; x64) AppleWebKit/537.36 (KHTML, like Gecko) Chrome/91.0.4472.124 Safari/537.36"
185.177.72.56 - - [10/Aug/2025:14:04:51 -0600] "GET /.env.dist HTTP/1.1" 404 - "-" "Mozilla/5.0 (Windows NT 10.0; Win64; x64) AppleWebKit/537.36 (KHTML, like Gecko) Chrome/91.0.4472.124 Safari/537.36"
185.177.72.56 - - [10/Aug/2025:14:04:52 -0600] "GET /.env.docker HTTP/1.1" 404 - "-" "Mozilla/5.0 (Windows NT 10.0; Win64; x64) AppleWebKit/537.36 (KHTML, like Gecko) Chrome/91.0.4472.124 Safari/537.36"
185.177.72.56 - - [10/Aug/2025:14:04:52 -0600] "GET /.env.docker.dev HTTP/1.1" 404 - "-" "Mozilla/5.0 (Windows NT 10.0; Win64; x64) AppleWebKit/537.36 (KHTML, like Gecko) Chrome/91.0.4472.124 Safari/537.36"
185.177.72.56 - - [10/Aug/2025:14:04:52 -0600] "GET /.env.prod HTTP/1.1" 404 - "-" "Mozilla/5.0 (Windows NT 10.0; Win64; x64) AppleWebKit/537.36 (KHTML, like Gecko) Chrome/91.0.4472.124 Safari/537.36"
185.177.72.56 - - [10/Aug/2025:14:04:52 -0600] "GET /.env.prod.local HTTP/1.1" 404 - "-" "Mozilla/5.0 (Windows NT 10.0; Win64; x64) AppleWebKit/537.36 (KHTML, like Gecko) Chrome/91.0.4472.124 Safari/537.36"
185.177.72.56 - - [10/Aug/2025:14:04:52 -0600] "GET /.env.production.local HTTP/1.1" 404 - "-" "Mozilla/5.0 (Windows NT 10.0; Win64; x64) AppleWebKit/537.36 (KHTML, like Gecko) Chrome/91.0.4472.124 Safari/537.36"
185.177.72.56 - - [10/Aug/2025:14:04:52 -0600] "GET /.env.sample HTTP/1.1" 404 - "-" "Mozilla/5.0 (Windows NT 10.0; Win64; x64) AppleWebKit/537.36 (KHTML, like Gecko) Chrome/91.0.4472.124 Safari/537.36"
185.177.72.56 - - [10/Aug/2025:14:04:52 -0600] "GET /.env.save HTTP/1.1" 404 - "-" "Mozilla/5.0 (Windows NT 10.0; Win64; x64) AppleWebKit/537.36 (KHTML, like Gecko) Chrome/91.0.4472.124 Safari/537.36"
185.177.72.56 - - [10/Aug/2025:14:04:53 -0600] "GET /.env.stage HTTP/1.1" 404 - "-" "Mozilla/5.0 (Windows NT 10.0; Win64; x64) AppleWebKit/537.36 (KHTML, like Gecko) Chrome/91.0.4472.124 Safari/537.36"
185.177.72.56 - - [10/Aug/2025:14:04:53 -0600] "GET /.env.travis HTTP/1.1" 404 - "-" "Mozilla/5.0 (Windows NT 10.0; Win64; x64) AppleWebKit/537.36 (KHTML, like Gecko) Chrome/91.0.4472.124 Safari/537.36"
185.177.72.56 - - [10/Aug/2025:14:04:53 -0600] "GET /.envrc HTTP/1.1" 404 - "-" "Mozilla/5.0 (Windows NT 10.0; Win64; x64) AppleWebKit/537.36 (KHTML, like Gecko) Chrome/91.0.4472.124 Safari/537.36"
185.177.72.56 - - [10/Aug/2025:14:04:53 -0600] "GET /.envs HTTP/1.1" 404 - "-" "Mozilla/5.0 (Windows NT 10.0; Win64; x64) AppleWebKit/537.36 (KHTML, like Gecko) Chrome/91.0.4472.124 Safari/537.36"
185.177.72.56 - - [10/Aug/2025:14:04:53 -0600] "GET /.env~ HTTP/1.1" 404 - "-" "Mozilla/5.0 (Windows NT 10.0; Win64; x64) AppleWebKit/537.36 (KHTML, like Gecko) Chrome/91.0.4472.124 Safari/537.36"
185.177.72.56 - - [10/Aug/2025:14:04:53 -0600] "GET /login?pp=enable&pp=env HTTP/1.1" 404 - "-" "Mozilla/5.0 (Windows NT 10.0; Win64; x64) AppleWebKit/537.36 (KHTML, like Gecko) Chrome/91.0.4472.124 Safari/537.36"
185.177.72.56 - - [10/Aug/2025:14:04:54 -0600] "GET /?pp=env&pp=env HTTP/1.1" 404 - "-" "Mozilla/5.0 (Windows NT 10.0; Win64; x64) AppleWebKit/537.36 (KHTML, like Gecko) Chrome/91.0.4472.124 Safari/537.36"
185.177.72.56 - - [10/Aug/2025:14:04:54 -0600] "GET /config/env.php HTTP/1.1" 404 - "-" "Mozilla/5.0 (Windows NT 10.0; Win64; x64) AppleWebKit/537.36 (KHTML, like Gecko) Chrome/91.0.4472.124 Safari/537.36"
185.177.72.56 - - [10/Aug/2025:14:04:54 -0600] "GET /app/etc/env.local.php HTTP/1.1" 404 - "-" "Mozilla/5.0 (Windows NT 10.0; Win64; x64) AppleWebKit/537.36 (KHTML, like Gecko) Chrome/91.0.4472.124 Safari/537.36"
185.177.72.56 - - [10/Aug/2025:14:04:54 -0600] "GET /.env.php HTTP/1.1" 404 - "-" "Mozilla/5.0 (Windows NT 10.0; Win64; x64) AppleWebKit/537.36 (KHTML, like Gecko) Chrome/91.0.4472.124 Safari/537.36"
185.177.72.56 - - [10/Aug/2025:14:04:54 -0600] "GET /app/etc/env.php HTTP/1.1" 404 - "-" "Mozilla/5.0 (Windows NT 10.0; Win64; x64) AppleWebKit/537.36 (KHTML, like Gecko) Chrome/91.0.4472.124 Safari/537.36"
185.177.72.56 - - [10/Aug/2025:14:04:54 -0600] "GET /env.json HTTP/1.1" 404 - "-" "Mozilla/5.0 (Windows NT 10.0; Win64; x64) AppleWebKit/537.36 (KHTML, like Gecko) Chrome/91.0.4472.124 Safari/537.36"
185.177.72.56 - - [10/Aug/2025:14:04:55 -0600] "GET /config/env.json HTTP/1.1" 404 - "-" "Mozilla/5.0 (Windows NT 10.0; Win64; x64) AppleWebKit/537.36 (KHTML, like Gecko) Chrome/91.0.4472.124 Safari/537.36"
185.177.72.56 - - [10/Aug/2025:14:04:55 -0600] "GET /src/config/environment.json HTTP/1.1" 404 - "-" "Mozilla/5.0 (Windows NT 10.0; Win64; x64) AppleWebKit/537.36 (KHTML, like Gecko) Chrome/91.0.4472.124 Safari/537.36"
185.177.72.56 - - [10/Aug/2025:14:04:55 -0600] "GET /config/environment.json HTTP/1.1" 404 - "-" "Mozilla/5.0 (Windows NT 10.0; Win64; x64) AppleWebKit/537.36 (KHTML, like Gecko) Chrome/91.0.4472.124 Safari/537.36"
185.177.72.56 - - [10/Aug/2025:14:04:56 -0600] "GET /config/.env HTTP/1.1" 404 - "-" "Mozilla/5.0 (Windows NT 10.0; Win64; x64) AppleWebKit/537.36 (KHTML, like Gecko) Chrome/91.0.4472.124 Safari/537.36"
185.177.72.56 - - [10/Aug/2025:14:04:56 -0600] "GET /src/.env HTTP/1.1" 404 - "-" "Mozilla/5.0 (Windows NT 10.0; Win64; x64) AppleWebKit/537.36 (KHTML, like Gecko) Chrome/91.0.4472.124 Safari/537.36"
185.177.72.56 - - [10/Aug/2025:14:04:56 -0600] "GET /client/.env HTTP/1.1" 404 - "-" "Mozilla/5.0 (Windows NT 10.0; Win64; x64) AppleWebKit/537.36 (KHTML, like Gecko) Chrome/91.0.4472.124 Safari/537.36"
185.177.72.56 - - [10/Aug/2025:14:04:56 -0600] "GET /frontend/.env HTTP/1.1" 404 - "-" "Mozilla/5.0 (Windows NT 10.0; Win64; x64) AppleWebKit/537.36 (KHTML, like Gecko) Chrome/91.0.4472.124 Safari/537.36"
185.177.72.56 - - [10/Aug/2025:14:04:56 -0600] "GET /.env.development HTTP/1.1" 404 - "-" "Mozilla/5.0 (Windows NT 10.0; Win64; x64) AppleWebKit/537.36 (KHTML, like Gecko) Chrome/91.0.4472.124 Safari/537.36"
185.177.72.56 - - [10/Aug/2025:14:04:56 -0600] "GET /.env.staging HTTP/1.1" 404 - "-" "Mozilla/5.0 (Windows NT 10.0; Win64; x64) AppleWebKit/537.36 (KHTML, like Gecko) Chrome/91.0.4472.124 Safari/537.36"
185.177.72.56 - - [10/Aug/2025:14:04:56 -0600] "GET /.env.live HTTP/1.1" 404 - "-" "Mozilla/5.0 (Windows NT 10.0; Win64; x64) AppleWebKit/537.36 (KHTML, like Gecko) Chrome/91.0.4472.124 Safari/537.36"
185.177.72.56 - - [10/Aug/2025:14:04:56 -0600] "GET /config.json HTTP/1.1" 404 - "-" "Mozilla/5.0 (Windows NT 10.0; Win64; x64) AppleWebKit/537.36 (KHTML, like Gecko) Chrome/91.0.4472.124 Safari/537.36"
185.177.72.56 - - [10/Aug/2025:14:04:57 -0600] "GET /admin/config.php HTTP/1.1" 404 - "-" "Mozilla/5.0 (Windows NT 10.0; Win64; x64) AppleWebKit/537.36 (KHTML, like Gecko) Chrome/91.0.4472.124 Safari/537.36"
