89.185.25.132 - - [05/Feb/2025:16:02:10 -0600] "GET /tutor/filter?searched_word&searched_tution_class_type[]=1&price_min=(SELECT(0)FROM(SELECT(SLEEP(7)))a)&price_max=9&searched_price_type[]=hourly&searched_duration[]=0 HTTP/1.1" 301 423 "-" "Mozilla/5.0 (CentOS; Linux x86_64) AppleWebKit/537.36 (KHTML, like Gecko) Chrome/125.0.0.0 Safari/537.36"
187.195.110.68 - - [05/Feb/2025:16:02:35 -0600] "POST /cpsess0556275423/3rdparty/roundcube/?_task=mail&_action=refresh HTTP/1.1" 200 135 "https://webmail.tjamich.gob.mx/cpsess0556275423/3rdparty/roundcube/?_task=mail&_mbox=INBOX" "Mozilla/5.0 (Windows NT 10.0; Win64; x64) AppleWebKit/537.36 (KHTML, like Gecko) Chrome/132.0.0.0 Safari/537.36"
66.249.77.198 - - [05/Feb/2025:16:03:27 -0600] "GET /item/skfnc38ycjot31924.html HTTP/1.1" 301 265 "-" "Mozilla/5.0 (Linux; Android 6.0.1; Nexus 5X Build/MMB29P) AppleWebKit/537.36 (KHTML, like Gecko) Chrome/132.0.6834.159 Mobile Safari/537.36 (compatible; Googlebot/2.1; +http://www.google.com/bot.html)"
187.195.110.68 - - [05/Feb/2025:16:03:35 -0600] "POST /cpsess0556275423/3rdparty/roundcube/?_task=mail&_action=refresh HTTP/1.1" 200 135 "https://webmail.tjamich.gob.mx/cpsess0556275423/3rdparty/roundcube/?_task=mail&_mbox=INBOX" "Mozilla/5.0 (Windows NT 10.0; Win64; x64) AppleWebKit/537.36 (KHTML, like Gecko) Chrome/132.0.0.0 Safari/537.36"
77.221.149.92 - - [05/Feb/2025:16:03:53 -0600] "GET /403.shtml HTTP/1.1" 301 247 "-" "Mozilla/5.0 (Windows NT 10.0; WOW64) AppleWebKit/537.36 (KHTML, like Gecko) Chrome/75.0.3770.100 Safari/537.36"
189.243.238.36 - - [05/Feb/2025:16:03:59 -0600] "POST /cpsess9781436776/3rdparty/roundcube/?_task=mail&_action=refresh HTTP/1.1" 200 12366 "https://webmail.tjamich.gob.mx/cpsess9781436776/3rdparty/roundcube/?_task=mail&_mbox=INBOX" "Mozilla/5.0 (Windows NT 10.0; Win64; x64) AppleWebKit/537.36 (KHTML, like Gecko) Chrome/132.0.0.0 Safari/537.36"
189.243.238.36 - - [05/Feb/2025:16:04:20 -0600] "POST /cpsess6127543594/3rdparty/phpMyAdmin/index.php?route=/ HTTP/1.1" 200 1533 "-" "Mozilla/5.0 (Windows NT 10.0; Win64; x64) AppleWebKit/537.36 (KHTML, like Gecko) Chrome/133.0.0.0 Safari/537.36"
187.195.110.68 - - [05/Feb/2025:16:04:35 -0600] "POST /cpsess0556275423/3rdparty/roundcube/?_task=mail&_action=refresh HTTP/1.1" 200 135 "https://webmail.tjamich.gob.mx/cpsess0556275423/3rdparty/roundcube/?_task=mail&_mbox=INBOX" "Mozilla/5.0 (Windows NT 10.0; Win64; x64) AppleWebKit/537.36 (KHTML, like Gecko) Chrome/132.0.0.0 Safari/537.36"
101.99.88.90 - - [05/Feb/2025:16:04:38 -0600] "GET /wp-includes/install.php HTTP/1.1" 301 261 "https://tjamich.gob.mx/wp-includes/install.php" "Mozilla/5.0 (Windows NT 10.0; Win64; x64) AppleWebKit/537.36 (KHTML, like Gecko) Chrome/58.0.3029.110 Safari/537.3"
101.99.88.90 - - [05/Feb/2025:16:04:41 -0600] "GET / HTTP/1.1" 301 238 "https://tjamich.gob.mx" "Mozilla/5.0 (Windows NT 10.0; Win64; x64) AppleWebKit/537.36 (KHTML, like Gecko) Chrome/58.0.3029.110 Safari/537.3"
66.249.77.198 - - [05/Feb/2025:16:05:18 -0600] "GET /99247654929.shtml HTTP/1.1" 301 255 "-" "Mozilla/5.0 (Linux; Android 6.0.1; Nexus 5X Build/MMB29P) AppleWebKit/537.36 (KHTML, like Gecko) Chrome/132.0.6834.159 Mobile Safari/537.36 (compatible; Googlebot/2.1; +http://www.google.com/bot.html)"
187.195.110.68 - - [05/Feb/2025:16:05:35 -0600] "POST /cpsess0556275423/3rdparty/roundcube/?_task=mail&_action=refresh HTTP/1.1" 200 135 "https://webmail.tjamich.gob.mx/cpsess0556275423/3rdparty/roundcube/?_task=mail&_mbox=INBOX" "Mozilla/5.0 (Windows NT 10.0; Win64; x64) AppleWebKit/537.36 (KHTML, like Gecko) Chrome/132.0.0.0 Safari/537.36"
189.243.238.36 - - [05/Feb/2025:16:05:59 -0600] "POST /cpsess9781436776/3rdparty/roundcube/?_task=mail&_action=refresh HTTP/1.1" 200 12364 "https://webmail.tjamich.gob.mx/cpsess9781436776/3rdparty/roundcube/?_task=mail&_mbox=INBOX" "Mozilla/5.0 (Windows NT 10.0; Win64; x64) AppleWebKit/537.36 (KHTML, like Gecko) Chrome/132.0.0.0 Safari/537.36"
187.195.110.68 - - [05/Feb/2025:16:06:35 -0600] "POST /cpsess0556275423/3rdparty/roundcube/?_task=mail&_action=refresh HTTP/1.1" 200 135 "https://webmail.tjamich.gob.mx/cpsess0556275423/3rdparty/roundcube/?_task=mail&_mbox=INBOX" "Mozilla/5.0 (Windows NT 10.0; Win64; x64) AppleWebKit/537.36 (KHTML, like Gecko) Chrome/132.0.0.0 Safari/537.36"
52.167.144.187 - - [05/Feb/2025:16:07:16 -0600] "GET /Igualdad-de-Genero/revistas/revista2/pages/11-thumb.jpg HTTP/1.1" 301 293 "-" "Mozilla/5.0 AppleWebKit/537.36 (KHTML, like Gecko; compatible; bingbot/2.0; +http://www.bing.com/bingbot.htm) Chrome/116.0.1938.76 Safari/537.36"
187.195.110.68 - - [05/Feb/2025:16:07:35 -0600] "POST /cpsess0556275423/3rdparty/roundcube/?_task=mail&_action=refresh HTTP/1.1" 200 135 "https://webmail.tjamich.gob.mx/cpsess0556275423/3rdparty/roundcube/?_task=mail&_mbox=INBOX" "Mozilla/5.0 (Windows NT 10.0; Win64; x64) AppleWebKit/537.36 (KHTML, like Gecko) Chrome/132.0.0.0 Safari/537.36"
189.243.238.36 - - [05/Feb/2025:16:07:59 -0600] "POST /cpsess9781436776/3rdparty/roundcube/?_task=mail&_action=refresh HTTP/1.1" 200 12358 "https://webmail.tjamich.gob.mx/cpsess9781436776/3rdparty/roundcube/?_task=mail&_mbox=INBOX" "Mozilla/5.0 (Windows NT 10.0; Win64; x64) AppleWebKit/537.36 (KHTML, like Gecko) Chrome/132.0.0.0 Safari/537.36"
66.249.77.200 - - [05/Feb/2025:16:08:19 -0600] "GET /product/anywhere217?c=g&l=17068 HTTP/1.1" 301 273 "-" "Mozilla/5.0 (Linux; Android 6.0.1; Nexus 5X Build/MMB29P) AppleWebKit/537.36 (KHTML, like Gecko) Chrome/132.0.6834.159 Mobile Safari/537.36 (compatible; Googlebot/2.1; +http://www.google.com/bot.html)"
187.195.110.68 - - [05/Feb/2025:16:08:35 -0600] "POST /cpsess0556275423/3rdparty/roundcube/?_task=mail&_action=refresh HTTP/1.1" 200 135 "https://webmail.tjamich.gob.mx/cpsess0556275423/3rdparty/roundcube/?_task=mail&_mbox=INBOX" "Mozilla/5.0 (Windows NT 10.0; Win64; x64) AppleWebKit/537.36 (KHTML, like Gecko) Chrome/132.0.0.0 Safari/537.36"
187.195.110.68 - - [05/Feb/2025:16:09:35 -0600] "POST /cpsess0556275423/3rdparty/roundcube/?_task=mail&_action=refresh HTTP/1.1" 200 135 "https://webmail.tjamich.gob.mx/cpsess0556275423/3rdparty/roundcube/?_task=mail&_mbox=INBOX" "Mozilla/5.0 (Windows NT 10.0; Win64; x64) AppleWebKit/537.36 (KHTML, like Gecko) Chrome/132.0.0.0 Safari/537.36"
66.249.77.200 - - [05/Feb/2025:16:09:36 -0600] "GET /25980679540.shtml HTTP/1.1" 301 255 "-" "Mozilla/5.0 (Linux; Android 6.0.1; Nexus 5X Build/MMB29P) AppleWebKit/537.36 (KHTML, like Gecko) Chrome/132.0.6834.159 Mobile Safari/537.36 (compatible; Googlebot/2.1; +http://www.google.com/bot.html)"
66.249.77.199 - - [05/Feb/2025:16:09:41 -0600] "GET /item/rpcli166twphy8241.html HTTP/1.1" 301 265 "-" "Mozilla/5.0 (Linux; Android 6.0.1; Nexus 5X Build/MMB29P) AppleWebKit/537.36 (KHTML, like Gecko) Chrome/132.0.6834.159 Mobile Safari/537.36 (compatible; GoogleOther)"
66.249.77.198 - - [05/Feb/2025:16:09:58 -0600] "GET /578711131327.shtml HTTP/1.1" 301 256 "-" "Mozilla/5.0 (Linux; Android 6.0.1; Nexus 5X Build/MMB29P) AppleWebKit/537.36 (KHTML, like Gecko) Chrome/132.0.6834.159 Mobile Safari/537.36 (compatible; Googlebot/2.1; +http://www.google.com/bot.html)"
189.243.238.36 - - [05/Feb/2025:16:09:59 -0600] "POST /cpsess9781436776/3rdparty/roundcube/?_task=mail&_action=refresh HTTP/1.1" 200 12359 "https://webmail.tjamich.gob.mx/cpsess9781436776/3rdparty/roundcube/?_task=mail&_mbox=INBOX" "Mozilla/5.0 (Windows NT 10.0; Win64; x64) AppleWebKit/537.36 (KHTML, like Gecko) Chrome/132.0.0.0 Safari/537.36"
40.77.167.51 - - [05/Feb/2025:16:10:06 -0600] "GET /titular-de-unidad-de-transparencia?q=2024 HTTP/1.1" 301 279 "-" "Mozilla/5.0 AppleWebKit/537.36 (KHTML, like Gecko; compatible; bingbot/2.0; +http://www.bing.com/bingbot.htm) Chrome/116.0.1938.76 Safari/537.36"
187.195.110.68 - - [05/Feb/2025:16:10:35 -0600] "POST /cpsess0556275423/3rdparty/roundcube/?_task=mail&_action=refresh HTTP/1.1" 200 135 "https://webmail.tjamich.gob.mx/cpsess0556275423/3rdparty/roundcube/?_task=mail&_mbox=INBOX" "Mozilla/5.0 (Windows NT 10.0; Win64; x64) AppleWebKit/537.36 (KHTML, like Gecko) Chrome/132.0.0.0 Safari/537.36"
66.249.77.199 - - [05/Feb/2025:16:10:40 -0600] "GET /94699209849.shtml HTTP/1.1" 301 255 "-" "Mozilla/5.0 (Linux; Android 6.0.1; Nexus 5X Build/MMB29P) AppleWebKit/537.36 (KHTML, like Gecko) Chrome/132.0.6834.159 Mobile Safari/537.36 (compatible; Googlebot/2.1; +http://www.google.com/bot.html)"
66.249.77.199 - - [05/Feb/2025:16:10:47 -0600] "GET /product/forehead282?c=g&l=1072 HTTP/1.1" 301 272 "-" "Mozilla/5.0 (Linux; Android 6.0.1; Nexus 5X Build/MMB29P) AppleWebKit/537.36 (KHTML, like Gecko) Chrome/132.0.6834.159 Mobile Safari/537.36 (compatible; Googlebot/2.1; +http://www.google.com/bot.html)"
66.249.77.198 - - [05/Feb/2025:16:11:02 -0600] "GET /62266724158.shtml HTTP/1.1" 301 255 "-" "Mozilla/5.0 (Linux; Android 6.0.1; Nexus 5X Build/MMB29P) AppleWebKit/537.36 (KHTML, like Gecko) Chrome/132.0.6834.159 Mobile Safari/537.36 (compatible; Googlebot/2.1; +http://www.google.com/bot.html)"
66.249.72.141 - - [05/Feb/2025:16:11:14 -0600] "GET /item/bhw89vhnzt45085.html HTTP/1.1" 301 263 "-" "Mozilla/5.0 (Linux; Android 6.0.1; Nexus 5X Build/MMB29P) AppleWebKit/537.36 (KHTML, like Gecko) Chrome/132.0.6834.159 Mobile Safari/537.36 (compatible; GoogleOther)"
187.195.110.68 - - [05/Feb/2025:16:11:35 -0600] "POST /cpsess0556275423/3rdparty/roundcube/?_task=mail&_action=refresh HTTP/1.1" 200 135 "https://webmail.tjamich.gob.mx/cpsess0556275423/3rdparty/roundcube/?_task=mail&_mbox=INBOX" "Mozilla/5.0 (Windows NT 10.0; Win64; x64) AppleWebKit/537.36 (KHTML, like Gecko) Chrome/132.0.0.0 Safari/537.36"
216.244.66.234 - - [05/Feb/2025:16:11:43 -0600] "GET /robots.txt HTTP/1.1" 301 248 "-" "Mozilla/5.0 (compatible; DotBot/1.2; +https://opensiteexplorer.org/dotbot; help@moz.com)"
189.243.238.36 - - [05/Feb/2025:16:11:59 -0600] "POST /cpsess9781436776/3rdparty/roundcube/?_task=mail&_action=refresh HTTP/1.1" 308 152 "https://webmail.tjamich.gob.mx/cpsess9781436776/3rdparty/roundcube/?_task=mail&_mbox=INBOX" "Mozilla/5.0 (Windows NT 10.0; Win64; x64) AppleWebKit/537.36 (KHTML, like Gecko) Chrome/132.0.0.0 Safari/537.36"
189.243.238.36 - - [05/Feb/2025:16:12:00 -0600] "POST /cpsess9781436776/3rdparty/roundcube/?_task=mail&_action=refresh HTTP/1.1" 200 12365 "https://webmail.tjamich.gob.mx/cpsess9781436776/3rdparty/roundcube/?_task=mail&_mbox=INBOX" "Mozilla/5.0 (Windows NT 10.0; Win64; x64) AppleWebKit/537.36 (KHTML, like Gecko) Chrome/132.0.0.0 Safari/537.36"
187.195.110.68 - - [05/Feb/2025:16:12:35 -0600] "POST /cpsess0556275423/3rdparty/roundcube/?_task=mail&_action=refresh HTTP/1.1" 200 135 "https://webmail.tjamich.gob.mx/cpsess0556275423/3rdparty/roundcube/?_task=mail&_mbox=INBOX" "Mozilla/5.0 (Windows NT 10.0; Win64; x64) AppleWebKit/537.36 (KHTML, like Gecko) Chrome/132.0.0.0 Safari/537.36"
66.249.77.200 - - [05/Feb/2025:16:12:52 -0600] "GET /item/vku43tvbuu42543.html HTTP/1.1" 301 263 "-" "Mozilla/5.0 (Linux; Android 6.0.1; Nexus 5X Build/MMB29P) AppleWebKit/537.36 (KHTML, like Gecko) Chrome/132.0.6834.159 Mobile Safari/537.36 (compatible; GoogleOther)"
114.119.138.151 - - [05/Feb/2025:16:12:59 -0600] "GET /sisofi_2018/uploads/26-06-2019/CONTRATO_MANTENIEMIENTO_Y_MEJORAS_DE_LOS_JUZGADOS_ADMINISTRTIVOS.pdf HTTP/1.1" 301 337 "-" "Mozilla/5.0 (Linux; Android 7.0;) AppleWebKit/537.36 (KHTML, like Gecko) Mobile Safari/537.36 (compatible; PetalBot;+https://webmaster.petalsearch.com/site/petalbot)"
114.119.156.129 - - [05/Feb/2025:16:12:59 -0600] "GET /sisofi_2018/uploads/14-07-2021/JA-0316-2020-II.pdf HTTP/1.1" 301 288 "-" "Mozilla/5.0 (Linux; Android 7.0;) AppleWebKit/537.36 (KHTML, like Gecko) Mobile Safari/537.36 (compatible; PetalBot;+https://webmaster.petalsearch.com/site/petalbot)"
66.249.77.200 - - [05/Feb/2025:16:13:10 -0600] "GET /68097218871.shtml HTTP/1.1" 301 255 "-" "Mozilla/5.0 (Linux; Android 6.0.1; Nexus 5X Build/MMB29P) AppleWebKit/537.36 (KHTML, like Gecko) Chrome/132.0.6834.159 Mobile Safari/537.36 (compatible; Googlebot/2.1; +http://www.google.com/bot.html)"
189.243.238.36 - - [05/Feb/2025:16:13:15 -0600] "GET /cpsess6127543594/frontend/jupiter/filemanager/index.html HTTP/1.1" 200 19055 "https://cpanel.tjamich.gob.mx/" "Mozilla/5.0 (Windows NT 10.0; Win64; x64) AppleWebKit/537.36 (KHTML, like Gecko) Chrome/133.0.0.0 Safari/537.36"
189.243.238.36 - - [05/Feb/2025:16:13:16 -0600] "GET /cPanel_magic_revision_1648610219/yui/container/assets/container.css HTTP/1.1" 200 2411 "https://cpanel.tjamich.gob.mx/cpsess6127543594/frontend/jupiter/filemanager/index.html" "Mozilla/5.0 (Windows NT 10.0; Win64; x64) AppleWebKit/537.36 (KHTML, like Gecko) Chrome/133.0.0.0 Safari/537.36"
189.243.238.36 - - [05/Feb/2025:16:13:16 -0600] "GET /cPanel_magic_revision_1648610219/yui/menu/assets/menu.css HTTP/1.1" 200 2784 "https://cpanel.tjamich.gob.mx/cpsess6127543594/frontend/jupiter/filemanager/index.html" "Mozilla/5.0 (Windows NT 10.0; Win64; x64) AppleWebKit/537.36 (KHTML, like Gecko) Chrome/133.0.0.0 Safari/537.36"
189.243.238.36 - - [05/Feb/2025:16:13:16 -0600] "GET /cPanel_magic_revision_1648610219/yui/datatable/assets/skins/sam/datatable.css HTTP/1.1" 200 1543 "https://cpanel.tjamich.gob.mx/cpsess6127543594/frontend/jupiter/filemanager/index.html" "Mozilla/5.0 (Windows NT 10.0; Win64; x64) AppleWebKit/537.36 (KHTML, like Gecko) Chrome/133.0.0.0 Safari/537.36"
189.243.238.36 - - [05/Feb/2025:16:13:16 -0600] "GET /cPanel_magic_revision_1648610219/yui/treeview/assets/skins/sam/treeview.css HTTP/1.1" 200 907 "https://cpanel.tjamich.gob.mx/cpsess6127543594/frontend/jupiter/filemanager/index.html" "Mozilla/5.0 (Windows NT 10.0; Win64; x64) AppleWebKit/537.36 (KHTML, like Gecko) Chrome/133.0.0.0 Safari/537.36"
189.243.238.36 - - [05/Feb/2025:16:13:16 -0600] "GET /cPanel_magic_revision_1648610195/frontend/jupiter/libraries/ui-fonts/open_sans/optimized/open_sans.min.css HTTP/1.1" 200 452 "https://cpanel.tjamich.gob.mx/cpsess6127543594/frontend/jupiter/filemanager/index.html" "Mozilla/5.0 (Windows NT 10.0; Win64; x64) AppleWebKit/537.36 (KHTML, like Gecko) Chrome/133.0.0.0 Safari/537.36"
189.243.238.36 - - [05/Feb/2025:16:13:16 -0600] "GET /cPanel_magic_revision_1648609965/frontend/jupiter/libraries/bootstrap/optimized/css/bootstrap.min.css HTTP/1.1" 200 18246 "https://cpanel.tjamich.gob.mx/cpsess6127543594/frontend/jupiter/filemanager/index.html" "Mozilla/5.0 (Windows NT 10.0; Win64; x64) AppleWebKit/537.36 (KHTML, like Gecko) Chrome/133.0.0.0 Safari/537.36"
189.243.238.36 - - [05/Feb/2025:16:13:16 -0600] "GET /cPanel_magic_revision_1656537159/frontend/jupiter/libraries/fontawesome/css/all.min.css HTTP/1.1" 200 13709 "https://cpanel.tjamich.gob.mx/cpsess6127543594/frontend/jupiter/filemanager/index.html" "Mozilla/5.0 (Windows NT 10.0; Win64; x64) AppleWebKit/537.36 (KHTML, like Gecko) Chrome/133.0.0.0 Safari/537.36"
189.243.238.36 - - [05/Feb/2025:16:13:16 -0600] "GET /cPanel_magic_revision_1649537744/cjt/cpanel-all-min.js?locale=es_419&locale_revision=1737049046 HTTP/1.1" 200 88937 "https://cpanel.tjamich.gob.mx/cpsess6127543594/frontend/jupiter/filemanager/index.html" "Mozilla/5.0 (Windows NT 10.0; Win64; x64) AppleWebKit/537.36 (KHTML, like Gecko) Chrome/133.0.0.0 Safari/537.36"
189.243.238.36 - - [05/Feb/2025:16:13:16 -0600] "GET /cPanel_magic_revision_1649538026/frontend/jupiter/filemanager/css/tree_styles2_optimized.css HTTP/1.1" 200 5081 "https://cpanel.tjamich.gob.mx/cpsess6127543594/frontend/jupiter/filemanager/index.html" "Mozilla/5.0 (Windows NT 10.0; Win64; x64) AppleWebKit/537.36 (KHTML, like Gecko) Chrome/133.0.0.0 Safari/537.36"
189.243.238.36 - - [05/Feb/2025:16:13:16 -0600] "GET /cpsess6127543594/frontend/jupiter/assets/brand/logo_small.svg HTTP/1.1" 200 755 "https://cpanel.tjamich.gob.mx/cpsess6127543594/frontend/jupiter/filemanager/index.html" "Mozilla/5.0 (Windows NT 10.0; Win64; x64) AppleWebKit/537.36 (KHTML, like Gecko) Chrome/133.0.0.0 Safari/537.36"
189.243.238.36 - - [05/Feb/2025:16:13:16 -0600] "GET /cPanel_magic_revision_1642629671/yui-gen/utilities_container/utilities_container.js HTTP/1.1" 200 64893 "https://cpanel.tjamich.gob.mx/cpsess6127543594/frontend/jupiter/filemanager/index.html" "Mozilla/5.0 (Windows NT 10.0; Win64; x64) AppleWebKit/537.36 (KHTML, like Gecko) Chrome/133.0.0.0 Safari/537.36"
189.243.238.36 - - [05/Feb/2025:16:13:16 -0600] "GET /cpsess6127543594/frontend/jupiter/images/encoding_lang_broken.png HTTP/1.1" 200 4208 "https://cpanel.tjamich.gob.mx/cpsess6127543594/frontend/jupiter/filemanager/index.html" "Mozilla/5.0 (Windows NT 10.0; Win64; x64) AppleWebKit/537.36 (KHTML, like Gecko) Chrome/133.0.0.0 Safari/537.36"
189.243.238.36 - - [05/Feb/2025:16:13:16 -0600] "GET /cpsess6127543594/frontend/jupiter/images/symbol-add.gif HTTP/1.1" 200 590 "https://cpanel.tjamich.gob.mx/cpsess6127543594/frontend/jupiter/filemanager/index.html" "Mozilla/5.0 (Windows NT 10.0; Win64; x64) AppleWebKit/537.36 (KHTML, like Gecko) Chrome/133.0.0.0 Safari/537.36"
189.243.238.36 - - [05/Feb/2025:16:13:16 -0600] "GET /cPanel_magic_revision_1679593206/frontend/jupiter/js/filemanager_optimized.js HTTP/1.1" 200 22001 "https://cpanel.tjamich.gob.mx/cpsess6127543594/frontend/jupiter/filemanager/index.html" "Mozilla/5.0 (Windows NT 10.0; Win64; x64) AppleWebKit/537.36 (KHTML, like Gecko) Chrome/133.0.0.0 Safari/537.36"
189.243.238.36 - - [05/Feb/2025:16:13:16 -0600] "GET /cPanel_magic_revision_1642629671/yui-gen/data/data.js HTTP/1.1" 200 98532 "https://cpanel.tjamich.gob.mx/cpsess6127543594/frontend/jupiter/filemanager/index.html" "Mozilla/5.0 (Windows NT 10.0; Win64; x64) AppleWebKit/537.36 (KHTML, like Gecko) Chrome/133.0.0.0 Safari/537.36"
189.243.238.36 - - [05/Feb/2025:16:13:16 -0600] "GET /cPanel_magic_revision_1648610195/frontend/jupiter/libraries/ui-fonts/open_sans/optimized/OpenSans-Regular-webfont.woff HTTP/1.1" 200 22660 "https://cpanel.tjamich.gob.mx/cPanel_magic_revision_1648610195/frontend/jupiter/libraries/ui-fonts/open_sans/optimized/open_sans.min.css" "Mozilla/5.0 (Windows NT 10.0; Win64; x64) AppleWebKit/537.36 (KHTML, like Gecko) Chrome/133.0.0.0 Safari/537.36"
189.243.238.36 - - [05/Feb/2025:16:13:16 -0600] "GET /cPanel_magic_revision_1648609965/frontend/jupiter/libraries/bootstrap/optimized/fonts/glyphicons-halflings-regular.woff HTTP/1.1" 200 23320 "https://cpanel.tjamich.gob.mx/cPanel_magic_revision_1648609965/frontend/jupiter/libraries/bootstrap/optimized/css/bootstrap.min.css" "Mozilla/5.0 (Windows NT 10.0; Win64; x64) AppleWebKit/537.36 (KHTML, like Gecko) Chrome/133.0.0.0 Safari/537.36"
189.243.238.36 - - [05/Feb/2025:16:13:16 -0600] "GET /cPanel_magic_revision_1656537159/frontend/jupiter/libraries/fontawesome/webfonts/fa-regular-400.woff2 HTTP/1.1" 200 13224 "https://cpanel.tjamich.gob.mx/cPanel_magic_revision_1656537159/frontend/jupiter/libraries/fontawesome/css/all.min.css" "Mozilla/5.0 (Windows NT 10.0; Win64; x64) AppleWebKit/537.36 (KHTML, like Gecko) Chrome/133.0.0.0 Safari/537.36"
189.243.238.36 - - [05/Feb/2025:16:13:16 -0600] "GET /cPanel_magic_revision_1656537159/frontend/jupiter/libraries/fontawesome/webfonts/fa-solid-900.woff2 HTTP/1.1" 200 78260 "https://cpanel.tjamich.gob.mx/cPanel_magic_revision_1656537159/frontend/jupiter/libraries/fontawesome/css/all.min.css" "Mozilla/5.0 (Windows NT 10.0; Win64; x64) AppleWebKit/537.36 (KHTML, like Gecko) Chrome/133.0.0.0 Safari/537.36"
189.243.238.36 - - [05/Feb/2025:16:13:17 -0600] "GET /cPanel_magic_revision_0/cjt/images/loading.gif HTTP/1.1" 200 673 "https://cpanel.tjamich.gob.mx/cpsess6127543594/frontend/jupiter/filemanager/index.html" "Mozilla/5.0 (Windows NT 10.0; Win64; x64) AppleWebKit/537.36 (KHTML, like Gecko) Chrome/133.0.0.0 Safari/537.36"
189.243.238.36 - - [05/Feb/2025:16:13:17 -0600] "GET /favicon.ico HTTP/1.1" 200 661 "https://cpanel.tjamich.gob.mx/cpsess6127543594/frontend/jupiter/filemanager/index.html" "Mozilla/5.0 (Windows NT 10.0; Win64; x64) AppleWebKit/537.36 (KHTML, like Gecko) Chrome/133.0.0.0 Safari/537.36"
189.243.238.36 - - [05/Feb/2025:16:13:17 -0600] "GET /cpsess6127543594/json-api/cpanel?cpanel_jsonapi_module=Fileman&cpanel_jsonapi_func=listfiles&cpanel_jsonapi_apiversion=2&needmime=1&dir=%2fhome%2ftjamichg&showdotfiles=1&cache_fix=1738793596713 HTTP/1.1" 200 2780 "https://cpanel.tjamich.gob.mx/cpsess6127543594/frontend/jupiter/filemanager/index.html" "Mozilla/5.0 (Windows NT 10.0; Win64; x64) AppleWebKit/537.36 (KHTML, like Gecko) Chrome/133.0.0.0 Safari/537.36"
189.243.238.36 - - [05/Feb/2025:16:13:17 -0600] "POST /cpsess6127543594/json-api/cpanel HTTP/1.1" 200 1479 "https://cpanel.tjamich.gob.mx/cpsess6127543594/frontend/jupiter/filemanager/index.html" "Mozilla/5.0 (Windows NT 10.0; Win64; x64) AppleWebKit/537.36 (KHTML, like Gecko) Chrome/133.0.0.0 Safari/537.36"
189.243.238.36 - - [05/Feb/2025:16:13:17 -0600] "GET /cPanel_magic_revision_1648610195/frontend/jupiter/libraries/ui-fonts/open_sans/optimized/OpenSans-Bold-webfont.woff HTTP/1.1" 200 22432 "https://cpanel.tjamich.gob.mx/cPanel_magic_revision_1648610195/frontend/jupiter/libraries/ui-fonts/open_sans/optimized/open_sans.min.css" "Mozilla/5.0 (Windows NT 10.0; Win64; x64) AppleWebKit/537.36 (KHTML, like Gecko) Chrome/133.0.0.0 Safari/537.36"
189.243.238.36 - - [05/Feb/2025:16:13:17 -0600] "GET /cpsess6127543594/json-api/cpanel?cpanel_jsonapi_module=DomainLookup&cpanel_jsonapi_func=getdocroots&cpanel_jsonapi_apiversion=2 HTTP/1.1" 200 242 "https://cpanel.tjamich.gob.mx/cpsess6127543594/frontend/jupiter/filemanager/index.html" "Mozilla/5.0 (Windows NT 10.0; Win64; x64) AppleWebKit/537.36 (KHTML, like Gecko) Chrome/133.0.0.0 Safari/537.36"
52.167.144.156 - - [05/Feb/2025:16:13:33 -0600] "GET /archivo/Pleno/2018/04-ABRIL/pdf/view-box_2021/view-box_2021/Quienes-Somos HTTP/1.1" 301 311 "-" "Mozilla/5.0 AppleWebKit/537.36 (KHTML, like Gecko; compatible; bingbot/2.0; +http://www.bing.com/bingbot.htm) Chrome/116.0.1938.76 Safari/537.36"
187.195.110.68 - - [05/Feb/2025:16:13:35 -0600] "POST /cpsess0556275423/3rdparty/roundcube/?_task=mail&_action=refresh HTTP/1.1" 200 135 "https://webmail.tjamich.gob.mx/cpsess0556275423/3rdparty/roundcube/?_task=mail&_mbox=INBOX" "Mozilla/5.0 (Windows NT 10.0; Win64; x64) AppleWebKit/537.36 (KHTML, like Gecko) Chrome/132.0.0.0 Safari/537.36"
189.243.238.36 - - [05/Feb/2025:16:13:59 -0600] "POST /cpsess9781436776/3rdparty/roundcube/?_task=mail&_action=refresh HTTP/1.1" 200 12366 "https://webmail.tjamich.gob.mx/cpsess9781436776/3rdparty/roundcube/?_task=mail&_mbox=INBOX" "Mozilla/5.0 (Windows NT 10.0; Win64; x64) AppleWebKit/537.36 (KHTML, like Gecko) Chrome/132.0.0.0 Safari/537.36"
177.240.136.164 - - [05/Feb/2025:16:14:33 -0600] "-" 408 - "-" "-"
177.240.136.164 - - [05/Feb/2025:16:14:33 -0600] "-" 408 - "-" "-"
187.195.110.68 - - [05/Feb/2025:16:14:35 -0600] "POST /cpsess0556275423/3rdparty/roundcube/?_task=mail&_action=refresh HTTP/1.1" 200 135 "https://webmail.tjamich.gob.mx/cpsess0556275423/3rdparty/roundcube/?_task=mail&_mbox=INBOX" "Mozilla/5.0 (Windows NT 10.0; Win64; x64) AppleWebKit/537.36 (KHTML, like Gecko) Chrome/132.0.0.0 Safari/537.36"
66.249.77.200 - - [05/Feb/2025:16:14:36 -0600] "GET /098241073343.shtml HTTP/1.1" 301 256 "-" "Mozilla/5.0 (Linux; Android 6.0.1; Nexus 5X Build/MMB29P) AppleWebKit/537.36 (KHTML, like Gecko) Chrome/132.0.6834.159 Mobile Safari/537.36 (compatible; Googlebot/2.1; +http://www.google.com/bot.html)"
189.243.238.36 - - [05/Feb/2025:16:14:59 -0600] "GET /cpsess6127543594/json-api/cpanel?cpanel_jsonapi_module=Fileman&cpanel_jsonapi_func=listfiles&cpanel_jsonapi_apiversion=2&needmime=1&dir=%2fhome%2ftjamichg%2fintranet.tjamich.gob.mx&showdotfiles=1&cache_fix=1738793698379 HTTP/1.1" 200 691 "https://cpanel.tjamich.gob.mx/cpsess6127543594/frontend/jupiter/filemanager/index.html" "Mozilla/5.0 (Windows NT 10.0; Win64; x64) AppleWebKit/537.36 (KHTML, like Gecko) Chrome/133.0.0.0 Safari/537.36"
189.243.238.36 - - [05/Feb/2025:16:15:00 -0600] "GET /cpsess6127543594/json-api/cpanel?cpanel_jsonapi_module=Fileman&cpanel_jsonapi_func=listfiles&cpanel_jsonapi_apiversion=2&needmime=1&dir=%2fhome%2ftjamichg%2fintranet.tjamich.gob.mx%2fintranet&showdotfiles=1&cache_fix=1738793700002 HTTP/1.1" 200 2196 "https://cpanel.tjamich.gob.mx/cpsess6127543594/frontend/jupiter/filemanager/index.html" "Mozilla/5.0 (Windows NT 10.0; Win64; x64) AppleWebKit/537.36 (KHTML, like Gecko) Chrome/133.0.0.0 Safari/537.36"
189.243.238.36 - - [05/Feb/2025:16:15:02 -0600] "GET /cpsess6127543594/json-api/cpanel?cpanel_jsonapi_module=Fileman&cpanel_jsonapi_func=listfiles&cpanel_jsonapi_apiversion=2&needmime=1&dir=%2fhome%2ftjamichg%2fintranet.tjamich.gob.mx%2fintranet%2fsistemas&showdotfiles=1&cache_fix=1738793701991 HTTP/1.1" 200 1138 "https://cpanel.tjamich.gob.mx/cpsess6127543594/frontend/jupiter/filemanager/index.html" "Mozilla/5.0 (Windows NT 10.0; Win64; x64) AppleWebKit/537.36 (KHTML, like Gecko) Chrome/133.0.0.0 Safari/537.36"
66.249.72.141 - - [05/Feb/2025:16:15:03 -0600] "GET /item/gvram41opvrs46806.html HTTP/1.1" 301 265 "-" "Mozilla/5.0 (Linux; Android 6.0.1; Nexus 5X Build/MMB29P) AppleWebKit/537.36 (KHTML, like Gecko) Chrome/132.0.6834.159 Mobile Safari/537.36 (compatible; GoogleOther)"
189.243.238.36 - - [05/Feb/2025:16:15:04 -0600] "GET /cpsess6127543594/json-api/cpanel?cpanel_jsonapi_module=Fileman&cpanel_jsonapi_func=listfiles&cpanel_jsonapi_apiversion=2&needmime=1&dir=%2fhome%2ftjamichg%2fintranet.tjamich.gob.mx%2fintranet%2fsistemas%2fcontraloria&showdotfiles=1&cache_fix=1738793704337 HTTP/1.1" 200 430 "https://cpanel.tjamich.gob.mx/cpsess6127543594/frontend/jupiter/filemanager/index.html" "Mozilla/5.0 (Windows NT 10.0; Win64; x64) AppleWebKit/537.36 (KHTML, like Gecko) Chrome/133.0.0.0 Safari/537.36"
189.243.238.36 - - [05/Feb/2025:16:15:06 -0600] "GET /cpsess6127543594/json-api/cpanel?cpanel_jsonapi_module=Fileman&cpanel_jsonapi_func=listfiles&cpanel_jsonapi_apiversion=2&needmime=1&dir=%2fhome%2ftjamichg%2fintranet.tjamich.gob.mx%2fintranet%2fsistemas%2fcontraloria%2fdeclaraciones&showdotfiles=1&cache_fix=1738793705909 HTTP/1.1" 200 2491 "https://cpanel.tjamich.gob.mx/cpsess6127543594/frontend/jupiter/filemanager/index.html" "Mozilla/5.0 (Windows NT 10.0; Win64; x64) AppleWebKit/537.36 (KHTML, like Gecko) Chrome/133.0.0.0 Safari/537.36"
189.243.238.36 - - [05/Feb/2025:16:15:22 -0600] "GET /cPanel_magic_revision_1649538026/frontend/jupiter/filemanager/img/panel/close.gif HTTP/1.1" 200 745 "https://cpanel.tjamich.gob.mx/cPanel_magic_revision_1649538026/frontend/jupiter/filemanager/css/tree_styles2_optimized.css" "Mozilla/5.0 (Windows NT 10.0; Win64; x64) AppleWebKit/537.36 (KHTML, like Gecko) Chrome/133.0.0.0 Safari/537.36"
189.243.238.36 - - [05/Feb/2025:16:15:22 -0600] "GET /cpsess6127543594/frontend/jupiter/filemanager/editit.html?file=content_find_declaraciones.php&fileop=&dir=%2Fhome%2Ftjamichg%2Fintranet.tjamich.gob.mx%2Fintranet%2Fsistemas%2Fcontraloria%2Fdeclaraciones&dirop=&charset=&file_charset=_DETECT_&baseurl=&basedir=&edit=1 HTTP/1.1" 200 16208 "https://cpanel.tjamich.gob.mx/cpsess6127543594/frontend/jupiter/filemanager/index.html" "Mozilla/5.0 (Windows NT 10.0; Win64; x64) AppleWebKit/537.36 (KHTML, like Gecko) Chrome/133.0.0.0 Safari/537.36"
189.243.238.36 - - [05/Feb/2025:16:15:22 -0600] "GET /cPanel_magic_revision_1659026171/frontend/jupiter/js/filemanager_editors_optimized.js HTTP/1.1" 200 2026 "https://cpanel.tjamich.gob.mx/cpsess6127543594/frontend/jupiter/filemanager/editit.html?file=content_find_declaraciones.php&fileop=&dir=%2Fhome%2Ftjamichg%2Fintranet.tjamich.gob.mx%2Fintranet%2Fsistemas%2Fcontraloria%2Fdeclaraciones&dirop=&charset=&file_charset=_DETECT_&baseurl=&basedir=&edit=1" "Mozilla/5.0 (Windows NT 10.0; Win64; x64) AppleWebKit/537.36 (KHTML, like Gecko) Chrome/133.0.0.0 Safari/537.36"
189.243.238.36 - - [05/Feb/2025:16:15:22 -0600] "GET /cPanel_magic_revision_1642629671/cjt/css/ajaxapp-min.css HTTP/1.1" 200 1967 "https://cpanel.tjamich.gob.mx/cpsess6127543594/frontend/jupiter/filemanager/editit.html?file=content_find_declaraciones.php&fileop=&dir=%2Fhome%2Ftjamichg%2Fintranet.tjamich.gob.mx%2Fintranet%2Fsistemas%2Fcontraloria%2Fdeclaraciones&dirop=&charset=&file_charset=_DETECT_&baseurl=&basedir=&edit=1" "Mozilla/5.0 (Windows NT 10.0; Win64; x64) AppleWebKit/537.36 (KHTML, like Gecko) Chrome/133.0.0.0 Safari/537.36"
189.243.238.36 - - [05/Feb/2025:16:15:22 -0600] "GET /cPanel_magic_revision_1642626608/cjt/images/progress_bar.gif HTTP/1.1" 200 3378 "https://cpanel.tjamich.gob.mx/cpsess6127543594/frontend/jupiter/filemanager/editit.html?file=content_find_declaraciones.php&fileop=&dir=%2Fhome%2Ftjamichg%2Fintranet.tjamich.gob.mx%2Fintranet%2Fsistemas%2Fcontraloria%2Fdeclaraciones&dirop=&charset=&file_charset=_DETECT_&baseurl=&basedir=&edit=1" "Mozilla/5.0 (Windows NT 10.0; Win64; x64) AppleWebKit/537.36 (KHTML, like Gecko) Chrome/133.0.0.0 Safari/537.36"
189.243.238.36 - - [05/Feb/2025:16:15:22 -0600] "GET /cPanel_magic_revision_1642626608/cjt/images/check.png HTTP/1.1" 200 524 "https://cpanel.tjamich.gob.mx/cpsess6127543594/frontend/jupiter/filemanager/editit.html?file=content_find_declaraciones.php&fileop=&dir=%2Fhome%2Ftjamichg%2Fintranet.tjamich.gob.mx%2Fintranet%2Fsistemas%2Fcontraloria%2Fdeclaraciones&dirop=&charset=&file_charset=_DETECT_&baseurl=&basedir=&edit=1" "Mozilla/5.0 (Windows NT 10.0; Win64; x64) AppleWebKit/537.36 (KHTML, like Gecko) Chrome/133.0.0.0 Safari/537.36"
189.243.238.36 - - [05/Feb/2025:16:15:22 -0600] "GET /cPanel_magic_revision_1684431320/cjt/ajaxapp-min.js HTTP/1.1" 200 12582 "https://cpanel.tjamich.gob.mx/cpsess6127543594/frontend/jupiter/filemanager/editit.html?file=content_find_declaraciones.php&fileop=&dir=%2Fhome%2Ftjamichg%2Fintranet.tjamich.gob.mx%2Fintranet%2Fsistemas%2Fcontraloria%2Fdeclaraciones&dirop=&charset=&file_charset=_DETECT_&baseurl=&basedir=&edit=1" "Mozilla/5.0 (Windows NT 10.0; Win64; x64) AppleWebKit/537.36 (KHTML, like Gecko) Chrome/133.0.0.0 Safari/537.36"
189.243.238.36 - - [05/Feb/2025:16:15:22 -0600] "GET /cPanel_magic_revision_1648610195/frontend/jupiter/libraries/ui-fonts/open_sans/optimized/OpenSans-ExtraBold-webfont.woff HTTP/1.1" 200 23764 "https://cpanel.tjamich.gob.mx/cPanel_magic_revision_1648610195/frontend/jupiter/libraries/ui-fonts/open_sans/optimized/open_sans.min.css" "Mozilla/5.0 (Windows NT 10.0; Win64; x64) AppleWebKit/537.36 (KHTML, like Gecko) Chrome/133.0.0.0 Safari/537.36"
189.243.238.36 - - [05/Feb/2025:16:15:23 -0600] "GET /cPanel_magic_revision_1660667369/frontend/jupiter/libraries/editarea/0.8.2/edit_area/edit_area_full.js HTTP/1.1" 200 30726 "https://cpanel.tjamich.gob.mx/cpsess6127543594/frontend/jupiter/filemanager/editit.html?file=content_find_declaraciones.php&fileop=&dir=%2Fhome%2Ftjamichg%2Fintranet.tjamich.gob.mx%2Fintranet%2Fsistemas%2Fcontraloria%2Fdeclaraciones&dirop=&charset=&file_charset=_DETECT_&baseurl=&basedir=&edit=1" "Mozilla/5.0 (Windows NT 10.0; Win64; x64) AppleWebKit/537.36 (KHTML, like Gecko) Chrome/133.0.0.0 Safari/537.36"
189.243.238.36 - - [05/Feb/2025:16:15:23 -0600] "GET /cPanel_magic_revision_1649538286/frontend/jupiter/js/edit_area_resizer.js HTTP/1.1" 200 810 "https://cpanel.tjamich.gob.mx/cpsess6127543594/frontend/jupiter/filemanager/editit.html?file=content_find_declaraciones.php&fileop=&dir=%2Fhome%2Ftjamichg%2Fintranet.tjamich.gob.mx%2Fintranet%2Fsistemas%2Fcontraloria%2Fdeclaraciones&dirop=&charset=&file_charset=_DETECT_&baseurl=&basedir=&edit=1" "Mozilla/5.0 (Windows NT 10.0; Win64; x64) AppleWebKit/537.36 (KHTML, like Gecko) Chrome/133.0.0.0 Safari/537.36"
189.243.238.36 - - [05/Feb/2025:16:15:23 -0600] "GET /cPanel_magic_revision_1518373903/frontend/jupiter/libraries/ace-editor/optimized/src-min-noconflict/ext-modelist.js HTTP/1.1" 200 2100 "https://cpanel.tjamich.gob.mx/cpsess6127543594/frontend/jupiter/filemanager/editit.html?file=content_find_declaraciones.php&fileop=&dir=%2Fhome%2Ftjamichg%2Fintranet.tjamich.gob.mx%2Fintranet%2Fsistemas%2Fcontraloria%2Fdeclaraciones&dirop=&charset=&file_charset=_DETECT_&baseurl=&basedir=&edit=1" "Mozilla/5.0 (Windows NT 10.0; Win64; x64) AppleWebKit/537.36 (KHTML, like Gecko) Chrome/133.0.0.0 Safari/537.36"
189.243.238.36 - - [05/Feb/2025:16:15:22 -0600] "GET /cPanel_magic_revision_1518373903/frontend/jupiter/libraries/ace-editor/optimized/src-min-noconflict/ace.js HTTP/1.1" 200 100721 "https://cpanel.tjamich.gob.mx/cpsess6127543594/frontend/jupiter/filemanager/editit.html?file=content_find_declaraciones.php&fileop=&dir=%2Fhome%2Ftjamichg%2Fintranet.tjamich.gob.mx%2Fintranet%2Fsistemas%2Fcontraloria%2Fdeclaraciones&dirop=&charset=&file_charset=_DETECT_&baseurl=&basedir=&edit=1" "Mozilla/5.0 (Windows NT 10.0; Win64; x64) AppleWebKit/537.36 (KHTML, like Gecko) Chrome/133.0.0.0 Safari/537.36"
189.243.238.36 - - [05/Feb/2025:16:15:23 -0600] "GET /cPanel_magic_revision_1614706040/frontend/jupiter/libraries/jquery/current/jquery.min.js HTTP/1.1" 200 32069 "https://cpanel.tjamich.gob.mx/cpsess6127543594/frontend/jupiter/filemanager/editit.html?file=content_find_declaraciones.php&fileop=&dir=%2Fhome%2Ftjamichg%2Fintranet.tjamich.gob.mx%2Fintranet%2Fsistemas%2Fcontraloria%2Fdeclaraciones&dirop=&charset=&file_charset=_DETECT_&baseurl=&basedir=&edit=1" "Mozilla/5.0 (Windows NT 10.0; Win64; x64) AppleWebKit/537.36 (KHTML, like Gecko) Chrome/133.0.0.0 Safari/537.36"
189.243.238.36 - - [05/Feb/2025:16:15:23 -0600] "GET /cPanel_magic_revision_1518373903/frontend/jupiter/libraries/ace-editor/optimized/src-min-noconflict/theme-chrome.js HTTP/1.1" 200 990 "https://cpanel.tjamich.gob.mx/cpsess6127543594/frontend/jupiter/filemanager/editit.html?file=content_find_declaraciones.php&fileop=&dir=%2Fhome%2Ftjamichg%2Fintranet.tjamich.gob.mx%2Fintranet%2Fsistemas%2Fcontraloria%2Fdeclaraciones&dirop=&charset=&file_charset=_DETECT_&baseurl=&basedir=&edit=1" "Mozilla/5.0 (Windows NT 10.0; Win64; x64) AppleWebKit/537.36 (KHTML, like Gecko) Chrome/133.0.0.0 Safari/537.36"
189.243.238.36 - - [05/Feb/2025:16:15:23 -0600] "GET /cPanel_magic_revision_1518373903/frontend/jupiter/libraries/ace-editor/optimized/src-min-noconflict/mode-php.js HTTP/1.1" 200 123449 "https://cpanel.tjamich.gob.mx/cpsess6127543594/frontend/jupiter/filemanager/editit.html?file=content_find_declaraciones.php&fileop=&dir=%2Fhome%2Ftjamichg%2Fintranet.tjamich.gob.mx%2Fintranet%2Fsistemas%2Fcontraloria%2Fdeclaraciones&dirop=&charset=&file_charset=_DETECT_&baseurl=&basedir=&edit=1" "Mozilla/5.0 (Windows NT 10.0; Win64; x64) AppleWebKit/537.36 (KHTML, like Gecko) Chrome/133.0.0.0 Safari/537.36"
189.243.238.36 - - [05/Feb/2025:16:15:24 -0600] "GET /cPanel_magic_revision_1518373903/frontend/jupiter/libraries/ace-editor/optimized/src-min-noconflict/worker-php.js HTTP/1.1" 200 22236 "-" "Mozilla/5.0 (Windows NT 10.0; Win64; x64) AppleWebKit/537.36 (KHTML, like Gecko) Chrome/133.0.0.0 Safari/537.36"
182.2.164.8 - - [05/Feb/2025:16:15:27 -0600] "POST /wp-login.php HTTP/1.1" 403 - "-" "python-requests/2.32.3"
187.195.110.68 - - [05/Feb/2025:16:15:35 -0600] "POST /cpsess0556275423/3rdparty/roundcube/?_task=mail&_action=refresh HTTP/1.1" 200 135 "https://webmail.tjamich.gob.mx/cpsess0556275423/3rdparty/roundcube/?_task=mail&_mbox=INBOX" "Mozilla/5.0 (Windows NT 10.0; Win64; x64) AppleWebKit/537.36 (KHTML, like Gecko) Chrome/132.0.0.0 Safari/537.36"
189.243.238.36 - - [05/Feb/2025:16:15:56 -0600] "GET /cjt/images/progress_bar.gif HTTP/1.1" 200 3378 "https://cpanel.tjamich.gob.mx/cPanel_magic_revision_1642629671/cjt/css/ajaxapp-min.css" "Mozilla/5.0 (Windows NT 10.0; Win64; x64) AppleWebKit/537.36 (KHTML, like Gecko) Chrome/133.0.0.0 Safari/537.36"
189.243.238.36 - - [05/Feb/2025:16:15:56 -0600] "POST /cpsess6127543594/json-api/cpanel HTTP/1.1" 200 244 "https://cpanel.tjamich.gob.mx/cpsess6127543594/frontend/jupiter/filemanager/editit.html?file=content_find_declaraciones.php&fileop=&dir=%2Fhome%2Ftjamichg%2Fintranet.tjamich.gob.mx%2Fintranet%2Fsistemas%2Fcontraloria%2Fdeclaraciones&dirop=&charset=&file_charset=_DETECT_&baseurl=&basedir=&edit=1" "Mozilla/5.0 (Windows NT 10.0; Win64; x64) AppleWebKit/537.36 (KHTML, like Gecko) Chrome/133.0.0.0 Safari/537.36"
189.243.238.36 - - [05/Feb/2025:16:15:56 -0600] "GET /cjt/images/check.png HTTP/1.1" 200 524 "https://cpanel.tjamich.gob.mx/cPanel_magic_revision_1642629671/cjt/css/ajaxapp-min.css" "Mozilla/5.0 (Windows NT 10.0; Win64; x64) AppleWebKit/537.36 (KHTML, like Gecko) Chrome/133.0.0.0 Safari/537.36"
189.243.238.36 - - [05/Feb/2025:16:15:59 -0600] "POST /cpsess9781436776/3rdparty/roundcube/?_task=mail&_action=refresh HTTP/1.1" 200 12365 "https://webmail.tjamich.gob.mx/cpsess9781436776/3rdparty/roundcube/?_task=mail&_mbox=INBOX" "Mozilla/5.0 (Windows NT 10.0; Win64; x64) AppleWebKit/537.36 (KHTML, like Gecko) Chrome/132.0.0.0 Safari/537.36"
66.249.77.198 - - [05/Feb/2025:16:16:03 -0600] "GET /item/mwncm259qkmpy29567.html HTTP/1.1" 301 266 "-" "Mozilla/5.0 (Linux; Android 6.0.1; Nexus 5X Build/MMB29P) AppleWebKit/537.36 (KHTML, like Gecko) Chrome/132.0.6834.159 Mobile Safari/537.36 (compatible; GoogleOther)"
66.249.77.198 - - [05/Feb/2025:16:16:18 -0600] "GET /907371564715.shtml HTTP/1.1" 301 256 "-" "Mozilla/5.0 (Linux; Android 6.0.1; Nexus 5X Build/MMB29P) AppleWebKit/537.36 (KHTML, like Gecko) Chrome/132.0.6834.159 Mobile Safari/537.36 (compatible; Googlebot/2.1; +http://www.google.com/bot.html)"
66.249.72.140 - - [05/Feb/2025:16:16:19 -0600] "GET /sisofi/uploads/09-04-2019/JA-0258-2018-II.pdf HTTP/1.1" 301 283 "-" "Mozilla/5.0 (Linux; Android 6.0.1; Nexus 5X Build/MMB29P) AppleWebKit/537.36 (KHTML, like Gecko) Chrome/132.0.6834.159 Mobile Safari/537.36 (compatible; Googlebot/2.1; +http://www.google.com/bot.html)"
189.243.238.36 - - [05/Feb/2025:16:16:27 -0600] "GET /cpsess6127543594/frontend/jupiter/filemanager/editit.html?file=page_find_declaraciones2.php&fileop=&dir=%2Fhome%2Ftjamichg%2Fintranet.tjamich.gob.mx%2Fintranet%2Fsistemas%2Fcontraloria%2Fdeclaraciones&dirop=&charset=&file_charset=_DETECT_&baseurl=&basedir=&edit=1 HTTP/1.1" 200 10301 "https://cpanel.tjamich.gob.mx/cpsess6127543594/frontend/jupiter/filemanager/index.html" "Mozilla/5.0 (Windows NT 10.0; Win64; x64) AppleWebKit/537.36 (KHTML, like Gecko) Chrome/133.0.0.0 Safari/537.36"
187.195.110.68 - - [05/Feb/2025:16:16:35 -0600] "POST /cpsess0556275423/3rdparty/roundcube/?_task=mail&_action=refresh HTTP/1.1" 200 135 "https://webmail.tjamich.gob.mx/cpsess0556275423/3rdparty/roundcube/?_task=mail&_mbox=INBOX" "Mozilla/5.0 (Windows NT 10.0; Win64; x64) AppleWebKit/537.36 (KHTML, like Gecko) Chrome/132.0.0.0 Safari/537.36"
189.243.238.36 - - [05/Feb/2025:16:16:35 -0600] "GET /cpsess6127543594/frontend/jupiter/filemanager/editit.html?file=content_find_declaraciones_bk.php&fileop=&dir=%2Fhome%2Ftjamichg%2Fintranet.tjamich.gob.mx%2Fintranet%2Fsistemas%2Fcontraloria%2Fdeclaraciones&dirop=&charset=&file_charset=_DETECT_&baseurl=&basedir=&edit=1 HTTP/1.1" 200 13988 "https://cpanel.tjamich.gob.mx/cpsess6127543594/frontend/jupiter/filemanager/index.html" "Mozilla/5.0 (Windows NT 10.0; Win64; x64) AppleWebKit/537.36 (KHTML, like Gecko) Chrome/133.0.0.0 Safari/537.36"
156.59.198.135 - - [05/Feb/2025:16:16:40 -0600] "GET /img/noticias/121_PORTADA01dediciembrede2021.png HTTP/1.1" 301 285 "-" "Mozilla/5.0 (Linux; Android 5.0) AppleWebKit/537.36 (KHTML, like Gecko) Mobile Safari/537.36 (compatible; Bytespider; spider-feedback@bytedance.com)"
66.249.77.198 - - [05/Feb/2025:16:16:49 -0600] "GET /91819985439.shtml HTTP/1.1" 301 255 "-" "Mozilla/5.0 (Linux; Android 6.0.1; Nexus 5X Build/MMB29P) AppleWebKit/537.36 (KHTML, like Gecko) Chrome/132.0.6834.159 Mobile Safari/537.36 (compatible; GoogleOther)"
189.243.238.36 - - [05/Feb/2025:16:17:05 -0600] "POST /cpsess6127543594/json-api/cpanel HTTP/1.1" 200 247 "https://cpanel.tjamich.gob.mx/cpsess6127543594/frontend/jupiter/filemanager/editit.html?file=content_find_declaraciones_bk.php&fileop=&dir=%2Fhome%2Ftjamichg%2Fintranet.tjamich.gob.mx%2Fintranet%2Fsistemas%2Fcontraloria%2Fdeclaraciones&dirop=&charset=&file_charset=_DETECT_&baseurl=&basedir=&edit=1" "Mozilla/5.0 (Windows NT 10.0; Win64; x64) AppleWebKit/537.36 (KHTML, like Gecko) Chrome/133.0.0.0 Safari/537.36"
189.243.238.36 - - [05/Feb/2025:16:17:08 -0600] "GET /cpsess6127543594/3rdparty/phpMyAdmin/index.php?route=/database/structure&db=tjamichg_intranet&ajax_request=true&ajax_page_request=true&_nocache=1738793828211648398&token=512969634a2766582e58794a25505828 HTTP/1.1" 200 35688 "-" "Mozilla/5.0 (Windows NT 10.0; Win64; x64) AppleWebKit/537.36 (KHTML, like Gecko) Chrome/133.0.0.0 Safari/537.36"
189.243.238.36 - - [05/Feb/2025:16:17:14 -0600] "GET /cpsess6127543594/3rdparty/phpMyAdmin/index.php?route=/sql&db=tjamichg_intranet&table=tjam_empleados&pos=0&ajax_request=true&ajax_page_request=true&_nocache=1738793833276379176&token=512969634a2766582e58794a25505828 HTTP/1.1" 200 147946 "-" "Mozilla/5.0 (Windows NT 10.0; Win64; x64) AppleWebKit/537.36 (KHTML, like Gecko) Chrome/133.0.0.0 Safari/537.36"
189.243.238.36 - - [05/Feb/2025:16:17:15 -0600] "GET /cpsess6127543594/3rdparty/phpMyAdmin/index.php?route=/recent-table&ajax_request=1&recent_table=1&no_debug=true&_nocache=1738793835377933538&token=512969634a2766582e58794a25505828 HTTP/1.1" 200 1531 "-" "Mozilla/5.0 (Windows NT 10.0; Win64; x64) AppleWebKit/537.36 (KHTML, like Gecko) Chrome/133.0.0.0 Safari/537.36"
66.249.77.198 - - [05/Feb/2025:16:17:25 -0600] "GET / HTTP/1.1" 301 238 "-" "GoogleBot"
189.243.238.36 - - [05/Feb/2025:16:17:30 -0600] "POST /cpsess6127543594/3rdparty/phpMyAdmin/index.php?route=/table/replace HTTP/1.1" 200 2068 "-" "Mozilla/5.0 (Windows NT 10.0; Win64; x64) AppleWebKit/537.36 (KHTML, like Gecko) Chrome/133.0.0.0 Safari/537.36"
187.195.110.68 - - [05/Feb/2025:16:17:35 -0600] "POST /cpsess0556275423/3rdparty/roundcube/?_task=mail&_action=refresh HTTP/1.1" 200 135 "https://webmail.tjamich.gob.mx/cpsess0556275423/3rdparty/roundcube/?_task=mail&_mbox=INBOX" "Mozilla/5.0 (Windows NT 10.0; Win64; x64) AppleWebKit/537.36 (KHTML, like Gecko) Chrome/132.0.0.0 Safari/537.36"
189.243.238.36 - - [05/Feb/2025:16:17:59 -0600] "POST /cpsess9781436776/3rdparty/roundcube/?_task=mail&_action=refresh HTTP/1.1" 200 12365 "https://webmail.tjamich.gob.mx/cpsess9781436776/3rdparty/roundcube/?_task=mail&_mbox=INBOX" "Mozilla/5.0 (Windows NT 10.0; Win64; x64) AppleWebKit/537.36 (KHTML, like Gecko) Chrome/132.0.0.0 Safari/537.36"
66.249.77.198 - - [05/Feb/2025:16:18:27 -0600] "GET /221141669242.shtml HTTP/1.1" 301 256 "-" "Mozilla/5.0 (Linux; Android 6.0.1; Nexus 5X Build/MMB29P) AppleWebKit/537.36 (KHTML, like Gecko) Chrome/132.0.6834.159 Mobile Safari/537.36 (compatible; Googlebot/2.1; +http://www.google.com/bot.html)"
187.195.110.68 - - [05/Feb/2025:16:18:35 -0600] "POST /cpsess0556275423/3rdparty/roundcube/?_task=mail&_action=refresh HTTP/1.1" 200 135 "https://webmail.tjamich.gob.mx/cpsess0556275423/3rdparty/roundcube/?_task=mail&_mbox=INBOX" "Mozilla/5.0 (Windows NT 10.0; Win64; x64) AppleWebKit/537.36 (KHTML, like Gecko) Chrome/132.0.0.0 Safari/537.36"
66.249.77.199 - - [05/Feb/2025:16:18:52 -0600] "GET /item/ypx43plkwj42577.html HTTP/1.1" 301 263 "-" "Mozilla/5.0 (Linux; Android 6.0.1; Nexus 5X Build/MMB29P) AppleWebKit/537.36 (KHTML, like Gecko) Chrome/132.0.6834.159 Mobile Safari/537.36 (compatible; GoogleOther)"
66.249.77.199 - - [05/Feb/2025:16:19:15 -0600] "GET /item/vsgd43nuffw42544.html HTTP/1.1" 301 264 "-" "Mozilla/5.0 (Linux; Android 6.0.1; Nexus 5X Build/MMB29P) AppleWebKit/537.36 (KHTML, like Gecko) Chrome/132.0.6834.159 Mobile Safari/537.36 (compatible; GoogleOther)"
187.195.110.68 - - [05/Feb/2025:16:19:35 -0600] "POST /cpsess0556275423/3rdparty/roundcube/?_task=mail&_action=refresh HTTP/1.1" 200 135 "https://webmail.tjamich.gob.mx/cpsess0556275423/3rdparty/roundcube/?_task=mail&_mbox=INBOX" "Mozilla/5.0 (Windows NT 10.0; Win64; x64) AppleWebKit/537.36 (KHTML, like Gecko) Chrome/132.0.0.0 Safari/537.36"
52.167.144.231 - - [05/Feb/2025:16:19:52 -0600] "GET /rating170/8ckeq-39834/ HTTP/1.1" 301 260 "-" "Mozilla/5.0 AppleWebKit/537.36 (KHTML, like Gecko; compatible; bingbot/2.0; +http://www.bing.com/bingbot.htm) Chrome/116.0.1938.76 Safari/537.36"
187.173.229.244 - - [05/Feb/2025:16:19:53 -0600] "GET / HTTP/1.1" 301 238 "-" "Mozilla/5.0 (Windows NT 10.0; Win64; x64) AppleWebKit/537.36 (KHTML, like Gecko) Chrome/132.0.0.0 Safari/537.36"
189.243.238.36 - - [05/Feb/2025:16:19:59 -0600] "POST /cpsess9781436776/3rdparty/roundcube/?_task=mail&_action=refresh HTTP/1.1" 308 152 "https://webmail.tjamich.gob.mx/cpsess9781436776/3rdparty/roundcube/?_task=mail&_mbox=INBOX" "Mozilla/5.0 (Windows NT 10.0; Win64; x64) AppleWebKit/537.36 (KHTML, like Gecko) Chrome/132.0.0.0 Safari/537.36"
189.243.238.36 - - [05/Feb/2025:16:20:00 -0600] "POST /cpsess9781436776/3rdparty/roundcube/?_task=mail&_action=refresh HTTP/1.1" 200 12359 "https://webmail.tjamich.gob.mx/cpsess9781436776/3rdparty/roundcube/?_task=mail&_mbox=INBOX" "Mozilla/5.0 (Windows NT 10.0; Win64; x64) AppleWebKit/537.36 (KHTML, like Gecko) Chrome/132.0.0.0 Safari/537.36"
47.128.60.102 - - [05/Feb/2025:16:20:04 -0600] "GET /robots.txt HTTP/1.1" 301 248 "-" "Mozilla/5.0 (Linux; Android 5.0) AppleWebKit/537.36 (KHTML, like Gecko) Mobile Safari/537.36 (compatible; Bytespider; spider-feedback@bytedance.com)"
52.167.144.202 - - [05/Feb/2025:16:20:30 -0600] "GET /index.php?opc=pleno&q=2024 HTTP/1.1" 301 247 "-" "Mozilla/5.0 AppleWebKit/537.36 (KHTML, like Gecko; compatible; bingbot/2.0; +http://www.bing.com/bingbot.htm) Chrome/116.0.1938.76 Safari/537.36"
187.195.110.68 - - [05/Feb/2025:16:20:35 -0600] "POST /cpsess0556275423/3rdparty/roundcube/?_task=mail&_action=refresh HTTP/1.1" 200 135 "https://webmail.tjamich.gob.mx/cpsess0556275423/3rdparty/roundcube/?_task=mail&_mbox=INBOX" "Mozilla/5.0 (Windows NT 10.0; Win64; x64) AppleWebKit/537.36 (KHTML, like Gecko) Chrome/132.0.0.0 Safari/537.36"
66.249.77.200 - - [05/Feb/2025:16:21:11 -0600] "GET /12307644592.shtml HTTP/1.1" 301 255 "-" "Mozilla/5.0 (Linux; Android 6.0.1; Nexus 5X Build/MMB29P) AppleWebKit/537.36 (KHTML, like Gecko) Chrome/132.0.6834.159 Mobile Safari/537.36 (compatible; Googlebot/2.1; +http://www.google.com/bot.html)"
187.195.110.68 - - [05/Feb/2025:16:21:35 -0600] "POST /cpsess0556275423/3rdparty/roundcube/?_task=mail&_action=refresh HTTP/1.1" 200 135 "https://webmail.tjamich.gob.mx/cpsess0556275423/3rdparty/roundcube/?_task=mail&_mbox=INBOX" "Mozilla/5.0 (Windows NT 10.0; Win64; x64) AppleWebKit/537.36 (KHTML, like Gecko) Chrome/132.0.0.0 Safari/537.36"
189.243.238.36 - - [05/Feb/2025:16:22:00 -0600] "POST /cpsess9781436776/3rdparty/roundcube/?_task=mail&_action=refresh HTTP/1.1" 200 12367 "https://webmail.tjamich.gob.mx/cpsess9781436776/3rdparty/roundcube/?_task=mail&_mbox=INBOX" "Mozilla/5.0 (Windows NT 10.0; Win64; x64) AppleWebKit/537.36 (KHTML, like Gecko) Chrome/132.0.0.0 Safari/537.36"
187.195.110.68 - - [05/Feb/2025:16:22:35 -0600] "POST /cpsess0556275423/3rdparty/roundcube/?_task=mail&_action=refresh HTTP/1.1" 200 135 "https://webmail.tjamich.gob.mx/cpsess0556275423/3rdparty/roundcube/?_task=mail&_mbox=INBOX" "Mozilla/5.0 (Windows NT 10.0; Win64; x64) AppleWebKit/537.36 (KHTML, like Gecko) Chrome/132.0.0.0 Safari/537.36"
66.249.77.198 - - [05/Feb/2025:16:22:41 -0600] "GET /item/wzt152txzhm34466.html HTTP/1.1" 301 264 "-" "Mozilla/5.0 (Linux; Android 6.0.1; Nexus 5X Build/MMB29P) AppleWebKit/537.36 (KHTML, like Gecko) Chrome/132.0.6834.159 Mobile Safari/537.36 (compatible; GoogleOther)"
52.167.144.228 - - [05/Feb/2025:16:22:59 -0600] "GET /sisofi_2018/uploads/09-06-2023/ HTTP/1.1" 301 269 "-" "Mozilla/5.0 AppleWebKit/537.36 (KHTML, like Gecko; compatible; bingbot/2.0; +http://www.bing.com/bingbot.htm) Chrome/116.0.1938.76 Safari/537.36"
40.77.167.17 - - [05/Feb/2025:16:23:32 -0600] "GET /groups/90-x-90-x-110cm/32800078/Juicio-en-Linea HTTP/1.1" 301 285 "-" "Mozilla/5.0 AppleWebKit/537.36 (KHTML, like Gecko; compatible; bingbot/2.0; +http://www.bing.com/bingbot.htm) Chrome/116.0.1938.76 Safari/537.36"
187.195.110.68 - - [05/Feb/2025:16:23:35 -0600] "POST /cpsess0556275423/3rdparty/roundcube/?_task=mail&_action=refresh HTTP/1.1" 200 135 "https://webmail.tjamich.gob.mx/cpsess0556275423/3rdparty/roundcube/?_task=mail&_mbox=INBOX" "Mozilla/5.0 (Windows NT 10.0; Win64; x64) AppleWebKit/537.36 (KHTML, like Gecko) Chrome/132.0.0.0 Safari/537.36"
189.243.238.36 - - [05/Feb/2025:16:24:00 -0600] "POST /cpsess9781436776/3rdparty/roundcube/?_task=mail&_action=refresh HTTP/1.1" 200 12359 "https://webmail.tjamich.gob.mx/cpsess9781436776/3rdparty/roundcube/?_task=mail&_mbox=INBOX" "Mozilla/5.0 (Windows NT 10.0; Win64; x64) AppleWebKit/537.36 (KHTML, like Gecko) Chrome/132.0.0.0 Safari/537.36"
66.249.77.200 - - [05/Feb/2025:16:24:15 -0600] "GET /56510541984.shtml HTTP/1.1" 301 255 "-" "Mozilla/5.0 (Linux; Android 6.0.1; Nexus 5X Build/MMB29P) AppleWebKit/537.36 (KHTML, like Gecko) Chrome/132.0.6834.159 Mobile Safari/537.36 (compatible; Googlebot/2.1; +http://www.google.com/bot.html)"
187.195.110.68 - - [05/Feb/2025:16:24:35 -0600] "POST /cpsess0556275423/3rdparty/roundcube/?_task=mail&_action=refresh HTTP/1.1" 200 135 "https://webmail.tjamich.gob.mx/cpsess0556275423/3rdparty/roundcube/?_task=mail&_mbox=INBOX" "Mozilla/5.0 (Windows NT 10.0; Win64; x64) AppleWebKit/537.36 (KHTML, like Gecko) Chrome/132.0.0.0 Safari/537.36"
51.222.253.13 - - [05/Feb/2025:16:24:51 -0600] "GET /Resultados-Equidad?pagina=-4 HTTP/1.1" 301 266 "-" "Mozilla/5.0 (compatible; AhrefsBot/7.0; +http://ahrefs.com/robot/)"
107.148.95.76 - - [05/Feb/2025:16:25:26 -0600] "GET /wp-includes/install.php HTTP/1.1" 301 261 "https://tjamich.gob.mx/wp-includes/install.php" "Mozilla/5.0 (Windows NT 10.0; Win64; x64) AppleWebKit/537.36 (KHTML, like Gecko) Chrome/58.0.3029.110 Safari/537.3"
107.148.95.76 - - [05/Feb/2025:16:25:27 -0600] "GET / HTTP/1.1" 301 238 "https://tjamich.gob.mx" "Mozilla/5.0 (Windows NT 10.0; Win64; x64) AppleWebKit/537.36 (KHTML, like Gecko) Chrome/58.0.3029.110 Safari/537.3"
