66.249.77.198 - - [05/Feb/2025:10:53:22 -0600] "GET /item/yuht155wjttz45942.html HTTP/1.1" 301 265 "-" "Mozilla/5.0 (Linux; Android 6.0.1; Nexus 5X Build/MMB29P) AppleWebKit/537.36 (KHTML, like Gecko) Chrome/132.0.6834.159 Mobile Safari/537.36 (compatible; Googlebot/2.1; +http://www.google.com/bot.html)"
187.195.110.68 - - [05/Feb/2025:10:53:34 -0600] "POST /cpsess0556275423/3rdparty/roundcube/?_task=mail&_action=refresh HTTP/1.1" 200 135 "https://webmail.tjamich.gob.mx/cpsess0556275423/3rdparty/roundcube/?_task=mail&_mbox=INBOX" "Mozilla/5.0 (Windows NT 10.0; Win64; x64) AppleWebKit/537.36 (KHTML, like Gecko) Chrome/132.0.0.0 Safari/537.36"
200.68.166.37 - - [05/Feb/2025:10:53:39 -0600] "-" 408 - "-" "-"
66.249.77.198 - - [05/Feb/2025:10:53:53 -0600] "GET /160591820 HTTP/1.1" 301 247 "-" "Mozilla/5.0 (Linux; Android 6.0.1; Nexus 5X Build/MMB29P) AppleWebKit/537.36 (KHTML, like Gecko) Chrome/132.0.6834.159 Mobile Safari/537.36 (compatible; Googlebot/2.1; +http://www.google.com/bot.html)"
66.249.77.198 - - [05/Feb/2025:10:53:54 -0600] "GET /282771516723.shtml HTTP/1.1" 301 256 "-" "Mozilla/5.0 (Linux; Android 6.0.1; Nexus 5X Build/MMB29P) AppleWebKit/537.36 (KHTML, like Gecko) Chrome/132.0.6834.159 Mobile Safari/537.36 (compatible; GoogleOther)"
189.243.238.36 - - [05/Feb/2025:10:54:00 -0600] "POST /cpsess9781436776/3rdparty/roundcube/?_task=mail&_action=refresh HTTP/1.1" 308 152 "https://webmail.tjamich.gob.mx/cpsess9781436776/3rdparty/roundcube/?_task=mail&_mbox=INBOX" "Mozilla/5.0 (Windows NT 10.0; Win64; x64) AppleWebKit/537.36 (KHTML, like Gecko) Chrome/132.0.0.0 Safari/537.36"
189.243.238.36 - - [05/Feb/2025:10:54:00 -0600] "POST /cpsess9781436776/3rdparty/roundcube/?_task=mail&_action=refresh HTTP/1.1" 200 12366 "https://webmail.tjamich.gob.mx/cpsess9781436776/3rdparty/roundcube/?_task=mail&_mbox=INBOX" "Mozilla/5.0 (Windows NT 10.0; Win64; x64) AppleWebKit/537.36 (KHTML, like Gecko) Chrome/132.0.0.0 Safari/537.36"
189.243.238.36 - - [05/Feb/2025:10:54:00 -0600] "POST /cpsess9781436776/3rdparty/roundcube/?_task=mail&_action=refresh HTTP/1.1" 401 12396 "https://webmail.tjamich.gob.mx/cpsess9781436776/3rdparty/roundcube/?_task=mail&_mbox=INBOX" "Mozilla/5.0 (Windows NT 10.0; Win64; x64) AppleWebKit/537.36 (KHTML, like Gecko) Chrome/132.0.0.0 Safari/537.36"
66.249.77.199 - - [05/Feb/2025:10:54:18 -0600] "GET /801011654394.shtml HTTP/1.1" 301 256 "-" "Mozilla/5.0 (Linux; Android 6.0.1; Nexus 5X Build/MMB29P) AppleWebKit/537.36 (KHTML, like Gecko) Chrome/132.0.6834.159 Mobile Safari/537.36 (compatible; Googlebot/2.1; +http://www.google.com/bot.html)"
201.124.63.174 - - [05/Feb/2025:10:54:26 -0600] "-" 408 - "-" "-"
201.124.63.174 - - [05/Feb/2025:10:54:26 -0600] "-" 408 - "-" "-"
187.195.110.68 - - [05/Feb/2025:10:54:34 -0600] "POST /cpsess0556275423/3rdparty/roundcube/?_task=mail&_action=refresh HTTP/1.1" 200 135 "https://webmail.tjamich.gob.mx/cpsess0556275423/3rdparty/roundcube/?_task=mail&_mbox=INBOX" "Mozilla/5.0 (Windows NT 10.0; Win64; x64) AppleWebKit/537.36 (KHTML, like Gecko) Chrome/132.0.0.0 Safari/537.36"
189.243.238.36 - - [05/Feb/2025:10:55:00 -0600] "POST /cpsess9781436776/3rdparty/roundcube/?_task=mail&_action=refresh HTTP/1.1" 200 12368 "https://webmail.tjamich.gob.mx/cpsess9781436776/3rdparty/roundcube/?_task=mail&_mbox=INBOX" "Mozilla/5.0 (Windows NT 10.0; Win64; x64) AppleWebKit/537.36 (KHTML, like Gecko) Chrome/132.0.0.0 Safari/537.36"
66.249.77.199 - - [05/Feb/2025:10:55:13 -0600] "GET /719211559278.shtml HTTP/1.1" 301 256 "-" "Mozilla/5.0 (Linux; Android 6.0.1; Nexus 5X Build/MMB29P) AppleWebKit/537.36 (KHTML, like Gecko) Chrome/132.0.6834.159 Mobile Safari/537.36 (compatible; Googlebot/2.1; +http://www.google.com/bot.html)"
35.247.72.17 - - [05/Feb/2025:10:55:14 -0600] "HEAD / HTTP/1.1" 301 - "https://t.co/iAOAbrRNg4" "-"
187.195.110.68 - - [05/Feb/2025:10:55:34 -0600] "POST /cpsess0556275423/3rdparty/roundcube/?_task=mail&_action=refresh HTTP/1.1" 200 135 "https://webmail.tjamich.gob.mx/cpsess0556275423/3rdparty/roundcube/?_task=mail&_mbox=INBOX" "Mozilla/5.0 (Windows NT 10.0; Win64; x64) AppleWebKit/537.36 (KHTML, like Gecko) Chrome/132.0.0.0 Safari/537.36"
66.249.77.198 - - [05/Feb/2025:10:55:55 -0600] "GET /406891568950.shtml HTTP/1.1" 301 256 "-" "Mozilla/5.0 (Linux; Android 6.0.1; Nexus 5X Build/MMB29P) AppleWebKit/537.36 (KHTML, like Gecko) Chrome/132.0.6834.159 Mobile Safari/537.36 (compatible; GoogleOther)"
66.249.77.199 - - [05/Feb/2025:10:55:55 -0600] "GET /249326648 HTTP/1.1" 301 247 "-" "Mozilla/5.0 (Linux; Android 6.0.1; Nexus 5X Build/MMB29P) AppleWebKit/537.36 (KHTML, like Gecko) Chrome/132.0.6834.159 Mobile Safari/537.36 (compatible; Googlebot/2.1; +http://www.google.com/bot.html)"
66.249.77.198 - - [05/Feb/2025:10:55:56 -0600] "GET /76227567359.shtml HTTP/1.1" 301 255 "-" "Mozilla/5.0 (Linux; Android 6.0.1; Nexus 5X Build/MMB29P) AppleWebKit/537.36 (KHTML, like Gecko) Chrome/132.0.6834.159 Mobile Safari/537.36 (compatible; Googlebot/2.1; +http://www.google.com/bot.html)"
189.243.238.36 - - [05/Feb/2025:10:56:00 -0600] "POST /cpsess9781436776/3rdparty/roundcube/?_task=mail&_action=refresh HTTP/1.1" 401 12391 "https://webmail.tjamich.gob.mx/cpsess9781436776/3rdparty/roundcube/?_task=mail&_mbox=INBOX" "Mozilla/5.0 (Windows NT 10.0; Win64; x64) AppleWebKit/537.36 (KHTML, like Gecko) Chrome/132.0.0.0 Safari/537.36"
189.243.238.36 - - [05/Feb/2025:10:56:00 -0600] "POST /cpsess9781436776/3rdparty/roundcube/?_task=mail&_action=refresh HTTP/1.1" 200 12359 "https://webmail.tjamich.gob.mx/cpsess9781436776/3rdparty/roundcube/?_task=mail&_mbox=INBOX" "Mozilla/5.0 (Windows NT 10.0; Win64; x64) AppleWebKit/537.36 (KHTML, like Gecko) Chrome/132.0.0.0 Safari/537.36"
66.249.77.198 - - [05/Feb/2025:10:56:24 -0600] "GET /98480943801.shtml HTTP/1.1" 301 255 "-" "Mozilla/5.0 (Linux; Android 6.0.1; Nexus 5X Build/MMB29P) AppleWebKit/537.36 (KHTML, like Gecko) Chrome/132.0.6834.159 Mobile Safari/537.36 (compatible; Googlebot/2.1; +http://www.google.com/bot.html)"
187.195.110.68 - - [05/Feb/2025:10:56:35 -0600] "POST /cpsess0556275423/3rdparty/roundcube/?_task=mail&_action=refresh HTTP/1.1" 200 135 "https://webmail.tjamich.gob.mx/cpsess0556275423/3rdparty/roundcube/?_task=mail&_mbox=INBOX" "Mozilla/5.0 (Windows NT 10.0; Win64; x64) AppleWebKit/537.36 (KHTML, like Gecko) Chrome/132.0.0.0 Safari/537.36"
66.249.77.199 - - [05/Feb/2025:10:56:51 -0600] "GET /28607672755.shtml HTTP/1.1" 301 255 "-" "Mozilla/5.0 (Linux; Android 6.0.1; Nexus 5X Build/MMB29P) AppleWebKit/537.36 (KHTML, like Gecko) Chrome/132.0.6834.159 Mobile Safari/537.36 (compatible; GoogleOther)"
189.243.238.36 - - [05/Feb/2025:10:57:00 -0600] "POST /cpsess9781436776/3rdparty/roundcube/?_task=mail&_action=refresh HTTP/1.1" 308 152 "https://webmail.tjamich.gob.mx/cpsess9781436776/3rdparty/roundcube/?_task=mail&_mbox=INBOX" "Mozilla/5.0 (Windows NT 10.0; Win64; x64) AppleWebKit/537.36 (KHTML, like Gecko) Chrome/132.0.0.0 Safari/537.36"
189.243.238.36 - - [05/Feb/2025:10:57:00 -0600] "POST /cpsess9781436776/3rdparty/roundcube/?_task=mail&_action=refresh HTTP/1.1" 200 12364 "https://webmail.tjamich.gob.mx/cpsess9781436776/3rdparty/roundcube/?_task=mail&_mbox=INBOX" "Mozilla/5.0 (Windows NT 10.0; Win64; x64) AppleWebKit/537.36 (KHTML, like Gecko) Chrome/132.0.0.0 Safari/537.36"
40.77.167.1 - - [05/Feb/2025:10:57:05 -0600] "GET /sisofi_2018/uploads/16-04-2023/Quienes-Somos HTTP/1.1" 301 282 "-" "Mozilla/5.0 AppleWebKit/537.36 (KHTML, like Gecko; compatible; bingbot/2.0; +http://www.bing.com/bingbot.htm) Chrome/116.0.1938.76 Safari/537.36"
52.167.144.22 - - [05/Feb/2025:10:57:09 -0600] "GET /groups/suzuki-cappuccino-for-sale-australia/45862411/ HTTP/1.1" 301 291 "-" "Mozilla/5.0 AppleWebKit/537.36 (KHTML, like Gecko; compatible; bingbot/2.0; +http://www.bing.com/bingbot.htm) Chrome/116.0.1938.76 Safari/537.36"
66.249.77.199 - - [05/Feb/2025:10:57:20 -0600] "GET /140201340718.shtml HTTP/1.1" 301 256 "-" "Mozilla/5.0 (Linux; Android 6.0.1; Nexus 5X Build/MMB29P) AppleWebKit/537.36 (KHTML, like Gecko) Chrome/132.0.6834.159 Mobile Safari/537.36 (compatible; Googlebot/2.1; +http://www.google.com/bot.html)"
187.195.110.68 - - [05/Feb/2025:10:57:34 -0600] "POST /cpsess0556275423/3rdparty/roundcube/?_task=mail&_action=refresh HTTP/1.1" 200 135 "https://webmail.tjamich.gob.mx/cpsess0556275423/3rdparty/roundcube/?_task=mail&_mbox=INBOX" "Mozilla/5.0 (Windows NT 10.0; Win64; x64) AppleWebKit/537.36 (KHTML, like Gecko) Chrome/132.0.0.0 Safari/537.36"
104.28.194.7 - - [05/Feb/2025:10:57:39 -0600] "GET /xmlrpc.php HTTP/1.1" 301 247 "-" "Mozilla/5.0 (Windows NT 6.1; WOW64; rv:45.0) Gecko/20100101 Firefox/45.0"
66.249.77.199 - - [05/Feb/2025:10:57:48 -0600] "GET /57198829930.shtml HTTP/1.1" 301 255 "-" "Mozilla/5.0 (Linux; Android 6.0.1; Nexus 5X Build/MMB29P) AppleWebKit/537.36 (KHTML, like Gecko) Chrome/132.0.6834.159 Mobile Safari/537.36 (compatible; Googlebot/2.1; +http://www.google.com/bot.html)"
189.243.238.36 - - [05/Feb/2025:10:58:00 -0600] "POST /cpsess9781436776/3rdparty/roundcube/?_task=mail&_action=refresh HTTP/1.1" 401 12390 "https://webmail.tjamich.gob.mx/cpsess9781436776/3rdparty/roundcube/?_task=mail&_mbox=INBOX" "Mozilla/5.0 (Windows NT 10.0; Win64; x64) AppleWebKit/537.36 (KHTML, like Gecko) Chrome/132.0.0.0 Safari/537.36"
189.243.238.36 - - [05/Feb/2025:10:58:00 -0600] "POST /cpsess9781436776/3rdparty/roundcube/?_task=mail&_action=refresh HTTP/1.1" 200 12366 "https://webmail.tjamich.gob.mx/cpsess9781436776/3rdparty/roundcube/?_task=mail&_mbox=INBOX" "Mozilla/5.0 (Windows NT 10.0; Win64; x64) AppleWebKit/537.36 (KHTML, like Gecko) Chrome/132.0.0.0 Safari/537.36"
66.249.77.199 - - [05/Feb/2025:10:58:05 -0600] "GET /product/birth125?c=g&l=44975 HTTP/1.1" 301 270 "-" "Mozilla/5.0 (Linux; Android 6.0.1; Nexus 5X Build/MMB29P) AppleWebKit/537.36 (KHTML, like Gecko) Chrome/132.0.6834.159 Mobile Safari/537.36 (compatible; Googlebot/2.1; +http://www.google.com/bot.html)"
66.249.77.198 - - [05/Feb/2025:10:58:16 -0600] "GET /69470686279.shtml HTTP/1.1" 301 255 "-" "Mozilla/5.0 (Linux; Android 6.0.1; Nexus 5X Build/MMB29P) AppleWebKit/537.36 (KHTML, like Gecko) Chrome/132.0.6834.159 Mobile Safari/537.36 (compatible; Googlebot/2.1; +http://www.google.com/bot.html)"
66.249.77.198 - - [05/Feb/2025:10:58:33 -0600] "GET /257981497716.shtml HTTP/1.1" 301 256 "-" "Mozilla/5.0 (Linux; Android 6.0.1; Nexus 5X Build/MMB29P) AppleWebKit/537.36 (KHTML, like Gecko) Chrome/132.0.6834.159 Mobile Safari/537.36 (compatible; GoogleOther)"
187.195.110.68 - - [05/Feb/2025:10:58:34 -0600] "POST /cpsess0556275423/3rdparty/roundcube/?_task=mail&_action=refresh HTTP/1.1" 200 135 "https://webmail.tjamich.gob.mx/cpsess0556275423/3rdparty/roundcube/?_task=mail&_mbox=INBOX" "Mozilla/5.0 (Windows NT 10.0; Win64; x64) AppleWebKit/537.36 (KHTML, like Gecko) Chrome/132.0.0.0 Safari/537.36"
200.68.166.37 - - [05/Feb/2025:10:58:41 -0600] "-" 408 - "-" "-"
189.243.238.36 - - [05/Feb/2025:10:59:00 -0600] "POST /cpsess9781436776/3rdparty/roundcube/?_task=mail&_action=refresh HTTP/1.1" 200 12366 "https://webmail.tjamich.gob.mx/cpsess9781436776/3rdparty/roundcube/?_task=mail&_mbox=INBOX" "Mozilla/5.0 (Windows NT 10.0; Win64; x64) AppleWebKit/537.36 (KHTML, like Gecko) Chrome/132.0.0.0 Safari/537.36"
69.197.182.50 - - [05/Feb/2025:10:59:33 -0600] "GET /wp-includes/install.php HTTP/1.1" 301 261 "https://tjamich.gob.mx/wp-includes/install.php" "Mozilla/5.0 (Windows NT 10.0; Win64; x64) AppleWebKit/537.36 (KHTML, like Gecko) Chrome/58.0.3029.110 Safari/537.3"
69.197.182.50 - - [05/Feb/2025:10:59:34 -0600] "GET / HTTP/1.1" 301 238 "https://tjamich.gob.mx" "Mozilla/5.0 (Windows NT 10.0; Win64; x64) AppleWebKit/537.36 (KHTML, like Gecko) Chrome/58.0.3029.110 Safari/537.3"
187.195.110.68 - - [05/Feb/2025:10:59:34 -0600] "POST /cpsess0556275423/3rdparty/roundcube/?_task=mail&_action=refresh HTTP/1.1" 200 135 "https://webmail.tjamich.gob.mx/cpsess0556275423/3rdparty/roundcube/?_task=mail&_mbox=INBOX" "Mozilla/5.0 (Windows NT 10.0; Win64; x64) AppleWebKit/537.36 (KHTML, like Gecko) Chrome/132.0.0.0 Safari/537.36"
172.203.190.140 - - [05/Feb/2025:10:59:51 -0600] "GET /robots.txt HTTP/1.1" 301 248 "-" "Mozilla/5.0 (Macintosh; Intel Mac OS X 10_15_7) AppleWebKit/537.36 (KHTML, like Gecko) Chrome/131.0.0.0 Safari/537.36; compatible; OAI-SearchBot/1.0; +https://openai.com/searchbot"
189.243.238.36 - - [05/Feb/2025:11:00:00 -0600] "POST /cpsess9781436776/3rdparty/roundcube/?_task=mail&_action=refresh HTTP/1.1" 200 12366 "https://webmail.tjamich.gob.mx/cpsess9781436776/3rdparty/roundcube/?_task=mail&_mbox=INBOX" "Mozilla/5.0 (Windows NT 10.0; Win64; x64) AppleWebKit/537.36 (KHTML, like Gecko) Chrome/132.0.0.0 Safari/537.36"
189.243.238.36 - - [05/Feb/2025:11:00:00 -0600] "POST /cpsess9781436776/3rdparty/roundcube/?_task=mail&_action=refresh HTTP/1.1" 200 12368 "https://webmail.tjamich.gob.mx/cpsess9781436776/3rdparty/roundcube/?_task=mail&_mbox=INBOX" "Mozilla/5.0 (Windows NT 10.0; Win64; x64) AppleWebKit/537.36 (KHTML, like Gecko) Chrome/132.0.0.0 Safari/537.36"
66.249.77.200 - - [05/Feb/2025:11:00:08 -0600] "GET /2819912303.shtml HTTP/1.1" 301 254 "-" "Mozilla/5.0 (Linux; Android 6.0.1; Nexus 5X Build/MMB29P) AppleWebKit/537.36 (KHTML, like Gecko) Chrome/132.0.6834.159 Mobile Safari/537.36 (compatible; Googlebot/2.1; +http://www.google.com/bot.html)"
66.249.77.199 - - [05/Feb/2025:11:00:13 -0600] "GET /235532756 HTTP/1.1" 301 247 "-" "Mozilla/5.0 (Linux; Android 6.0.1; Nexus 5X Build/MMB29P) AppleWebKit/537.36 (KHTML, like Gecko) Chrome/132.0.6834.159 Mobile Safari/537.36 (compatible; Googlebot/2.1; +http://www.google.com/bot.html)"
66.249.77.198 - - [05/Feb/2025:11:00:29 -0600] "GET /283491521394.shtml HTTP/1.1" 301 256 "-" "Mozilla/5.0 (Linux; Android 6.0.1; Nexus 5X Build/MMB29P) AppleWebKit/537.36 (KHTML, like Gecko) Chrome/132.0.6834.159 Mobile Safari/537.36 (compatible; GoogleOther)"
187.195.110.68 - - [05/Feb/2025:11:00:34 -0600] "POST /cpsess0556275423/3rdparty/roundcube/?_task=mail&_action=refresh HTTP/1.1" 200 135 "https://webmail.tjamich.gob.mx/cpsess0556275423/3rdparty/roundcube/?_task=mail&_mbox=INBOX" "Mozilla/5.0 (Windows NT 10.0; Win64; x64) AppleWebKit/537.36 (KHTML, like Gecko) Chrome/132.0.0.0 Safari/537.36"
189.243.238.36 - - [05/Feb/2025:11:01:00 -0600] "POST /cpsess9781436776/3rdparty/roundcube/?_task=mail&_action=refresh HTTP/1.1" 308 152 "https://webmail.tjamich.gob.mx/cpsess9781436776/3rdparty/roundcube/?_task=mail&_mbox=INBOX" "Mozilla/5.0 (Windows NT 10.0; Win64; x64) AppleWebKit/537.36 (KHTML, like Gecko) Chrome/132.0.0.0 Safari/537.36"
189.243.238.36 - - [05/Feb/2025:11:01:00 -0600] "POST /cpsess9781436776/3rdparty/roundcube/?_task=mail&_action=refresh HTTP/1.1" 200 12363 "https://webmail.tjamich.gob.mx/cpsess9781436776/3rdparty/roundcube/?_task=mail&_mbox=INBOX" "Mozilla/5.0 (Windows NT 10.0; Win64; x64) AppleWebKit/537.36 (KHTML, like Gecko) Chrome/132.0.0.0 Safari/537.36"
66.249.77.199 - - [05/Feb/2025:11:01:04 -0600] "GET /08765871332.shtml HTTP/1.1" 301 255 "-" "Mozilla/5.0 (Linux; Android 6.0.1; Nexus 5X Build/MMB29P) AppleWebKit/537.36 (KHTML, like Gecko) Chrome/132.0.6834.159 Mobile Safari/537.36 (compatible; Googlebot/2.1; +http://www.google.com/bot.html)"
66.249.77.199 - - [05/Feb/2025:11:01:13 -0600] "GET /57002192352.shtml HTTP/1.1" 301 255 "-" "Mozilla/5.0 (Linux; Android 6.0.1; Nexus 5X Build/MMB29P) AppleWebKit/537.36 (KHTML, like Gecko) Chrome/132.0.6834.159 Mobile Safari/537.36 (compatible; GoogleOther)"
66.249.77.198 - - [05/Feb/2025:11:01:32 -0600] "GET /13205330471.shtml HTTP/1.1" 301 255 "-" "Mozilla/5.0 (Linux; Android 6.0.1; Nexus 5X Build/MMB29P) AppleWebKit/537.36 (KHTML, like Gecko) Chrome/132.0.6834.159 Mobile Safari/537.36 (compatible; Googlebot/2.1; +http://www.google.com/bot.html)"
187.195.110.68 - - [05/Feb/2025:11:01:34 -0600] "POST /cpsess0556275423/3rdparty/roundcube/?_task=mail&_action=refresh HTTP/1.1" 200 135 "https://webmail.tjamich.gob.mx/cpsess0556275423/3rdparty/roundcube/?_task=mail&_mbox=INBOX" "Mozilla/5.0 (Windows NT 10.0; Win64; x64) AppleWebKit/537.36 (KHTML, like Gecko) Chrome/132.0.0.0 Safari/537.36"
216.244.66.234 - - [05/Feb/2025:11:01:41 -0600] "GET /robots.txt HTTP/1.1" 301 248 "-" "Mozilla/5.0 (compatible; DotBot/1.2; +https://opensiteexplorer.org/dotbot; help@moz.com)"
189.243.238.36 - - [05/Feb/2025:11:02:00 -0600] "POST /cpsess9781436776/3rdparty/roundcube/?_task=mail&_action=refresh HTTP/1.1" 308 152 "https://webmail.tjamich.gob.mx/cpsess9781436776/3rdparty/roundcube/?_task=mail&_mbox=INBOX" "Mozilla/5.0 (Windows NT 10.0; Win64; x64) AppleWebKit/537.36 (KHTML, like Gecko) Chrome/132.0.0.0 Safari/537.36"
189.243.238.36 - - [05/Feb/2025:11:02:00 -0600] "POST /cpsess9781436776/3rdparty/roundcube/?_task=mail&_action=refresh HTTP/1.1" 200 12359 "https://webmail.tjamich.gob.mx/cpsess9781436776/3rdparty/roundcube/?_task=mail&_mbox=INBOX" "Mozilla/5.0 (Windows NT 10.0; Win64; x64) AppleWebKit/537.36 (KHTML, like Gecko) Chrome/132.0.0.0 Safari/537.36"
189.243.238.36 - - [05/Feb/2025:11:02:00 -0600] "POST /cpsess9781436776/3rdparty/roundcube/?_task=mail&_action=refresh HTTP/1.1" 401 12389 "https://webmail.tjamich.gob.mx/cpsess9781436776/3rdparty/roundcube/?_task=mail&_mbox=INBOX" "Mozilla/5.0 (Windows NT 10.0; Win64; x64) AppleWebKit/537.36 (KHTML, like Gecko) Chrome/132.0.0.0 Safari/537.36"
66.249.77.198 - - [05/Feb/2025:11:02:01 -0600] "GET /87898925517.shtml HTTP/1.1" 301 255 "-" "Mozilla/5.0 (Linux; Android 6.0.1; Nexus 5X Build/MMB29P) AppleWebKit/537.36 (KHTML, like Gecko) Chrome/132.0.6834.159 Mobile Safari/537.36 (compatible; Googlebot/2.1; +http://www.google.com/bot.html)"
66.249.77.198 - - [05/Feb/2025:11:02:21 -0600] "GET /136533044 HTTP/1.1" 301 247 "-" "Mozilla/5.0 (Linux; Android 6.0.1; Nexus 5X Build/MMB29P) AppleWebKit/537.36 (KHTML, like Gecko) Chrome/132.0.6834.159 Mobile Safari/537.36 (compatible; Googlebot/2.1; +http://www.google.com/bot.html)"
66.249.77.198 - - [05/Feb/2025:11:02:28 -0600] "GET /100391502415.shtml HTTP/1.1" 301 256 "-" "Mozilla/5.0 (Linux; Android 6.0.1; Nexus 5X Build/MMB29P) AppleWebKit/537.36 (KHTML, like Gecko) Chrome/132.0.6834.159 Mobile Safari/537.36 (compatible; Googlebot/2.1; +http://www.google.com/bot.html)"
187.195.110.68 - - [05/Feb/2025:11:02:34 -0600] "POST /cpsess0556275423/3rdparty/roundcube/?_task=mail&_action=refresh HTTP/1.1" 200 135 "https://webmail.tjamich.gob.mx/cpsess0556275423/3rdparty/roundcube/?_task=mail&_mbox=INBOX" "Mozilla/5.0 (Windows NT 10.0; Win64; x64) AppleWebKit/537.36 (KHTML, like Gecko) Chrome/132.0.0.0 Safari/537.36"
66.249.77.198 - - [05/Feb/2025:11:02:56 -0600] "GET /093241239412.shtml HTTP/1.1" 301 256 "-" "Mozilla/5.0 (Linux; Android 6.0.1; Nexus 5X Build/MMB29P) AppleWebKit/537.36 (KHTML, like Gecko) Chrome/132.0.6834.159 Mobile Safari/537.36 (compatible; Googlebot/2.1; +http://www.google.com/bot.html)"
189.243.238.36 - - [05/Feb/2025:11:03:00 -0600] "POST /cpsess9781436776/3rdparty/roundcube/?_task=mail&_action=refresh HTTP/1.1" 308 152 "https://webmail.tjamich.gob.mx/cpsess9781436776/3rdparty/roundcube/?_task=mail&_mbox=INBOX" "Mozilla/5.0 (Windows NT 10.0; Win64; x64) AppleWebKit/537.36 (KHTML, like Gecko) Chrome/132.0.0.0 Safari/537.36"
189.243.238.36 - - [05/Feb/2025:11:03:00 -0600] "POST /cpsess9781436776/3rdparty/roundcube/?_task=mail&_action=refresh HTTP/1.1" 200 12366 "https://webmail.tjamich.gob.mx/cpsess9781436776/3rdparty/roundcube/?_task=mail&_mbox=INBOX" "Mozilla/5.0 (Windows NT 10.0; Win64; x64) AppleWebKit/537.36 (KHTML, like Gecko) Chrome/132.0.0.0 Safari/537.36"
66.249.77.198 - - [05/Feb/2025:11:03:25 -0600] "GET /78299813132.shtml HTTP/1.1" 301 255 "-" "Mozilla/5.0 (Linux; Android 6.0.1; Nexus 5X Build/MMB29P) AppleWebKit/537.36 (KHTML, like Gecko) Chrome/132.0.6834.159 Mobile Safari/537.36 (compatible; Googlebot/2.1; +http://www.google.com/bot.html)"
187.190.198.224 - - [05/Feb/2025:11:03:33 -0600] "-" 408 - "-" "-"
187.195.110.68 - - [05/Feb/2025:11:03:34 -0600] "POST /cpsess0556275423/3rdparty/roundcube/?_task=mail&_action=refresh HTTP/1.1" 200 135 "https://webmail.tjamich.gob.mx/cpsess0556275423/3rdparty/roundcube/?_task=mail&_mbox=INBOX" "Mozilla/5.0 (Windows NT 10.0; Win64; x64) AppleWebKit/537.36 (KHTML, like Gecko) Chrome/132.0.0.0 Safari/537.36"
66.249.77.198 - - [05/Feb/2025:11:03:54 -0600] "GET /8291299493.shtml HTTP/1.1" 301 254 "-" "Mozilla/5.0 (Linux; Android 6.0.1; Nexus 5X Build/MMB29P) AppleWebKit/537.36 (KHTML, like Gecko) Chrome/132.0.6834.159 Mobile Safari/537.36 (compatible; Googlebot/2.1; +http://www.google.com/bot.html)"
189.243.238.36 - - [05/Feb/2025:11:04:00 -0600] "POST /cpsess9781436776/3rdparty/roundcube/?_task=mail&_action=refresh HTTP/1.1" 200 12360 "https://webmail.tjamich.gob.mx/cpsess9781436776/3rdparty/roundcube/?_task=mail&_mbox=INBOX" "Mozilla/5.0 (Windows NT 10.0; Win64; x64) AppleWebKit/537.36 (KHTML, like Gecko) Chrome/132.0.0.0 Safari/537.36"
189.243.238.36 - - [05/Feb/2025:11:04:00 -0600] "POST /cpsess9781436776/3rdparty/roundcube/?_task=mail&_action=refresh HTTP/1.1" 200 12366 "https://webmail.tjamich.gob.mx/cpsess9781436776/3rdparty/roundcube/?_task=mail&_mbox=INBOX" "Mozilla/5.0 (Windows NT 10.0; Win64; x64) AppleWebKit/537.36 (KHTML, like Gecko) Chrome/132.0.0.0 Safari/537.36"
66.249.77.198 - - [05/Feb/2025:11:04:22 -0600] "GET /02325851758.shtml HTTP/1.1" 301 255 "-" "Mozilla/5.0 (Linux; Android 6.0.1; Nexus 5X Build/MMB29P) AppleWebKit/537.36 (KHTML, like Gecko) Chrome/132.0.6834.159 Mobile Safari/537.36 (compatible; Googlebot/2.1; +http://www.google.com/bot.html)"
52.167.144.147 - - [05/Feb/2025:11:04:23 -0600] "GET /sisofi_2018/uploads/06-08-2019/view-box_2021/view-box_2021/pdf/Pleno HTTP/1.1" 301 306 "-" "Mozilla/5.0 AppleWebKit/537.36 (KHTML, like Gecko; compatible; bingbot/2.0; +http://www.bing.com/bingbot.htm) Chrome/116.0.1938.76 Safari/537.36"
66.249.77.199 - - [05/Feb/2025:11:04:31 -0600] "GET /252724784 HTTP/1.1" 301 247 "-" "Mozilla/5.0 (Linux; Android 6.0.1; Nexus 5X Build/MMB29P) AppleWebKit/537.36 (KHTML, like Gecko) Chrome/132.0.6834.159 Mobile Safari/537.36 (compatible; Googlebot/2.1; +http://www.google.com/bot.html)"
187.195.110.68 - - [05/Feb/2025:11:04:34 -0600] "POST /cpsess0556275423/3rdparty/roundcube/?_task=mail&_action=refresh HTTP/1.1" 200 135 "https://webmail.tjamich.gob.mx/cpsess0556275423/3rdparty/roundcube/?_task=mail&_mbox=INBOX" "Mozilla/5.0 (Windows NT 10.0; Win64; x64) AppleWebKit/537.36 (KHTML, like Gecko) Chrome/132.0.0.0 Safari/537.36"
66.249.77.198 - - [05/Feb/2025:11:04:54 -0600] "GET /10942593917.shtml HTTP/1.1" 301 255 "-" "Mozilla/5.0 (Linux; Android 6.0.1; Nexus 5X Build/MMB29P) AppleWebKit/537.36 (KHTML, like Gecko) Chrome/132.0.6834.159 Mobile Safari/537.36 (compatible; Googlebot/2.1; +http://www.google.com/bot.html)"
189.243.238.36 - - [05/Feb/2025:11:05:00 -0600] "POST /cpsess9781436776/3rdparty/roundcube/?_task=mail&_action=refresh HTTP/1.1" 200 12366 "https://webmail.tjamich.gob.mx/cpsess9781436776/3rdparty/roundcube/?_task=mail&_mbox=INBOX" "Mozilla/5.0 (Windows NT 10.0; Win64; x64) AppleWebKit/537.36 (KHTML, like Gecko) Chrome/132.0.0.0 Safari/537.36"
40.77.167.45 - - [05/Feb/2025:11:05:19 -0600] "GET /dice-contralora-que-se-han-inhabilitado-20-ex-funcionarios-pero-no-senala-de-quien-se-trata/pdf/Informe_PADA.pdf HTTP/1.1" 301 350 "-" "Mozilla/5.0 AppleWebKit/537.36 (KHTML, like Gecko; compatible; bingbot/2.0; +http://www.bing.com/bingbot.htm) Chrome/116.0.1938.76 Safari/537.36"
66.249.77.198 - - [05/Feb/2025:11:05:30 -0600] "GET /154821239384.shtml HTTP/1.1" 301 256 "-" "Mozilla/5.0 (Linux; Android 6.0.1; Nexus 5X Build/MMB29P) AppleWebKit/537.36 (KHTML, like Gecko) Chrome/132.0.6834.159 Mobile Safari/537.36 (compatible; Googlebot/2.1; +http://www.google.com/bot.html)"
187.195.110.68 - - [05/Feb/2025:11:05:34 -0600] "POST /cpsess0556275423/3rdparty/roundcube/?_task=mail&_action=refresh HTTP/1.1" 200 135 "https://webmail.tjamich.gob.mx/cpsess0556275423/3rdparty/roundcube/?_task=mail&_mbox=INBOX" "Mozilla/5.0 (Windows NT 10.0; Win64; x64) AppleWebKit/537.36 (KHTML, like Gecko) Chrome/132.0.0.0 Safari/537.36"
189.243.238.36 - - [05/Feb/2025:11:06:00 -0600] "POST /cpsess9781436776/3rdparty/roundcube/?_task=mail&_action=refresh HTTP/1.1" 200 12361 "https://webmail.tjamich.gob.mx/cpsess9781436776/3rdparty/roundcube/?_task=mail&_mbox=INBOX" "Mozilla/5.0 (Windows NT 10.0; Win64; x64) AppleWebKit/537.36 (KHTML, like Gecko) Chrome/132.0.0.0 Safari/537.36"
189.243.238.36 - - [05/Feb/2025:11:06:00 -0600] "POST /cpsess9781436776/3rdparty/roundcube/?_task=mail&_action=refresh HTTP/1.1" 200 12368 "https://webmail.tjamich.gob.mx/cpsess9781436776/3rdparty/roundcube/?_task=mail&_mbox=INBOX" "Mozilla/5.0 (Windows NT 10.0; Win64; x64) AppleWebKit/537.36 (KHTML, like Gecko) Chrome/132.0.0.0 Safari/537.36"
200.68.167.34 - - [05/Feb/2025:11:06:12 -0600] "-" 408 - "-" "-"
66.249.77.200 - - [05/Feb/2025:11:06:19 -0600] "GET /258361223237.shtml HTTP/1.1" 301 256 "-" "Mozilla/5.0 (Linux; Android 6.0.1; Nexus 5X Build/MMB29P) AppleWebKit/537.36 (KHTML, like Gecko) Chrome/132.0.6834.159 Mobile Safari/537.36 (compatible; Googlebot/2.1; +http://www.google.com/bot.html)"
66.249.77.199 - - [05/Feb/2025:11:06:21 -0600] "GET /21769607061.shtml HTTP/1.1" 301 255 "-" "Mozilla/5.0 (Linux; Android 6.0.1; Nexus 5X Build/MMB29P) AppleWebKit/537.36 (KHTML, like Gecko) Chrome/132.0.6834.159 Mobile Safari/537.36 (compatible; GoogleOther)"
187.195.110.68 - - [05/Feb/2025:11:06:34 -0600] "POST /cpsess0556275423/3rdparty/roundcube/?_task=mail&_action=refresh HTTP/1.1" 200 135 "https://webmail.tjamich.gob.mx/cpsess0556275423/3rdparty/roundcube/?_task=mail&_mbox=INBOX" "Mozilla/5.0 (Windows NT 10.0; Win64; x64) AppleWebKit/537.36 (KHTML, like Gecko) Chrome/132.0.0.0 Safari/537.36"
66.249.77.198 - - [05/Feb/2025:11:06:35 -0600] "GET /136100360 HTTP/1.1" 301 247 "-" "Mozilla/5.0 (Linux; Android 6.0.1; Nexus 5X Build/MMB29P) AppleWebKit/537.36 (KHTML, like Gecko) Chrome/132.0.6834.159 Mobile Safari/537.36 (compatible; Googlebot/2.1; +http://www.google.com/bot.html)"
66.249.77.198 - - [05/Feb/2025:11:06:48 -0600] "GET /87205938169.shtml HTTP/1.1" 301 255 "-" "Mozilla/5.0 (Linux; Android 6.0.1; Nexus 5X Build/MMB29P) AppleWebKit/537.36 (KHTML, like Gecko) Chrome/132.0.6834.159 Mobile Safari/537.36 (compatible; Googlebot/2.1; +http://www.google.com/bot.html)"
189.243.238.36 - - [05/Feb/2025:11:07:00 -0600] "POST /cpsess9781436776/3rdparty/roundcube/?_task=mail&_action=refresh HTTP/1.1" 200 12362 "https://webmail.tjamich.gob.mx/cpsess9781436776/3rdparty/roundcube/?_task=mail&_mbox=INBOX" "Mozilla/5.0 (Windows NT 10.0; Win64; x64) AppleWebKit/537.36 (KHTML, like Gecko) Chrome/132.0.0.0 Safari/537.36"
66.249.77.199 - - [05/Feb/2025:11:07:22 -0600] "GET /91919845204.shtml HTTP/1.1" 301 255 "-" "Mozilla/5.0 (Linux; Android 6.0.1; Nexus 5X Build/MMB29P) AppleWebKit/537.36 (KHTML, like Gecko) Chrome/132.0.6834.159 Mobile Safari/537.36 (compatible; GoogleOther)"
187.195.110.68 - - [05/Feb/2025:11:07:34 -0600] "POST /cpsess0556275423/3rdparty/roundcube/?_task=mail&_action=refresh HTTP/1.1" 200 135 "https://webmail.tjamich.gob.mx/cpsess0556275423/3rdparty/roundcube/?_task=mail&_mbox=INBOX" "Mozilla/5.0 (Windows NT 10.0; Win64; x64) AppleWebKit/537.36 (KHTML, like Gecko) Chrome/132.0.0.0 Safari/537.36"
66.249.77.199 - - [05/Feb/2025:11:07:43 -0600] "GET /26486824730.shtml HTTP/1.1" 301 255 "-" "Mozilla/5.0 (Linux; Android 6.0.1; Nexus 5X Build/MMB29P) AppleWebKit/537.36 (KHTML, like Gecko) Chrome/132.0.6834.159 Mobile Safari/537.36 (compatible; Googlebot/2.1; +http://www.google.com/bot.html)"
189.243.238.36 - - [05/Feb/2025:11:07:57 -0600] "GET / HTTP/1.1" 200 12320 "-" "Mozilla/5.0 (Windows NT 10.0; Win64; x64) AppleWebKit/537.36 (KHTML, like Gecko) Chrome/132.0.0.0 Safari/537.36"
189.243.238.36 - - [05/Feb/2025:11:08:00 -0600] "POST /cpsess9781436776/3rdparty/roundcube/?_task=mail&_action=refresh HTTP/1.1" 200 12364 "https://webmail.tjamich.gob.mx/cpsess9781436776/3rdparty/roundcube/?_task=mail&_mbox=INBOX" "Mozilla/5.0 (Windows NT 10.0; Win64; x64) AppleWebKit/537.36 (KHTML, like Gecko) Chrome/132.0.0.0 Safari/537.36"
189.243.238.36 - - [05/Feb/2025:11:08:00 -0600] "POST /cpsess9781436776/3rdparty/roundcube/?_task=mail&_action=refresh HTTP/1.1" 200 12366 "https://webmail.tjamich.gob.mx/cpsess9781436776/3rdparty/roundcube/?_task=mail&_mbox=INBOX" "Mozilla/5.0 (Windows NT 10.0; Win64; x64) AppleWebKit/537.36 (KHTML, like Gecko) Chrome/132.0.0.0 Safari/537.36"
66.249.77.199 - - [05/Feb/2025:11:08:11 -0600] "GET /20800823387.shtml HTTP/1.1" 301 255 "-" "Mozilla/5.0 (Linux; Android 6.0.1; Nexus 5X Build/MMB29P) AppleWebKit/537.36 (KHTML, like Gecko) Chrome/132.0.6834.159 Mobile Safari/537.36 (compatible; Googlebot/2.1; +http://www.google.com/bot.html)"
66.249.77.199 - - [05/Feb/2025:11:08:27 -0600] "GET /21872803514.shtml HTTP/1.1" 301 255 "-" "Mozilla/5.0 (Linux; Android 6.0.1; Nexus 5X Build/MMB29P) AppleWebKit/537.36 (KHTML, like Gecko) Chrome/132.0.6834.159 Mobile Safari/537.36 (compatible; GoogleOther)"
200.68.166.37 - - [05/Feb/2025:11:08:30 -0600] "-" 408 - "-" "-"
187.195.110.68 - - [05/Feb/2025:11:08:34 -0600] "POST /cpsess0556275423/3rdparty/roundcube/?_task=mail&_action=refresh HTTP/1.1" 200 135 "https://webmail.tjamich.gob.mx/cpsess0556275423/3rdparty/roundcube/?_task=mail&_mbox=INBOX" "Mozilla/5.0 (Windows NT 10.0; Win64; x64) AppleWebKit/537.36 (KHTML, like Gecko) Chrome/132.0.0.0 Safari/537.36"
66.249.77.198 - - [05/Feb/2025:11:08:39 -0600] "GET /01859439616.shtml HTTP/1.1" 301 255 "-" "Mozilla/5.0 (Linux; Android 6.0.1; Nexus 5X Build/MMB29P) AppleWebKit/537.36 (KHTML, like Gecko) Chrome/132.0.6834.159 Mobile Safari/537.36 (compatible; Googlebot/2.1; +http://www.google.com/bot.html)"
66.249.77.198 - - [05/Feb/2025:11:08:52 -0600] "GET /222037652 HTTP/1.1" 301 247 "-" "Mozilla/5.0 (Linux; Android 6.0.1; Nexus 5X Build/MMB29P) AppleWebKit/537.36 (KHTML, like Gecko) Chrome/132.0.6834.159 Mobile Safari/537.36 (compatible; Googlebot/2.1; +http://www.google.com/bot.html)"
89.185.25.132 - - [05/Feb/2025:11:08:57 -0600] "POST /spcgi.cgi HTTP/1.1" 301 247 "-" "Mozilla/5.0 (Windows NT 10.0; Win64; x64; rv:91.0) Gecko/20100101 Firefox/91.0"
89.185.25.132 - - [05/Feb/2025:11:08:57 -0600] "GET /geoserver/ows?service=WFS&version=1.0.0&request=GetCapabilities HTTP/1.1" 301 309 "-" "Mozilla/5.0 (CentOS; Linux i686) AppleWebKit/537.36 (KHTML, like Gecko) Chrome/127.0.0.0 Safari/537.36"
189.243.238.36 - - [05/Feb/2025:11:09:00 -0600] "POST /cpsess9781436776/3rdparty/roundcube/?_task=mail&_action=refresh HTTP/1.1" 200 12367 "https://webmail.tjamich.gob.mx/cpsess9781436776/3rdparty/roundcube/?_task=mail&_mbox=INBOX" "Mozilla/5.0 (Windows NT 10.0; Win64; x64) AppleWebKit/537.36 (KHTML, like Gecko) Chrome/132.0.0.0 Safari/537.36"
89.185.25.132 - - [05/Feb/2025:11:09:01 -0600] "POST /api/jmeter/download/files HTTP/1.1" 301 263 "-" "Mozilla/5.0 (SS; Linux x86_64) AppleWebKit/537.36 (KHTML, like Gecko) Chrome/120.0.0.0 Safari/537.36"
89.185.25.132 - - [05/Feb/2025:11:09:04 -0600] "POST /kubepi/api/v1/users HTTP/1.1" 301 257 "-" "Mozilla/5.0 (Macintosh; Intel Mac OS X 10_15_7) AppleWebKit/605.1.15 (KHTML, like Gecko) Version/17.5 Safari/605.4.24"
89.185.25.132 - - [05/Feb/2025:11:09:04 -0600] "POST /template/aui/text-inline.vm HTTP/1.1" 301 265 "-" "Mozilla/5.0 (Windows NT 10.0; rv:128.0) Gecko/20100101 Firefox/128.0"
89.185.25.132 - - [05/Feb/2025:11:09:08 -0600] "GET /csrf HTTP/1.1" 301 242 "-" "Mozilla/5.0 (Fedora; Linux x86_64) AppleWebKit/537.36 (KHTML, like Gecko) Chrome/124.0.0.0 Safari/537.36"
187.195.115.60 - - [05/Feb/2025:11:09:10 -0600] "GET /sisofi_2018/uploads/09-07-2021/CHRISTIAN-ALDAIR-RIVERA-AYALA.pdf HTTP/1.1" 301 302 "https://www.bing.com/" "Mozilla/5.0 (Windows NT 10.0; Win64; x64) AppleWebKit/537.36 (KHTML, like Gecko) Chrome/132.0.0.0 Safari/537.36 Edg/132.0.0.0"
66.249.77.200 - - [05/Feb/2025:11:09:33 -0600] "GET /80088321105.shtml HTTP/1.1" 301 255 "-" "Mozilla/5.0 (Linux; Android 6.0.1; Nexus 5X Build/MMB29P) AppleWebKit/537.36 (KHTML, like Gecko) Chrome/132.0.6834.159 Mobile Safari/537.36 (compatible; GoogleOther)"
66.249.77.199 - - [05/Feb/2025:11:09:34 -0600] "GET /903891664463.shtml HTTP/1.1" 301 256 "-" "Mozilla/5.0 (Linux; Android 6.0.1; Nexus 5X Build/MMB29P) AppleWebKit/537.36 (KHTML, like Gecko) Chrome/132.0.6834.159 Mobile Safari/537.36 (compatible; Googlebot/2.1; +http://www.google.com/bot.html)"
187.195.110.68 - - [05/Feb/2025:11:09:34 -0600] "POST /cpsess0556275423/3rdparty/roundcube/?_task=mail&_action=refresh HTTP/1.1" 200 135 "https://webmail.tjamich.gob.mx/cpsess0556275423/3rdparty/roundcube/?_task=mail&_mbox=INBOX" "Mozilla/5.0 (Windows NT 10.0; Win64; x64) AppleWebKit/537.36 (KHTML, like Gecko) Chrome/132.0.0.0 Safari/537.36"
189.243.238.36 - - [05/Feb/2025:11:10:00 -0600] "POST /cpsess9781436776/3rdparty/roundcube/?_task=mail&_action=refresh HTTP/1.1" 308 152 "https://webmail.tjamich.gob.mx/cpsess9781436776/3rdparty/roundcube/?_task=mail&_mbox=INBOX" "Mozilla/5.0 (Windows NT 10.0; Win64; x64) AppleWebKit/537.36 (KHTML, like Gecko) Chrome/132.0.0.0 Safari/537.36"
189.243.238.36 - - [05/Feb/2025:11:10:00 -0600] "POST /cpsess9781436776/3rdparty/roundcube/?_task=mail&_action=refresh HTTP/1.1" 200 12365 "https://webmail.tjamich.gob.mx/cpsess9781436776/3rdparty/roundcube/?_task=mail&_mbox=INBOX" "Mozilla/5.0 (Windows NT 10.0; Win64; x64) AppleWebKit/537.36 (KHTML, like Gecko) Chrome/132.0.0.0 Safari/537.36"
189.243.238.36 - - [05/Feb/2025:11:10:00 -0600] "POST /cpsess9781436776/3rdparty/roundcube/?_task=mail&_action=refresh HTTP/1.1" 401 12391 "https://webmail.tjamich.gob.mx/cpsess9781436776/3rdparty/roundcube/?_task=mail&_mbox=INBOX" "Mozilla/5.0 (Windows NT 10.0; Win64; x64) AppleWebKit/537.36 (KHTML, like Gecko) Chrome/132.0.0.0 Safari/537.36"
66.249.77.199 - - [05/Feb/2025:11:10:01 -0600] "GET /09854766547.shtml HTTP/1.1" 301 255 "-" "Mozilla/5.0 (Linux; Android 6.0.1; Nexus 5X Build/MMB29P) AppleWebKit/537.36 (KHTML, like Gecko) Chrome/132.0.6834.159 Mobile Safari/537.36 (compatible; GoogleOther)"
66.249.77.199 - - [05/Feb/2025:11:10:03 -0600] "GET /640271500433.shtml HTTP/1.1" 301 256 "-" "Mozilla/5.0 (Linux; Android 6.0.1; Nexus 5X Build/MMB29P) AppleWebKit/537.36 (KHTML, like Gecko) Chrome/132.0.6834.159 Mobile Safari/537.36 (compatible; Googlebot/2.1; +http://www.google.com/bot.html)"
189.243.238.36 - - [05/Feb/2025:11:10:26 -0600] "POST /login/?login_only=1 HTTP/1.1" 200 155 "https://cpanel.tjamich.gob.mx/" "Mozilla/5.0 (Windows NT 10.0; Win64; x64) AppleWebKit/537.36 (KHTML, like Gecko) Chrome/132.0.0.0 Safari/537.36"
189.243.238.36 - - [05/Feb/2025:11:10:27 -0600] "GET /cpsess2457266334/frontend/jupiter/index.html?login=1&post_login=19014358058946 HTTP/1.1" 200 44043 "https://cpanel.tjamich.gob.mx/" "Mozilla/5.0 (Windows NT 10.0; Win64; x64) AppleWebKit/537.36 (KHTML, like Gecko) Chrome/132.0.0.0 Safari/537.36"
189.243.238.36 - - [05/Feb/2025:11:10:27 -0600] "GET /cpsess2457266334/frontend/jupiter/css/base_overrides.min.css HTTP/1.1" 200 2054 "https://cpanel.tjamich.gob.mx/" "Mozilla/5.0 (Windows NT 10.0; Win64; x64) AppleWebKit/537.36 (KHTML, like Gecko) Chrome/132.0.0.0 Safari/537.36"
189.243.238.36 - - [05/Feb/2025:11:10:28 -0600] "POST /cpsess2457266334/execute/Personalization/get HTTP/1.1" 200 199 "https://cpanel.tjamich.gob.mx/" "Mozilla/5.0 (Windows NT 10.0; Win64; x64) AppleWebKit/537.36 (KHTML, like Gecko) Chrome/132.0.0.0 Safari/537.36"
189.243.238.36 - - [05/Feb/2025:11:10:27 -0600] "GET /cpsess2457266334/frontend/jupiter/softaculous/index.live.php?act=top HTTP/1.1" 200 2857 "https://cpanel.tjamich.gob.mx/" "Mozilla/5.0 (Windows NT 10.0; Win64; x64) AppleWebKit/537.36 (KHTML, like Gecko) Chrome/132.0.0.0 Safari/537.36"
189.243.238.36 - - [05/Feb/2025:11:10:28 -0600] "GET /cpsess2457266334/frontend/jupiter/assets/brand/favicon.ico HTTP/1.1" 200 661 "https://cpanel.tjamich.gob.mx/" "Mozilla/5.0 (Windows NT 10.0; Win64; x64) AppleWebKit/537.36 (KHTML, like Gecko) Chrome/132.0.0.0 Safari/537.36"
189.243.238.36 - - [05/Feb/2025:11:10:28 -0600] "GET /cpsess2457266334/execute/Notifications/get_notifications_count HTTP/1.1" 200 82 "https://cpanel.tjamich.gob.mx/" "Mozilla/5.0 (Windows NT 10.0; Win64; x64) AppleWebKit/537.36 (KHTML, like Gecko) Chrome/132.0.0.0 Safari/537.36"
189.243.238.36 - - [05/Feb/2025:11:10:28 -0600] "POST /cpsess2457266334/execute/Personalization/get HTTP/1.1" 200 162 "https://cpanel.tjamich.gob.mx/" "Mozilla/5.0 (Windows NT 10.0; Win64; x64) AppleWebKit/537.36 (KHTML, like Gecko) Chrome/132.0.0.0 Safari/537.36"
189.243.238.36 - - [05/Feb/2025:11:10:28 -0600] "POST /cpsess2457266334/execute/Resellers/list_accounts HTTP/1.1" 200 156 "https://cpanel.tjamich.gob.mx/" "Mozilla/5.0 (Windows NT 10.0; Win64; x64) AppleWebKit/537.36 (KHTML, like Gecko) Chrome/132.0.0.0 Safari/537.36"
189.243.238.36 - - [05/Feb/2025:11:10:28 -0600] "GET /cpsess2457266334/frontend/jupiter/images/spinner.gif HTTP/1.1" 200 1849 "https://cpanel.tjamich.gob.mx/cpsess2457266334/frontend/jupiter/index.html?login=1&post_login=19014358058946" "Mozilla/5.0 (Windows NT 10.0; Win64; x64) AppleWebKit/537.36 (KHTML, like Gecko) Chrome/132.0.0.0 Safari/537.36"
189.243.238.36 - - [05/Feb/2025:11:10:28 -0600] "POST /cpsess2457266334/execute/Themes/list HTTP/1.1" 200 107 "https://cpanel.tjamich.gob.mx/" "Mozilla/5.0 (Windows NT 10.0; Win64; x64) AppleWebKit/537.36 (KHTML, like Gecko) Chrome/132.0.0.0 Safari/537.36"
189.243.238.36 - - [05/Feb/2025:11:10:28 -0600] "POST /cpsess2457266334/execute/SSL/installed_host HTTP/1.1" 200 713 "https://cpanel.tjamich.gob.mx/" "Mozilla/5.0 (Windows NT 10.0; Win64; x64) AppleWebKit/537.36 (KHTML, like Gecko) Chrome/132.0.0.0 Safari/537.36"
189.243.238.36 - - [05/Feb/2025:11:10:28 -0600] "POST /cpsess2457266334/execute/ResourceUsage/get_usages HTTP/1.1" 200 653 "https://cpanel.tjamich.gob.mx/" "Mozilla/5.0 (Windows NT 10.0; Win64; x64) AppleWebKit/537.36 (KHTML, like Gecko) Chrome/132.0.0.0 Safari/537.36"
189.243.238.36 - - [05/Feb/2025:11:10:29 -0600] "GET /cpsess2457266334/frontend/jupiter/softaculous/themes/default/images/move_left.png HTTP/1.1" 200 1158 "https://cpanel.tjamich.gob.mx/" "Mozilla/5.0 (Windows NT 10.0; Win64; x64) AppleWebKit/537.36 (KHTML, like Gecko) Chrome/132.0.0.0 Safari/537.36"
189.243.238.36 - - [05/Feb/2025:11:10:29 -0600] "GET /cpsess2457266334/frontend/jupiter/softaculous/themes/default/css/font-awesome-5.css?6.1.7 HTTP/1.1" 200 15215 "https://cpanel.tjamich.gob.mx/" "Mozilla/5.0 (Windows NT 10.0; Win64; x64) AppleWebKit/537.36 (KHTML, like Gecko) Chrome/132.0.0.0 Safari/537.36"
189.243.238.36 - - [05/Feb/2025:11:10:29 -0600] "GET /cpsess2457266334/frontend/jupiter/softaculous/softimages/top15/48/wp.png HTTP/1.1" 200 3600 "https://cpanel.tjamich.gob.mx/" "Mozilla/5.0 (Windows NT 10.0; Win64; x64) AppleWebKit/537.36 (KHTML, like Gecko) Chrome/132.0.0.0 Safari/537.36"
189.243.238.36 - - [05/Feb/2025:11:10:29 -0600] "GET /cpsess2457266334/frontend/jupiter/softaculous/softimages/top15/48/joomla30.png HTTP/1.1" 200 3735 "https://cpanel.tjamich.gob.mx/" "Mozilla/5.0 (Windows NT 10.0; Win64; x64) AppleWebKit/537.36 (KHTML, like Gecko) Chrome/132.0.0.0 Safari/537.36"
189.243.238.36 - - [05/Feb/2025:11:10:29 -0600] "GET /cpsess2457266334/frontend/jupiter/softaculous/softimages/top15/48/smf.png HTTP/1.1" 200 1817 "https://cpanel.tjamich.gob.mx/" "Mozilla/5.0 (Windows NT 10.0; Win64; x64) AppleWebKit/537.36 (KHTML, like Gecko) Chrome/132.0.0.0 Safari/537.36"
189.243.238.36 - - [05/Feb/2025:11:10:29 -0600] "GET /cpsess2457266334/frontend/jupiter/softaculous/softimages/top15/48/phpbb.png HTTP/1.1" 200 2046 "https://cpanel.tjamich.gob.mx/" "Mozilla/5.0 (Windows NT 10.0; Win64; x64) AppleWebKit/537.36 (KHTML, like Gecko) Chrome/132.0.0.0 Safari/537.36"
189.243.238.36 - - [05/Feb/2025:11:10:29 -0600] "GET /cpsess2457266334/frontend/jupiter/softaculous/softimages/top15/48/abante.png HTTP/1.1" 200 2304 "https://cpanel.tjamich.gob.mx/" "Mozilla/5.0 (Windows NT 10.0; Win64; x64) AppleWebKit/537.36 (KHTML, like Gecko) Chrome/132.0.0.0 Safari/537.36"
189.243.238.36 - - [05/Feb/2025:11:10:29 -0600] "GET /cpsess2457266334/frontend/jupiter/softaculous/softimages/top15/48/realestate.png HTTP/1.1" 200 1279 "https://cpanel.tjamich.gob.mx/" "Mozilla/5.0 (Windows NT 10.0; Win64; x64) AppleWebKit/537.36 (KHTML, like Gecko) Chrome/132.0.0.0 Safari/537.36"
189.243.238.36 - - [05/Feb/2025:11:10:29 -0600] "GET /cpsess2457266334/frontend/jupiter/softaculous/softimages/top15/48/whmcs.png HTTP/1.1" 200 3920 "https://cpanel.tjamich.gob.mx/" "Mozilla/5.0 (Windows NT 10.0; Win64; x64) AppleWebKit/537.36 (KHTML, like Gecko) Chrome/132.0.0.0 Safari/537.36"
189.243.238.36 - - [05/Feb/2025:11:10:29 -0600] "GET /cpsess2457266334/frontend/jupiter/softaculous/softimages/top15/48/laravel.png HTTP/1.1" 200 2414 "https://cpanel.tjamich.gob.mx/" "Mozilla/5.0 (Windows NT 10.0; Win64; x64) AppleWebKit/537.36 (KHTML, like Gecko) Chrome/132.0.0.0 Safari/537.36"
189.243.238.36 - - [05/Feb/2025:11:10:29 -0600] "GET /cpsess2457266334/frontend/jupiter/softaculous/softimages/top15/48/mybb.png HTTP/1.1" 200 3870 "https://cpanel.tjamich.gob.mx/" "Mozilla/5.0 (Windows NT 10.0; Win64; x64) AppleWebKit/537.36 (KHTML, like Gecko) Chrome/132.0.0.0 Safari/537.36"
189.243.238.36 - - [05/Feb/2025:11:10:29 -0600] "GET /cpsess2457266334/frontend/jupiter/softaculous/softimages/top15/48/hizup.png HTTP/1.1" 200 1665 "https://cpanel.tjamich.gob.mx/" "Mozilla/5.0 (Windows NT 10.0; Win64; x64) AppleWebKit/537.36 (KHTML, like Gecko) Chrome/132.0.0.0 Safari/537.36"
189.243.238.36 - - [05/Feb/2025:11:10:29 -0600] "GET /cpsess2457266334/frontend/jupiter/softaculous/softimages/top15/48/conc8.png HTTP/1.1" 200 3858 "https://cpanel.tjamich.gob.mx/" "Mozilla/5.0 (Windows NT 10.0; Win64; x64) AppleWebKit/537.36 (KHTML, like Gecko) Chrome/132.0.0.0 Safari/537.36"
189.243.238.36 - - [05/Feb/2025:11:10:29 -0600] "GET /cpsess2457266334/frontend/jupiter/softaculous/softimages/top15/48/gallery.png HTTP/1.1" 200 2882 "https://cpanel.tjamich.gob.mx/" "Mozilla/5.0 (Windows NT 10.0; Win64; x64) AppleWebKit/537.36 (KHTML, like Gecko) Chrome/132.0.0.0 Safari/537.36"
189.243.238.36 - - [05/Feb/2025:11:10:30 -0600] "GET /cpsess2457266334/frontend/jupiter/softaculous/softimages/top15/48/clip.png HTTP/1.1" 200 3154 "https://cpanel.tjamich.gob.mx/" "Mozilla/5.0 (Windows NT 10.0; Win64; x64) AppleWebKit/537.36 (KHTML, like Gecko) Chrome/132.0.0.0 Safari/537.36"
189.243.238.36 - - [05/Feb/2025:11:10:30 -0600] "GET /cpsess2457266334/frontend/jupiter/softaculous/themes/default/images/move_right.png HTTP/1.1" 200 1179 "https://cpanel.tjamich.gob.mx/" "Mozilla/5.0 (Windows NT 10.0; Win64; x64) AppleWebKit/537.36 (KHTML, like Gecko) Chrome/132.0.0.0 Safari/537.36"
189.243.238.36 - - [05/Feb/2025:11:10:30 -0600] "GET /cpsess2457266334/frontend/jupiter/softaculous/softimages/top15/48/dolph.png HTTP/1.1" 200 1209 "https://cpanel.tjamich.gob.mx/" "Mozilla/5.0 (Windows NT 10.0; Win64; x64) AppleWebKit/537.36 (KHTML, like Gecko) Chrome/132.0.0.0 Safari/537.36"
187.195.110.68 - - [05/Feb/2025:11:10:34 -0600] "POST /cpsess0556275423/3rdparty/roundcube/?_task=mail&_action=refresh HTTP/1.1" 200 135 "https://webmail.tjamich.gob.mx/cpsess0556275423/3rdparty/roundcube/?_task=mail&_mbox=INBOX" "Mozilla/5.0 (Windows NT 10.0; Win64; x64) AppleWebKit/537.36 (KHTML, like Gecko) Chrome/132.0.0.0 Safari/537.36"
187.195.112.130 - - [05/Feb/2025:11:10:37 -0600] "-" 408 - "-" "-"
187.195.112.130 - - [05/Feb/2025:11:10:39 -0600] "-" 408 - "-" "-"
189.243.238.36 - - [05/Feb/2025:11:10:54 -0600] "GET /cpsess2457266334/frontend/jupiter/softaculous/themes/default/fonts/fa-solid-900.woff2 HTTP/1.1" 200 78196 "https://cpanel.tjamich.gob.mx/cpsess2457266334/frontend/jupiter/softaculous/themes/default/css/font-awesome-5.css?6.1.7" "Mozilla/5.0 (Windows NT 10.0; Win64; x64) AppleWebKit/537.36 (KHTML, like Gecko) Chrome/132.0.0.0 Safari/537.36"
66.249.77.198 - - [05/Feb/2025:11:10:54 -0600] "GET /160864904 HTTP/1.1" 301 247 "-" "Mozilla/5.0 (Linux; Android 6.0.1; Nexus 5X Build/MMB29P) AppleWebKit/537.36 (KHTML, like Gecko) Chrome/132.0.6834.159 Mobile Safari/537.36 (compatible; Googlebot/2.1; +http://www.google.com/bot.html)"
189.243.238.36 - - [05/Feb/2025:11:11:00 -0600] "POST /cpsess9781436776/3rdparty/roundcube/?_task=mail&_action=refresh HTTP/1.1" 200 12367 "https://webmail.tjamich.gob.mx/cpsess9781436776/3rdparty/roundcube/?_task=mail&_mbox=INBOX" "Mozilla/5.0 (Windows NT 10.0; Win64; x64) AppleWebKit/537.36 (KHTML, like Gecko) Chrome/132.0.0.0 Safari/537.36"
66.249.77.200 - - [05/Feb/2025:11:11:03 -0600] "GET /07801129998.shtml HTTP/1.1" 301 255 "-" "Mozilla/5.0 (Linux; Android 6.0.1; Nexus 5X Build/MMB29P) AppleWebKit/537.36 (KHTML, like Gecko) Chrome/132.0.6834.159 Mobile Safari/537.36 (compatible; Googlebot/2.1; +http://www.google.com/bot.html)"
66.249.77.200 - - [05/Feb/2025:11:11:04 -0600] "GET /707631290764.shtml HTTP/1.1" 301 256 "-" "Mozilla/5.0 (Linux; Android 6.0.1; Nexus 5X Build/MMB29P) AppleWebKit/537.36 (KHTML, like Gecko) Chrome/132.0.6834.159 Mobile Safari/537.36 (compatible; Googlebot/2.1; +http://www.google.com/bot.html)"
66.249.72.139 - - [05/Feb/2025:11:11:04 -0600] "GET /sisofi_2018/uploads/26-10-2023/7.NOTAS.pdf HTTP/1.1" 301 280 "-" "Mozilla/5.0 (Linux; Android 6.0.1; Nexus 5X Build/MMB29P) AppleWebKit/537.36 (KHTML, like Gecko) Chrome/132.0.6834.159 Mobile Safari/537.36 (compatible; GoogleOther)"
66.249.77.199 - - [05/Feb/2025:11:11:17 -0600] "GET /001421698371.shtml HTTP/1.1" 301 256 "-" "Mozilla/5.0 (Linux; Android 6.0.1; Nexus 5X Build/MMB29P) AppleWebKit/537.36 (KHTML, like Gecko) Chrome/132.0.6834.159 Mobile Safari/537.36 (compatible; GoogleOther)"
187.195.110.68 - - [05/Feb/2025:11:11:34 -0600] "POST /cpsess0556275423/3rdparty/roundcube/?_task=mail&_action=refresh HTTP/1.1" 200 135 "https://webmail.tjamich.gob.mx/cpsess0556275423/3rdparty/roundcube/?_task=mail&_mbox=INBOX" "Mozilla/5.0 (Windows NT 10.0; Win64; x64) AppleWebKit/537.36 (KHTML, like Gecko) Chrome/132.0.0.0 Safari/537.36"
189.243.238.36 - - [05/Feb/2025:11:11:38 -0600] "GET /cpsess2457266334/frontend/jupiter/filemanager/index.html HTTP/1.1" 200 19090 "https://cpanel.tjamich.gob.mx/" "Mozilla/5.0 (Windows NT 10.0; Win64; x64) AppleWebKit/537.36 (KHTML, like Gecko) Chrome/132.0.0.0 Safari/537.36"
189.243.238.36 - - [05/Feb/2025:11:11:39 -0600] "GET /cPanel_magic_revision_1648610219/yui/container/assets/container.css HTTP/1.1" 200 2411 "https://cpanel.tjamich.gob.mx/cpsess2457266334/frontend/jupiter/filemanager/index.html" "Mozilla/5.0 (Windows NT 10.0; Win64; x64) AppleWebKit/537.36 (KHTML, like Gecko) Chrome/132.0.0.0 Safari/537.36"
189.243.238.36 - - [05/Feb/2025:11:11:39 -0600] "GET /cPanel_magic_revision_1648610219/yui/menu/assets/menu.css HTTP/1.1" 200 2784 "https://cpanel.tjamich.gob.mx/cpsess2457266334/frontend/jupiter/filemanager/index.html" "Mozilla/5.0 (Windows NT 10.0; Win64; x64) AppleWebKit/537.36 (KHTML, like Gecko) Chrome/132.0.0.0 Safari/537.36"
189.243.238.36 - - [05/Feb/2025:11:11:39 -0600] "GET /cPanel_magic_revision_1648610219/yui/datatable/assets/skins/sam/datatable.css HTTP/1.1" 200 1543 "https://cpanel.tjamich.gob.mx/cpsess2457266334/frontend/jupiter/filemanager/index.html" "Mozilla/5.0 (Windows NT 10.0; Win64; x64) AppleWebKit/537.36 (KHTML, like Gecko) Chrome/132.0.0.0 Safari/537.36"
189.243.238.36 - - [05/Feb/2025:11:11:39 -0600] "GET /cPanel_magic_revision_1648610219/yui/treeview/assets/skins/sam/treeview.css HTTP/1.1" 200 907 "https://cpanel.tjamich.gob.mx/cpsess2457266334/frontend/jupiter/filemanager/index.html" "Mozilla/5.0 (Windows NT 10.0; Win64; x64) AppleWebKit/537.36 (KHTML, like Gecko) Chrome/132.0.0.0 Safari/537.36"
189.243.238.36 - - [05/Feb/2025:11:11:39 -0600] "GET /cPanel_magic_revision_1648609965/frontend/jupiter/libraries/bootstrap/optimized/css/bootstrap.min.css HTTP/1.1" 200 18246 "https://cpanel.tjamich.gob.mx/cpsess2457266334/frontend/jupiter/filemanager/index.html" "Mozilla/5.0 (Windows NT 10.0; Win64; x64) AppleWebKit/537.36 (KHTML, like Gecko) Chrome/132.0.0.0 Safari/537.36"
189.243.238.36 - - [05/Feb/2025:11:11:39 -0600] "GET /cPanel_magic_revision_1648610195/frontend/jupiter/libraries/ui-fonts/open_sans/optimized/open_sans.min.css HTTP/1.1" 200 452 "https://cpanel.tjamich.gob.mx/cpsess2457266334/frontend/jupiter/filemanager/index.html" "Mozilla/5.0 (Windows NT 10.0; Win64; x64) AppleWebKit/537.36 (KHTML, like Gecko) Chrome/132.0.0.0 Safari/537.36"
189.243.238.36 - - [05/Feb/2025:11:11:39 -0600] "GET /cPanel_magic_revision_1656537159/frontend/jupiter/libraries/fontawesome/css/all.min.css HTTP/1.1" 200 13709 "https://cpanel.tjamich.gob.mx/cpsess2457266334/frontend/jupiter/filemanager/index.html" "Mozilla/5.0 (Windows NT 10.0; Win64; x64) AppleWebKit/537.36 (KHTML, like Gecko) Chrome/132.0.0.0 Safari/537.36"
189.243.238.36 - - [05/Feb/2025:11:11:39 -0600] "GET /cPanel_magic_revision_1649538026/frontend/jupiter/filemanager/css/tree_styles2_optimized.css HTTP/1.1" 200 5081 "https://cpanel.tjamich.gob.mx/cpsess2457266334/frontend/jupiter/filemanager/index.html" "Mozilla/5.0 (Windows NT 10.0; Win64; x64) AppleWebKit/537.36 (KHTML, like Gecko) Chrome/132.0.0.0 Safari/537.36"
189.243.238.36 - - [05/Feb/2025:11:11:39 -0600] "GET /cPanel_magic_revision_1642629671/yui-gen/utilities_container/utilities_container.js HTTP/1.1" 200 64893 "https://cpanel.tjamich.gob.mx/cpsess2457266334/frontend/jupiter/filemanager/index.html" "Mozilla/5.0 (Windows NT 10.0; Win64; x64) AppleWebKit/537.36 (KHTML, like Gecko) Chrome/132.0.0.0 Safari/537.36"
189.243.238.36 - - [05/Feb/2025:11:11:39 -0600] "GET /cPanel_magic_revision_1649537744/cjt/cpanel-all-min.js?locale=es_419&locale_revision=1737049046 HTTP/1.1" 200 88937 "https://cpanel.tjamich.gob.mx/cpsess2457266334/frontend/jupiter/filemanager/index.html" "Mozilla/5.0 (Windows NT 10.0; Win64; x64) AppleWebKit/537.36 (KHTML, like Gecko) Chrome/132.0.0.0 Safari/537.36"
