66.249.72.139 - - [05/Feb/2025:21:44:25 -0600] "GET /product/today134?c=g&l=44788 HTTP/1.1" 301 270 "-" "Mozilla/5.0 (Linux; Android 6.0.1; Nexus 5X Build/MMB29P) AppleWebKit/537.36 (KHTML, like Gecko) Chrome/132.0.6834.159 Mobile Safari/537.36 (compatible; Googlebot/2.1; +http://www.google.com/bot.html)"
66.249.77.198 - - [05/Feb/2025:21:44:26 -0600] "GET /item/xcxu38bious27738.html HTTP/1.1" 301 264 "-" "Mozilla/5.0 (Linux; Android 6.0.1; Nexus 5X Build/MMB29P) AppleWebKit/537.36 (KHTML, like Gecko) Chrome/132.0.6834.159 Mobile Safari/537.36 (compatible; GoogleOther)"
66.249.72.140 - - [05/Feb/2025:21:44:28 -0600] "GET /?_ga=2.198040047.1958808748.1721886654-862398307.1699453578&_bdsid=2ulvIJ.n~ZXCIW.1721886656070.1721886848&_bd_prev_page=https://tjamich.gob.mx/detail.php?uztc/g86300.html HTTP/1.1" 301 417 "-" "Mozilla/5.0 (Linux; Android 6.0.1; Nexus 5X Build/MMB29P) AppleWebKit/537.36 (KHTML, like Gecko) Chrome/133.0.6943.53 Mobile Safari/537.36 (compatible; Googlebot/2.1; +http://www.google.com/bot.html)"
66.249.77.198 - - [05/Feb/2025:21:44:29 -0600] "GET /68590650162.shtml HTTP/1.1" 301 255 "-" "Mozilla/5.0 (Linux; Android 6.0.1; Nexus 5X Build/MMB29P) AppleWebKit/537.36 (KHTML, like Gecko) Chrome/132.0.6834.159 Mobile Safari/537.36 (compatible; Googlebot/2.1; +http://www.google.com/bot.html)"
66.249.72.139 - - [05/Feb/2025:21:44:31 -0600] "GET /?_ga=2.198040047.1958808748.1721886654-862398307.1699453578&_bdsid=2ulvIJ.n~ZXCIW.1721886656070.1721886848&_bd_prev_page=https://tjamich.gob.mx/detail.php?yhod/j252287.html HTTP/1.1" 301 418 "-" "Mozilla/5.0 (Linux; Android 6.0.1; Nexus 5X Build/MMB29P) AppleWebKit/537.36 (KHTML, like Gecko) Chrome/133.0.6943.53 Mobile Safari/537.36 (compatible; Googlebot/2.1; +http://www.google.com/bot.html)"
66.249.77.198 - - [05/Feb/2025:21:44:45 -0600] "GET /9487830521.shtml HTTP/1.1" 301 254 "-" "Mozilla/5.0 (Linux; Android 6.0.1; Nexus 5X Build/MMB29P) AppleWebKit/537.36 (KHTML, like Gecko) Chrome/132.0.6834.159 Mobile Safari/537.36 (compatible; GoogleOther)"
66.249.77.200 - - [05/Feb/2025:21:45:08 -0600] "GET /41101598172.shtml HTTP/1.1" 301 255 "-" "Mozilla/5.0 (Linux; Android 6.0.1; Nexus 5X Build/MMB29P) AppleWebKit/537.36 (KHTML, like Gecko) Chrome/132.0.6834.159 Mobile Safari/537.36 (compatible; Googlebot/2.1; +http://www.google.com/bot.html)"
66.249.72.139 - - [05/Feb/2025:21:45:11 -0600] "GET /item/ndi173jkzbq26312.html HTTP/1.1" 301 264 "-" "Mozilla/5.0 (Linux; Android 6.0.1; Nexus 5X Build/MMB29P) AppleWebKit/537.36 (KHTML, like Gecko) Chrome/132.0.6834.159 Mobile Safari/537.36 (compatible; Googlebot/2.1; +http://www.google.com/bot.html)"
66.249.77.199 - - [05/Feb/2025:21:45:18 -0600] "GET /item/yilq60lrccp43755.html HTTP/1.1" 301 264 "-" "Mozilla/5.0 (Linux; Android 6.0.1; Nexus 5X Build/MMB29P) AppleWebKit/537.36 (KHTML, like Gecko) Chrome/132.0.6834.159 Mobile Safari/537.36 (compatible; GoogleOther)"
66.249.77.198 - - [05/Feb/2025:21:45:28 -0600] "GET /79570611522.shtml HTTP/1.1" 301 255 "-" "Mozilla/5.0 (Linux; Android 6.0.1; Nexus 5X Build/MMB29P) AppleWebKit/537.36 (KHTML, like Gecko) Chrome/132.0.6834.159 Mobile Safari/537.36 (compatible; Googlebot/2.1; +http://www.google.com/bot.html)"
66.249.77.198 - - [05/Feb/2025:21:45:39 -0600] "GET /item/mkvio140rdeqo18168.html HTTP/1.1" 301 266 "-" "Mozilla/5.0 (Linux; Android 6.0.1; Nexus 5X Build/MMB29P) AppleWebKit/537.36 (KHTML, like Gecko) Chrome/132.0.6834.159 Mobile Safari/537.36 (compatible; GoogleOther)"
66.249.77.198 - - [05/Feb/2025:21:45:49 -0600] "GET /921021661049.shtml HTTP/1.1" 301 256 "-" "Mozilla/5.0 (Linux; Android 6.0.1; Nexus 5X Build/MMB29P) AppleWebKit/537.36 (KHTML, like Gecko) Chrome/132.0.6834.159 Mobile Safari/537.36 (compatible; Googlebot/2.1; +http://www.google.com/bot.html)"
66.249.77.198 - - [05/Feb/2025:21:45:53 -0600] "GET /product/fair288?c=g&l=39892 HTTP/1.1" 301 269 "-" "Mozilla/5.0 (Linux; Android 6.0.1; Nexus 5X Build/MMB29P) AppleWebKit/537.36 (KHTML, like Gecko) Chrome/132.0.6834.159 Mobile Safari/537.36 (compatible; Googlebot/2.1; +http://www.google.com/bot.html)"
66.249.77.200 - - [05/Feb/2025:21:46:09 -0600] "GET /item/mdjy30yemmx3964.html HTTP/1.1" 301 263 "-" "Mozilla/5.0 (Linux; Android 6.0.1; Nexus 5X Build/MMB29P) AppleWebKit/537.36 (KHTML, like Gecko) Chrome/132.0.6834.159 Mobile Safari/537.36 (compatible; GoogleOther)"
66.249.77.198 - - [05/Feb/2025:21:46:29 -0600] "GET /699181509510.shtml HTTP/1.1" 301 256 "-" "Mozilla/5.0 (Linux; Android 6.0.1; Nexus 5X Build/MMB29P) AppleWebKit/537.36 (KHTML, like Gecko) Chrome/132.0.6834.159 Mobile Safari/537.36 (compatible; Googlebot/2.1; +http://www.google.com/bot.html)"
66.249.77.198 - - [05/Feb/2025:21:46:38 -0600] "GET /product/buddy1?c=g&l=459 HTTP/1.1" 301 266 "-" "Mozilla/5.0 (Linux; Android 6.0.1; Nexus 5X Build/MMB29P) AppleWebKit/537.36 (KHTML, like Gecko) Chrome/132.0.6834.159 Mobile Safari/537.36 (compatible; Googlebot/2.1; +http://www.google.com/bot.html)"
66.249.77.198 - - [05/Feb/2025:21:46:46 -0600] "GET /22719252207.shtml HTTP/1.1" 301 255 "-" "Mozilla/5.0 (Linux; Android 6.0.1; Nexus 5X Build/MMB29P) AppleWebKit/537.36 (KHTML, like Gecko) Chrome/132.0.6834.159 Mobile Safari/537.36 (compatible; GoogleOther)"
66.249.77.200 - - [05/Feb/2025:21:47:02 -0600] "GET /item/dqhfz225gsazn26498.html HTTP/1.1" 301 266 "-" "Mozilla/5.0 (Linux; Android 6.0.1; Nexus 5X Build/MMB29P) AppleWebKit/537.36 (KHTML, like Gecko) Chrome/132.0.6834.159 Mobile Safari/537.36 (compatible; GoogleOther)"
66.249.77.198 - - [05/Feb/2025:21:47:20 -0600] "GET /44219358974.shtml HTTP/1.1" 301 255 "-" "Mozilla/5.0 (Linux; Android 6.0.1; Nexus 5X Build/MMB29P) AppleWebKit/537.36 (KHTML, like Gecko) Chrome/132.0.6834.159 Mobile Safari/537.36 (compatible; Googlebot/2.1; +http://www.google.com/bot.html)"
216.244.66.234 - - [05/Feb/2025:21:47:36 -0600] "GET /Igualdad-de-Genero/carrusel/img/foto_14.jpg HTTP/1.1" 301 281 "-" "Mozilla/5.0 (compatible; DotBot/1.2; +https://opensiteexplorer.org/dotbot; help@moz.com)"
66.249.77.198 - - [05/Feb/2025:21:47:49 -0600] "GET /967911034657.shtml HTTP/1.1" 301 256 "-" "Mozilla/5.0 (Linux; Android 6.0.1; Nexus 5X Build/MMB29P) AppleWebKit/537.36 (KHTML, like Gecko) Chrome/132.0.6834.159 Mobile Safari/537.36 (compatible; Googlebot/2.1; +http://www.google.com/bot.html)"
66.249.77.198 - - [05/Feb/2025:21:47:52 -0600] "GET /item/gzpo134fgqtb1610.html HTTP/1.1" 301 264 "-" "Mozilla/5.0 (Linux; Android 6.0.1; Nexus 5X Build/MMB29P) AppleWebKit/537.36 (KHTML, like Gecko) Chrome/132.0.6834.159 Mobile Safari/537.36 (compatible; GoogleOther)"
66.249.72.141 - - [05/Feb/2025:21:47:53 -0600] "GET / HTTP/1.1" 301 238 "-" "Mozilla/5.0 (compatible; Googlebot/2.1; +http://www.google.com/bot.html)"
66.249.77.198 - - [05/Feb/2025:21:48:06 -0600] "GET /972331602418.shtml HTTP/1.1" 301 256 "-" "Mozilla/5.0 (Linux; Android 6.0.1; Nexus 5X Build/MMB29P) AppleWebKit/537.36 (KHTML, like Gecko) Chrome/132.0.6834.159 Mobile Safari/537.36 (compatible; GoogleOther)"
54.36.148.247 - - [05/Feb/2025:21:48:17 -0600] "GET /robots.txt HTTP/1.1" 301 248 "-" "Mozilla/5.0 (compatible; AhrefsBot/7.0; +http://ahrefs.com/robot/)"
66.249.77.198 - - [05/Feb/2025:21:48:29 -0600] "GET /08154674438.shtml HTTP/1.1" 301 255 "-" "Mozilla/5.0 (Linux; Android 6.0.1; Nexus 5X Build/MMB29P) AppleWebKit/537.36 (KHTML, like Gecko) Chrome/132.0.6834.159 Mobile Safari/537.36 (compatible; Googlebot/2.1; +http://www.google.com/bot.html)"
51.8.102.166 - - [05/Feb/2025:21:48:31 -0600] "GET /robots.txt HTTP/1.1" 301 248 "-" "Mozilla/5.0 (Macintosh; Intel Mac OS X 10_15_7) AppleWebKit/537.36 (KHTML, like Gecko) Chrome/131.0.0.0 Safari/537.36; compatible; OAI-SearchBot/1.0; +https://openai.com/searchbot"
66.249.77.198 - - [05/Feb/2025:21:48:35 -0600] "GET /item/dlmk113icldf10772.html HTTP/1.1" 301 265 "-" "Mozilla/5.0 (Linux; Android 6.0.1; Nexus 5X Build/MMB29P) AppleWebKit/537.36 (KHTML, like Gecko) Chrome/132.0.6834.159 Mobile Safari/537.36 (compatible; Googlebot/2.1; +http://www.google.com/bot.html)"
66.249.77.198 - - [05/Feb/2025:21:48:43 -0600] "GET /item/jfg60ytgrm43089.html HTTP/1.1" 301 263 "-" "Mozilla/5.0 (Linux; Android 6.0.1; Nexus 5X Build/MMB29P) AppleWebKit/537.36 (KHTML, like Gecko) Chrome/132.0.6834.159 Mobile Safari/537.36 (compatible; GoogleOther)"
66.249.72.141 - - [05/Feb/2025:21:49:24 -0600] "GET /item/jop103jbwbd48732.html HTTP/1.1" 301 264 "-" "Mozilla/5.0 (Linux; Android 6.0.1; Nexus 5X Build/MMB29P) AppleWebKit/537.36 (KHTML, like Gecko) Chrome/132.0.6834.159 Mobile Safari/537.36 (compatible; Googlebot/2.1; +http://www.google.com/bot.html)"
66.249.77.198 - - [05/Feb/2025:21:49:35 -0600] "GET /item/rdbi61whvzw13804.html HTTP/1.1" 301 264 "-" "Mozilla/5.0 (Linux; Android 6.0.1; Nexus 5X Build/MMB29P) AppleWebKit/537.36 (KHTML, like Gecko) Chrome/132.0.6834.159 Mobile Safari/537.36 (compatible; GoogleOther)"
66.249.77.198 - - [05/Feb/2025:21:50:06 -0600] "GET /59129661145.shtml HTTP/1.1" 301 255 "-" "Mozilla/5.0 (Linux; Android 6.0.1; Nexus 5X Build/MMB29P) AppleWebKit/537.36 (KHTML, like Gecko) Chrome/132.0.6834.159 Mobile Safari/537.36 (compatible; GoogleOther)"
66.249.77.199 - - [05/Feb/2025:21:50:08 -0600] "GET /29850406244.shtml HTTP/1.1" 301 255 "-" "Mozilla/5.0 (Linux; Android 6.0.1; Nexus 5X Build/MMB29P) AppleWebKit/537.36 (KHTML, like Gecko) Chrome/132.0.6834.159 Mobile Safari/537.36 (compatible; Googlebot/2.1; +http://www.google.com/bot.html)"
89.185.25.132 - - [05/Feb/2025:21:50:09 -0600] "GET /mailinspector/login.php HTTP/1.1" 301 261 "-" "Mozilla/5.0 (Macintosh; Intel Mac OS X 10.15) AppleWebKit/605.1.15 (KHTML, like Gecko) Version/17.5 Safari/605.1.15"
66.249.77.198 - - [05/Feb/2025:21:50:26 -0600] "GET /item/baav60ffaaj819.html HTTP/1.1" 301 262 "-" "Mozilla/5.0 (Linux; Android 6.0.1; Nexus 5X Build/MMB29P) AppleWebKit/537.36 (KHTML, like Gecko) Chrome/132.0.6834.159 Mobile Safari/537.36 (compatible; GoogleOther)"
66.249.77.198 - - [05/Feb/2025:21:50:28 -0600] "GET /972701575536.shtml HTTP/1.1" 301 256 "-" "Mozilla/5.0 (Linux; Android 6.0.1; Nexus 5X Build/MMB29P) AppleWebKit/537.36 (KHTML, like Gecko) Chrome/132.0.6834.159 Mobile Safari/537.36 (compatible; Googlebot/2.1; +http://www.google.com/bot.html)"
66.249.77.198 - - [05/Feb/2025:21:50:40 -0600] "GET /128723564 HTTP/1.1" 301 247 "-" "Mozilla/5.0 (Linux; Android 6.0.1; Nexus 5X Build/MMB29P) AppleWebKit/537.36 (KHTML, like Gecko) Chrome/132.0.6834.159 Mobile Safari/537.36 (compatible; Googlebot/2.1; +http://www.google.com/bot.html)"
66.249.77.198 - - [05/Feb/2025:21:51:18 -0600] "GET /0809958317.shtml HTTP/1.1" 301 254 "-" "Mozilla/5.0 (Linux; Android 6.0.1; Nexus 5X Build/MMB29P) AppleWebKit/537.36 (KHTML, like Gecko) Chrome/132.0.6834.159 Mobile Safari/537.36 (compatible; GoogleOther)"
52.167.144.161 - - [05/Feb/2025:21:51:20 -0600] "GET /aviso-privacidad?q=2025 HTTP/1.1" 301 261 "-" "Mozilla/5.0 AppleWebKit/537.36 (KHTML, like Gecko; compatible; bingbot/2.0; +http://www.bing.com/bingbot.htm) Chrome/116.0.1938.76 Safari/537.36"
66.249.77.198 - - [05/Feb/2025:21:51:26 -0600] "GET /90905243206.shtml HTTP/1.1" 301 255 "-" "Mozilla/5.0 (Linux; Android 6.0.1; Nexus 5X Build/MMB29P) AppleWebKit/537.36 (KHTML, like Gecko) Chrome/132.0.6834.159 Mobile Safari/537.36 (compatible; GoogleOther)"
66.249.77.198 - - [05/Feb/2025:21:51:26 -0600] "GET /115174616 HTTP/1.1" 301 247 "-" "Mozilla/5.0 (Linux; Android 6.0.1; Nexus 5X Build/MMB29P) AppleWebKit/537.36 (KHTML, like Gecko) Chrome/132.0.6834.159 Mobile Safari/537.36 (compatible; Googlebot/2.1; +http://www.google.com/bot.html)"
66.249.77.199 - - [05/Feb/2025:21:52:03 -0600] "GET /item/sdki38jymmy32273.html HTTP/1.1" 301 264 "-" "Mozilla/5.0 (Linux; Android 6.0.1; Nexus 5X Build/MMB29P) AppleWebKit/537.36 (KHTML, like Gecko) Chrome/132.0.6834.159 Mobile Safari/537.36 (compatible; Googlebot/2.1; +http://www.google.com/bot.html)"
66.249.77.199 - - [05/Feb/2025:21:52:09 -0600] "GET /item/atc60vnljt43226.html HTTP/1.1" 301 263 "-" "Mozilla/5.0 (Linux; Android 6.0.1; Nexus 5X Build/MMB29P) AppleWebKit/537.36 (KHTML, like Gecko) Chrome/132.0.6834.159 Mobile Safari/537.36 (compatible; GoogleOther)"
66.249.77.198 - - [05/Feb/2025:21:52:19 -0600] "GET /70073195435.shtml HTTP/1.1" 301 255 "-" "Mozilla/5.0 (Linux; Android 6.0.1; Nexus 5X Build/MMB29P) AppleWebKit/537.36 (KHTML, like Gecko) Chrome/132.0.6834.159 Mobile Safari/537.36 (compatible; GoogleOther)"
66.249.77.198 - - [05/Feb/2025:21:52:27 -0600] "GET /07072503935.shtml HTTP/1.1" 301 255 "-" "Mozilla/5.0 (Linux; Android 6.0.1; Nexus 5X Build/MMB29P) AppleWebKit/537.36 (KHTML, like Gecko) Chrome/132.0.6834.159 Mobile Safari/537.36 (compatible; Googlebot/2.1; +http://www.google.com/bot.html)"
66.249.72.139 - - [05/Feb/2025:21:52:45 -0600] "GET /tire125/7yo77-1556/ HTTP/1.1" 301 257 "-" "Mozilla/5.0 (Linux; Android 6.0.1; Nexus 5X Build/MMB29P) AppleWebKit/537.36 (KHTML, like Gecko) Chrome/132.0.6834.159 Mobile Safari/537.36 (compatible; Googlebot/2.1; +http://www.google.com/bot.html)"
66.249.77.198 - - [05/Feb/2025:21:53:02 -0600] "GET /052991392009.shtml HTTP/1.1" 301 256 "-" "Mozilla/5.0 (Linux; Android 6.0.1; Nexus 5X Build/MMB29P) AppleWebKit/537.36 (KHTML, like Gecko) Chrome/132.0.6834.159 Mobile Safari/537.36 (compatible; GoogleOther)"
66.249.72.141 - - [05/Feb/2025:21:53:26 -0600] "GET /item/rqzli24moazk23966.html HTTP/1.1" 301 265 "-" "Mozilla/5.0 (Linux; Android 6.0.1; Nexus 5X Build/MMB29P) AppleWebKit/537.36 (KHTML, like Gecko) Chrome/132.0.6834.159 Mobile Safari/537.36 (compatible; Googlebot/2.1; +http://www.google.com/bot.html)"
89.185.25.132 - - [05/Feb/2025:21:53:35 -0600] "POST /api/gen/clients/csharp HTTP/1.1" 301 260 "-" "Mozilla/5.0 (Macintosh; Intel Mac OS X 14.0) AppleWebKit/616.3 (KHTML, like Gecko) Version/17.5.22 Safari/616.3"
89.185.25.132 - - [05/Feb/2025:21:53:36 -0600] "POST /include/file.php HTTP/1.1" 301 254 "-" "Mozilla/5.0 (Knoppix; Linux x86_64; rv:121.0) Gecko/20100101 Firefox/121.0"
66.249.77.198 - - [05/Feb/2025:21:53:39 -0600] "GET /491231660808.shtml HTTP/1.1" 301 256 "-" "Mozilla/5.0 (Linux; Android 6.0.1; Nexus 5X Build/MMB29P) AppleWebKit/537.36 (KHTML, like Gecko) Chrome/132.0.6834.159 Mobile Safari/537.36 (compatible; GoogleOther)"
66.249.77.198 - - [05/Feb/2025:21:53:52 -0600] "GET /item/hdy143oikns6156.html HTTP/1.1" 301 263 "-" "Mozilla/5.0 (Linux; Android 6.0.1; Nexus 5X Build/MMB29P) AppleWebKit/537.36 (KHTML, like Gecko) Chrome/132.0.6834.159 Mobile Safari/537.36 (compatible; GoogleOther)"
66.249.77.198 - - [05/Feb/2025:21:54:06 -0600] "GET /11895918879.shtml HTTP/1.1" 301 255 "-" "Mozilla/5.0 (Linux; Android 6.0.1; Nexus 5X Build/MMB29P) AppleWebKit/537.36 (KHTML, like Gecko) Chrome/132.0.6834.159 Mobile Safari/537.36 (compatible; GoogleOther)"
66.249.77.199 - - [05/Feb/2025:21:54:07 -0600] "GET /archivo/?dir=3%20Juzgado%20Tercero%20Administrativo/2019/09-SEPTIEMBRE HTTP/1.1" 301 308 "-" "Mozilla/5.0 (Linux; Android 6.0.1; Nexus 5X Build/MMB29P) AppleWebKit/537.36 (KHTML, like Gecko) Chrome/132.0.6834.159 Mobile Safari/537.36 (compatible; Googlebot/2.1; +http://www.google.com/bot.html)"
66.249.77.198 - - [05/Feb/2025:21:54:08 -0600] "GET /item/pwtp155zxjwg6582.html HTTP/1.1" 301 264 "-" "Mozilla/5.0 (Linux; Android 6.0.1; Nexus 5X Build/MMB29P) AppleWebKit/537.36 (KHTML, like Gecko) Chrome/132.0.6834.159 Mobile Safari/537.36 (compatible; Googlebot/2.1; +http://www.google.com/bot.html)"
66.249.77.199 - - [05/Feb/2025:21:54:43 -0600] "GET /item/kajh60zwicz43549.html HTTP/1.1" 301 264 "-" "Mozilla/5.0 (Linux; Android 6.0.1; Nexus 5X Build/MMB29P) AppleWebKit/537.36 (KHTML, like Gecko) Chrome/132.0.6834.159 Mobile Safari/537.36 (compatible; GoogleOther)"
40.77.167.6 - - [05/Feb/2025:21:55:08 -0600] "GET /products/2024/view-box_2021/img/Logo-TJAM.png HTTP/1.1" 301 283 "-" "Mozilla/5.0 AppleWebKit/537.36 (KHTML, like Gecko; compatible; bingbot/2.0; +http://www.bing.com/bingbot.htm) Chrome/116.0.1938.76 Safari/537.36"
66.249.77.199 - - [05/Feb/2025:21:55:35 -0600] "GET /29924232295.shtml HTTP/1.1" 301 255 "-" "Mozilla/5.0 (Linux; Android 6.0.1; Nexus 5X Build/MMB29P) AppleWebKit/537.36 (KHTML, like Gecko) Chrome/132.0.6834.159 Mobile Safari/537.36 (compatible; GoogleOther)"
66.249.72.139 - - [05/Feb/2025:21:56:13 -0600] "GET /catch19/4ivws-40560/ HTTP/1.1" 301 258 "-" "Mozilla/5.0 (Linux; Android 6.0.1; Nexus 5X Build/MMB29P) AppleWebKit/537.36 (KHTML, like Gecko) Chrome/132.0.6834.159 Mobile Safari/537.36 (compatible; Googlebot/2.1; +http://www.google.com/bot.html)"
66.249.77.198 - - [05/Feb/2025:21:56:55 -0600] "GET /170026112 HTTP/1.1" 301 247 "-" "Mozilla/5.0 (Linux; Android 6.0.1; Nexus 5X Build/MMB29P) AppleWebKit/537.36 (KHTML, like Gecko) Chrome/132.0.6834.159 Mobile Safari/537.36 (compatible; Googlebot/2.1; +http://www.google.com/bot.html)"
66.249.77.199 - - [05/Feb/2025:21:57:34 -0600] "GET /22866647446.shtml HTTP/1.1" 301 255 "-" "Mozilla/5.0 (Linux; Android 6.0.1; Nexus 5X Build/MMB29P) AppleWebKit/537.36 (KHTML, like Gecko) Chrome/132.0.6834.159 Mobile Safari/537.36 (compatible; Googlebot/2.1; +http://www.google.com/bot.html)"
66.249.77.198 - - [05/Feb/2025:21:58:06 -0600] "GET /137551292391.shtml HTTP/1.1" 301 256 "-" "Mozilla/5.0 (Linux; Android 6.0.1; Nexus 5X Build/MMB29P) AppleWebKit/537.36 (KHTML, like Gecko) Chrome/132.0.6834.159 Mobile Safari/537.36 (compatible; GoogleOther)"
66.249.72.139 - - [05/Feb/2025:21:58:09 -0600] "GET /item/qwlj244baggk46574.html HTTP/1.1" 301 265 "-" "Mozilla/5.0 (Linux; Android 6.0.1; Nexus 5X Build/MMB29P) AppleWebKit/537.36 (KHTML, like Gecko) Chrome/132.0.6834.159 Mobile Safari/537.36 (compatible; GoogleOther)"
66.249.77.199 - - [05/Feb/2025:21:58:13 -0600] "GET /090211325474.shtml HTTP/1.1" 301 256 "-" "Mozilla/5.0 (Linux; Android 6.0.1; Nexus 5X Build/MMB29P) AppleWebKit/537.36 (KHTML, like Gecko) Chrome/132.0.6834.159 Mobile Safari/537.36 (compatible; Googlebot/2.1; +http://www.google.com/bot.html)"
66.249.77.198 - - [05/Feb/2025:21:58:19 -0600] "GET /202055312 HTTP/1.1" 301 247 "-" "Mozilla/5.0 (Linux; Android 6.0.1; Nexus 5X Build/MMB29P) AppleWebKit/537.36 (KHTML, like Gecko) Chrome/132.0.6834.159 Mobile Safari/537.36 (compatible; Googlebot/2.1; +http://www.google.com/bot.html)"
66.249.77.198 - - [05/Feb/2025:21:58:33 -0600] "GET /958305191.shtml HTTP/1.1" 301 253 "-" "Mozilla/5.0 (Linux; Android 6.0.1; Nexus 5X Build/MMB29P) AppleWebKit/537.36 (KHTML, like Gecko) Chrome/132.0.6834.159 Mobile Safari/537.36 (compatible; GoogleOther)"
40.77.167.6 - - [05/Feb/2025:21:58:38 -0600] "GET /noticias&idnoti=476?q=2025 HTTP/1.1" 301 268 "-" "Mozilla/5.0 AppleWebKit/537.36 (KHTML, like Gecko; compatible; bingbot/2.0; +http://www.bing.com/bingbot.htm) Chrome/116.0.1938.76 Safari/537.36"
66.249.77.198 - - [05/Feb/2025:21:58:59 -0600] "GET /185750072 HTTP/1.1" 301 247 "-" "Mozilla/5.0 (Linux; Android 6.0.1; Nexus 5X Build/MMB29P) AppleWebKit/537.36 (KHTML, like Gecko) Chrome/132.0.6834.159 Mobile Safari/537.36 (compatible; Googlebot/2.1; +http://www.google.com/bot.html)"
66.249.77.199 - - [05/Feb/2025:21:59:27 -0600] "GET /item/hfp35cgfwo16322.html HTTP/1.1" 301 263 "-" "Mozilla/5.0 (Linux; Android 6.0.1; Nexus 5X Build/MMB29P) AppleWebKit/537.36 (KHTML, like Gecko) Chrome/132.0.6834.159 Mobile Safari/537.36 (compatible; GoogleOther)"
66.249.77.199 - - [05/Feb/2025:21:59:40 -0600] "GET /165035084 HTTP/1.1" 301 247 "-" "Mozilla/5.0 (Linux; Android 6.0.1; Nexus 5X Build/MMB29P) AppleWebKit/537.36 (KHTML, like Gecko) Chrome/132.0.6834.159 Mobile Safari/537.36 (compatible; Googlebot/2.1; +http://www.google.com/bot.html)"
66.249.77.198 - - [05/Feb/2025:21:59:52 -0600] "GET /629781040743.shtml HTTP/1.1" 301 256 "-" "Mozilla/5.0 (Linux; Android 6.0.1; Nexus 5X Build/MMB29P) AppleWebKit/537.36 (KHTML, like Gecko) Chrome/132.0.6834.159 Mobile Safari/537.36 (compatible; GoogleOther)"
66.249.77.198 - - [05/Feb/2025:21:59:58 -0600] "GET /084271147661.shtml HTTP/1.1" 301 256 "-" "Mozilla/5.0 (Linux; Android 6.0.1; Nexus 5X Build/MMB29P) AppleWebKit/537.36 (KHTML, like Gecko) Chrome/132.0.6834.159 Mobile Safari/537.36 (compatible; Googlebot/2.1; +http://www.google.com/bot.html)"
66.249.77.198 - - [05/Feb/2025:22:00:20 -0600] "GET /77117584721.shtml HTTP/1.1" 301 255 "-" "Mozilla/5.0 (Linux; Android 6.0.1; Nexus 5X Build/MMB29P) AppleWebKit/537.36 (KHTML, like Gecko) Chrome/132.0.6834.159 Mobile Safari/537.36 (compatible; GoogleOther)"
66.249.77.199 - - [05/Feb/2025:22:00:22 -0600] "GET /60338828 HTTP/1.1" 301 246 "-" "Mozilla/5.0 (Linux; Android 6.0.1; Nexus 5X Build/MMB29P) AppleWebKit/537.36 (KHTML, like Gecko) Chrome/132.0.6834.159 Mobile Safari/537.36 (compatible; Googlebot/2.1; +http://www.google.com/bot.html)"
52.167.144.187 - - [05/Feb/2025:22:00:44 -0600] "GET /sisofi_2018/uploads/07-04-2023/pdf/pdf/Quienes-Somos HTTP/1.1" 301 290 "-" "Mozilla/5.0 AppleWebKit/537.36 (KHTML, like Gecko; compatible; bingbot/2.0; +http://www.bing.com/bingbot.htm) Chrome/116.0.1938.76 Safari/537.36"
66.249.77.199 - - [05/Feb/2025:22:00:46 -0600] "GET /005471344881.shtml HTTP/1.1" 301 256 "-" "Mozilla/5.0 (Linux; Android 6.0.1; Nexus 5X Build/MMB29P) AppleWebKit/537.36 (KHTML, like Gecko) Chrome/132.0.6834.159 Mobile Safari/537.36 (compatible; GoogleOther)"
66.249.77.198 - - [05/Feb/2025:22:01:16 -0600] "GET /546731576275.shtml HTTP/1.1" 301 256 "-" "Mozilla/5.0 (Linux; Android 6.0.1; Nexus 5X Build/MMB29P) AppleWebKit/537.36 (KHTML, like Gecko) Chrome/132.0.6834.159 Mobile Safari/537.36 (compatible; GoogleOther)"
66.249.72.140 - - [05/Feb/2025:22:01:45 -0600] "GET /item/bpm229trdgh6569.html HTTP/1.1" 301 263 "-" "Mozilla/5.0 (Linux; Android 6.0.1; Nexus 5X Build/MMB29P) AppleWebKit/537.36 (KHTML, like Gecko) Chrome/132.0.6834.159 Mobile Safari/537.36 (compatible; Googlebot/2.1; +http://www.google.com/bot.html)"
66.249.77.199 - - [05/Feb/2025:22:01:50 -0600] "GET /50922745279.shtml HTTP/1.1" 301 255 "-" "Mozilla/5.0 (Linux; Android 6.0.1; Nexus 5X Build/MMB29P) AppleWebKit/537.36 (KHTML, like Gecko) Chrome/132.0.6834.159 Mobile Safari/537.36 (compatible; Googlebot/2.1; +http://www.google.com/bot.html)"
66.249.77.200 - - [05/Feb/2025:22:02:20 -0600] "GET /74877626366.shtml HTTP/1.1" 301 255 "-" "Mozilla/5.0 (Linux; Android 6.0.1; Nexus 5X Build/MMB29P) AppleWebKit/537.36 (KHTML, like Gecko) Chrome/132.0.6834.159 Mobile Safari/537.36 (compatible; GoogleOther)"
66.249.77.198 - - [05/Feb/2025:22:02:30 -0600] "GET /71040465046.shtml HTTP/1.1" 301 255 "-" "Mozilla/5.0 (Linux; Android 6.0.1; Nexus 5X Build/MMB29P) AppleWebKit/537.36 (KHTML, like Gecko) Chrome/132.0.6834.159 Mobile Safari/537.36 (compatible; Googlebot/2.1; +http://www.google.com/bot.html)"
66.249.77.199 - - [05/Feb/2025:22:02:30 -0600] "GET /708611131331.shtml HTTP/1.1" 301 256 "-" "Mozilla/5.0 (Linux; Android 6.0.1; Nexus 5X Build/MMB29P) AppleWebKit/537.36 (KHTML, like Gecko) Chrome/132.0.6834.159 Mobile Safari/537.36 (compatible; Googlebot/2.1; +http://www.google.com/bot.html)"
66.249.77.199 - - [05/Feb/2025:22:02:31 -0600] "GET /product/gentle1?c=g&l=150 HTTP/1.1" 301 267 "-" "Mozilla/5.0 (Linux; Android 6.0.1; Nexus 5X Build/MMB29P) AppleWebKit/537.36 (KHTML, like Gecko) Chrome/132.0.6834.159 Mobile Safari/537.36 (compatible; Googlebot/2.1; +http://www.google.com/bot.html)"
66.249.77.198 - - [05/Feb/2025:22:02:50 -0600] "GET /179811212743.shtml HTTP/1.1" 301 256 "-" "Mozilla/5.0 (Linux; Android 6.0.1; Nexus 5X Build/MMB29P) AppleWebKit/537.36 (KHTML, like Gecko) Chrome/132.0.6834.159 Mobile Safari/537.36 (compatible; Googlebot/2.1; +http://www.google.com/bot.html)"
66.249.77.198 - - [05/Feb/2025:22:03:40 -0600] "GET /02780850093.shtml HTTP/1.1" 301 255 "-" "Mozilla/5.0 (Linux; Android 6.0.1; Nexus 5X Build/MMB29P) AppleWebKit/537.36 (KHTML, like Gecko) Chrome/132.0.6834.159 Mobile Safari/537.36 (compatible; GoogleOther)"
40.77.167.72 - - [05/Feb/2025:22:04:30 -0600] "GET /archivo/9%20Secretar%C3%ADa%20General%20de%20Acuerdos/2017/12-DICIEMBRE/Pleno HTTP/1.1" 301 315 "-" "Mozilla/5.0 AppleWebKit/537.36 (KHTML, like Gecko; compatible; bingbot/2.0; +http://www.bing.com/bingbot.htm) Chrome/116.0.1938.76 Safari/537.36"
66.249.77.200 - - [05/Feb/2025:22:05:27 -0600] "GET /418461313241.shtml HTTP/1.1" 301 256 "-" "Mozilla/5.0 (Linux; Android 6.0.1; Nexus 5X Build/MMB29P) AppleWebKit/537.36 (KHTML, like Gecko) Chrome/132.0.6834.159 Mobile Safari/537.36 (compatible; GoogleOther)"
66.249.77.199 - - [05/Feb/2025:22:05:52 -0600] "GET /09738854571.shtml HTTP/1.1" 301 255 "-" "Mozilla/5.0 (Linux; Android 6.0.1; Nexus 5X Build/MMB29P) AppleWebKit/537.36 (KHTML, like Gecko) Chrome/132.0.6834.159 Mobile Safari/537.36 (compatible; GoogleOther)"
66.249.77.198 - - [05/Feb/2025:22:05:55 -0600] "GET /234881567026.shtml HTTP/1.1" 301 256 "-" "Mozilla/5.0 (Linux; Android 6.0.1; Nexus 5X Build/MMB29P) AppleWebKit/537.36 (KHTML, like Gecko) Chrome/132.0.6834.159 Mobile Safari/537.36 (compatible; GoogleOther)"
66.249.77.198 - - [05/Feb/2025:22:05:57 -0600] "GET /Resultados-Eventos HTTP/1.1" 301 256 "-" "Mozilla/5.0 (compatible; Googlebot/2.1; +http://www.google.com/bot.html)"
66.249.77.200 - - [05/Feb/2025:22:07:40 -0600] "GET /item/kccaz43jjduu42607.html HTTP/1.1" 301 265 "-" "Mozilla/5.0 (Linux; Android 6.0.1; Nexus 5X Build/MMB29P) AppleWebKit/537.36 (KHTML, like Gecko) Chrome/132.0.6834.159 Mobile Safari/537.36 (compatible; GoogleOther)"
52.167.144.187 - - [05/Feb/2025:22:08:32 -0600] "GET /index.php?opc=pleno&q= HTTP/1.1" 301 247 "-" "Mozilla/5.0 AppleWebKit/537.36 (KHTML, like Gecko; compatible; bingbot/2.0; +http://www.bing.com/bingbot.htm) Chrome/116.0.1938.76 Safari/537.36"
52.167.144.17 - - [05/Feb/2025:22:08:49 -0600] "GET /groups/lifted-prius-c/44437368/Juicio-en-Linea?product_id=704093972 HTTP/1.1" 301 305 "-" "Mozilla/5.0 AppleWebKit/537.36 (KHTML, like Gecko; compatible; bingbot/2.0; +http://www.bing.com/bingbot.htm) Chrome/116.0.1938.76 Safari/537.36"
66.249.77.198 - - [05/Feb/2025:22:08:59 -0600] "GET /860461289011.shtml HTTP/1.1" 301 256 "-" "Mozilla/5.0 (Linux; Android 6.0.1; Nexus 5X Build/MMB29P) AppleWebKit/537.36 (KHTML, like Gecko) Chrome/132.0.6834.159 Mobile Safari/537.36 (compatible; Googlebot/2.1; +http://www.google.com/bot.html)"
66.249.77.200 - - [05/Feb/2025:22:09:30 -0600] "GET /50477841588.shtml HTTP/1.1" 301 255 "-" "Mozilla/5.0 (Linux; Android 6.0.1; Nexus 5X Build/MMB29P) AppleWebKit/537.36 (KHTML, like Gecko) Chrome/132.0.6834.159 Mobile Safari/537.36 (compatible; Googlebot/2.1; +http://www.google.com/bot.html)"
66.249.77.198 - - [05/Feb/2025:22:09:30 -0600] "GET /91801601144.shtml HTTP/1.1" 301 255 "-" "Mozilla/5.0 (Linux; Android 6.0.1; Nexus 5X Build/MMB29P) AppleWebKit/537.36 (KHTML, like Gecko) Chrome/132.0.6834.159 Mobile Safari/537.36 (compatible; Googlebot/2.1; +http://www.google.com/bot.html)"
66.249.77.199 - - [05/Feb/2025:22:09:31 -0600] "GET /8007756480.shtml HTTP/1.1" 301 254 "-" "Mozilla/5.0 (Linux; Android 6.0.1; Nexus 5X Build/MMB29P) AppleWebKit/537.36 (KHTML, like Gecko) Chrome/132.0.6834.159 Mobile Safari/537.36 (compatible; Googlebot/2.1; +http://www.google.com/bot.html)"
66.249.72.141 - - [05/Feb/2025:22:09:32 -0600] "GET /sisofi/uploads/27-04-2017/jun_10.pdf HTTP/1.1" 301 274 "-" "Mozilla/5.0 (Linux; Android 6.0.1; Nexus 5X Build/MMB29P) AppleWebKit/537.36 (KHTML, like Gecko) Chrome/132.0.6834.159 Mobile Safari/537.36 (compatible; Googlebot/2.1; +http://www.google.com/bot.html)"
66.249.77.198 - - [05/Feb/2025:22:09:32 -0600] "GET /products/para-mujer-verde-militar-espalda-descubierta-cayetana-verde-m/pdf/pdf/Legislacion-Estatal-y-Federal HTTP/1.1" 301 346 "-" "Mozilla/5.0 (Linux; Android 6.0.1; Nexus 5X Build/MMB29P) AppleWebKit/537.36 (KHTML, like Gecko) Chrome/132.0.6834.159 Mobile Safari/537.36 (compatible; Googlebot/2.1; +http://www.google.com/bot.html)"
107.148.94.7 - - [05/Feb/2025:22:09:37 -0600] "GET /wp-includes/install.php HTTP/1.1" 301 261 "https://tjamich.gob.mx/wp-includes/install.php" "Mozilla/5.0 (Windows NT 10.0; Win64; x64) AppleWebKit/537.36 (KHTML, like Gecko) Chrome/58.0.3029.110 Safari/537.3"
107.148.94.7 - - [05/Feb/2025:22:09:41 -0600] "GET / HTTP/1.1" 301 238 "https://tjamich.gob.mx" "Mozilla/5.0 (Windows NT 10.0; Win64; x64) AppleWebKit/537.36 (KHTML, like Gecko) Chrome/58.0.3029.110 Safari/537.3"
66.249.77.198 - - [05/Feb/2025:22:09:58 -0600] "GET /855772828.shtml HTTP/1.1" 301 253 "-" "Mozilla/5.0 (compatible; Googlebot/2.1; +http://www.google.com/bot.html)"
66.249.72.141 - - [05/Feb/2025:22:10:07 -0600] "GET /item/yugn14kieuc47084.html HTTP/1.1" 301 264 "-" "Mozilla/5.0 (Linux; Android 6.0.1; Nexus 5X Build/MMB29P) AppleWebKit/537.36 (KHTML, like Gecko) Chrome/132.0.6834.159 Mobile Safari/537.36 (compatible; GoogleOther)"
66.249.77.198 - - [05/Feb/2025:22:10:10 -0600] "GET /188211570763.shtml HTTP/1.1" 301 256 "-" "Mozilla/5.0 (Linux; Android 6.0.1; Nexus 5X Build/MMB29P) AppleWebKit/537.36 (KHTML, like Gecko) Chrome/132.0.6834.159 Mobile Safari/537.36 (compatible; GoogleOther)"
66.249.77.198 - - [05/Feb/2025:22:10:34 -0600] "GET /2133198932.shtml HTTP/1.1" 301 254 "-" "Mozilla/5.0 (Linux; Android 6.0.1; Nexus 5X Build/MMB29P) AppleWebKit/537.36 (KHTML, like Gecko) Chrome/132.0.6834.159 Mobile Safari/537.36 (compatible; Googlebot/2.1; +http://www.google.com/bot.html)"
66.249.72.140 - - [05/Feb/2025:22:10:34 -0600] "GET /item/oqzuw14cawxf47687.html HTTP/1.1" 301 265 "-" "Mozilla/5.0 (Linux; Android 6.0.1; Nexus 5X Build/MMB29P) AppleWebKit/537.36 (KHTML, like Gecko) Chrome/132.0.6834.159 Mobile Safari/537.36 (compatible; GoogleOther)"
66.249.72.139 - - [05/Feb/2025:22:10:40 -0600] "GET /sisofi/uploads/25-04-2017/JA-0490-2015-II.pdf HTTP/1.1" 301 283 "-" "Mozilla/5.0 (Linux; Android 6.0.1; Nexus 5X Build/MMB29P) AppleWebKit/537.36 (KHTML, like Gecko) Chrome/132.0.6834.159 Mobile Safari/537.36 (compatible; Googlebot/2.1; +http://www.google.com/bot.html)"
66.249.77.198 - - [05/Feb/2025:22:10:47 -0600] "GET /2190855385.shtml HTTP/1.1" 301 254 "-" "Mozilla/5.0 (Linux; Android 6.0.1; Nexus 5X Build/MMB29P) AppleWebKit/537.36 (KHTML, like Gecko) Chrome/132.0.6834.159 Mobile Safari/537.36 (compatible; GoogleOther)"
66.249.72.141 - - [05/Feb/2025:22:11:01 -0600] "GET /category/306/1/listing HTTP/1.1" 301 260 "-" "Mozilla/5.0 (Linux; Android 6.0.1; Nexus 5X Build/MMB29P) AppleWebKit/537.36 (KHTML, like Gecko) Chrome/132.0.6834.159 Mobile Safari/537.36 (compatible; GoogleOther)"
66.249.77.198 - - [05/Feb/2025:22:11:14 -0600] "GET /48001359199.shtml HTTP/1.1" 301 255 "-" "Mozilla/5.0 (Linux; Android 6.0.1; Nexus 5X Build/MMB29P) AppleWebKit/537.36 (KHTML, like Gecko) Chrome/132.0.6834.159 Mobile Safari/537.36 (compatible; Googlebot/2.1; +http://www.google.com/bot.html)"
114.119.142.156 - - [05/Feb/2025:22:11:15 -0600] "GET /sisofi_2018/uploads/14-07-2021/JA-0841-2020-II.pdf HTTP/1.1" 301 288 "-" "Mozilla/5.0 (Linux; Android 7.0;) AppleWebKit/537.36 (KHTML, like Gecko) Mobile Safari/537.36 (compatible; PetalBot;+https://webmaster.petalsearch.com/site/petalbot)"
114.119.138.170 - - [05/Feb/2025:22:11:16 -0600] "GET /sisofi_2018/uploads/12-10-2020/Reglamento%20Interior%20TJAM.pdf HTTP/1.1" 301 301 "https://www.tjamich.gob.mx/sisofi_2018/uploads/12-10-2020/JA-1016-2017-I.pdf&sa=U" "Mozilla/5.0 (Linux; Android 7.0;) AppleWebKit/537.36 (KHTML, like Gecko) Mobile Safari/537.36 (compatible; PetalBot;+https://webmaster.petalsearch.com/site/petalbot)"
114.119.151.128 - - [05/Feb/2025:22:11:16 -0600] "GET /sisofi_2018/uploads/07-10-2019/1005-2018_III.pdf HTTP/1.1" 301 286 "-" "Mozilla/5.0 (Linux; Android 7.0;) AppleWebKit/537.36 (KHTML, like Gecko) Mobile Safari/537.36 (compatible; PetalBot;+https://webmaster.petalsearch.com/site/petalbot)"
114.119.131.2 - - [05/Feb/2025:22:11:16 -0600] "GET /sisofi_2018/uploads/06-08-2019/JA-0567-2018-II.pdf HTTP/1.1" 301 288 "-" "Mozilla/5.0 (Linux; Android 7.0;) AppleWebKit/537.36 (KHTML, like Gecko) Mobile Safari/537.36 (compatible; PetalBot;+https://webmaster.petalsearch.com/site/petalbot)"
114.119.156.126 - - [05/Feb/2025:22:11:16 -0600] "GET /sisofi_2018/uploads/06-08-2019/Reglamento%20Interior%20TJAM.pdf HTTP/1.1" 301 301 "https://www.tjamich.gob.mx/sisofi_2018/uploads/06-08-2019/JA-0067-2018-I.pdf&sa=U" "Mozilla/5.0 (Linux; Android 7.0;) AppleWebKit/537.36 (KHTML, like Gecko) Mobile Safari/537.36 (compatible; PetalBot;+https://webmaster.petalsearch.com/site/petalbot)"
114.119.153.237 - - [05/Feb/2025:22:11:16 -0600] "GET /sisofi_2018/uploads/03-02-2022/CamScanner-02-03-2022-12.01.pdf HTTP/1.1" 301 300 "-" "Mozilla/5.0 (Linux; Android 7.0;) AppleWebKit/537.36 (KHTML, like Gecko) Mobile Safari/537.36 (compatible; PetalBot;+https://webmaster.petalsearch.com/site/petalbot)"
114.119.147.0 - - [05/Feb/2025:22:11:17 -0600] "GET /img/noticias/946_13%20de%20julio%20UNO%20UN.fw.png HTTP/1.1" 301 288 "-" "Mozilla/5.0 (Linux; Android 7.0;) AppleWebKit/537.36 (KHTML, like Gecko) Mobile Safari/537.36 (compatible; PetalBot;+https://webmaster.petalsearch.com/site/petalbot)"
114.119.142.15 - - [05/Feb/2025:22:11:18 -0600] "GET /img/noticias/ HTTP/1.1" 301 251 "-" "Mozilla/5.0 (Linux; Android 7.0;) AppleWebKit/537.36 (KHTML, like Gecko) Mobile Safari/537.36 (compatible; PetalBot;+https://webmaster.petalsearch.com/site/petalbot)"
114.119.158.167 - - [05/Feb/2025:22:11:18 -0600] "GET /view-box/contenidos.php?ta=a35fxxiii3&te=2&year=2016 HTTP/1.1" 301 298 "https://www.tjamich.gob.mx/view-box/index.php?action=ver&a=35&na=1" "Mozilla/5.0 (Linux; Android 7.0;) AppleWebKit/537.36 (KHTML, like Gecko) Mobile Safari/537.36 (compatible; PetalBot;+https://webmaster.petalsearch.com/site/petalbot)"
114.119.146.251 - - [05/Feb/2025:22:11:18 -0600] "GET /sisofi_2018/uploads/14-07-2021/JA-0974-2020-I.pdf HTTP/1.1" 301 287 "-" "Mozilla/5.0 (Linux; Android 7.0;) AppleWebKit/537.36 (KHTML, like Gecko) Mobile Safari/537.36 (compatible; PetalBot;+https://webmaster.petalsearch.com/site/petalbot)"
114.119.146.158 - - [05/Feb/2025:22:11:18 -0600] "GET /view-box/contenidos.php?ta=a35fxxx&te=2&year=2015 HTTP/1.1" 301 295 "https://www.tjamich.gob.mx/view-box/index.php?action=ver&a=35&na=1" "Mozilla/5.0 (Linux; Android 7.0;) AppleWebKit/537.36 (KHTML, like Gecko) Mobile Safari/537.36 (compatible; PetalBot;+https://webmaster.petalsearch.com/site/petalbot)"
114.119.136.72 - - [05/Feb/2025:22:11:18 -0600] "GET /img/noticias/481_TJAM%2005%20de%20junio%20TRES.fw.png HTTP/1.1" 301 291 "-" "Mozilla/5.0 (Linux; Android 7.0;) AppleWebKit/537.36 (KHTML, like Gecko) Mobile Safari/537.36 (compatible; PetalBot;+https://webmaster.petalsearch.com/site/petalbot)"
114.119.132.207 - - [05/Feb/2025:22:11:24 -0600] "GET /archivo/Pleno/2018/view-box_2021/view-box_2021/Titular-de-Unidad-de-Transparencia HTTP/1.1" 301 319 "https://www.tjamich.gob.mx/archivo/Pleno/2018/view-box_2021/view-box_2021/Que-Hacemos" "Mozilla/5.0 (Linux; Android 7.0;) AppleWebKit/537.36 (KHTML, like Gecko) Mobile Safari/537.36 (compatible; PetalBot;+https://webmaster.petalsearch.com/site/petalbot)"
114.119.155.22 - - [05/Feb/2025:22:11:24 -0600] "GET /archivo/Amparo/2019/view-box_2021/pdf/view-box_2021/Titular-de-Unidad-de-Transparencia HTTP/1.1" 301 324 "https://www.tjamich.gob.mx/archivo/Amparo/2019/view-box_2021/pdf/view-box_2021/contenidos.php?ta=na35fxlvi3&te=2&year=2021" "Mozilla/5.0 (Linux; Android 7.0;) AppleWebKit/537.36 (KHTML, like Gecko) Mobile Safari/537.36 (compatible; PetalBot;+https://webmaster.petalsearch.com/site/petalbot)"
114.119.142.247 - - [05/Feb/2025:22:11:24 -0600] "GET /archivo/10%20Pleno/2017/07-JULIO/pdf/pdf/pdf/pdf/Informe_PADA.pdf HTTP/1.1" 301 303 "https://www.tjamich.gob.mx/archivo/10%20Pleno/2017/07-JULIO/pdf/pdf/pdf/Informe_PADA.pdf" "Mozilla/5.0 (Linux; Android 7.0;) AppleWebKit/537.36 (KHTML, like Gecko) Mobile Safari/537.36 (compatible; PetalBot;+https://webmaster.petalsearch.com/site/petalbot)"
66.249.77.199 - - [05/Feb/2025:22:11:34 -0600] "GET /85002522538.shtml HTTP/1.1" 301 255 "-" "Mozilla/5.0 (Linux; Android 6.0.1; Nexus 5X Build/MMB29P) AppleWebKit/537.36 (KHTML, like Gecko) Chrome/132.0.6834.159 Mobile Safari/537.36 (compatible; Googlebot/2.1; +http://www.google.com/bot.html)"
66.249.77.198 - - [05/Feb/2025:22:11:41 -0600] "GET /0873545800.shtml HTTP/1.1" 301 254 "-" "Mozilla/5.0 (Linux; Android 6.0.1; Nexus 5X Build/MMB29P) AppleWebKit/537.36 (KHTML, like Gecko) Chrome/132.0.6834.159 Mobile Safari/537.36 (compatible; GoogleOther)"
66.249.77.198 - - [05/Feb/2025:22:11:54 -0600] "GET /19896497394.shtml HTTP/1.1" 301 255 "-" "Mozilla/5.0 (Linux; Android 6.0.1; Nexus 5X Build/MMB29P) AppleWebKit/537.36 (KHTML, like Gecko) Chrome/132.0.6834.159 Mobile Safari/537.36 (compatible; Googlebot/2.1; +http://www.google.com/bot.html)"
66.249.72.139 - - [05/Feb/2025:22:11:55 -0600] "GET /8881252386.shtml HTTP/1.1" 301 254 "-" "Mozilla/5.0 (Linux; Android 6.0.1; Nexus 5X Build/MMB29P) AppleWebKit/537.36 (KHTML, like Gecko) Chrome/132.0.6834.159 Mobile Safari/537.36 (compatible; Googlebot/2.1; +http://www.google.com/bot.html)"
66.249.77.198 - - [05/Feb/2025:22:11:55 -0600] "GET /921821580821.shtml HTTP/1.1" 301 256 "-" "Mozilla/5.0 (Linux; Android 6.0.1; Nexus 5X Build/MMB29P) AppleWebKit/537.36 (KHTML, like Gecko) Chrome/132.0.6834.159 Mobile Safari/537.36 (compatible; Googlebot/2.1; +http://www.google.com/bot.html)"
156.59.198.136 - - [05/Feb/2025:22:12:06 -0600] "GET /img/noticias/278_UNO13deseptiembrede2023(1).png HTTP/1.1" 301 285 "-" "Mozilla/5.0 (Linux; Android 5.0) AppleWebKit/537.36 (KHTML, like Gecko) Mobile Safari/537.36 (compatible; Bytespider; spider-feedback@bytedance.com)"
66.249.77.198 - - [05/Feb/2025:22:12:15 -0600] "GET /98718806233.shtml HTTP/1.1" 301 255 "-" "Mozilla/5.0 (Linux; Android 6.0.1; Nexus 5X Build/MMB29P) AppleWebKit/537.36 (KHTML, like Gecko) Chrome/132.0.6834.159 Mobile Safari/537.36 (compatible; Googlebot/2.1; +http://www.google.com/bot.html)"
66.249.77.198 - - [05/Feb/2025:22:12:17 -0600] "GET / HTTP/1.1" 301 238 "-" "GoogleBot"
66.249.72.140 - - [05/Feb/2025:22:12:21 -0600] "GET /item/iah96cfrhx30790.html HTTP/1.1" 301 263 "-" "Mozilla/5.0 (Linux; Android 6.0.1; Nexus 5X Build/MMB29P) AppleWebKit/537.36 (KHTML, like Gecko) Chrome/132.0.6834.159 Mobile Safari/537.36 (compatible; GoogleOther)"
66.249.77.198 - - [05/Feb/2025:22:12:34 -0600] "GET /995731374628.shtml HTTP/1.1" 301 256 "-" "Mozilla/5.0 (Linux; Android 6.0.1; Nexus 5X Build/MMB29P) AppleWebKit/537.36 (KHTML, like Gecko) Chrome/132.0.6834.159 Mobile Safari/537.36 (compatible; GoogleOther)"
66.249.77.199 - - [05/Feb/2025:22:12:35 -0600] "GET /786071577807.shtml HTTP/1.1" 301 256 "-" "Mozilla/5.0 (Linux; Android 6.0.1; Nexus 5X Build/MMB29P) AppleWebKit/537.36 (KHTML, like Gecko) Chrome/132.0.6834.159 Mobile Safari/537.36 (compatible; Googlebot/2.1; +http://www.google.com/bot.html)"
66.249.72.140 - - [05/Feb/2025:22:12:47 -0600] "GET /item/dyq14ljgio45894.html HTTP/1.1" 301 263 "-" "Mozilla/5.0 (Linux; Android 6.0.1; Nexus 5X Build/MMB29P) AppleWebKit/537.36 (KHTML, like Gecko) Chrome/132.0.6834.159 Mobile Safari/537.36 (compatible; GoogleOther)"
66.249.77.198 - - [05/Feb/2025:22:12:55 -0600] "GET /192291656536.shtml HTTP/1.1" 301 256 "-" "Mozilla/5.0 (Linux; Android 6.0.1; Nexus 5X Build/MMB29P) AppleWebKit/537.36 (KHTML, like Gecko) Chrome/132.0.6834.159 Mobile Safari/537.36 (compatible; Googlebot/2.1; +http://www.google.com/bot.html)"
66.249.72.140 - - [05/Feb/2025:22:13:01 -0600] "GET /item/euk14kbowt45895.html HTTP/1.1" 301 263 "-" "Mozilla/5.0 (Linux; Android 6.0.1; Nexus 5X Build/MMB29P) AppleWebKit/537.36 (KHTML, like Gecko) Chrome/132.0.6834.159 Mobile Safari/537.36 (compatible; GoogleOther)"
66.249.72.139 - - [05/Feb/2025:22:13:14 -0600] "GET /item/zfu14bvvrg45401.html HTTP/1.1" 301 263 "-" "Mozilla/5.0 (Linux; Android 6.0.1; Nexus 5X Build/MMB29P) AppleWebKit/537.36 (KHTML, like Gecko) Chrome/132.0.6834.159 Mobile Safari/537.36 (compatible; GoogleOther)"
66.249.77.198 - - [05/Feb/2025:22:13:16 -0600] "GET /49811695685.shtml HTTP/1.1" 301 255 "-" "Mozilla/5.0 (Linux; Android 6.0.1; Nexus 5X Build/MMB29P) AppleWebKit/537.36 (KHTML, like Gecko) Chrome/132.0.6834.159 Mobile Safari/537.36 (compatible; Googlebot/2.1; +http://www.google.com/bot.html)"
66.249.77.199 - - [05/Feb/2025:22:13:27 -0600] "GET /388471273687.shtml HTTP/1.1" 301 256 "-" "Mozilla/5.0 (Linux; Android 6.0.1; Nexus 5X Build/MMB29P) AppleWebKit/537.36 (KHTML, like Gecko) Chrome/132.0.6834.159 Mobile Safari/537.36 (compatible; GoogleOther)"
66.249.77.198 - - [05/Feb/2025:22:13:36 -0600] "GET /214911219950.shtml HTTP/1.1" 301 256 "-" "Mozilla/5.0 (Linux; Android 6.0.1; Nexus 5X Build/MMB29P) AppleWebKit/537.36 (KHTML, like Gecko) Chrome/132.0.6834.159 Mobile Safari/537.36 (compatible; Googlebot/2.1; +http://www.google.com/bot.html)"
66.249.72.139 - - [05/Feb/2025:22:13:54 -0600] "GET /item/gtzac264cvqui38836.html HTTP/1.1" 301 266 "-" "Mozilla/5.0 (Linux; Android 6.0.1; Nexus 5X Build/MMB29P) AppleWebKit/537.36 (KHTML, like Gecko) Chrome/132.0.6834.159 Mobile Safari/537.36 (compatible; GoogleOther)"
66.249.77.198 - - [05/Feb/2025:22:13:56 -0600] "GET /57782427601.shtml HTTP/1.1" 301 255 "-" "Mozilla/5.0 (Linux; Android 6.0.1; Nexus 5X Build/MMB29P) AppleWebKit/537.36 (KHTML, like Gecko) Chrome/132.0.6834.159 Mobile Safari/537.36 (compatible; Googlebot/2.1; +http://www.google.com/bot.html)"
66.249.77.198 - - [05/Feb/2025:22:13:56 -0600] "GET /67808409053.shtml HTTP/1.1" 301 255 "-" "Mozilla/5.0 (Linux; Android 6.0.1; Nexus 5X Build/MMB29P) AppleWebKit/537.36 (KHTML, like Gecko) Chrome/132.0.6834.159 Mobile Safari/537.36 (compatible; Googlebot/2.1; +http://www.google.com/bot.html)"
66.249.77.198 - - [05/Feb/2025:22:14:07 -0600] "GET /86131247716.shtml HTTP/1.1" 301 255 "-" "Mozilla/5.0 (Linux; Android 6.0.1; Nexus 5X Build/MMB29P) AppleWebKit/537.36 (KHTML, like Gecko) Chrome/132.0.6834.159 Mobile Safari/537.36 (compatible; GoogleOther)"
66.249.77.199 - - [05/Feb/2025:22:14:16 -0600] "GET /711871618782.shtml HTTP/1.1" 301 256 "-" "Mozilla/5.0 (Linux; Android 6.0.1; Nexus 5X Build/MMB29P) AppleWebKit/537.36 (KHTML, like Gecko) Chrome/132.0.6834.159 Mobile Safari/537.36 (compatible; Googlebot/2.1; +http://www.google.com/bot.html)"
66.249.77.198 - - [05/Feb/2025:22:14:21 -0600] "GET /430601311213.shtml HTTP/1.1" 301 256 "-" "Mozilla/5.0 (Linux; Android 6.0.1; Nexus 5X Build/MMB29P) AppleWebKit/537.36 (KHTML, like Gecko) Chrome/132.0.6834.159 Mobile Safari/537.36 (compatible; GoogleOther)"
89.185.25.132 - - [05/Feb/2025:22:14:28 -0600] "GET / HTTP/1.1" 301 238 "-" "Mozilla/5.0 (Macintosh; Intel Mac OS X 10_15_7) AppleWebKit/605.1.15 (KHTML, like Gecko) Version/15.5 Safari/605.1.15"
66.249.72.140 - - [05/Feb/2025:22:14:34 -0600] "GET /item/toou14iinma45402.html HTTP/1.1" 301 264 "-" "Mozilla/5.0 (Linux; Android 6.0.1; Nexus 5X Build/MMB29P) AppleWebKit/537.36 (KHTML, like Gecko) Chrome/132.0.6834.159 Mobile Safari/537.36 (compatible; GoogleOther)"
66.249.77.198 - - [05/Feb/2025:22:14:36 -0600] "GET /93370575604.shtml HTTP/1.1" 301 255 "-" "Mozilla/5.0 (Linux; Android 6.0.1; Nexus 5X Build/MMB29P) AppleWebKit/537.36 (KHTML, like Gecko) Chrome/132.0.6834.159 Mobile Safari/537.36 (compatible; Googlebot/2.1; +http://www.google.com/bot.html)"
89.185.25.132 - - [05/Feb/2025:22:14:43 -0600] "GET /?es=optin&hash=eyJtZXNzYWdlX2lkIjowLCJjYW1wYWlnbl9pZCI6MCwiY29udGFjdF9pZCI6Int7Y29udGFjdF9pZH19IiwiZW1haWwiOiJ7e2VtYWlsfX0iLCJndWlkIjoiZGlid29sLXFhaWViZC1xdnJna3AtbGh5b3BtLXJteWZ6byIsImxpc3RfaWRzIjpbInNsZWVwKDMpIl0sImFjdGlvbiI6InN1YnNjcmliZSJ9 HTTP/1.1" 301 485 "-" "Mozilla/5.0 (Macintosh; Intel Mac OS X 10_15_7) AppleWebKit/605.1.15 (KHTML, like Gecko) Version/17.4.1 Safari/605.4.18"
66.249.77.198 - - [05/Feb/2025:22:14:47 -0600] "GET /30071762555.shtml HTTP/1.1" 301 255 "-" "Mozilla/5.0 (Linux; Android 6.0.1; Nexus 5X Build/MMB29P) AppleWebKit/537.36 (KHTML, like Gecko) Chrome/132.0.6834.159 Mobile Safari/537.36 (compatible; GoogleOther)"
66.249.77.198 - - [05/Feb/2025:22:14:56 -0600] "GET /30882687197.shtml HTTP/1.1" 301 255 "-" "Mozilla/5.0 (Linux; Android 6.0.1; Nexus 5X Build/MMB29P) AppleWebKit/537.36 (KHTML, like Gecko) Chrome/132.0.6834.159 Mobile Safari/537.36 (compatible; Googlebot/2.1; +http://www.google.com/bot.html)"
66.249.77.198 - - [05/Feb/2025:22:15:16 -0600] "GET /2840931388.shtml HTTP/1.1" 301 254 "-" "Mozilla/5.0 (Linux; Android 6.0.1; Nexus 5X Build/MMB29P) AppleWebKit/537.36 (KHTML, like Gecko) Chrome/132.0.6834.159 Mobile Safari/537.36 (compatible; Googlebot/2.1; +http://www.google.com/bot.html)"
66.249.77.199 - - [05/Feb/2025:22:15:36 -0600] "GET /28607594193.shtml HTTP/1.1" 301 255 "-" "Mozilla/5.0 (Linux; Android 6.0.1; Nexus 5X Build/MMB29P) AppleWebKit/537.36 (KHTML, like Gecko) Chrome/132.0.6834.159 Mobile Safari/537.36 (compatible; Googlebot/2.1; +http://www.google.com/bot.html)"
66.249.72.140 - - [05/Feb/2025:22:15:41 -0600] "GET /item/wsop193fsuea49963.html HTTP/1.1" 301 265 "-" "Mozilla/5.0 (Linux; Android 6.0.1; Nexus 5X Build/MMB29P) AppleWebKit/537.36 (KHTML, like Gecko) Chrome/132.0.6834.159 Mobile Safari/537.36 (compatible; GoogleOther)"
66.249.77.198 - - [05/Feb/2025:22:15:56 -0600] "GET /12070318408.shtml HTTP/1.1" 301 255 "-" "Mozilla/5.0 (Linux; Android 6.0.1; Nexus 5X Build/MMB29P) AppleWebKit/537.36 (KHTML, like Gecko) Chrome/132.0.6834.159 Mobile Safari/537.36 (compatible; Googlebot/2.1; +http://www.google.com/bot.html)"
66.249.77.199 - - [05/Feb/2025:22:16:02 -0600] "GET /archivo/11%20Pleno/2020/04-ABRIL/POE%20Acuerdo%2027%20de%20abril%202020.pdf HTTP/1.1" 301 313 "-" "Googlebot/2.1 (+http://www.google.com/bot.html)"
66.249.72.140 - - [05/Feb/2025:22:16:10 -0600] "GET /item/wapko217ndcjt27732.html HTTP/1.1" 301 266 "-" "Mozilla/5.0 (Linux; Android 6.0.1; Nexus 5X Build/MMB29P) AppleWebKit/537.36 (KHTML, like Gecko) Chrome/132.0.6834.159 Mobile Safari/537.36 (compatible; GoogleOther)"
66.249.77.199 - - [05/Feb/2025:22:16:16 -0600] "GET /37982647570.shtml HTTP/1.1" 301 255 "-" "Mozilla/5.0 (Linux; Android 6.0.1; Nexus 5X Build/MMB29P) AppleWebKit/537.36 (KHTML, like Gecko) Chrome/132.0.6834.159 Mobile Safari/537.36 (compatible; Googlebot/2.1; +http://www.google.com/bot.html)"
66.249.72.140 - - [05/Feb/2025:22:16:34 -0600] "GET /item/glot39myhrr14691.html HTTP/1.1" 301 264 "-" "Mozilla/5.0 (Linux; Android 6.0.1; Nexus 5X Build/MMB29P) AppleWebKit/537.36 (KHTML, like Gecko) Chrome/132.0.6834.159 Mobile Safari/537.36 (compatible; GoogleOther)"
66.249.77.198 - - [05/Feb/2025:22:16:37 -0600] "GET /29777120533.shtml HTTP/1.1" 301 255 "-" "Mozilla/5.0 (Linux; Android 6.0.1; Nexus 5X Build/MMB29P) AppleWebKit/537.36 (KHTML, like Gecko) Chrome/132.0.6834.159 Mobile Safari/537.36 (compatible; Googlebot/2.1; +http://www.google.com/bot.html)"
66.249.77.198 - - [05/Feb/2025:22:16:57 -0600] "GET /0127943096.shtml HTTP/1.1" 301 254 "-" "Mozilla/5.0 (Linux; Android 6.0.1; Nexus 5X Build/MMB29P) AppleWebKit/537.36 (KHTML, like Gecko) Chrome/132.0.6834.159 Mobile Safari/537.36 (compatible; Googlebot/2.1; +http://www.google.com/bot.html)"
66.249.72.139 - - [05/Feb/2025:22:17:01 -0600] "GET /item/liaa14innqr45447.html HTTP/1.1" 301 264 "-" "Mozilla/5.0 (Linux; Android 6.0.1; Nexus 5X Build/MMB29P) AppleWebKit/537.36 (KHTML, like Gecko) Chrome/132.0.6834.159 Mobile Safari/537.36 (compatible; GoogleOther)"
66.249.77.198 - - [05/Feb/2025:22:17:17 -0600] "GET /828191246294.shtml HTTP/1.1" 301 256 "-" "Mozilla/5.0 (Linux; Android 6.0.1; Nexus 5X Build/MMB29P) AppleWebKit/537.36 (KHTML, like Gecko) Chrome/132.0.6834.159 Mobile Safari/537.36 (compatible; Googlebot/2.1; +http://www.google.com/bot.html)"
66.249.77.199 - - [05/Feb/2025:22:17:28 -0600] "GET /79102787649.shtml HTTP/1.1" 301 255 "-" "Mozilla/5.0 (Linux; Android 6.0.1; Nexus 5X Build/MMB29P) AppleWebKit/537.36 (KHTML, like Gecko) Chrome/132.0.6834.159 Mobile Safari/537.36 (compatible; GoogleOther)"
66.249.77.198 - - [05/Feb/2025:22:17:42 -0600] "GET /874421604458.shtml HTTP/1.1" 301 256 "-" "Mozilla/5.0 (Linux; Android 6.0.1; Nexus 5X Build/MMB29P) AppleWebKit/537.36 (KHTML, like Gecko) Chrome/132.0.6834.159 Mobile Safari/537.36 (compatible; Googlebot/2.1; +http://www.google.com/bot.html)"
66.249.77.198 - - [05/Feb/2025:22:17:57 -0600] "GET /55697276146.shtml HTTP/1.1" 301 255 "-" "Mozilla/5.0 (Linux; Android 6.0.1; Nexus 5X Build/MMB29P) AppleWebKit/537.36 (KHTML, like Gecko) Chrome/132.0.6834.159 Mobile Safari/537.36 (compatible; Googlebot/2.1; +http://www.google.com/bot.html)"
66.249.77.198 - - [05/Feb/2025:22:18:17 -0600] "GET /10121204848.shtml HTTP/1.1" 301 255 "-" "Mozilla/5.0 (Linux; Android 6.0.1; Nexus 5X Build/MMB29P) AppleWebKit/537.36 (KHTML, like Gecko) Chrome/132.0.6834.159 Mobile Safari/537.36 (compatible; Googlebot/2.1; +http://www.google.com/bot.html)"
66.249.77.198 - - [05/Feb/2025:22:18:37 -0600] "GET /005891106364.shtml HTTP/1.1" 301 256 "-" "Mozilla/5.0 (Linux; Android 6.0.1; Nexus 5X Build/MMB29P) AppleWebKit/537.36 (KHTML, like Gecko) Chrome/132.0.6834.159 Mobile Safari/537.36 (compatible; Googlebot/2.1; +http://www.google.com/bot.html)"
66.249.72.141 - - [05/Feb/2025:22:18:43 -0600] "GET /item/wts126trfus5825.html HTTP/1.1" 301 263 "-" "Mozilla/5.0 (Linux; Android 6.0.1; Nexus 5X Build/MMB29P) AppleWebKit/537.36 (KHTML, like Gecko) Chrome/132.0.6834.159 Mobile Safari/537.36 (compatible; GoogleOther)"
66.249.77.198 - - [05/Feb/2025:22:18:57 -0600] "GET /1920979046.shtml HTTP/1.1" 301 254 "-" "Mozilla/5.0 (Linux; Android 6.0.1; Nexus 5X Build/MMB29P) AppleWebKit/537.36 (KHTML, like Gecko) Chrome/132.0.6834.159 Mobile Safari/537.36 (compatible; Googlebot/2.1; +http://www.google.com/bot.html)"
66.249.77.198 - - [05/Feb/2025:22:19:13 -0600] "GET /377631651595.shtml HTTP/1.1" 301 256 "-" "Mozilla/5.0 (Linux; Android 6.0.1; Nexus 5X Build/MMB29P) AppleWebKit/537.36 (KHTML, like Gecko) Chrome/132.0.6834.159 Mobile Safari/537.36 (compatible; GoogleOther)"
66.249.77.199 - - [05/Feb/2025:22:19:17 -0600] "GET /13228471599.shtml HTTP/1.1" 301 255 "-" "Mozilla/5.0 (Linux; Android 6.0.1; Nexus 5X Build/MMB29P) AppleWebKit/537.36 (KHTML, like Gecko) Chrome/132.0.6834.159 Mobile Safari/537.36 (compatible; Googlebot/2.1; +http://www.google.com/bot.html)"
