189.243.238.36 - - [05/Feb/2025:11:11:39 -0600] "GET /cpsess2457266334/frontend/jupiter/assets/brand/logo_small.svg HTTP/1.1" 200 755 "https://cpanel.tjamich.gob.mx/cpsess2457266334/frontend/jupiter/filemanager/index.html" "Mozilla/5.0 (Windows NT 10.0; Win64; x64) AppleWebKit/537.36 (KHTML, like Gecko) Chrome/132.0.0.0 Safari/537.36"
189.243.238.36 - - [05/Feb/2025:11:11:39 -0600] "GET /cpsess2457266334/frontend/jupiter/images/encoding_lang_broken.png HTTP/1.1" 200 4208 "https://cpanel.tjamich.gob.mx/cpsess2457266334/frontend/jupiter/filemanager/index.html" "Mozilla/5.0 (Windows NT 10.0; Win64; x64) AppleWebKit/537.36 (KHTML, like Gecko) Chrome/132.0.0.0 Safari/537.36"
189.243.238.36 - - [05/Feb/2025:11:11:39 -0600] "GET /cpsess2457266334/frontend/jupiter/images/symbol-add.gif HTTP/1.1" 200 590 "https://cpanel.tjamich.gob.mx/cpsess2457266334/frontend/jupiter/filemanager/index.html" "Mozilla/5.0 (Windows NT 10.0; Win64; x64) AppleWebKit/537.36 (KHTML, like Gecko) Chrome/132.0.0.0 Safari/537.36"
189.243.238.36 - - [05/Feb/2025:11:11:40 -0600] "GET /cPanel_magic_revision_1679593206/frontend/jupiter/js/filemanager_optimized.js HTTP/1.1" 200 22001 "https://cpanel.tjamich.gob.mx/cpsess2457266334/frontend/jupiter/filemanager/index.html" "Mozilla/5.0 (Windows NT 10.0; Win64; x64) AppleWebKit/537.36 (KHTML, like Gecko) Chrome/132.0.0.0 Safari/537.36"
189.243.238.36 - - [05/Feb/2025:11:11:39 -0600] "GET /cPanel_magic_revision_1642629671/yui-gen/data/data.js HTTP/1.1" 200 98532 "https://cpanel.tjamich.gob.mx/cpsess2457266334/frontend/jupiter/filemanager/index.html" "Mozilla/5.0 (Windows NT 10.0; Win64; x64) AppleWebKit/537.36 (KHTML, like Gecko) Chrome/132.0.0.0 Safari/537.36"
189.243.238.36 - - [05/Feb/2025:11:11:40 -0600] "GET /cPanel_magic_revision_1656537159/frontend/jupiter/libraries/fontawesome/webfonts/fa-regular-400.woff2 HTTP/1.1" 200 13224 "https://cpanel.tjamich.gob.mx/cPanel_magic_revision_1656537159/frontend/jupiter/libraries/fontawesome/css/all.min.css" "Mozilla/5.0 (Windows NT 10.0; Win64; x64) AppleWebKit/537.36 (KHTML, like Gecko) Chrome/132.0.0.0 Safari/537.36"
189.243.238.36 - - [05/Feb/2025:11:11:40 -0600] "GET /cPanel_magic_revision_1648610195/frontend/jupiter/libraries/ui-fonts/open_sans/optimized/OpenSans-Regular-webfont.woff HTTP/1.1" 200 22660 "https://cpanel.tjamich.gob.mx/cPanel_magic_revision_1648610195/frontend/jupiter/libraries/ui-fonts/open_sans/optimized/open_sans.min.css" "Mozilla/5.0 (Windows NT 10.0; Win64; x64) AppleWebKit/537.36 (KHTML, like Gecko) Chrome/132.0.0.0 Safari/537.36"
189.243.238.36 - - [05/Feb/2025:11:11:40 -0600] "GET /cPanel_magic_revision_1648609965/frontend/jupiter/libraries/bootstrap/optimized/fonts/glyphicons-halflings-regular.woff HTTP/1.1" 200 23320 "https://cpanel.tjamich.gob.mx/cPanel_magic_revision_1648609965/frontend/jupiter/libraries/bootstrap/optimized/css/bootstrap.min.css" "Mozilla/5.0 (Windows NT 10.0; Win64; x64) AppleWebKit/537.36 (KHTML, like Gecko) Chrome/132.0.0.0 Safari/537.36"
189.243.238.36 - - [05/Feb/2025:11:11:40 -0600] "GET /cPanel_magic_revision_0/cjt/images/loading.gif HTTP/1.1" 200 673 "https://cpanel.tjamich.gob.mx/cpsess2457266334/frontend/jupiter/filemanager/index.html" "Mozilla/5.0 (Windows NT 10.0; Win64; x64) AppleWebKit/537.36 (KHTML, like Gecko) Chrome/132.0.0.0 Safari/537.36"
189.243.238.36 - - [05/Feb/2025:11:11:40 -0600] "GET /cpsess2457266334/json-api/cpanel?cpanel_jsonapi_module=Fileman&cpanel_jsonapi_func=listfiles&cpanel_jsonapi_apiversion=2&needmime=1&dir=%2fhome%2ftjamichg&showdotfiles=1&cache_fix=1738775500095 HTTP/1.1" 200 2827 "https://cpanel.tjamich.gob.mx/cpsess2457266334/frontend/jupiter/filemanager/index.html" "Mozilla/5.0 (Windows NT 10.0; Win64; x64) AppleWebKit/537.36 (KHTML, like Gecko) Chrome/132.0.0.0 Safari/537.36"
189.243.238.36 - - [05/Feb/2025:11:11:40 -0600] "GET /cPanel_magic_revision_1656537159/frontend/jupiter/libraries/fontawesome/webfonts/fa-solid-900.woff2 HTTP/1.1" 200 78260 "https://cpanel.tjamich.gob.mx/cPanel_magic_revision_1656537159/frontend/jupiter/libraries/fontawesome/css/all.min.css" "Mozilla/5.0 (Windows NT 10.0; Win64; x64) AppleWebKit/537.36 (KHTML, like Gecko) Chrome/132.0.0.0 Safari/537.36"
189.243.238.36 - - [05/Feb/2025:11:11:40 -0600] "GET /cpsess2457266334/json-api/cpanel?cpanel_jsonapi_module=DomainLookup&cpanel_jsonapi_func=getdocroots&cpanel_jsonapi_apiversion=2 HTTP/1.1" 200 242 "https://cpanel.tjamich.gob.mx/cpsess2457266334/frontend/jupiter/filemanager/index.html" "Mozilla/5.0 (Windows NT 10.0; Win64; x64) AppleWebKit/537.36 (KHTML, like Gecko) Chrome/132.0.0.0 Safari/537.36"
189.243.238.36 - - [05/Feb/2025:11:11:40 -0600] "GET /favicon.ico HTTP/1.1" 200 661 "https://cpanel.tjamich.gob.mx/cpsess2457266334/frontend/jupiter/filemanager/index.html" "Mozilla/5.0 (Windows NT 10.0; Win64; x64) AppleWebKit/537.36 (KHTML, like Gecko) Chrome/132.0.0.0 Safari/537.36"
189.243.238.36 - - [05/Feb/2025:11:11:40 -0600] "POST /cpsess2457266334/json-api/cpanel HTTP/1.1" 200 1489 "https://cpanel.tjamich.gob.mx/cpsess2457266334/frontend/jupiter/filemanager/index.html" "Mozilla/5.0 (Windows NT 10.0; Win64; x64) AppleWebKit/537.36 (KHTML, like Gecko) Chrome/132.0.0.0 Safari/537.36"
189.243.238.36 - - [05/Feb/2025:11:11:40 -0600] "GET /cPanel_magic_revision_1648610195/frontend/jupiter/libraries/ui-fonts/open_sans/optimized/OpenSans-Bold-webfont.woff HTTP/1.1" 200 22432 "https://cpanel.tjamich.gob.mx/cPanel_magic_revision_1648610195/frontend/jupiter/libraries/ui-fonts/open_sans/optimized/open_sans.min.css" "Mozilla/5.0 (Windows NT 10.0; Win64; x64) AppleWebKit/537.36 (KHTML, like Gecko) Chrome/132.0.0.0 Safari/537.36"
189.243.238.36 - - [05/Feb/2025:11:12:00 -0600] "POST /cpsess9781436776/3rdparty/roundcube/?_task=mail&_action=refresh HTTP/1.1" 200 12359 "https://webmail.tjamich.gob.mx/cpsess9781436776/3rdparty/roundcube/?_task=mail&_mbox=INBOX" "Mozilla/5.0 (Windows NT 10.0; Win64; x64) AppleWebKit/537.36 (KHTML, like Gecko) Chrome/132.0.0.0 Safari/537.36"
189.243.238.36 - - [05/Feb/2025:11:12:00 -0600] "POST /cpsess9781436776/3rdparty/roundcube/?_task=mail&_action=refresh HTTP/1.1" 401 12396 "https://webmail.tjamich.gob.mx/cpsess9781436776/3rdparty/roundcube/?_task=mail&_mbox=INBOX" "Mozilla/5.0 (Windows NT 10.0; Win64; x64) AppleWebKit/537.36 (KHTML, like Gecko) Chrome/132.0.0.0 Safari/537.36"
189.243.202.99 - - [05/Feb/2025:11:12:06 -0600] "GET /sisofi_2018/uploads/09-07-2021/JOSE-LUIS-BOCANEGRA.pdf HTTP/1.1" 301 292 "https://portal.tjamich.gob.mx/" "Mozilla/5.0 (Windows NT 10.0; Win64; x64) AppleWebKit/537.36 (KHTML, like Gecko) Chrome/132.0.0.0 Safari/537.36"
189.243.238.36 - - [05/Feb/2025:11:12:07 -0600] "GET /cpsess2457266334/json-api/cpanel?cpanel_jsonapi_module=Fileman&cpanel_jsonapi_func=listfiles&cpanel_jsonapi_apiversion=2&needmime=1&dir=%2fhome%2ftjamichg%2fintranet.tjamich.gob.mx&showdotfiles=1&cache_fix=1738775526945 HTTP/1.1" 200 685 "https://cpanel.tjamich.gob.mx/cpsess2457266334/frontend/jupiter/filemanager/index.html" "Mozilla/5.0 (Windows NT 10.0; Win64; x64) AppleWebKit/537.36 (KHTML, like Gecko) Chrome/132.0.0.0 Safari/537.36"
189.243.238.36 - - [05/Feb/2025:11:12:08 -0600] "GET /cpsess2457266334/json-api/cpanel?cpanel_jsonapi_module=Fileman&cpanel_jsonapi_func=listfiles&cpanel_jsonapi_apiversion=2&needmime=1&dir=%2fhome%2ftjamichg%2fintranet.tjamich.gob.mx%2fintranet&showdotfiles=1&cache_fix=1738775528767 HTTP/1.1" 200 2198 "https://cpanel.tjamich.gob.mx/cpsess2457266334/frontend/jupiter/filemanager/index.html" "Mozilla/5.0 (Windows NT 10.0; Win64; x64) AppleWebKit/537.36 (KHTML, like Gecko) Chrome/132.0.0.0 Safari/537.36"
189.243.238.36 - - [05/Feb/2025:11:12:10 -0600] "GET /cpsess2457266334/json-api/cpanel?cpanel_jsonapi_module=Fileman&cpanel_jsonapi_func=listfiles&cpanel_jsonapi_apiversion=2&needmime=1&dir=%2fhome%2ftjamichg%2fintranet.tjamich.gob.mx%2fintranet%2fsistemas&showdotfiles=1&cache_fix=1738775530388 HTTP/1.1" 200 1100 "https://cpanel.tjamich.gob.mx/cpsess2457266334/frontend/jupiter/filemanager/index.html" "Mozilla/5.0 (Windows NT 10.0; Win64; x64) AppleWebKit/537.36 (KHTML, like Gecko) Chrome/132.0.0.0 Safari/537.36"
66.249.77.198 - - [05/Feb/2025:11:12:13 -0600] "GET /8291184110.shtml HTTP/1.1" 301 254 "-" "Mozilla/5.0 (Linux; Android 6.0.1; Nexus 5X Build/MMB29P) AppleWebKit/537.36 (KHTML, like Gecko) Chrome/132.0.6834.159 Mobile Safari/537.36 (compatible; GoogleOther)"
189.243.238.36 - - [05/Feb/2025:11:12:14 -0600] "GET /cpsess2457266334/json-api/cpanel?cpanel_jsonapi_module=Fileman&cpanel_jsonapi_func=listfiles&cpanel_jsonapi_apiversion=2&needmime=1&dir=%2fhome%2ftjamichg%2fintranet.tjamich.gob.mx%2fintranet%2fsistemas%2frequisiciones&showdotfiles=1&cache_fix=1738775534471 HTTP/1.1" 200 2148 "https://cpanel.tjamich.gob.mx/cpsess2457266334/frontend/jupiter/filemanager/index.html" "Mozilla/5.0 (Windows NT 10.0; Win64; x64) AppleWebKit/537.36 (KHTML, like Gecko) Chrome/132.0.0.0 Safari/537.36"
66.249.77.198 - - [05/Feb/2025:11:12:19 -0600] "GET /2552221879.shtml HTTP/1.1" 301 254 "-" "Mozilla/5.0 (Linux; Android 6.0.1; Nexus 5X Build/MMB29P) AppleWebKit/537.36 (KHTML, like Gecko) Chrome/132.0.6834.159 Mobile Safari/537.36 (compatible; GoogleOther)"
189.243.238.36 - - [05/Feb/2025:11:12:23 -0600] "GET /cPanel_magic_revision_1649538026/frontend/jupiter/filemanager/img/panel/close.gif HTTP/1.1" 200 745 "https://cpanel.tjamich.gob.mx/cPanel_magic_revision_1649538026/frontend/jupiter/filemanager/css/tree_styles2_optimized.css" "Mozilla/5.0 (Windows NT 10.0; Win64; x64) AppleWebKit/537.36 (KHTML, like Gecko) Chrome/132.0.0.0 Safari/537.36"
189.243.238.36 - - [05/Feb/2025:11:12:23 -0600] "GET /cpsess2457266334/frontend/jupiter/filemanager/editit.html?file=content_requisiciones.php&fileop=&dir=%2Fhome%2Ftjamichg%2Fintranet.tjamich.gob.mx%2Fintranet%2Fsistemas%2Frequisiciones&dirop=&charset=&file_charset=_DETECT_&baseurl=&basedir=&edit=1 HTTP/1.1" 200 10688 "https://cpanel.tjamich.gob.mx/cpsess2457266334/frontend/jupiter/filemanager/index.html" "Mozilla/5.0 (Windows NT 10.0; Win64; x64) AppleWebKit/537.36 (KHTML, like Gecko) Chrome/132.0.0.0 Safari/537.36"
189.243.238.36 - - [05/Feb/2025:11:12:23 -0600] "GET /cPanel_magic_revision_1642629671/cjt/css/ajaxapp-min.css HTTP/1.1" 200 1967 "https://cpanel.tjamich.gob.mx/cpsess2457266334/frontend/jupiter/filemanager/editit.html?file=content_requisiciones.php&fileop=&dir=%2Fhome%2Ftjamichg%2Fintranet.tjamich.gob.mx%2Fintranet%2Fsistemas%2Frequisiciones&dirop=&charset=&file_charset=_DETECT_&baseurl=&basedir=&edit=1" "Mozilla/5.0 (Windows NT 10.0; Win64; x64) AppleWebKit/537.36 (KHTML, like Gecko) Chrome/132.0.0.0 Safari/537.36"
189.243.238.36 - - [05/Feb/2025:11:12:23 -0600] "GET /cPanel_magic_revision_1659026171/frontend/jupiter/js/filemanager_editors_optimized.js HTTP/1.1" 200 2026 "https://cpanel.tjamich.gob.mx/cpsess2457266334/frontend/jupiter/filemanager/editit.html?file=content_requisiciones.php&fileop=&dir=%2Fhome%2Ftjamichg%2Fintranet.tjamich.gob.mx%2Fintranet%2Fsistemas%2Frequisiciones&dirop=&charset=&file_charset=_DETECT_&baseurl=&basedir=&edit=1" "Mozilla/5.0 (Windows NT 10.0; Win64; x64) AppleWebKit/537.36 (KHTML, like Gecko) Chrome/132.0.0.0 Safari/537.36"
189.243.238.36 - - [05/Feb/2025:11:12:23 -0600] "GET /cPanel_magic_revision_1642626608/cjt/images/progress_bar.gif HTTP/1.1" 200 3378 "https://cpanel.tjamich.gob.mx/cpsess2457266334/frontend/jupiter/filemanager/editit.html?file=content_requisiciones.php&fileop=&dir=%2Fhome%2Ftjamichg%2Fintranet.tjamich.gob.mx%2Fintranet%2Fsistemas%2Frequisiciones&dirop=&charset=&file_charset=_DETECT_&baseurl=&basedir=&edit=1" "Mozilla/5.0 (Windows NT 10.0; Win64; x64) AppleWebKit/537.36 (KHTML, like Gecko) Chrome/132.0.0.0 Safari/537.36"
189.243.238.36 - - [05/Feb/2025:11:12:23 -0600] "GET /cPanel_magic_revision_1642626608/cjt/images/check.png HTTP/1.1" 200 524 "https://cpanel.tjamich.gob.mx/cpsess2457266334/frontend/jupiter/filemanager/editit.html?file=content_requisiciones.php&fileop=&dir=%2Fhome%2Ftjamichg%2Fintranet.tjamich.gob.mx%2Fintranet%2Fsistemas%2Frequisiciones&dirop=&charset=&file_charset=_DETECT_&baseurl=&basedir=&edit=1" "Mozilla/5.0 (Windows NT 10.0; Win64; x64) AppleWebKit/537.36 (KHTML, like Gecko) Chrome/132.0.0.0 Safari/537.36"
189.243.238.36 - - [05/Feb/2025:11:12:24 -0600] "GET /cPanel_magic_revision_1684431320/cjt/ajaxapp-min.js HTTP/1.1" 200 12582 "https://cpanel.tjamich.gob.mx/cpsess2457266334/frontend/jupiter/filemanager/editit.html?file=content_requisiciones.php&fileop=&dir=%2Fhome%2Ftjamichg%2Fintranet.tjamich.gob.mx%2Fintranet%2Fsistemas%2Frequisiciones&dirop=&charset=&file_charset=_DETECT_&baseurl=&basedir=&edit=1" "Mozilla/5.0 (Windows NT 10.0; Win64; x64) AppleWebKit/537.36 (KHTML, like Gecko) Chrome/132.0.0.0 Safari/537.36"
189.243.238.36 - - [05/Feb/2025:11:12:24 -0600] "GET /cPanel_magic_revision_1648610195/frontend/jupiter/libraries/ui-fonts/open_sans/optimized/OpenSans-ExtraBold-webfont.woff HTTP/1.1" 200 23764 "https://cpanel.tjamich.gob.mx/cPanel_magic_revision_1648610195/frontend/jupiter/libraries/ui-fonts/open_sans/optimized/open_sans.min.css" "Mozilla/5.0 (Windows NT 10.0; Win64; x64) AppleWebKit/537.36 (KHTML, like Gecko) Chrome/132.0.0.0 Safari/537.36"
189.243.238.36 - - [05/Feb/2025:11:12:24 -0600] "GET /cPanel_magic_revision_1518373903/frontend/jupiter/libraries/ace-editor/optimized/src-min-noconflict/ext-modelist.js HTTP/1.1" 200 2100 "https://cpanel.tjamich.gob.mx/cpsess2457266334/frontend/jupiter/filemanager/editit.html?file=content_requisiciones.php&fileop=&dir=%2Fhome%2Ftjamichg%2Fintranet.tjamich.gob.mx%2Fintranet%2Fsistemas%2Frequisiciones&dirop=&charset=&file_charset=_DETECT_&baseurl=&basedir=&edit=1" "Mozilla/5.0 (Windows NT 10.0; Win64; x64) AppleWebKit/537.36 (KHTML, like Gecko) Chrome/132.0.0.0 Safari/537.36"
189.243.238.36 - - [05/Feb/2025:11:12:24 -0600] "GET /cPanel_magic_revision_1660667369/frontend/jupiter/libraries/editarea/0.8.2/edit_area/edit_area_full.js HTTP/1.1" 200 30726 "https://cpanel.tjamich.gob.mx/cpsess2457266334/frontend/jupiter/filemanager/editit.html?file=content_requisiciones.php&fileop=&dir=%2Fhome%2Ftjamichg%2Fintranet.tjamich.gob.mx%2Fintranet%2Fsistemas%2Frequisiciones&dirop=&charset=&file_charset=_DETECT_&baseurl=&basedir=&edit=1" "Mozilla/5.0 (Windows NT 10.0; Win64; x64) AppleWebKit/537.36 (KHTML, like Gecko) Chrome/132.0.0.0 Safari/537.36"
189.243.238.36 - - [05/Feb/2025:11:12:24 -0600] "GET /cPanel_magic_revision_1649538286/frontend/jupiter/js/edit_area_resizer.js HTTP/1.1" 200 810 "https://cpanel.tjamich.gob.mx/cpsess2457266334/frontend/jupiter/filemanager/editit.html?file=content_requisiciones.php&fileop=&dir=%2Fhome%2Ftjamichg%2Fintranet.tjamich.gob.mx%2Fintranet%2Fsistemas%2Frequisiciones&dirop=&charset=&file_charset=_DETECT_&baseurl=&basedir=&edit=1" "Mozilla/5.0 (Windows NT 10.0; Win64; x64) AppleWebKit/537.36 (KHTML, like Gecko) Chrome/132.0.0.0 Safari/537.36"
189.243.238.36 - - [05/Feb/2025:11:12:24 -0600] "GET /cPanel_magic_revision_1518373903/frontend/jupiter/libraries/ace-editor/optimized/src-min-noconflict/ace.js HTTP/1.1" 200 100721 "https://cpanel.tjamich.gob.mx/cpsess2457266334/frontend/jupiter/filemanager/editit.html?file=content_requisiciones.php&fileop=&dir=%2Fhome%2Ftjamichg%2Fintranet.tjamich.gob.mx%2Fintranet%2Fsistemas%2Frequisiciones&dirop=&charset=&file_charset=_DETECT_&baseurl=&basedir=&edit=1" "Mozilla/5.0 (Windows NT 10.0; Win64; x64) AppleWebKit/537.36 (KHTML, like Gecko) Chrome/132.0.0.0 Safari/537.36"
189.243.238.36 - - [05/Feb/2025:11:12:24 -0600] "GET /cPanel_magic_revision_1614706040/frontend/jupiter/libraries/jquery/current/jquery.min.js HTTP/1.1" 200 32069 "https://cpanel.tjamich.gob.mx/cpsess2457266334/frontend/jupiter/filemanager/editit.html?file=content_requisiciones.php&fileop=&dir=%2Fhome%2Ftjamichg%2Fintranet.tjamich.gob.mx%2Fintranet%2Fsistemas%2Frequisiciones&dirop=&charset=&file_charset=_DETECT_&baseurl=&basedir=&edit=1" "Mozilla/5.0 (Windows NT 10.0; Win64; x64) AppleWebKit/537.36 (KHTML, like Gecko) Chrome/132.0.0.0 Safari/537.36"
189.243.238.36 - - [05/Feb/2025:11:12:24 -0600] "GET /cPanel_magic_revision_1518373903/frontend/jupiter/libraries/ace-editor/optimized/src-min-noconflict/mode-php.js HTTP/1.1" 200 123449 "https://cpanel.tjamich.gob.mx/cpsess2457266334/frontend/jupiter/filemanager/editit.html?file=content_requisiciones.php&fileop=&dir=%2Fhome%2Ftjamichg%2Fintranet.tjamich.gob.mx%2Fintranet%2Fsistemas%2Frequisiciones&dirop=&charset=&file_charset=_DETECT_&baseurl=&basedir=&edit=1" "Mozilla/5.0 (Windows NT 10.0; Win64; x64) AppleWebKit/537.36 (KHTML, like Gecko) Chrome/132.0.0.0 Safari/537.36"
189.243.238.36 - - [05/Feb/2025:11:12:24 -0600] "GET /cPanel_magic_revision_1518373903/frontend/jupiter/libraries/ace-editor/optimized/src-min-noconflict/theme-chrome.js HTTP/1.1" 200 990 "https://cpanel.tjamich.gob.mx/cpsess2457266334/frontend/jupiter/filemanager/editit.html?file=content_requisiciones.php&fileop=&dir=%2Fhome%2Ftjamichg%2Fintranet.tjamich.gob.mx%2Fintranet%2Fsistemas%2Frequisiciones&dirop=&charset=&file_charset=_DETECT_&baseurl=&basedir=&edit=1" "Mozilla/5.0 (Windows NT 10.0; Win64; x64) AppleWebKit/537.36 (KHTML, like Gecko) Chrome/132.0.0.0 Safari/537.36"
189.243.238.36 - - [05/Feb/2025:11:12:25 -0600] "GET /cPanel_magic_revision_1518373903/frontend/jupiter/libraries/ace-editor/optimized/src-min-noconflict/worker-php.js HTTP/1.1" 200 22236 "-" "Mozilla/5.0 (Windows NT 10.0; Win64; x64) AppleWebKit/537.36 (KHTML, like Gecko) Chrome/132.0.0.0 Safari/537.36"
66.249.77.198 - - [05/Feb/2025:11:12:29 -0600] "GET /Noticias&idnoti=209 HTTP/1.1" 301 261 "-" "Mozilla/5.0 (Linux; Android 6.0.1; Nexus 5X Build/MMB29P) AppleWebKit/537.36 (KHTML, like Gecko) Chrome/132.0.6834.159 Mobile Safari/537.36 (compatible; Googlebot/2.1; +http://www.google.com/bot.html)"
187.195.110.68 - - [05/Feb/2025:11:12:34 -0600] "POST /cpsess0556275423/3rdparty/roundcube/?_task=mail&_action=refresh HTTP/1.1" 200 135 "https://webmail.tjamich.gob.mx/cpsess0556275423/3rdparty/roundcube/?_task=mail&_mbox=INBOX" "Mozilla/5.0 (Windows NT 10.0; Win64; x64) AppleWebKit/537.36 (KHTML, like Gecko) Chrome/132.0.0.0 Safari/537.36"
189.243.238.36 - - [05/Feb/2025:11:12:54 -0600] "GET /cjt/images/progress_bar.gif HTTP/1.1" 200 3378 "https://cpanel.tjamich.gob.mx/cPanel_magic_revision_1642629671/cjt/css/ajaxapp-min.css" "Mozilla/5.0 (Windows NT 10.0; Win64; x64) AppleWebKit/537.36 (KHTML, like Gecko) Chrome/132.0.0.0 Safari/537.36"
189.243.238.36 - - [05/Feb/2025:11:12:54 -0600] "POST /cpsess2457266334/json-api/cpanel HTTP/1.1" 200 229 "https://cpanel.tjamich.gob.mx/cpsess2457266334/frontend/jupiter/filemanager/editit.html?file=content_requisiciones.php&fileop=&dir=%2Fhome%2Ftjamichg%2Fintranet.tjamich.gob.mx%2Fintranet%2Fsistemas%2Frequisiciones&dirop=&charset=&file_charset=_DETECT_&baseurl=&basedir=&edit=1" "Mozilla/5.0 (Windows NT 10.0; Win64; x64) AppleWebKit/537.36 (KHTML, like Gecko) Chrome/132.0.0.0 Safari/537.36"
189.243.238.36 - - [05/Feb/2025:11:12:55 -0600] "GET /cjt/images/check.png HTTP/1.1" 200 524 "https://cpanel.tjamich.gob.mx/cPanel_magic_revision_1642629671/cjt/css/ajaxapp-min.css" "Mozilla/5.0 (Windows NT 10.0; Win64; x64) AppleWebKit/537.36 (KHTML, like Gecko) Chrome/132.0.0.0 Safari/537.36"
66.249.77.198 - - [05/Feb/2025:11:12:57 -0600] "GET /227911414391.shtml HTTP/1.1" 301 256 "-" "Mozilla/5.0 (Linux; Android 6.0.1; Nexus 5X Build/MMB29P) AppleWebKit/537.36 (KHTML, like Gecko) Chrome/132.0.6834.159 Mobile Safari/537.36 (compatible; GoogleOther)"
189.243.238.36 - - [05/Feb/2025:11:13:00 -0600] "POST /cpsess9781436776/3rdparty/roundcube/?_task=mail&_action=refresh HTTP/1.1" 200 12363 "https://webmail.tjamich.gob.mx/cpsess9781436776/3rdparty/roundcube/?_task=mail&_mbox=INBOX" "Mozilla/5.0 (Windows NT 10.0; Win64; x64) AppleWebKit/537.36 (KHTML, like Gecko) Chrome/132.0.0.0 Safari/537.36"
66.249.77.199 - - [05/Feb/2025:11:13:03 -0600] "GET /177206264 HTTP/1.1" 301 247 "-" "Mozilla/5.0 (Linux; Android 6.0.1; Nexus 5X Build/MMB29P) AppleWebKit/537.36 (KHTML, like Gecko) Chrome/132.0.6834.159 Mobile Safari/537.36 (compatible; Googlebot/2.1; +http://www.google.com/bot.html)"
189.243.202.99 - - [05/Feb/2025:11:13:09 -0600] "GET /sisofi_2018/uploads/07-10-2021/CHRISTIAN-ALDAIR-RIVERA-AYALA.pdf HTTP/1.1" 301 302 "https://portal.tjamich.gob.mx/" "Mozilla/5.0 (Windows NT 10.0; Win64; x64) AppleWebKit/537.36 (KHTML, like Gecko) Chrome/132.0.0.0 Safari/537.36"
66.249.77.198 - - [05/Feb/2025:11:13:12 -0600] "GET /99927710447.shtml HTTP/1.1" 301 255 "-" "Mozilla/5.0 (Linux; Android 6.0.1; Nexus 5X Build/MMB29P) AppleWebKit/537.36 (KHTML, like Gecko) Chrome/132.0.6834.159 Mobile Safari/537.36 (compatible; GoogleOther)"
189.243.238.36 - - [05/Feb/2025:11:13:27 -0600] "POST /cpsess2457266334/json-api/cpanel HTTP/1.1" 200 229 "https://cpanel.tjamich.gob.mx/cpsess2457266334/frontend/jupiter/filemanager/editit.html?file=content_requisiciones.php&fileop=&dir=%2Fhome%2Ftjamichg%2Fintranet.tjamich.gob.mx%2Fintranet%2Fsistemas%2Frequisiciones&dirop=&charset=&file_charset=_DETECT_&baseurl=&basedir=&edit=1" "Mozilla/5.0 (Windows NT 10.0; Win64; x64) AppleWebKit/537.36 (KHTML, like Gecko) Chrome/132.0.0.0 Safari/537.36"
187.195.110.68 - - [05/Feb/2025:11:13:34 -0600] "POST /cpsess0556275423/3rdparty/roundcube/?_task=mail&_action=refresh HTTP/1.1" 200 135 "https://webmail.tjamich.gob.mx/cpsess0556275423/3rdparty/roundcube/?_task=mail&_mbox=INBOX" "Mozilla/5.0 (Windows NT 10.0; Win64; x64) AppleWebKit/537.36 (KHTML, like Gecko) Chrome/132.0.0.0 Safari/537.36"
66.249.77.198 - - [05/Feb/2025:11:13:41 -0600] "GET /290541425124.shtml HTTP/1.1" 301 256 "-" "Mozilla/5.0 (Linux; Android 6.0.1; Nexus 5X Build/MMB29P) AppleWebKit/537.36 (KHTML, like Gecko) Chrome/132.0.6834.159 Mobile Safari/537.36 (compatible; GoogleOther)"
66.249.77.198 - - [05/Feb/2025:11:13:52 -0600] "GET /97233224884.shtml HTTP/1.1" 301 255 "-" "Mozilla/5.0 (Linux; Android 6.0.1; Nexus 5X Build/MMB29P) AppleWebKit/537.36 (KHTML, like Gecko) Chrome/132.0.6834.159 Mobile Safari/537.36 (compatible; Googlebot/2.1; +http://www.google.com/bot.html)"
66.249.77.198 - - [05/Feb/2025:11:13:52 -0600] "GET /60092240018.shtml HTTP/1.1" 301 255 "-" "Mozilla/5.0 (Linux; Android 6.0.1; Nexus 5X Build/MMB29P) AppleWebKit/537.36 (KHTML, like Gecko) Chrome/132.0.6834.159 Mobile Safari/537.36 (compatible; Googlebot/2.1; +http://www.google.com/bot.html)"
189.243.238.36 - - [05/Feb/2025:11:14:00 -0600] "POST /cpsess9781436776/3rdparty/roundcube/?_task=mail&_action=refresh HTTP/1.1" 308 152 "https://webmail.tjamich.gob.mx/cpsess9781436776/3rdparty/roundcube/?_task=mail&_mbox=INBOX" "Mozilla/5.0 (Windows NT 10.0; Win64; x64) AppleWebKit/537.36 (KHTML, like Gecko) Chrome/132.0.0.0 Safari/537.36"
189.243.238.36 - - [05/Feb/2025:11:14:00 -0600] "POST /cpsess9781436776/3rdparty/roundcube/?_task=mail&_action=refresh HTTP/1.1" 200 12358 "https://webmail.tjamich.gob.mx/cpsess9781436776/3rdparty/roundcube/?_task=mail&_mbox=INBOX" "Mozilla/5.0 (Windows NT 10.0; Win64; x64) AppleWebKit/537.36 (KHTML, like Gecko) Chrome/132.0.0.0 Safari/537.36"
189.243.238.36 - - [05/Feb/2025:11:14:00 -0600] "POST /cpsess9781436776/3rdparty/roundcube/?_task=mail&_action=refresh HTTP/1.1" 401 12399 "https://webmail.tjamich.gob.mx/cpsess9781436776/3rdparty/roundcube/?_task=mail&_mbox=INBOX" "Mozilla/5.0 (Windows NT 10.0; Win64; x64) AppleWebKit/537.36 (KHTML, like Gecko) Chrome/132.0.0.0 Safari/537.36"
189.243.202.99 - - [05/Feb/2025:11:14:16 -0600] "GET /sisofi_2018/uploads/09-07-2021/FRANCISCO-SANCHEZ-TINAJERO.pdf HTTP/1.1" 301 299 "https://portal.tjamich.gob.mx/" "Mozilla/5.0 (Windows NT 10.0; Win64; x64) AppleWebKit/537.36 (KHTML, like Gecko) Chrome/132.0.0.0 Safari/537.36"
66.249.77.198 - - [05/Feb/2025:11:14:21 -0600] "GET /70332831741.shtml HTTP/1.1" 301 255 "-" "Mozilla/5.0 (Linux; Android 6.0.1; Nexus 5X Build/MMB29P) AppleWebKit/537.36 (KHTML, like Gecko) Chrome/132.0.6834.159 Mobile Safari/537.36 (compatible; Googlebot/2.1; +http://www.google.com/bot.html)"
66.249.77.198 - - [05/Feb/2025:11:14:26 -0600] "GET /292501005017.shtml HTTP/1.1" 301 256 "-" "Mozilla/5.0 (Linux; Android 6.0.1; Nexus 5X Build/MMB29P) AppleWebKit/537.36 (KHTML, like Gecko) Chrome/132.0.6834.159 Mobile Safari/537.36 (compatible; GoogleOther)"
187.195.110.68 - - [05/Feb/2025:11:14:34 -0600] "POST /cpsess0556275423/3rdparty/roundcube/?_task=mail&_action=refresh HTTP/1.1" 200 135 "https://webmail.tjamich.gob.mx/cpsess0556275423/3rdparty/roundcube/?_task=mail&_mbox=INBOX" "Mozilla/5.0 (Windows NT 10.0; Win64; x64) AppleWebKit/537.36 (KHTML, like Gecko) Chrome/132.0.0.0 Safari/537.36"
66.249.77.198 - - [05/Feb/2025:11:14:49 -0600] "GET /30987880436.shtml HTTP/1.1" 301 255 "-" "Mozilla/5.0 (Linux; Android 6.0.1; Nexus 5X Build/MMB29P) AppleWebKit/537.36 (KHTML, like Gecko) Chrome/132.0.6834.159 Mobile Safari/537.36 (compatible; Googlebot/2.1; +http://www.google.com/bot.html)"
189.243.238.36 - - [05/Feb/2025:11:15:00 -0600] "POST /cpsess9781436776/3rdparty/roundcube/?_task=mail&_action=refresh HTTP/1.1" 308 152 "https://webmail.tjamich.gob.mx/cpsess9781436776/3rdparty/roundcube/?_task=mail&_mbox=INBOX" "Mozilla/5.0 (Windows NT 10.0; Win64; x64) AppleWebKit/537.36 (KHTML, like Gecko) Chrome/132.0.0.0 Safari/537.36"
189.243.238.36 - - [05/Feb/2025:11:15:00 -0600] "POST /cpsess9781436776/3rdparty/roundcube/?_task=mail&_action=refresh HTTP/1.1" 200 12366 "https://webmail.tjamich.gob.mx/cpsess9781436776/3rdparty/roundcube/?_task=mail&_mbox=INBOX" "Mozilla/5.0 (Windows NT 10.0; Win64; x64) AppleWebKit/537.36 (KHTML, like Gecko) Chrome/132.0.0.0 Safari/537.36"
66.249.77.198 - - [05/Feb/2025:11:15:10 -0600] "GET /06799274141.shtml HTTP/1.1" 301 255 "-" "Mozilla/5.0 (Linux; Android 6.0.1; Nexus 5X Build/MMB29P) AppleWebKit/537.36 (KHTML, like Gecko) Chrome/132.0.6834.159 Mobile Safari/537.36 (compatible; GoogleOther)"
200.68.167.34 - - [05/Feb/2025:11:15:15 -0600] "-" 408 - "-" "-"
200.68.167.34 - - [05/Feb/2025:11:15:15 -0600] "-" 408 - "-" "-"
66.249.77.198 - - [05/Feb/2025:11:15:18 -0600] "GET /99290225502.shtml HTTP/1.1" 301 255 "-" "Mozilla/5.0 (Linux; Android 6.0.1; Nexus 5X Build/MMB29P) AppleWebKit/537.36 (KHTML, like Gecko) Chrome/132.0.6834.159 Mobile Safari/537.36 (compatible; Googlebot/2.1; +http://www.google.com/bot.html)"
200.68.166.37 - - [05/Feb/2025:11:15:25 -0600] "-" 408 - "-" "-"
200.68.166.37 - - [05/Feb/2025:11:15:25 -0600] "-" 408 - "-" "-"
187.195.110.68 - - [05/Feb/2025:11:15:34 -0600] "POST /cpsess0556275423/3rdparty/roundcube/?_task=mail&_action=refresh HTTP/1.1" 200 135 "https://webmail.tjamich.gob.mx/cpsess0556275423/3rdparty/roundcube/?_task=mail&_mbox=INBOX" "Mozilla/5.0 (Windows NT 10.0; Win64; x64) AppleWebKit/537.36 (KHTML, like Gecko) Chrome/132.0.0.0 Safari/537.36"
185.180.140.4 - - [05/Feb/2025:11:15:37 -0600] "GET / HTTP/1.1" 200 1533 "-" "Mozilla/5.0 (Windows NT 10.0; Win64; x64) AppleWebKit/537.36 (KHTML, like Gecko) Chrome/60.0.3112.113 Safari/537.36"
189.243.238.36 - - [05/Feb/2025:11:16:00 -0600] "POST /cpsess9781436776/3rdparty/roundcube/?_task=mail&_action=refresh HTTP/1.1" 200 12360 "https://webmail.tjamich.gob.mx/cpsess9781436776/3rdparty/roundcube/?_task=mail&_mbox=INBOX" "Mozilla/5.0 (Windows NT 10.0; Win64; x64) AppleWebKit/537.36 (KHTML, like Gecko) Chrome/132.0.0.0 Safari/537.36"
189.243.238.36 - - [05/Feb/2025:11:16:00 -0600] "POST /cpsess9781436776/3rdparty/roundcube/?_task=mail&_action=refresh HTTP/1.1" 200 12366 "https://webmail.tjamich.gob.mx/cpsess9781436776/3rdparty/roundcube/?_task=mail&_mbox=INBOX" "Mozilla/5.0 (Windows NT 10.0; Win64; x64) AppleWebKit/537.36 (KHTML, like Gecko) Chrome/132.0.0.0 Safari/537.36"
66.249.77.199 - - [05/Feb/2025:11:16:14 -0600] "GET /227191158297.shtml HTTP/1.1" 301 256 "-" "Mozilla/5.0 (Linux; Android 6.0.1; Nexus 5X Build/MMB29P) AppleWebKit/537.36 (KHTML, like Gecko) Chrome/132.0.6834.159 Mobile Safari/537.36 (compatible; Googlebot/2.1; +http://www.google.com/bot.html)"
187.195.110.68 - - [05/Feb/2025:11:16:34 -0600] "POST /cpsess0556275423/3rdparty/roundcube/?_task=mail&_action=refresh HTTP/1.1" 200 135 "https://webmail.tjamich.gob.mx/cpsess0556275423/3rdparty/roundcube/?_task=mail&_mbox=INBOX" "Mozilla/5.0 (Windows NT 10.0; Win64; x64) AppleWebKit/537.36 (KHTML, like Gecko) Chrome/132.0.0.0 Safari/537.36"
66.249.77.199 - - [05/Feb/2025:11:16:42 -0600] "GET /62627203614.shtml HTTP/1.1" 301 255 "-" "Mozilla/5.0 (Linux; Android 6.0.1; Nexus 5X Build/MMB29P) AppleWebKit/537.36 (KHTML, like Gecko) Chrome/132.0.6834.159 Mobile Safari/537.36 (compatible; Googlebot/2.1; +http://www.google.com/bot.html)"
189.243.202.99 - - [05/Feb/2025:11:16:58 -0600] "GET /sisofi_2018/uploads/09-07-2021/MARIO-PENALOZA-RINCON.pdf HTTP/1.1" 301 294 "https://portal.tjamich.gob.mx/" "Mozilla/5.0 (Windows NT 10.0; Win64; x64) AppleWebKit/537.36 (KHTML, like Gecko) Chrome/132.0.0.0 Safari/537.36"
189.243.238.36 - - [05/Feb/2025:11:17:00 -0600] "POST /cpsess9781436776/3rdparty/roundcube/?_task=mail&_action=refresh HTTP/1.1" 308 152 "https://webmail.tjamich.gob.mx/cpsess9781436776/3rdparty/roundcube/?_task=mail&_mbox=INBOX" "Mozilla/5.0 (Windows NT 10.0; Win64; x64) AppleWebKit/537.36 (KHTML, like Gecko) Chrome/132.0.0.0 Safari/537.36"
189.243.238.36 - - [05/Feb/2025:11:17:00 -0600] "POST /cpsess9781436776/3rdparty/roundcube/?_task=mail&_action=refresh HTTP/1.1" 200 12365 "https://webmail.tjamich.gob.mx/cpsess9781436776/3rdparty/roundcube/?_task=mail&_mbox=INBOX" "Mozilla/5.0 (Windows NT 10.0; Win64; x64) AppleWebKit/537.36 (KHTML, like Gecko) Chrome/132.0.0.0 Safari/537.36"
114.119.130.147 - - [05/Feb/2025:11:17:05 -0600] "GET /sisofi_2018/uploads/14-07-2021/JA-1388-2019-I-Credito-Hipotecario-seguro-de-vida-pensiones-civiles-Nulidad-Efectos-ok.pdf HTTP/1.1" 301 359 "-" "Mozilla/5.0 (Linux; Android 7.0;) AppleWebKit/537.36 (KHTML, like Gecko) Mobile Safari/537.36 (compatible; PetalBot;+https://webmaster.petalsearch.com/site/petalbot)"
187.195.110.68 - - [05/Feb/2025:11:17:34 -0600] "POST /cpsess0556275423/3rdparty/roundcube/?_task=mail&_action=refresh HTTP/1.1" 200 135 "https://webmail.tjamich.gob.mx/cpsess0556275423/3rdparty/roundcube/?_task=mail&_mbox=INBOX" "Mozilla/5.0 (Windows NT 10.0; Win64; x64) AppleWebKit/537.36 (KHTML, like Gecko) Chrome/132.0.0.0 Safari/537.36"
52.167.144.203 - - [05/Feb/2025:11:17:37 -0600] "GET /groups/g-6135-lm41w-pc-t/23286715/Resultados-Noticias HTTP/1.1" 301 291 "-" "Mozilla/5.0 AppleWebKit/537.36 (KHTML, like Gecko; compatible; bingbot/2.0; +http://www.bing.com/bingbot.htm) Chrome/116.0.1938.76 Safari/537.36"
66.249.77.200 - - [05/Feb/2025:11:17:41 -0600] "GET /281691444100.shtml HTTP/1.1" 301 256 "-" "Mozilla/5.0 (Linux; Android 6.0.1; Nexus 5X Build/MMB29P) AppleWebKit/537.36 (KHTML, like Gecko) Chrome/132.0.6834.159 Mobile Safari/537.36 (compatible; Googlebot/2.1; +http://www.google.com/bot.html)"
66.249.77.198 - - [05/Feb/2025:11:17:52 -0600] "GET /00818627525.shtml HTTP/1.1" 301 255 "-" "Mozilla/5.0 (Linux; Android 6.0.1; Nexus 5X Build/MMB29P) AppleWebKit/537.36 (KHTML, like Gecko) Chrome/132.0.6834.159 Mobile Safari/537.36 (compatible; GoogleOther)"
189.243.202.99 - - [05/Feb/2025:11:17:52 -0600] "GET /sisofi_2018/uploads/07-10-2021/MONSERRAT-ERANDI-AMBROSIO-MONDRAGON.pdf HTTP/1.1" 301 308 "https://portal.tjamich.gob.mx/" "Mozilla/5.0 (Windows NT 10.0; Win64; x64) AppleWebKit/537.36 (KHTML, like Gecko) Chrome/132.0.0.0 Safari/537.36"
66.249.72.141 - - [05/Feb/2025:11:17:55 -0600] "GET /sisofi_2018/uploads/20-10-2021/JA-0767-2020-II.pdf HTTP/1.1" 301 288 "-" "Mozilla/5.0 (Linux; Android 6.0.1; Nexus 5X Build/MMB29P) AppleWebKit/537.36 (KHTML, like Gecko) Chrome/132.0.6834.159 Mobile Safari/537.36 (compatible; GoogleOther)"
189.243.238.36 - - [05/Feb/2025:11:18:00 -0600] "POST /cpsess9781436776/3rdparty/roundcube/?_task=mail&_action=refresh HTTP/1.1" 308 152 "https://webmail.tjamich.gob.mx/cpsess9781436776/3rdparty/roundcube/?_task=mail&_mbox=INBOX" "Mozilla/5.0 (Windows NT 10.0; Win64; x64) AppleWebKit/537.36 (KHTML, like Gecko) Chrome/132.0.0.0 Safari/537.36"
189.243.238.36 - - [05/Feb/2025:11:18:00 -0600] "POST /cpsess9781436776/3rdparty/roundcube/?_task=mail&_action=refresh HTTP/1.1" 200 12364 "https://webmail.tjamich.gob.mx/cpsess9781436776/3rdparty/roundcube/?_task=mail&_mbox=INBOX" "Mozilla/5.0 (Windows NT 10.0; Win64; x64) AppleWebKit/537.36 (KHTML, like Gecko) Chrome/132.0.0.0 Safari/537.36"
189.243.238.36 - - [05/Feb/2025:11:18:00 -0600] "POST /cpsess9781436776/3rdparty/roundcube/?_task=mail&_action=refresh HTTP/1.1" 401 12386 "https://webmail.tjamich.gob.mx/cpsess9781436776/3rdparty/roundcube/?_task=mail&_mbox=INBOX" "Mozilla/5.0 (Windows NT 10.0; Win64; x64) AppleWebKit/537.36 (KHTML, like Gecko) Chrome/132.0.0.0 Safari/537.36"
66.249.77.199 - - [05/Feb/2025:11:18:18 -0600] "GET /784911010389.shtml HTTP/1.1" 301 256 "-" "Mozilla/5.0 (Linux; Android 6.0.1; Nexus 5X Build/MMB29P) AppleWebKit/537.36 (KHTML, like Gecko) Chrome/132.0.6834.159 Mobile Safari/537.36 (compatible; Googlebot/2.1; +http://www.google.com/bot.html)"
187.195.110.68 - - [05/Feb/2025:11:18:34 -0600] "POST /cpsess0556275423/3rdparty/roundcube/?_task=mail&_action=refresh HTTP/1.1" 200 135 "https://webmail.tjamich.gob.mx/cpsess0556275423/3rdparty/roundcube/?_task=mail&_mbox=INBOX" "Mozilla/5.0 (Windows NT 10.0; Win64; x64) AppleWebKit/537.36 (KHTML, like Gecko) Chrome/132.0.0.0 Safari/537.36"
66.249.77.199 - - [05/Feb/2025:11:18:35 -0600] "GET /849591040324.shtml HTTP/1.1" 301 256 "-" "Mozilla/5.0 (Linux; Android 6.0.1; Nexus 5X Build/MMB29P) AppleWebKit/537.36 (KHTML, like Gecko) Chrome/132.0.6834.159 Mobile Safari/537.36 (compatible; GoogleOther)"
66.249.77.198 - - [05/Feb/2025:11:18:54 -0600] "GET /032871498091.shtml HTTP/1.1" 301 256 "-" "Mozilla/5.0 (Linux; Android 6.0.1; Nexus 5X Build/MMB29P) AppleWebKit/537.36 (KHTML, like Gecko) Chrome/132.0.6834.159 Mobile Safari/537.36 (compatible; Googlebot/2.1; +http://www.google.com/bot.html)"
189.243.238.36 - - [05/Feb/2025:11:19:00 -0600] "POST /cpsess9781436776/3rdparty/roundcube/?_task=mail&_action=refresh HTTP/1.1" 200 12366 "https://webmail.tjamich.gob.mx/cpsess9781436776/3rdparty/roundcube/?_task=mail&_mbox=INBOX" "Mozilla/5.0 (Windows NT 10.0; Win64; x64) AppleWebKit/537.36 (KHTML, like Gecko) Chrome/132.0.0.0 Safari/537.36"
66.249.77.199 - - [05/Feb/2025:11:19:05 -0600] "GET /976745967.shtml HTTP/1.1" 301 253 "-" "Mozilla/5.0 (Linux; Android 6.0.1; Nexus 5X Build/MMB29P) AppleWebKit/537.36 (KHTML, like Gecko) Chrome/132.0.6834.159 Mobile Safari/537.36 (compatible; GoogleOther)"
66.249.77.199 - - [05/Feb/2025:11:19:31 -0600] "GET /583731037481.shtml HTTP/1.1" 301 256 "-" "Mozilla/5.0 (Linux; Android 6.0.1; Nexus 5X Build/MMB29P) AppleWebKit/537.36 (KHTML, like Gecko) Chrome/132.0.6834.159 Mobile Safari/537.36 (compatible; Googlebot/2.1; +http://www.google.com/bot.html)"
187.195.110.68 - - [05/Feb/2025:11:19:34 -0600] "POST /cpsess0556275423/3rdparty/roundcube/?_task=mail&_action=refresh HTTP/1.1" 200 135 "https://webmail.tjamich.gob.mx/cpsess0556275423/3rdparty/roundcube/?_task=mail&_mbox=INBOX" "Mozilla/5.0 (Windows NT 10.0; Win64; x64) AppleWebKit/537.36 (KHTML, like Gecko) Chrome/132.0.0.0 Safari/537.36"
189.243.238.36 - - [05/Feb/2025:11:20:00 -0600] "POST /cpsess9781436776/3rdparty/roundcube/?_task=mail&_action=refresh HTTP/1.1" 200 12366 "https://webmail.tjamich.gob.mx/cpsess9781436776/3rdparty/roundcube/?_task=mail&_mbox=INBOX" "Mozilla/5.0 (Windows NT 10.0; Win64; x64) AppleWebKit/537.36 (KHTML, like Gecko) Chrome/132.0.0.0 Safari/537.36"
189.243.238.36 - - [05/Feb/2025:11:20:00 -0600] "POST /cpsess9781436776/3rdparty/roundcube/?_task=mail&_action=refresh HTTP/1.1" 401 12398 "https://webmail.tjamich.gob.mx/cpsess9781436776/3rdparty/roundcube/?_task=mail&_mbox=INBOX" "Mozilla/5.0 (Windows NT 10.0; Win64; x64) AppleWebKit/537.36 (KHTML, like Gecko) Chrome/132.0.0.0 Safari/537.36"
66.249.77.200 - - [05/Feb/2025:11:20:09 -0600] "GET /140911171905.shtml HTTP/1.1" 301 256 "-" "Mozilla/5.0 (Linux; Android 6.0.1; Nexus 5X Build/MMB29P) AppleWebKit/537.36 (KHTML, like Gecko) Chrome/132.0.6834.159 Mobile Safari/537.36 (compatible; Googlebot/2.1; +http://www.google.com/bot.html)"
189.243.27.120 - - [05/Feb/2025:11:20:32 -0600] "-" 408 - "-" "-"
189.243.27.120 - - [05/Feb/2025:11:20:32 -0600] "-" 408 - "-" "-"
187.195.110.68 - - [05/Feb/2025:11:20:34 -0600] "POST /cpsess0556275423/3rdparty/roundcube/?_task=mail&_action=refresh HTTP/1.1" 200 135 "https://webmail.tjamich.gob.mx/cpsess0556275423/3rdparty/roundcube/?_task=mail&_mbox=INBOX" "Mozilla/5.0 (Windows NT 10.0; Win64; x64) AppleWebKit/537.36 (KHTML, like Gecko) Chrome/132.0.0.0 Safari/537.36"
189.243.238.36 - - [05/Feb/2025:11:20:48 -0600] "POST /cpsess9781436776/3rdparty/roundcube/?_task=mail&_action=refresh HTTP/1.1" 200 12366 "https://webmail.tjamich.gob.mx/cpsess9781436776/3rdparty/roundcube/?_task=mail&_mbox=INBOX" "Mozilla/5.0 (Windows NT 10.0; Win64; x64) AppleWebKit/537.36 (KHTML, like Gecko) Chrome/132.0.0.0 Safari/537.36"
189.243.238.36 - - [05/Feb/2025:11:21:02 -0600] "POST /cpsess9781436776/3rdparty/roundcube/?_task=mail&_action=refresh HTTP/1.1" 200 12361 "https://webmail.tjamich.gob.mx/cpsess9781436776/3rdparty/roundcube/?_task=mail&_mbox=INBOX" "Mozilla/5.0 (Windows NT 10.0; Win64; x64) AppleWebKit/537.36 (KHTML, like Gecko) Chrome/132.0.0.0 Safari/537.36"
187.216.141.164 - - [05/Feb/2025:11:21:03 -0600] "-" 408 - "-" "-"
187.216.141.164 - - [05/Feb/2025:11:21:03 -0600] "-" 408 - "-" "-"
66.249.77.200 - - [05/Feb/2025:11:21:05 -0600] "GET /885311184839.shtml HTTP/1.1" 301 256 "-" "Mozilla/5.0 (Linux; Android 6.0.1; Nexus 5X Build/MMB29P) AppleWebKit/537.36 (KHTML, like Gecko) Chrome/132.0.6834.159 Mobile Safari/537.36 (compatible; Googlebot/2.1; +http://www.google.com/bot.html)"
66.249.77.198 - - [05/Feb/2025:11:21:18 -0600] "GET /685631281938.shtml HTTP/1.1" 301 256 "-" "Mozilla/5.0 (Linux; Android 6.0.1; Nexus 5X Build/MMB29P) AppleWebKit/537.36 (KHTML, like Gecko) Chrome/132.0.6834.159 Mobile Safari/537.36 (compatible; GoogleOther)"
66.249.77.198 - - [05/Feb/2025:11:21:32 -0600] "GET /103644692 HTTP/1.1" 301 247 "-" "Mozilla/5.0 (Linux; Android 6.0.1; Nexus 5X Build/MMB29P) AppleWebKit/537.36 (KHTML, like Gecko) Chrome/132.0.6834.159 Mobile Safari/537.36 (compatible; Googlebot/2.1; +http://www.google.com/bot.html)"
66.249.77.198 - - [05/Feb/2025:11:21:33 -0600] "GET /311211001517.shtml HTTP/1.1" 301 256 "-" "Mozilla/5.0 (Linux; Android 6.0.1; Nexus 5X Build/MMB29P) AppleWebKit/537.36 (KHTML, like Gecko) Chrome/132.0.6834.159 Mobile Safari/537.36 (compatible; Googlebot/2.1; +http://www.google.com/bot.html)"
187.195.110.68 - - [05/Feb/2025:11:21:34 -0600] "POST /cpsess0556275423/3rdparty/roundcube/?_task=mail&_action=refresh HTTP/1.1" 200 135 "https://webmail.tjamich.gob.mx/cpsess0556275423/3rdparty/roundcube/?_task=mail&_mbox=INBOX" "Mozilla/5.0 (Windows NT 10.0; Win64; x64) AppleWebKit/537.36 (KHTML, like Gecko) Chrome/132.0.0.0 Safari/537.36"
187.195.116.142 - - [05/Feb/2025:11:21:42 -0600] "GET /webmail HTTP/1.1" 200 33919 "-" "Mozilla/5.0 (Windows NT 10.0; Win64; x64) AppleWebKit/537.36 (KHTML, like Gecko) Chrome/133.0.0.0 Safari/537.36"
187.195.116.142 - - [05/Feb/2025:11:21:43 -0600] "GET /favicon.ico HTTP/1.1" 301 249 "https://www.tjamich.gob.mx/webmail" "Mozilla/5.0 (Windows NT 10.0; Win64; x64) AppleWebKit/537.36 (KHTML, like Gecko) Chrome/133.0.0.0 Safari/537.36"
187.195.116.142 - - [05/Feb/2025:11:21:44 -0600] "GET /unprotected/loader.html?random=7dOjCnyWrva8njyo&goto_uri= HTTP/1.1" 200 905 "https://www.tjamich.gob.mx/" "Mozilla/5.0 (Windows NT 10.0; Win64; x64) AppleWebKit/537.36 (KHTML, like Gecko) Chrome/133.0.0.0 Safari/537.36"
187.195.116.142 - - [05/Feb/2025:11:21:44 -0600] "GET / HTTP/1.1" 200 12327 "https://www.tjamich.gob.mx/" "Mozilla/5.0 (Windows NT 10.0; Win64; x64) AppleWebKit/537.36 (KHTML, like Gecko) Chrome/133.0.0.0 Safari/537.36"
187.195.116.142 - - [05/Feb/2025:11:21:44 -0600] "GET /cPanel_magic_revision_1648610195/unprotected/cpanel/fonts/open_sans/open_sans.min.css HTTP/1.1" 200 522 "https://webmail.tjamich.gob.mx/" "Mozilla/5.0 (Windows NT 10.0; Win64; x64) AppleWebKit/537.36 (KHTML, like Gecko) Chrome/133.0.0.0 Safari/537.36"
187.195.116.142 - - [05/Feb/2025:11:21:44 -0600] "GET /cPanel_magic_revision_1679592920/unprotected/cpanel/style_v2_optimized.css HTTP/1.1" 200 33187 "https://webmail.tjamich.gob.mx/" "Mozilla/5.0 (Windows NT 10.0; Win64; x64) AppleWebKit/537.36 (KHTML, like Gecko) Chrome/133.0.0.0 Safari/537.36"
107.148.42.152 - - [05/Feb/2025:11:21:44 -0600] "GET /wp-includes/install.php HTTP/1.1" 301 261 "https://tjamich.gob.mx/wp-includes/install.php" "Mozilla/5.0 (Windows NT 10.0; Win64; x64) AppleWebKit/537.36 (KHTML, like Gecko) Chrome/58.0.3029.110 Safari/537.3"
187.195.116.142 - - [05/Feb/2025:11:21:44 -0600] "GET /cPanel_magic_revision_1642626608/unprotected/cpanel/images/webmail-logo.svg HTTP/1.1" 200 2399 "https://webmail.tjamich.gob.mx/" "Mozilla/5.0 (Windows NT 10.0; Win64; x64) AppleWebKit/537.36 (KHTML, like Gecko) Chrome/133.0.0.0 Safari/537.36"
187.195.116.142 - - [05/Feb/2025:11:21:45 -0600] "GET /cPanel_magic_revision_1642626608/unprotected/cpanel/images/icon-username.png HTTP/1.1" 200 320 "https://webmail.tjamich.gob.mx/cPanel_magic_revision_1679592920/unprotected/cpanel/style_v2_optimized.css" "Mozilla/5.0 (Windows NT 10.0; Win64; x64) AppleWebKit/537.36 (KHTML, like Gecko) Chrome/133.0.0.0 Safari/537.36"
187.195.116.142 - - [05/Feb/2025:11:21:45 -0600] "GET /cPanel_magic_revision_1642626608/unprotected/cpanel/images/icon-password.png HTTP/1.1" 200 450 "https://webmail.tjamich.gob.mx/cPanel_magic_revision_1679592920/unprotected/cpanel/style_v2_optimized.css" "Mozilla/5.0 (Windows NT 10.0; Win64; x64) AppleWebKit/537.36 (KHTML, like Gecko) Chrome/133.0.0.0 Safari/537.36"
187.195.116.142 - - [05/Feb/2025:11:21:45 -0600] "GET /cPanel_magic_revision_1642626608/unprotected/cpanel/images/notice-error.png HTTP/1.1" 200 1026 "https://webmail.tjamich.gob.mx/cPanel_magic_revision_1679592920/unprotected/cpanel/style_v2_optimized.css" "Mozilla/5.0 (Windows NT 10.0; Win64; x64) AppleWebKit/537.36 (KHTML, like Gecko) Chrome/133.0.0.0 Safari/537.36"
187.195.116.142 - - [05/Feb/2025:11:21:45 -0600] "GET /cPanel_magic_revision_1648610195/unprotected/cpanel/fonts/open_sans/OpenSans-Regular-webfont.woff HTTP/1.1" 200 22660 "https://webmail.tjamich.gob.mx/cPanel_magic_revision_1648610195/unprotected/cpanel/fonts/open_sans/open_sans.min.css" "Mozilla/5.0 (Windows NT 10.0; Win64; x64) AppleWebKit/537.36 (KHTML, like Gecko) Chrome/133.0.0.0 Safari/537.36"
187.195.116.142 - - [05/Feb/2025:11:21:45 -0600] "GET /cPanel_magic_revision_1648610195/unprotected/cpanel/fonts/open_sans/OpenSans-Semibold-webfont.woff HTTP/1.1" 200 22908 "https://webmail.tjamich.gob.mx/cPanel_magic_revision_1648610195/unprotected/cpanel/fonts/open_sans/open_sans.min.css" "Mozilla/5.0 (Windows NT 10.0; Win64; x64) AppleWebKit/537.36 (KHTML, like Gecko) Chrome/133.0.0.0 Safari/537.36"
187.195.116.142 - - [05/Feb/2025:11:21:45 -0600] "GET /cPanel_magic_revision_1642626608/unprotected/cpanel/images/notice-info.png HTTP/1.1" 200 976 "https://webmail.tjamich.gob.mx/cPanel_magic_revision_1679592920/unprotected/cpanel/style_v2_optimized.css" "Mozilla/5.0 (Windows NT 10.0; Win64; x64) AppleWebKit/537.36 (KHTML, like Gecko) Chrome/133.0.0.0 Safari/537.36"
187.195.116.142 - - [05/Feb/2025:11:21:45 -0600] "GET /cPanel_magic_revision_1648610195/unprotected/cpanel/fonts/open_sans/OpenSans-Bold-webfont.woff HTTP/1.1" 200 22432 "https://webmail.tjamich.gob.mx/cPanel_magic_revision_1648610195/unprotected/cpanel/fonts/open_sans/open_sans.min.css" "Mozilla/5.0 (Windows NT 10.0; Win64; x64) AppleWebKit/537.36 (KHTML, like Gecko) Chrome/133.0.0.0 Safari/537.36"
187.195.116.142 - - [05/Feb/2025:11:21:45 -0600] "GET /cPanel_magic_revision_1642626608/unprotected/cpanel/images/notice-success.png HTTP/1.1" 200 962 "https://webmail.tjamich.gob.mx/cPanel_magic_revision_1679592920/unprotected/cpanel/style_v2_optimized.css" "Mozilla/5.0 (Windows NT 10.0; Win64; x64) AppleWebKit/537.36 (KHTML, like Gecko) Chrome/133.0.0.0 Safari/537.36"
187.195.116.142 - - [05/Feb/2025:11:21:45 -0600] "GET /cPanel_magic_revision_1642626608/unprotected/cpanel/images/warning.png HTTP/1.1" 200 1060 "https://webmail.tjamich.gob.mx/cPanel_magic_revision_1679592920/unprotected/cpanel/style_v2_optimized.css" "Mozilla/5.0 (Windows NT 10.0; Win64; x64) AppleWebKit/537.36 (KHTML, like Gecko) Chrome/133.0.0.0 Safari/537.36"
107.148.42.152 - - [05/Feb/2025:11:21:50 -0600] "GET / HTTP/1.1" 301 238 "https://tjamich.gob.mx" "Mozilla/5.0 (Windows NT 10.0; Win64; x64) AppleWebKit/537.36 (KHTML, like Gecko) Chrome/58.0.3029.110 Safari/537.3"
187.195.116.142 - - [05/Feb/2025:11:22:00 -0600] "POST /login/?login_only=1 HTTP/1.1" 200 156 "https://webmail.tjamich.gob.mx/" "Mozilla/5.0 (Windows NT 10.0; Win64; x64) AppleWebKit/537.36 (KHTML, like Gecko) Chrome/133.0.0.0 Safari/537.36"
187.195.116.142 - - [05/Feb/2025:11:22:00 -0600] "GET /cpsess3053937060/3rdparty/roundcube/index.php?login=1&post_login=19014358058946 HTTP/1.1" 302 - "https://webmail.tjamich.gob.mx/" "Mozilla/5.0 (Windows NT 10.0; Win64; x64) AppleWebKit/537.36 (KHTML, like Gecko) Chrome/133.0.0.0 Safari/537.36"
66.249.77.199 - - [05/Feb/2025:11:22:01 -0600] "GET /262791357688.shtml HTTP/1.1" 301 256 "-" "Mozilla/5.0 (Linux; Android 6.0.1; Nexus 5X Build/MMB29P) AppleWebKit/537.36 (KHTML, like Gecko) Chrome/132.0.6834.159 Mobile Safari/537.36 (compatible; GoogleOther)"
187.195.116.142 - - [05/Feb/2025:11:22:01 -0600] "GET /cpsess3053937060/3rdparty/roundcube/?_task=mail&_token=ccGrdiPp1QDRxMf0rv00ZCuZbCiyzUtg HTTP/1.1" 200 11389 "https://webmail.tjamich.gob.mx/" "Mozilla/5.0 (Windows NT 10.0; Win64; x64) AppleWebKit/537.36 (KHTML, like Gecko) Chrome/133.0.0.0 Safari/537.36"
187.195.116.142 - - [05/Feb/2025:11:22:01 -0600] "GET /cpsess3053937060/3rdparty/roundcube/skins/elastic/styles/styles.min.css?s=1725175896 HTTP/1.1" 308 169 "https://webmail.tjamich.gob.mx/cpsess3053937060/3rdparty/roundcube/?_task=mail&_token=ccGrdiPp1QDRxMf0rv00ZCuZbCiyzUtg" "Mozilla/5.0 (Windows NT 10.0; Win64; x64) AppleWebKit/537.36 (KHTML, like Gecko) Chrome/133.0.0.0 Safari/537.36"
187.195.116.142 - - [05/Feb/2025:11:22:01 -0600] "GET /cpsess3053937060/3rdparty/roundcube/skins/elastic/deps/bootstrap.min.css?s=1725175902 HTTP/1.1" 200 25867 "https://webmail.tjamich.gob.mx/cpsess3053937060/3rdparty/roundcube/?_task=mail&_token=ccGrdiPp1QDRxMf0rv00ZCuZbCiyzUtg" "Mozilla/5.0 (Windows NT 10.0; Win64; x64) AppleWebKit/537.36 (KHTML, like Gecko) Chrome/133.0.0.0 Safari/537.36"
187.195.116.142 - - [05/Feb/2025:11:22:01 -0600] "GET /cpsess3053937060/3rdparty/roundcube/plugins/return_to_webmail/skins/elastic/return_to_webmail.css?s=1727387141 HTTP/1.1" 200 863 "https://webmail.tjamich.gob.mx/cpsess3053937060/3rdparty/roundcube/?_task=mail&_token=ccGrdiPp1QDRxMf0rv00ZCuZbCiyzUtg" "Mozilla/5.0 (Windows NT 10.0; Win64; x64) AppleWebKit/537.36 (KHTML, like Gecko) Chrome/133.0.0.0 Safari/537.36"
187.195.116.142 - - [05/Feb/2025:11:22:01 -0600] "GET /cpsess3053937060/3rdparty/roundcube/plugins/carddav/skins/elastic/carddav.css?s=1727387141 HTTP/1.1" 200 77 "https://webmail.tjamich.gob.mx/cpsess3053937060/3rdparty/roundcube/?_task=mail&_token=ccGrdiPp1QDRxMf0rv00ZCuZbCiyzUtg" "Mozilla/5.0 (Windows NT 10.0; Win64; x64) AppleWebKit/537.36 (KHTML, like Gecko) Chrome/133.0.0.0 Safari/537.36"
187.195.116.142 - - [05/Feb/2025:11:22:01 -0600] "GET /cpsess3053937060/3rdparty/roundcube/plugins/jqueryui/themes/elastic/jquery-ui.min.css?s=1725175896 HTTP/1.1" 200 7701 "https://webmail.tjamich.gob.mx/cpsess3053937060/3rdparty/roundcube/?_task=mail&_token=ccGrdiPp1QDRxMf0rv00ZCuZbCiyzUtg" "Mozilla/5.0 (Windows NT 10.0; Win64; x64) AppleWebKit/537.36 (KHTML, like Gecko) Chrome/133.0.0.0 Safari/537.36"
187.195.116.142 - - [05/Feb/2025:11:22:01 -0600] "GET /cpsess3053937060/3rdparty/roundcube/plugins/calendar/skins/elastic/calendar.css?s=1727387141 HTTP/1.1" 200 15435 "https://webmail.tjamich.gob.mx/cpsess3053937060/3rdparty/roundcube/?_task=mail&_token=ccGrdiPp1QDRxMf0rv00ZCuZbCiyzUtg" "Mozilla/5.0 (Windows NT 10.0; Win64; x64) AppleWebKit/537.36 (KHTML, like Gecko) Chrome/133.0.0.0 Safari/537.36"
187.195.116.142 - - [05/Feb/2025:11:22:01 -0600] "GET /cpsess3053937060/3rdparty/roundcube/program/js/app.min.js?s=1727386683 HTTP/1.1" 200 50585 "https://webmail.tjamich.gob.mx/cpsess3053937060/3rdparty/roundcube/?_task=mail&_token=ccGrdiPp1QDRxMf0rv00ZCuZbCiyzUtg" "Mozilla/5.0 (Windows NT 10.0; Win64; x64) AppleWebKit/537.36 (KHTML, like Gecko) Chrome/133.0.0.0 Safari/537.36"
187.195.116.142 - - [05/Feb/2025:11:22:01 -0600] "GET /cpsess3053937060/3rdparty/roundcube/program/js/jquery.min.js?s=1725175899 HTTP/1.1" 200 32867 "https://webmail.tjamich.gob.mx/cpsess3053937060/3rdparty/roundcube/?_task=mail&_token=ccGrdiPp1QDRxMf0rv00ZCuZbCiyzUtg" "Mozilla/5.0 (Windows NT 10.0; Win64; x64) AppleWebKit/537.36 (KHTML, like Gecko) Chrome/133.0.0.0 Safari/537.36"
66.249.77.198 - - [05/Feb/2025:11:22:01 -0600] "GET /759611173322.shtml HTTP/1.1" 301 256 "-" "Mozilla/5.0 (Linux; Android 6.0.1; Nexus 5X Build/MMB29P) AppleWebKit/537.36 (KHTML, like Gecko) Chrome/132.0.6834.159 Mobile Safari/537.36 (compatible; Googlebot/2.1; +http://www.google.com/bot.html)"
187.195.116.142 - - [05/Feb/2025:11:22:01 -0600] "GET /cpsess3053937060/3rdparty/roundcube/program/js/treelist.min.js?s=1725175896 HTTP/1.1" 200 5393 "https://webmail.tjamich.gob.mx/cpsess3053937060/3rdparty/roundcube/?_task=mail&_token=ccGrdiPp1QDRxMf0rv00ZCuZbCiyzUtg" "Mozilla/5.0 (Windows NT 10.0; Win64; x64) AppleWebKit/537.36 (KHTML, like Gecko) Chrome/133.0.0.0 Safari/537.36"
