66.249.77.198 - - [05/Feb/2025:22:19:37 -0600] "GET /963231288211.shtml HTTP/1.1" 301 256 "-" "Mozilla/5.0 (Linux; Android 6.0.1; Nexus 5X Build/MMB29P) AppleWebKit/537.36 (KHTML, like Gecko) Chrome/132.0.6834.159 Mobile Safari/537.36 (compatible; Googlebot/2.1; +http://www.google.com/bot.html)"
66.249.77.198 - - [05/Feb/2025:22:19:41 -0600] "GET /020461128621.shtml HTTP/1.1" 301 256 "-" "Mozilla/5.0 (Linux; Android 6.0.1; Nexus 5X Build/MMB29P) AppleWebKit/537.36 (KHTML, like Gecko) Chrome/132.0.6834.159 Mobile Safari/537.36 (compatible; Googlebot/2.1; +http://www.google.com/bot.html)"
66.249.77.200 - - [05/Feb/2025:22:20:17 -0600] "GET /28880747653.shtml HTTP/1.1" 301 255 "-" "Mozilla/5.0 (Linux; Android 6.0.1; Nexus 5X Build/MMB29P) AppleWebKit/537.36 (KHTML, like Gecko) Chrome/132.0.6834.159 Mobile Safari/537.36 (compatible; Googlebot/2.1; +http://www.google.com/bot.html)"
43.225.189.146 - - [05/Feb/2025:22:20:20 -0600] "POST /wp-login.php HTTP/1.1" 301 247 "https://tjamich.gob.mx/wp-admin/" "Mozilla/5.0 (Windows NT 10.0; Win64; x64) AppleWebKit/537.36 (KHTML, like Gecko) Chrome/90.0.4430.85 Safari/537.36"
66.249.77.198 - - [05/Feb/2025:22:20:23 -0600] "GET /10342317988.shtml HTTP/1.1" 301 255 "-" "Mozilla/5.0 (Linux; Android 6.0.1; Nexus 5X Build/MMB29P) AppleWebKit/537.36 (KHTML, like Gecko) Chrome/132.0.6834.159 Mobile Safari/537.36 (compatible; Googlebot/2.1; +http://www.google.com/bot.html)"
66.249.77.198 - - [05/Feb/2025:22:20:35 -0600] "GET /140791444915.shtml HTTP/1.1" 301 256 "-" "Mozilla/5.0 (Linux; Android 6.0.1; Nexus 5X Build/MMB29P) AppleWebKit/537.36 (KHTML, like Gecko) Chrome/132.0.6834.159 Mobile Safari/537.36 (compatible; GoogleOther)"
66.249.77.198 - - [05/Feb/2025:22:20:37 -0600] "GET /17503274805.shtml HTTP/1.1" 301 255 "-" "Mozilla/5.0 (Linux; Android 6.0.1; Nexus 5X Build/MMB29P) AppleWebKit/537.36 (KHTML, like Gecko) Chrome/132.0.6834.159 Mobile Safari/537.36 (compatible; Googlebot/2.1; +http://www.google.com/bot.html)"
66.249.72.141 - - [05/Feb/2025:22:21:28 -0600] "GET /item/upp148zzuma40099.html HTTP/1.1" 301 264 "-" "Mozilla/5.0 (Linux; Android 6.0.1; Nexus 5X Build/MMB29P) AppleWebKit/537.36 (KHTML, like Gecko) Chrome/132.0.6834.159 Mobile Safari/537.36 (compatible; GoogleOther)"
66.249.77.200 - - [05/Feb/2025:22:22:11 -0600] "GET /42817414201.shtml HTTP/1.1" 301 255 "-" "Mozilla/5.0 (Linux; Android 6.0.1; Nexus 5X Build/MMB29P) AppleWebKit/537.36 (KHTML, like Gecko) Chrome/132.0.6834.159 Mobile Safari/537.36 (compatible; GoogleOther)"
66.249.72.140 - - [05/Feb/2025:22:23:01 -0600] "GET /item/pfsax80tlnet40370.html HTTP/1.1" 301 265 "-" "Mozilla/5.0 (Linux; Android 6.0.1; Nexus 5X Build/MMB29P) AppleWebKit/537.36 (KHTML, like Gecko) Chrome/132.0.6834.159 Mobile Safari/537.36 (compatible; GoogleOther)"
201.175.165.46 - - [05/Feb/2025:22:23:02 -0600] "-" 408 - "-" "-"
201.175.165.46 - - [05/Feb/2025:22:23:02 -0600] "-" 408 - "-" "-"
201.175.165.46 - - [05/Feb/2025:22:23:02 -0600] "-" 408 - "-" "-"
66.249.77.198 - - [05/Feb/2025:22:23:27 -0600] "GET /14987461988.shtml HTTP/1.1" 301 255 "-" "Mozilla/5.0 (Linux; Android 6.0.1; Nexus 5X Build/MMB29P) AppleWebKit/537.36 (KHTML, like Gecko) Chrome/132.0.6834.159 Mobile Safari/537.36 (compatible; Googlebot/2.1; +http://www.google.com/bot.html)"
66.249.72.139 - - [05/Feb/2025:22:23:52 -0600] "GET /item/zskyl57fnqbj5862.html HTTP/1.1" 301 264 "-" "Mozilla/5.0 (Linux; Android 6.0.1; Nexus 5X Build/MMB29P) AppleWebKit/537.36 (KHTML, like Gecko) Chrome/132.0.6834.159 Mobile Safari/537.36 (compatible; GoogleOther)"
66.249.77.199 - - [05/Feb/2025:22:24:08 -0600] "GET /70521775685.shtml HTTP/1.1" 301 255 "-" "Mozilla/5.0 (Linux; Android 6.0.1; Nexus 5X Build/MMB29P) AppleWebKit/537.36 (KHTML, like Gecko) Chrome/132.0.6834.159 Mobile Safari/537.36 (compatible; GoogleOther)"
66.249.77.200 - - [05/Feb/2025:22:25:13 -0600] "GET /2824830279.shtml HTTP/1.1" 301 254 "-" "Mozilla/5.0 (Linux; Android 6.0.1; Nexus 5X Build/MMB29P) AppleWebKit/537.36 (KHTML, like Gecko) Chrome/132.0.6834.159 Mobile Safari/537.36 (compatible; Googlebot/2.1; +http://www.google.com/bot.html)"
52.167.144.138 - - [05/Feb/2025:22:25:37 -0600] "GET /sisofi_2018/uploads/06-08-2019/JA-0810-2018-I.pdf HTTP/1.1" 301 287 "-" "Mozilla/5.0 AppleWebKit/537.36 (KHTML, like Gecko; compatible; bingbot/2.0; +http://www.bing.com/bingbot.htm) Chrome/116.0.1938.76 Safari/537.36"
40.77.167.72 - - [05/Feb/2025:22:26:01 -0600] "GET /este-lunes-foro-del-sistema-nacional-anticorrupcion/pdf/Calendario-Oficial HTTP/1.1" 301 312 "-" "Mozilla/5.0 AppleWebKit/537.36 (KHTML, like Gecko; compatible; bingbot/2.0; +http://www.bing.com/bingbot.htm) Chrome/116.0.1938.76 Safari/537.36"
66.249.77.200 - - [05/Feb/2025:22:26:32 -0600] "GET /45736710575.shtml HTTP/1.1" 301 255 "-" "Mozilla/5.0 (Linux; Android 6.0.1; Nexus 5X Build/MMB29P) AppleWebKit/537.36 (KHTML, like Gecko) Chrome/132.0.6834.159 Mobile Safari/537.36 (compatible; Googlebot/2.1; +http://www.google.com/bot.html)"
66.249.77.198 - - [05/Feb/2025:22:26:32 -0600] "GET /9991739997.shtml HTTP/1.1" 301 254 "-" "Mozilla/5.0 (Linux; Android 6.0.1; Nexus 5X Build/MMB29P) AppleWebKit/537.36 (KHTML, like Gecko) Chrome/132.0.6834.159 Mobile Safari/537.36 (compatible; Googlebot/2.1; +http://www.google.com/bot.html)"
66.249.77.198 - - [05/Feb/2025:22:26:44 -0600] "GET /984501600174.shtml HTTP/1.1" 301 256 "-" "Mozilla/5.0 (Linux; Android 6.0.1; Nexus 5X Build/MMB29P) AppleWebKit/537.36 (KHTML, like Gecko) Chrome/132.0.6834.159 Mobile Safari/537.36 (compatible; Googlebot/2.1; +http://www.google.com/bot.html)"
66.249.77.200 - - [05/Feb/2025:22:27:07 -0600] "GET /sisofi_2018/uploads/07-10-2019/JA-87-2019-III.pdf HTTP/1.1" 301 287 "-" "Googlebot/2.1 (+http://www.google.com/bot.html)"
66.249.77.198 - - [05/Feb/2025:22:27:15 -0600] "GET /33222558216.shtml HTTP/1.1" 301 255 "-" "Mozilla/5.0 (Linux; Android 6.0.1; Nexus 5X Build/MMB29P) AppleWebKit/537.36 (KHTML, like Gecko) Chrome/132.0.6834.159 Mobile Safari/537.36 (compatible; GoogleOther)"
40.77.167.45 - - [05/Feb/2025:22:27:39 -0600] "GET /sisofi_2018/uploads/27-01-2023/pdf/pdf/Listas-de-Acuerdos HTTP/1.1" 301 295 "-" "Mozilla/5.0 AppleWebKit/537.36 (KHTML, like Gecko; compatible; bingbot/2.0; +http://www.bing.com/bingbot.htm) Chrome/116.0.1938.76 Safari/537.36"
64.225.104.15 - - [05/Feb/2025:22:27:52 -0600] "GET /403.shtml HTTP/1.1" 301 247 "-" "Mozilla/5.0 (Windows NT 10.0; Win64; x64) AppleWebKit/537.36 (KHTML, like Gecko) Chrome/131.0.0.0 Safari/537.36 Edg/131.0.0.0"
64.225.104.15 - - [05/Feb/2025:22:27:54 -0600] "GET /403.shtml HTTP/1.1" 301 247 "-" "Mozilla/5.0 (Windows NT 10.0; Win64; x64) AppleWebKit/537.36 (KHTML, like Gecko) Chrome/131.0.0.0 Safari/537.36 Edg/131.0.0.0"
64.225.104.15 - - [05/Feb/2025:22:27:55 -0600] "GET /wp-admin/plugin-install.php HTTP/1.1" 301 265 "-" "Mozilla/5.0 (Windows NT 10.0; Win64; x64) AppleWebKit/537.36 (KHTML, like Gecko) Chrome/131.0.0.0 Safari/537.36 Edg/131.0.0.0"
64.225.104.15 - - [05/Feb/2025:22:27:56 -0600] "GET /wp-admin/admin-ajax.php HTTP/1.1" 301 261 "-" "Mozilla/5.0 (Windows NT 10.0; Win64; x64) AppleWebKit/537.36 (KHTML, like Gecko) Chrome/131.0.0.0 Safari/537.36 Edg/131.0.0.0"
64.225.104.15 - - [05/Feb/2025:22:27:57 -0600] "GET /wp-admin/plugins.php HTTP/1.1" 301 258 "-" "Mozilla/5.0 (Windows NT 10.0; Win64; x64) AppleWebKit/537.36 (KHTML, like Gecko) Chrome/131.0.0.0 Safari/537.36 Edg/131.0.0.0"
64.225.104.15 - - [05/Feb/2025:22:27:57 -0600] "GET /wp-admin/plugins.php?action=deactivate&plugin=wp-file-manager%2Ffile_folder_manager.php&plugin_status=all&paged=1&s&_wpnonce= HTTP/1.1" 301 247 "-" "Mozilla/5.0 (Windows NT 10.0; Win64; x64) AppleWebKit/537.36 (KHTML, like Gecko) Chrome/131.0.0.0 Safari/537.36 Edg/131.0.0.0"
64.225.104.15 - - [05/Feb/2025:22:27:58 -0600] "GET /wp-admin/plugins.php?plugin_status=all&paged=1&s HTTP/1.1" 301 294 "-" "Mozilla/5.0 (Windows NT 10.0; Win64; x64) AppleWebKit/537.36 (KHTML, like Gecko) Chrome/131.0.0.0 Safari/537.36 Edg/131.0.0.0"
64.225.104.15 - - [05/Feb/2025:22:27:59 -0600] "GET /wp-admin/admin-ajax.php HTTP/1.1" 301 261 "-" "Mozilla/5.0 (Windows NT 10.0; Win64; x64) AppleWebKit/537.36 (KHTML, like Gecko) Chrome/131.0.0.0 Safari/537.36 Edg/131.0.0.0"
66.249.77.200 - - [05/Feb/2025:22:28:11 -0600] "GET /01900439829.shtml HTTP/1.1" 301 255 "-" "Mozilla/5.0 (Linux; Android 6.0.1; Nexus 5X Build/MMB29P) AppleWebKit/537.36 (KHTML, like Gecko) Chrome/132.0.6834.159 Mobile Safari/537.36 (compatible; Googlebot/2.1; +http://www.google.com/bot.html)"
66.249.77.199 - - [05/Feb/2025:22:28:22 -0600] "GET /51707601420.shtml HTTP/1.1" 301 255 "-" "Mozilla/5.0 (Linux; Android 6.0.1; Nexus 5X Build/MMB29P) AppleWebKit/537.36 (KHTML, like Gecko) Chrome/132.0.6834.159 Mobile Safari/537.36 (compatible; GoogleOther)"
66.249.77.198 - - [05/Feb/2025:22:29:11 -0600] "GET /949651405438.shtml HTTP/1.1" 301 256 "-" "Mozilla/5.0 (Linux; Android 6.0.1; Nexus 5X Build/MMB29P) AppleWebKit/537.36 (KHTML, like Gecko) Chrome/132.0.6834.159 Mobile Safari/537.36 (compatible; Googlebot/2.1; +http://www.google.com/bot.html)"
66.249.77.199 - - [05/Feb/2025:22:29:28 -0600] "GET /13773448875.shtml HTTP/1.1" 301 255 "-" "Mozilla/5.0 (Linux; Android 6.0.1; Nexus 5X Build/MMB29P) AppleWebKit/537.36 (KHTML, like Gecko) Chrome/132.0.6834.159 Mobile Safari/537.36 (compatible; GoogleOther)"
200.68.166.36 - - [05/Feb/2025:22:29:32 -0600] "-" 408 - "-" "-"
66.249.77.198 - - [05/Feb/2025:22:29:41 -0600] "GET /archivo/Pleno/2018/01-ENERO/pdf/Reglamento%20Interior%20TJAM.pdf HTTP/1.1" 301 302 "-" "Googlebot/2.1 (+http://www.google.com/bot.html)"
66.249.72.141 - - [05/Feb/2025:22:29:52 -0600] "GET /item/evz14vjoxy44917.html HTTP/1.1" 301 263 "-" "Mozilla/5.0 (Linux; Android 6.0.1; Nexus 5X Build/MMB29P) AppleWebKit/537.36 (KHTML, like Gecko) Chrome/132.0.6834.159 Mobile Safari/537.36 (compatible; GoogleOther)"
66.249.72.141 - - [05/Feb/2025:22:29:55 -0600] "GET /item/dikk281vhhwf23535.html HTTP/1.1" 301 265 "-" "Mozilla/5.0 (Linux; Android 6.0.1; Nexus 5X Build/MMB29P) AppleWebKit/537.36 (KHTML, like Gecko) Chrome/132.0.6834.159 Mobile Safari/537.36 (compatible; GoogleOther)"
66.249.77.200 - - [05/Feb/2025:22:30:08 -0600] "GET /17688462896.shtml HTTP/1.1" 301 255 "-" "Mozilla/5.0 (Linux; Android 6.0.1; Nexus 5X Build/MMB29P) AppleWebKit/537.36 (KHTML, like Gecko) Chrome/132.0.6834.159 Mobile Safari/537.36 (compatible; GoogleOther)"
66.249.77.198 - - [05/Feb/2025:22:30:30 -0600] "GET /71187156887.shtml HTTP/1.1" 301 255 "-" "Mozilla/5.0 (Linux; Android 6.0.1; Nexus 5X Build/MMB29P) AppleWebKit/537.36 (KHTML, like Gecko) Chrome/132.0.6834.159 Mobile Safari/537.36 (compatible; Googlebot/2.1; +http://www.google.com/bot.html)"
66.249.77.198 - - [05/Feb/2025:22:30:35 -0600] "GET /49748198959.shtml HTTP/1.1" 301 255 "-" "Mozilla/5.0 (Linux; Android 6.0.1; Nexus 5X Build/MMB29P) AppleWebKit/537.36 (KHTML, like Gecko) Chrome/132.0.6834.159 Mobile Safari/537.36 (compatible; GoogleOther)"
66.249.77.199 - - [05/Feb/2025:22:31:02 -0600] "GET /97676415162.shtml HTTP/1.1" 301 255 "-" "Mozilla/5.0 (Linux; Android 6.0.1; Nexus 5X Build/MMB29P) AppleWebKit/537.36 (KHTML, like Gecko) Chrome/132.0.6834.159 Mobile Safari/537.36 (compatible; GoogleOther)"
52.167.144.140 - - [05/Feb/2025:22:31:31 -0600] "GET /products/ihip-side-swipe-bluetooth-headphone-019-2022-red/pdf/Transparencia-Proactiva HTTP/1.1" 301 323 "-" "Mozilla/5.0 AppleWebKit/537.36 (KHTML, like Gecko; compatible; bingbot/2.0; +http://www.bing.com/bingbot.htm) Chrome/116.0.1938.76 Safari/537.36"
66.249.77.199 - - [05/Feb/2025:22:31:42 -0600] "GET /7302248913.shtml HTTP/1.1" 301 254 "-" "Mozilla/5.0 (Linux; Android 6.0.1; Nexus 5X Build/MMB29P) AppleWebKit/537.36 (KHTML, like Gecko) Chrome/132.0.6834.159 Mobile Safari/537.36 (compatible; GoogleOther)"
66.249.77.199 - - [05/Feb/2025:22:32:01 -0600] "GET /395441055416.shtml HTTP/1.1" 301 256 "-" "Mozilla/5.0 (Linux; Android 6.0.1; Nexus 5X Build/MMB29P) AppleWebKit/537.36 (KHTML, like Gecko) Chrome/132.0.6834.159 Mobile Safari/537.36 (compatible; Googlebot/2.1; +http://www.google.com/bot.html)"
66.249.77.198 - - [05/Feb/2025:22:32:16 -0600] "GET /item/qukd241dxhqp44397.html HTTP/1.1" 301 265 "-" "Mozilla/5.0 (Linux; Android 6.0.1; Nexus 5X Build/MMB29P) AppleWebKit/537.36 (KHTML, like Gecko) Chrome/132.0.6834.159 Mobile Safari/537.36 (compatible; GoogleOther)"
66.249.77.198 - - [05/Feb/2025:22:32:22 -0600] "GET /20970412286.shtml HTTP/1.1" 301 255 "-" "Mozilla/5.0 (Linux; Android 6.0.1; Nexus 5X Build/MMB29P) AppleWebKit/537.36 (KHTML, like Gecko) Chrome/132.0.6834.159 Mobile Safari/537.36 (compatible; GoogleOther)"
66.249.77.198 - - [05/Feb/2025:22:32:27 -0600] "GET /78810730553.shtml HTTP/1.1" 301 255 "-" "Mozilla/5.0 (Linux; Android 6.0.1; Nexus 5X Build/MMB29P) AppleWebKit/537.36 (KHTML, like Gecko) Chrome/132.0.6834.159 Mobile Safari/537.36 (compatible; Googlebot/2.1; +http://www.google.com/bot.html)"
66.249.77.198 - - [05/Feb/2025:22:32:58 -0600] "GET /11598361278.shtml HTTP/1.1" 301 255 "-" "Mozilla/5.0 (Linux; Android 6.0.1; Nexus 5X Build/MMB29P) AppleWebKit/537.36 (KHTML, like Gecko) Chrome/132.0.6834.159 Mobile Safari/537.36 (compatible; GoogleOther)"
66.249.77.198 - - [05/Feb/2025:22:33:40 -0600] "GET /951011503619.shtml HTTP/1.1" 301 256 "-" "Mozilla/5.0 (Linux; Android 6.0.1; Nexus 5X Build/MMB29P) AppleWebKit/537.36 (KHTML, like Gecko) Chrome/132.0.6834.159 Mobile Safari/537.36 (compatible; GoogleOther)"
66.249.77.198 - - [05/Feb/2025:22:34:10 -0600] "GET /02092422725.shtml HTTP/1.1" 301 255 "-" "Mozilla/5.0 (Linux; Android 6.0.1; Nexus 5X Build/MMB29P) AppleWebKit/537.36 (KHTML, like Gecko) Chrome/132.0.6834.159 Mobile Safari/537.36 (compatible; GoogleOther)"
66.249.77.198 - - [05/Feb/2025:22:34:51 -0600] "GET /16757275006.shtml HTTP/1.1" 301 255 "-" "Mozilla/5.0 (Linux; Android 6.0.1; Nexus 5X Build/MMB29P) AppleWebKit/537.36 (KHTML, like Gecko) Chrome/132.0.6834.159 Mobile Safari/537.36 (compatible; GoogleOther)"
66.249.72.139 - - [05/Feb/2025:22:35:31 -0600] "GET /item/nku40yzxve13294.html HTTP/1.1" 301 263 "-" "Mozilla/5.0 (Linux; Android 6.0.1; Nexus 5X Build/MMB29P) AppleWebKit/537.36 (KHTML, like Gecko) Chrome/132.0.6834.159 Mobile Safari/537.36 (compatible; GoogleOther)"
66.249.72.140 - - [05/Feb/2025:22:35:48 -0600] "GET /item/ikdht85cajdj41813.html HTTP/1.1" 301 265 "-" "Mozilla/5.0 (Linux; Android 6.0.1; Nexus 5X Build/MMB29P) AppleWebKit/537.36 (KHTML, like Gecko) Chrome/132.0.6834.159 Mobile Safari/537.36 (compatible; GoogleOther)"
66.249.77.200 - - [05/Feb/2025:22:35:58 -0600] "GET /982681486221.shtml HTTP/1.1" 301 256 "-" "Mozilla/5.0 (Linux; Android 6.0.1; Nexus 5X Build/MMB29P) AppleWebKit/537.36 (KHTML, like Gecko) Chrome/132.0.6834.159 Mobile Safari/537.36 (compatible; GoogleOther)"
66.249.77.199 - - [05/Feb/2025:22:36:12 -0600] "GET /982721391993.shtml HTTP/1.1" 301 256 "-" "Mozilla/5.0 (Linux; Android 6.0.1; Nexus 5X Build/MMB29P) AppleWebKit/537.36 (KHTML, like Gecko) Chrome/132.0.6834.159 Mobile Safari/537.36 (compatible; GoogleOther)"
66.249.77.199 - - [05/Feb/2025:22:36:46 -0600] "GET /96518277731.shtml HTTP/1.1" 301 255 "-" "Mozilla/5.0 (Linux; Android 6.0.1; Nexus 5X Build/MMB29P) AppleWebKit/537.36 (KHTML, like Gecko) Chrome/132.0.6834.159 Mobile Safari/537.36 (compatible; Googlebot/2.1; +http://www.google.com/bot.html)"
66.249.77.200 - - [05/Feb/2025:22:38:00 -0600] "GET /229921593948.shtml HTTP/1.1" 301 256 "-" "Mozilla/5.0 (Linux; Android 6.0.1; Nexus 5X Build/MMB29P) AppleWebKit/537.36 (KHTML, like Gecko) Chrome/132.0.6834.159 Mobile Safari/537.36 (compatible; GoogleOther)"
66.249.77.198 - - [05/Feb/2025:22:38:28 -0600] "GET /08991803994.shtml HTTP/1.1" 301 255 "-" "Mozilla/5.0 (Linux; Android 6.0.1; Nexus 5X Build/MMB29P) AppleWebKit/537.36 (KHTML, like Gecko) Chrome/132.0.6834.159 Mobile Safari/537.36 (compatible; Googlebot/2.1; +http://www.google.com/bot.html)"
66.249.77.199 - - [05/Feb/2025:22:38:29 -0600] "GET /82486171131.shtml HTTP/1.1" 301 255 "-" "Mozilla/5.0 (Linux; Android 6.0.1; Nexus 5X Build/MMB29P) AppleWebKit/537.36 (KHTML, like Gecko) Chrome/132.0.6834.159 Mobile Safari/537.36 (compatible; Googlebot/2.1; +http://www.google.com/bot.html)"
104.219.214.28 - - [05/Feb/2025:22:38:30 -0600] "GET /wp-includes/install.php HTTP/1.1" 301 261 "https://tjamich.gob.mx/wp-includes/install.php" "Mozilla/5.0 (Windows NT 10.0; Win64; x64) AppleWebKit/537.36 (KHTML, like Gecko) Chrome/58.0.3029.110 Safari/537.3"
104.219.214.28 - - [05/Feb/2025:22:38:34 -0600] "GET / HTTP/1.1" 301 238 "https://tjamich.gob.mx" "Mozilla/5.0 (Windows NT 10.0; Win64; x64) AppleWebKit/537.36 (KHTML, like Gecko) Chrome/58.0.3029.110 Safari/537.3"
66.249.77.199 - - [05/Feb/2025:22:39:13 -0600] "GET /07929936264.shtml HTTP/1.1" 301 255 "-" "Mozilla/5.0 (Linux; Android 6.0.1; Nexus 5X Build/MMB29P) AppleWebKit/537.36 (KHTML, like Gecko) Chrome/132.0.6834.159 Mobile Safari/537.36 (compatible; GoogleOther)"
66.249.77.199 - - [05/Feb/2025:22:39:21 -0600] "GET /23112493278.shtml HTTP/1.1" 301 255 "-" "Mozilla/5.0 (Linux; Android 6.0.1; Nexus 5X Build/MMB29P) AppleWebKit/537.36 (KHTML, like Gecko) Chrome/132.0.6834.159 Mobile Safari/537.36 (compatible; Googlebot/2.1; +http://www.google.com/bot.html)"
40.77.167.11 - - [05/Feb/2025:22:39:24 -0600] "GET /sisofi_2018/uploads/27-04-2023/reglamento_interno_reformado.pdf HTTP/1.1" 301 301 "-" "Mozilla/5.0 AppleWebKit/537.36 (KHTML, like Gecko; compatible; bingbot/2.0; +http://www.bing.com/bingbot.htm) Chrome/116.0.1938.76 Safari/537.36"
66.249.77.198 - - [05/Feb/2025:22:39:34 -0600] "GET /84989852849.shtml HTTP/1.1" 301 255 "-" "Mozilla/5.0 (Linux; Android 6.0.1; Nexus 5X Build/MMB29P) AppleWebKit/537.36 (KHTML, like Gecko) Chrome/132.0.6834.159 Mobile Safari/537.36 (compatible; GoogleOther)"
52.167.144.20 - - [05/Feb/2025:22:39:40 -0600] "GET /defensoria-juridica/view-box_2021/pdf/view-box_2021/pdf/Defensoria-Juridica HTTP/1.1" 301 313 "-" "Mozilla/5.0 AppleWebKit/537.36 (KHTML, like Gecko; compatible; bingbot/2.0; +http://www.bing.com/bingbot.htm) Chrome/116.0.1938.76 Safari/537.36"
74.125.218.199 - - [05/Feb/2025:22:40:01 -0600] "GET /.well-known/assetlinks.json HTTP/1.1" 301 247 "-" "Mozilla/5.0 (Windows NT 10.0; Win64; x64)AppleWebKit/537.36 (KHTML, like Gecko) Chrome/91.0.4472.101 Safari/537.36"
66.249.77.199 - - [05/Feb/2025:22:40:05 -0600] "GET /sisofi_2018/uploads/22-02-2021/OFICIALIA_DE_PARTES.pdf HTTP/1.1" 301 292 "-" "Mozilla/5.0 (Linux; Android 6.0.1; Nexus 5X Build/MMB29P) AppleWebKit/537.36 (KHTML, like Gecko) Chrome/132.0.6834.159 Mobile Safari/537.36 (compatible; GoogleOther)"
66.249.77.199 - - [05/Feb/2025:22:40:11 -0600] "GET /archivo/?dir=12%20Amparo/2016/01-ENERO HTTP/1.1" 301 276 "-" "Mozilla/5.0 (Linux; Android 6.0.1; Nexus 5X Build/MMB29P) AppleWebKit/537.36 (KHTML, like Gecko) Chrome/132.0.6834.159 Mobile Safari/537.36 (compatible; Googlebot/2.1; +http://www.google.com/bot.html)"
66.249.77.199 - - [05/Feb/2025:22:40:15 -0600] "GET /827071382218.shtml HTTP/1.1" 301 256 "-" "Mozilla/5.0 (Linux; Android 6.0.1; Nexus 5X Build/MMB29P) AppleWebKit/537.36 (KHTML, like Gecko) Chrome/132.0.6834.159 Mobile Safari/537.36 (compatible; GoogleOther)"
66.249.77.198 - - [05/Feb/2025:22:40:27 -0600] "GET /pdf/calendario/Calendario_2024.pdf HTTP/1.1" 301 272 "-" "Mozilla/5.0 (Linux; Android 6.0.1; Nexus 5X Build/MMB29P) AppleWebKit/537.36 (KHTML, like Gecko) Chrome/132.0.6834.159 Mobile Safari/537.36 (compatible; Googlebot/2.1; +http://www.google.com/bot.html)"
66.249.77.198 - - [05/Feb/2025:22:40:28 -0600] "GET /item/vrbpy69hqzsf968.html HTTP/1.1" 301 263 "-" "Mozilla/5.0 (Linux; Android 6.0.1; Nexus 5X Build/MMB29P) AppleWebKit/537.36 (KHTML, like Gecko) Chrome/132.0.6834.159 Mobile Safari/537.36 (compatible; GoogleOther)"
66.249.77.198 - - [05/Feb/2025:22:40:31 -0600] "GET /19452838045.shtml HTTP/1.1" 301 255 "-" "Mozilla/5.0 (Linux; Android 6.0.1; Nexus 5X Build/MMB29P) AppleWebKit/537.36 (KHTML, like Gecko) Chrome/132.0.6834.159 Mobile Safari/537.36 (compatible; Googlebot/2.1; +http://www.google.com/bot.html)"
66.249.77.198 - - [05/Feb/2025:22:40:33 -0600] "GET /fear101/icsj0-2696/ HTTP/1.1" 301 257 "-" "Mozilla/5.0 (Linux; Android 6.0.1; Nexus 5X Build/MMB29P) AppleWebKit/537.36 (KHTML, like Gecko) Chrome/132.0.6834.159 Mobile Safari/537.36 (compatible; Googlebot/2.1; +http://www.google.com/bot.html)"
66.249.77.198 - - [05/Feb/2025:22:40:37 -0600] "GET /428311059230.shtml HTTP/1.1" 301 256 "-" "Mozilla/5.0 (Linux; Android 6.0.1; Nexus 5X Build/MMB29P) AppleWebKit/537.36 (KHTML, like Gecko) Chrome/132.0.6834.159 Mobile Safari/537.36 (compatible; GoogleOther)"
66.249.77.198 - - [05/Feb/2025:22:40:42 -0600] "GET /item/dikk69vhhwf23747.html HTTP/1.1" 301 264 "-" "Mozilla/5.0 (Linux; Android 6.0.1; Nexus 5X Build/MMB29P) AppleWebKit/537.36 (KHTML, like Gecko) Chrome/132.0.6834.159 Mobile Safari/537.36 (compatible; GoogleOther)"
66.249.77.198 - - [05/Feb/2025:22:40:55 -0600] "GET /item/ravrq292oytki47054.html HTTP/1.1" 301 266 "-" "Mozilla/5.0 (Linux; Android 6.0.1; Nexus 5X Build/MMB29P) AppleWebKit/537.36 (KHTML, like Gecko) Chrome/132.0.6834.159 Mobile Safari/537.36 (compatible; GoogleOther)"
66.249.77.200 - - [05/Feb/2025:22:41:01 -0600] "GET /22371266511.shtml HTTP/1.1" 301 255 "-" "Mozilla/5.0 (Linux; Android 6.0.1; Nexus 5X Build/MMB29P) AppleWebKit/537.36 (KHTML, like Gecko) Chrome/132.0.6834.159 Mobile Safari/537.36 (compatible; Googlebot/2.1; +http://www.google.com/bot.html)"
66.249.77.198 - - [05/Feb/2025:22:41:09 -0600] "GET /item/sgpxx24dhllx42543.html HTTP/1.1" 301 265 "-" "Mozilla/5.0 (Linux; Android 6.0.1; Nexus 5X Build/MMB29P) AppleWebKit/537.36 (KHTML, like Gecko) Chrome/132.0.6834.159 Mobile Safari/537.36 (compatible; GoogleOther)"
66.249.77.198 - - [05/Feb/2025:22:41:17 -0600] "GET /sisofi_2018/uploads/14-07-2021/1031-200-JEL-COCOTRA-IN-DRIVE.pdf HTTP/1.1" 301 302 "-" "Mozilla/5.0 (Linux; Android 6.0.1; Nexus 5X Build/MMB29P) AppleWebKit/537.36 (KHTML, like Gecko) Chrome/132.0.6834.159 Mobile Safari/537.36 (compatible; GoogleOther)"
66.249.77.198 - - [05/Feb/2025:22:41:20 -0600] "GET /item/wygcn69hfyth23900.html HTTP/1.1" 301 265 "-" "Mozilla/5.0 (Linux; Android 6.0.1; Nexus 5X Build/MMB29P) AppleWebKit/537.36 (KHTML, like Gecko) Chrome/132.0.6834.159 Mobile Safari/537.36 (compatible; GoogleOther)"
66.249.77.198 - - [05/Feb/2025:22:41:23 -0600] "GET /item/btsgz69wakgh23997.html HTTP/1.1" 301 265 "-" "Mozilla/5.0 (Linux; Android 6.0.1; Nexus 5X Build/MMB29P) AppleWebKit/537.36 (KHTML, like Gecko) Chrome/132.0.6834.159 Mobile Safari/537.36 (compatible; GoogleOther)"
66.249.77.198 - - [05/Feb/2025:22:41:29 -0600] "GET /86522048 HTTP/1.1" 301 246 "-" "Mozilla/5.0 (Linux; Android 6.0.1; Nexus 5X Build/MMB29P) AppleWebKit/537.36 (KHTML, like Gecko) Chrome/132.0.6834.159 Mobile Safari/537.36 (compatible; Googlebot/2.1; +http://www.google.com/bot.html)"
66.249.77.198 - - [05/Feb/2025:22:41:36 -0600] "GET /item/okznp184hnpgp37915.html HTTP/1.1" 301 266 "-" "Mozilla/5.0 (Linux; Android 6.0.1; Nexus 5X Build/MMB29P) AppleWebKit/537.36 (KHTML, like Gecko) Chrome/132.0.6834.159 Mobile Safari/537.36 (compatible; GoogleOther)"
66.249.77.198 - - [05/Feb/2025:22:41:51 -0600] "GET /987641531260.shtml HTTP/1.1" 301 256 "-" "Mozilla/5.0 (Linux; Android 6.0.1; Nexus 5X Build/MMB29P) AppleWebKit/537.36 (KHTML, like Gecko) Chrome/132.0.6834.159 Mobile Safari/537.36 (compatible; GoogleOther)"
66.249.72.140 - - [05/Feb/2025:22:41:57 -0600] "GET /item/krcj51lijft9009.html HTTP/1.1" 301 263 "-" "Mozilla/5.0 (Linux; Android 6.0.1; Nexus 5X Build/MMB29P) AppleWebKit/537.36 (KHTML, like Gecko) Chrome/132.0.6834.159 Mobile Safari/537.36 (compatible; Googlebot/2.1; +http://www.google.com/bot.html)"
66.249.77.200 - - [05/Feb/2025:22:42:00 -0600] "GET /item/vezn125wrakb36327.html HTTP/1.1" 301 265 "-" "Mozilla/5.0 (Linux; Android 6.0.1; Nexus 5X Build/MMB29P) AppleWebKit/537.36 (KHTML, like Gecko) Chrome/132.0.6834.159 Mobile Safari/537.36 (compatible; GoogleOther)"
66.249.77.198 - - [05/Feb/2025:22:42:03 -0600] "GET /item/knnkv49cctdf14742.html HTTP/1.1" 301 265 "-" "Mozilla/5.0 (Linux; Android 6.0.1; Nexus 5X Build/MMB29P) AppleWebKit/537.36 (KHTML, like Gecko) Chrome/132.0.6834.159 Mobile Safari/537.36 (compatible; GoogleOther)"
66.249.77.198 - - [05/Feb/2025:22:42:15 -0600] "GET /91412880838.shtml HTTP/1.1" 301 255 "-" "Mozilla/5.0 (Linux; Android 6.0.1; Nexus 5X Build/MMB29P) AppleWebKit/537.36 (KHTML, like Gecko) Chrome/132.0.6834.159 Mobile Safari/537.36 (compatible; Googlebot/2.1; +http://www.google.com/bot.html)"
66.249.77.199 - - [05/Feb/2025:22:42:16 -0600] "GET /888911078851.shtml HTTP/1.1" 301 256 "-" "Mozilla/5.0 (Linux; Android 6.0.1; Nexus 5X Build/MMB29P) AppleWebKit/537.36 (KHTML, like Gecko) Chrome/132.0.6834.159 Mobile Safari/537.36 (compatible; GoogleOther)"
66.249.77.198 - - [05/Feb/2025:22:42:25 -0600] "GET /99512144 HTTP/1.1" 301 246 "-" "Mozilla/5.0 (Linux; Android 6.0.1; Nexus 5X Build/MMB29P) AppleWebKit/537.36 (KHTML, like Gecko) Chrome/132.0.6834.159 Mobile Safari/537.36 (compatible; Googlebot/2.1; +http://www.google.com/bot.html)"
66.249.77.198 - - [05/Feb/2025:22:42:30 -0600] "GET /item/hcw187xylax47097.html HTTP/1.1" 301 264 "-" "Mozilla/5.0 (Linux; Android 6.0.1; Nexus 5X Build/MMB29P) AppleWebKit/537.36 (KHTML, like Gecko) Chrome/132.0.6834.159 Mobile Safari/537.36 (compatible; GoogleOther)"
40.77.167.121 - - [05/Feb/2025:22:42:31 -0600] "GET /presidencia?q= HTTP/1.1" 301 252 "-" "Mozilla/5.0 AppleWebKit/537.36 (KHTML, like Gecko; compatible; bingbot/2.0; +http://www.bing.com/bingbot.htm) Chrome/116.0.1938.76 Safari/537.36"
66.249.77.198 - - [05/Feb/2025:22:42:41 -0600] "GET /64391242282.shtml HTTP/1.1" 301 255 "-" "Mozilla/5.0 (Linux; Android 6.0.1; Nexus 5X Build/MMB29P) AppleWebKit/537.36 (KHTML, like Gecko) Chrome/132.0.6834.159 Mobile Safari/537.36 (compatible; Googlebot/2.1; +http://www.google.com/bot.html)"
66.249.77.198 - - [05/Feb/2025:22:42:42 -0600] "GET /item/zqup75ujnti27660.html HTTP/1.1" 301 264 "-" "Mozilla/5.0 (Linux; Android 6.0.1; Nexus 5X Build/MMB29P) AppleWebKit/537.36 (KHTML, like Gecko) Chrome/132.0.6834.159 Mobile Safari/537.36 (compatible; GoogleOther)"
66.249.77.200 - - [05/Feb/2025:22:43:10 -0600] "GET /137301645574.shtml HTTP/1.1" 301 256 "-" "Mozilla/5.0 (Linux; Android 6.0.1; Nexus 5X Build/MMB29P) AppleWebKit/537.36 (KHTML, like Gecko) Chrome/132.0.6834.159 Mobile Safari/537.36 (compatible; GoogleOther)"
66.249.72.140 - - [05/Feb/2025:22:43:21 -0600] "GET /doll9/myume-11838/ HTTP/1.1" 301 256 "-" "Mozilla/5.0 (Linux; Android 6.0.1; Nexus 5X Build/MMB29P) AppleWebKit/537.36 (KHTML, like Gecko) Chrome/132.0.6834.159 Mobile Safari/537.36 (compatible; Googlebot/2.1; +http://www.google.com/bot.html)"
66.249.77.198 - - [05/Feb/2025:22:43:24 -0600] "GET /item/hlq178rikyy37076.html HTTP/1.1" 301 264 "-" "Mozilla/5.0 (Linux; Android 6.0.1; Nexus 5X Build/MMB29P) AppleWebKit/537.36 (KHTML, like Gecko) Chrome/132.0.6834.159 Mobile Safari/537.36 (compatible; GoogleOther)"
66.249.77.198 - - [05/Feb/2025:22:43:33 -0600] "GET /79490647087.shtml HTTP/1.1" 301 255 "-" "Mozilla/5.0 (Linux; Android 6.0.1; Nexus 5X Build/MMB29P) AppleWebKit/537.36 (KHTML, like Gecko) Chrome/132.0.6834.159 Mobile Safari/537.36 (compatible; Googlebot/2.1; +http://www.google.com/bot.html)"
66.249.77.198 - - [05/Feb/2025:22:43:59 -0600] "GET /321021645891.shtml HTTP/1.1" 301 256 "-" "Mozilla/5.0 (Linux; Android 6.0.1; Nexus 5X Build/MMB29P) AppleWebKit/537.36 (KHTML, like Gecko) Chrome/132.0.6834.159 Mobile Safari/537.36 (compatible; Googlebot/2.1; +http://www.google.com/bot.html)"
66.249.72.141 - - [05/Feb/2025:22:44:02 -0600] "GET /robots.txt HTTP/1.1" 301 248 "-" "Mozilla/5.0 (compatible; Googlebot/2.1; +http://www.google.com/bot.html)"
66.249.77.198 - - [05/Feb/2025:22:44:07 -0600] "GET /item/uee69ooprl23952.html HTTP/1.1" 301 263 "-" "Mozilla/5.0 (Linux; Android 6.0.1; Nexus 5X Build/MMB29P) AppleWebKit/537.36 (KHTML, like Gecko) Chrome/132.0.6834.159 Mobile Safari/537.36 (compatible; GoogleOther)"
40.77.167.224 - - [05/Feb/2025:22:44:13 -0600] "GET /sisofi_2018/uploads/20-09-2019/pdf/Tribunal-de-Justicia-Administrativa-de-Michoacan-de-Ocampo HTTP/1.1" 301 331 "-" "Mozilla/5.0 AppleWebKit/537.36 (KHTML, like Gecko; compatible; bingbot/2.0; +http://www.bing.com/bingbot.htm) Chrome/116.0.1938.76 Safari/537.36"
66.249.77.198 - - [05/Feb/2025:22:44:18 -0600] "GET /156620972 HTTP/1.1" 301 247 "-" "Mozilla/5.0 (Linux; Android 6.0.1; Nexus 5X Build/MMB29P) AppleWebKit/537.36 (KHTML, like Gecko) Chrome/132.0.6834.159 Mobile Safari/537.36 (compatible; Googlebot/2.1; +http://www.google.com/bot.html)"
66.249.77.198 - - [05/Feb/2025:22:44:25 -0600] "GET /29087790599.shtml HTTP/1.1" 301 255 "-" "Mozilla/5.0 (Linux; Android 6.0.1; Nexus 5X Build/MMB29P) AppleWebKit/537.36 (KHTML, like Gecko) Chrome/132.0.6834.159 Mobile Safari/537.36 (compatible; Googlebot/2.1; +http://www.google.com/bot.html)"
66.249.77.198 - - [05/Feb/2025:22:44:31 -0600] "GET /item/qxudp69rbxao23927.html HTTP/1.1" 301 265 "-" "Mozilla/5.0 (Linux; Android 6.0.1; Nexus 5X Build/MMB29P) AppleWebKit/537.36 (KHTML, like Gecko) Chrome/132.0.6834.159 Mobile Safari/537.36 (compatible; GoogleOther)"
66.249.77.198 - - [05/Feb/2025:22:44:45 -0600] "GET /item/pkmnc246zaktl45987.html HTTP/1.1" 301 266 "-" "Mozilla/5.0 (Linux; Android 6.0.1; Nexus 5X Build/MMB29P) AppleWebKit/537.36 (KHTML, like Gecko) Chrome/132.0.6834.159 Mobile Safari/537.36 (compatible; GoogleOther)"
66.249.77.198 - - [05/Feb/2025:22:44:47 -0600] "GET /item/pvb69uhauo23867.html HTTP/1.1" 301 263 "-" "Mozilla/5.0 (Linux; Android 6.0.1; Nexus 5X Build/MMB29P) AppleWebKit/537.36 (KHTML, like Gecko) Chrome/132.0.6834.159 Mobile Safari/537.36 (compatible; GoogleOther)"
66.249.77.198 - - [05/Feb/2025:22:44:51 -0600] "GET /397791122126.shtml HTTP/1.1" 301 256 "-" "Mozilla/5.0 (Linux; Android 6.0.1; Nexus 5X Build/MMB29P) AppleWebKit/537.36 (KHTML, like Gecko) Chrome/132.0.6834.159 Mobile Safari/537.36 (compatible; Googlebot/2.1; +http://www.google.com/bot.html)"
66.249.77.198 - - [05/Feb/2025:22:44:58 -0600] "GET /item/naeam157azacf44527.html HTTP/1.1" 301 266 "-" "Mozilla/5.0 (Linux; Android 6.0.1; Nexus 5X Build/MMB29P) AppleWebKit/537.36 (KHTML, like Gecko) Chrome/132.0.6834.159 Mobile Safari/537.36 (compatible; GoogleOther)"
66.249.77.199 - - [05/Feb/2025:22:45:12 -0600] "GET /29872404536.shtml HTTP/1.1" 301 255 "-" "Mozilla/5.0 (Linux; Android 6.0.1; Nexus 5X Build/MMB29P) AppleWebKit/537.36 (KHTML, like Gecko) Chrome/132.0.6834.159 Mobile Safari/537.36 (compatible; GoogleOther)"
66.249.77.198 - - [05/Feb/2025:22:45:29 -0600] "GET /item/hvz4pjueq39705.html HTTP/1.1" 301 262 "-" "Mozilla/5.0 (Linux; Android 6.0.1; Nexus 5X Build/MMB29P) AppleWebKit/537.36 (KHTML, like Gecko) Chrome/132.0.6834.159 Mobile Safari/537.36 (compatible; GoogleOther)"
52.167.144.20 - - [05/Feb/2025:22:45:34 -0600] "GET /view-box/contenidos.php?action=ver&ta=a35fviii&year=2016&tempo=18&nt=11 HTTP/1.1" 301 325 "-" "Mozilla/5.0 AppleWebKit/537.36 (KHTML, like Gecko; compatible; bingbot/2.0; +http://www.bing.com/bingbot.htm) Chrome/116.0.1938.76 Safari/537.36"
66.249.77.198 - - [05/Feb/2025:22:45:42 -0600] "GET /11188463567.shtml HTTP/1.1" 301 255 "-" "Mozilla/5.0 (Linux; Android 6.0.1; Nexus 5X Build/MMB29P) AppleWebKit/537.36 (KHTML, like Gecko) Chrome/132.0.6834.159 Mobile Safari/537.36 (compatible; Googlebot/2.1; +http://www.google.com/bot.html)"
152.42.252.30 - - [05/Feb/2025:22:45:50 -0600] "GET /img/noticias/289_Reuni%C3%B3n%20uno.fw.png HTTP/1.1" 301 280 "-" "Mozilla/5.0 (Windows NT 10.0; Win64; x64) AppleWebKit/537.36 (KHTML, like Gecko) Chrome/121.0.0.0 Safari/537.36 Edg/121.0.0.0"
66.249.77.198 - - [05/Feb/2025:22:45:52 -0600] "GET /91130425151.shtml HTTP/1.1" 301 255 "-" "Mozilla/5.0 (Linux; Android 6.0.1; Nexus 5X Build/MMB29P) AppleWebKit/537.36 (KHTML, like Gecko) Chrome/132.0.6834.159 Mobile Safari/537.36 (compatible; GoogleOther)"
66.249.77.198 - - [05/Feb/2025:22:45:56 -0600] "GET /89328572 HTTP/1.1" 301 246 "-" "Mozilla/5.0 (Linux; Android 6.0.1; Nexus 5X Build/MMB29P) AppleWebKit/537.36 (KHTML, like Gecko) Chrome/132.0.6834.159 Mobile Safari/537.36 (compatible; Googlebot/2.1; +http://www.google.com/bot.html)"
66.249.77.199 - - [05/Feb/2025:22:46:06 -0600] "GET /927901498074.shtml HTTP/1.1" 301 256 "-" "Mozilla/5.0 (Linux; Android 6.0.1; Nexus 5X Build/MMB29P) AppleWebKit/537.36 (KHTML, like Gecko) Chrome/132.0.6834.159 Mobile Safari/537.36 (compatible; GoogleOther)"
66.249.77.200 - - [05/Feb/2025:22:46:08 -0600] "GET /70019611058.shtml HTTP/1.1" 301 255 "-" "Mozilla/5.0 (Linux; Android 6.0.1; Nexus 5X Build/MMB29P) AppleWebKit/537.36 (KHTML, like Gecko) Chrome/132.0.6834.159 Mobile Safari/537.36 (compatible; Googlebot/2.1; +http://www.google.com/bot.html)"
66.249.77.198 - - [05/Feb/2025:22:46:35 -0600] "GET /527911465188.shtml HTTP/1.1" 301 256 "-" "Mozilla/5.0 (Linux; Android 6.0.1; Nexus 5X Build/MMB29P) AppleWebKit/537.36 (KHTML, like Gecko) Chrome/132.0.6834.159 Mobile Safari/537.36 (compatible; Googlebot/2.1; +http://www.google.com/bot.html)"
66.249.77.198 - - [05/Feb/2025:22:46:45 -0600] "GET /product/cabinet87?c=g&l=21902 HTTP/1.1" 301 271 "-" "Mozilla/5.0 (Linux; Android 6.0.1; Nexus 5X Build/MMB29P) AppleWebKit/537.36 (KHTML, like Gecko) Chrome/132.0.6834.159 Mobile Safari/537.36 (compatible; Googlebot/2.1; +http://www.google.com/bot.html)"
66.249.77.200 - - [05/Feb/2025:22:47:01 -0600] "GET /64121601610.shtml HTTP/1.1" 301 255 "-" "Mozilla/5.0 (Linux; Android 6.0.1; Nexus 5X Build/MMB29P) AppleWebKit/537.36 (KHTML, like Gecko) Chrome/132.0.6834.159 Mobile Safari/537.36 (compatible; Googlebot/2.1; +http://www.google.com/bot.html)"
66.249.77.198 - - [05/Feb/2025:22:47:13 -0600] "GET /02589147423.shtml HTTP/1.1" 301 255 "-" "Mozilla/5.0 (Linux; Android 6.0.1; Nexus 5X Build/MMB29P) AppleWebKit/537.36 (KHTML, like Gecko) Chrome/132.0.6834.159 Mobile Safari/537.36 (compatible; GoogleOther)"
66.249.77.198 - - [05/Feb/2025:22:47:31 -0600] "GET /143819456 HTTP/1.1" 301 247 "-" "Mozilla/5.0 (Linux; Android 6.0.1; Nexus 5X Build/MMB29P) AppleWebKit/537.36 (KHTML, like Gecko) Chrome/132.0.6834.159 Mobile Safari/537.36 (compatible; Googlebot/2.1; +http://www.google.com/bot.html)"
66.249.77.198 - - [05/Feb/2025:22:47:34 -0600] "GET /5718264908.shtml HTTP/1.1" 301 254 "-" "Mozilla/5.0 (Linux; Android 6.0.1; Nexus 5X Build/MMB29P) AppleWebKit/537.36 (KHTML, like Gecko) Chrome/132.0.6834.159 Mobile Safari/537.36 (compatible; GoogleOther)"
66.249.77.198 - - [05/Feb/2025:22:47:52 -0600] "GET /922721536489.shtml HTTP/1.1" 301 256 "-" "Mozilla/5.0 (Linux; Android 6.0.1; Nexus 5X Build/MMB29P) AppleWebKit/537.36 (KHTML, like Gecko) Chrome/132.0.6834.159 Mobile Safari/537.36 (compatible; Googlebot/2.1; +http://www.google.com/bot.html)"
40.77.167.123 - - [05/Feb/2025:22:47:56 -0600] "GET /products/brand-new-reportage-rga-authentic-italian-leather-jacket-extra/img/Logo-TJAM.png HTTP/1.1" 301 327 "-" "Mozilla/5.0 AppleWebKit/537.36 (KHTML, like Gecko; compatible; bingbot/2.0; +http://www.bing.com/bingbot.htm) Chrome/116.0.1938.76 Safari/537.36"
66.249.77.199 - - [05/Feb/2025:22:48:18 -0600] "GET /990191001421.shtml HTTP/1.1" 301 256 "-" "Mozilla/5.0 (Linux; Android 6.0.1; Nexus 5X Build/MMB29P) AppleWebKit/537.36 (KHTML, like Gecko) Chrome/132.0.6834.159 Mobile Safari/537.36 (compatible; Googlebot/2.1; +http://www.google.com/bot.html)"
66.249.77.198 - - [05/Feb/2025:22:48:21 -0600] "GET /meantime3/tdhv6-23669/ HTTP/1.1" 301 260 "-" "Mozilla/5.0 (Linux; Android 6.0.1; Nexus 5X Build/MMB29P) AppleWebKit/537.36 (KHTML, like Gecko) Chrome/132.0.6834.159 Mobile Safari/537.36 (compatible; Googlebot/2.1; +http://www.google.com/bot.html)"
167.172.90.128 - - [05/Feb/2025:22:48:40 -0600] "GET /img/magistrados/Hugo-Gama.jpg HTTP/1.1" 301 267 "-" "Mozilla/5.0 (Windows NT 10.0; Win64; x64) AppleWebKit/537.36 (KHTML, like Gecko) Chrome/121.0.0.0 Safari/537.36 Edg/121.0.0.0 Viewer/99.9.9009.89"
66.249.77.199 - - [05/Feb/2025:22:48:44 -0600] "GET /940401207368.shtml HTTP/1.1" 301 256 "-" "Mozilla/5.0 (Linux; Android 6.0.1; Nexus 5X Build/MMB29P) AppleWebKit/537.36 (KHTML, like Gecko) Chrome/132.0.6834.159 Mobile Safari/537.36 (compatible; Googlebot/2.1; +http://www.google.com/bot.html)"
52.167.144.167 - - [05/Feb/2025:22:48:52 -0600] "GET /Noticias&idnoti=184&t=Convoca-TJAM--a-registrarse-en-Juicio-en-Linea HTTP/1.1" 301 314 "-" "Mozilla/5.0 AppleWebKit/537.36 (KHTML, like Gecko; compatible; bingbot/2.0; +http://www.bing.com/bingbot.htm) Chrome/116.0.1938.76 Safari/537.36"
66.249.77.198 - - [05/Feb/2025:22:49:08 -0600] "GET /item/wnwro266uslhh20081.html HTTP/1.1" 301 266 "-" "Mozilla/5.0 (Linux; Android 6.0.1; Nexus 5X Build/MMB29P) AppleWebKit/537.36 (KHTML, like Gecko) Chrome/132.0.6834.159 Mobile Safari/537.36 (compatible; Googlebot/2.1; +http://www.google.com/bot.html)"
66.249.77.199 - - [05/Feb/2025:22:49:10 -0600] "GET /37326250157.shtml HTTP/1.1" 301 255 "-" "Mozilla/5.0 (Linux; Android 6.0.1; Nexus 5X Build/MMB29P) AppleWebKit/537.36 (KHTML, like Gecko) Chrome/132.0.6834.159 Mobile Safari/537.36 (compatible; Googlebot/2.1; +http://www.google.com/bot.html)"
52.167.144.222 - - [05/Feb/2025:22:49:14 -0600] "GET /sisofi_2018/uploads/24-05-2023/view-box_2021/view-box_2021/pdf/pdf/Legislacion-Estatal-y-Federal HTTP/1.1" 301 334 "-" "Mozilla/5.0 AppleWebKit/537.36 (KHTML, like Gecko; compatible; bingbot/2.0; +http://www.bing.com/bingbot.htm) Chrome/116.0.1938.76 Safari/537.36"
66.249.77.198 - - [05/Feb/2025:22:49:59 -0600] "GET /244291688 HTTP/1.1" 301 247 "-" "Mozilla/5.0 (Linux; Android 6.0.1; Nexus 5X Build/MMB29P) AppleWebKit/537.36 (KHTML, like Gecko) Chrome/132.0.6834.159 Mobile Safari/537.36 (compatible; Googlebot/2.1; +http://www.google.com/bot.html)"
66.249.77.200 - - [05/Feb/2025:22:50:21 -0600] "GET /item/copbf172gavey21290.html HTTP/1.1" 301 266 "-" "Mozilla/5.0 (Linux; Android 6.0.1; Nexus 5X Build/MMB29P) AppleWebKit/537.36 (KHTML, like Gecko) Chrome/132.0.6834.159 Mobile Safari/537.36 (compatible; GoogleOther)"
66.249.77.198 - - [05/Feb/2025:22:50:28 -0600] "GET /211271309913.shtml HTTP/1.1" 301 256 "-" "Mozilla/5.0 (Linux; Android 6.0.1; Nexus 5X Build/MMB29P) AppleWebKit/537.36 (KHTML, like Gecko) Chrome/132.0.6834.159 Mobile Safari/537.36 (compatible; Googlebot/2.1; +http://www.google.com/bot.html)"
66.249.77.198 - - [05/Feb/2025:22:50:49 -0600] "GET /43783669222.shtml HTTP/1.1" 301 255 "-" "Mozilla/5.0 (Linux; Android 6.0.1; Nexus 5X Build/MMB29P) AppleWebKit/537.36 (KHTML, like Gecko) Chrome/132.0.6834.159 Mobile Safari/537.36 (compatible; GoogleOther)"
66.249.77.198 - - [05/Feb/2025:22:50:51 -0600] "GET /124878212 HTTP/1.1" 301 247 "-" "Mozilla/5.0 (Linux; Android 6.0.1; Nexus 5X Build/MMB29P) AppleWebKit/537.36 (KHTML, like Gecko) Chrome/132.0.6834.159 Mobile Safari/537.36 (compatible; Googlebot/2.1; +http://www.google.com/bot.html)"
66.249.77.198 - - [05/Feb/2025:22:50:54 -0600] "GET /27735744060.shtml HTTP/1.1" 301 255 "-" "Mozilla/5.0 (Linux; Android 6.0.1; Nexus 5X Build/MMB29P) AppleWebKit/537.36 (KHTML, like Gecko) Chrome/132.0.6834.159 Mobile Safari/537.36 (compatible; Googlebot/2.1; +http://www.google.com/bot.html)"
156.59.198.136 - - [05/Feb/2025:22:51:08 -0600] "GET /img/noticias/862_TJAM14ago2020TRES.fw.png HTTP/1.1" 301 279 "-" "Mozilla/5.0 (Linux; Android 5.0) AppleWebKit/537.36 (KHTML, like Gecko) Mobile Safari/537.36 (compatible; Bytespider; spider-feedback@bytedance.com)"
69.171.251.5 - - [05/Feb/2025:22:51:10 -0600] "GET /img/Logo-TJAM.png HTTP/1.1" 301 255 "-" "facebookexternalhit/1.1 (+http://www.facebook.com/externalhit_uatext.php)"
66.249.77.200 - - [05/Feb/2025:22:51:20 -0600] "GET /84712617223.shtml HTTP/1.1" 301 255 "-" "Mozilla/5.0 (Linux; Android 6.0.1; Nexus 5X Build/MMB29P) AppleWebKit/537.36 (KHTML, like Gecko) Chrome/132.0.6834.159 Mobile Safari/537.36 (compatible; Googlebot/2.1; +http://www.google.com/bot.html)"
66.249.77.200 - - [05/Feb/2025:22:51:20 -0600] "GET /22297133600.shtml HTTP/1.1" 301 255 "-" "Mozilla/5.0 (Linux; Android 6.0.1; Nexus 5X Build/MMB29P) AppleWebKit/537.36 (KHTML, like Gecko) Chrome/132.0.6834.159 Mobile Safari/537.36 (compatible; Googlebot/2.1; +http://www.google.com/bot.html)"
66.249.77.199 - - [05/Feb/2025:22:51:21 -0600] "GET /778591402570.shtml HTTP/1.1" 301 256 "-" "Mozilla/5.0 (Linux; Android 6.0.1; Nexus 5X Build/MMB29P) AppleWebKit/537.36 (KHTML, like Gecko) Chrome/132.0.6834.159 Mobile Safari/537.36 (compatible; Googlebot/2.1; +http://www.google.com/bot.html)"
66.249.72.139 - - [05/Feb/2025:22:51:40 -0600] "GET /product/divine37?c=g&l=43317 HTTP/1.1" 301 270 "-" "Mozilla/5.0 (Linux; Android 6.0.1; Nexus 5X Build/MMB29P) AppleWebKit/537.36 (KHTML, like Gecko) Chrome/132.0.6834.159 Mobile Safari/537.36 (compatible; Googlebot/2.1; +http://www.google.com/bot.html)"
173.252.127.10 - - [05/Feb/2025:22:51:47 -0600] "GET /img/Logo-TJAM.png HTTP/1.1" 301 255 "-" "facebookexternalhit/1.1 (+http://www.facebook.com/externalhit_uatext.php)"
66.249.77.198 - - [05/Feb/2025:22:51:50 -0600] "GET /27128505895.shtml HTTP/1.1" 301 255 "-" "Mozilla/5.0 (Linux; Android 6.0.1; Nexus 5X Build/MMB29P) AppleWebKit/537.36 (KHTML, like Gecko) Chrome/132.0.6834.159 Mobile Safari/537.36 (compatible; Googlebot/2.1; +http://www.google.com/bot.html)"
173.252.69.114 - - [05/Feb/2025:22:51:55 -0600] "GET /img/Logo-TJAM.png HTTP/1.1" 301 255 "-" "facebookexternalhit/1.1 (+http://www.facebook.com/externalhit_uatext.php)"
167.94.146.57 - - [05/Feb/2025:22:51:56 -0600] "GET / HTTP/1.1" 200 1533 "-" "-"
167.94.146.57 - - [05/Feb/2025:22:52:00 -0600] "GET / HTTP/1.1" 200 1533 "-" "Mozilla/5.0 (compatible; CensysInspect/1.1; +https://about.censys.io/)"
52.167.144.156 - - [05/Feb/2025:22:52:01 -0600] "GET /?q=2025 HTTP/1.1" 301 245 "-" "Mozilla/5.0 AppleWebKit/537.36 (KHTML, like Gecko; compatible; bingbot/2.0; +http://www.bing.com/bingbot.htm) Chrome/116.0.1938.76 Safari/537.36"
167.94.146.57 - - [05/Feb/2025:22:52:01 -0600] "GET /img/favicon.ico HTTP/1.1" 404 - "-" "Mozilla/5.0 (compatible; CensysInspect/1.1; +https://about.censys.io/)"
167.94.146.57 - - [05/Feb/2025:22:52:02 -0600] "GET /img/apple-touch-icon.png HTTP/1.1" 404 - "-" "Mozilla/5.0 (compatible; CensysInspect/1.1; +https://about.censys.io/)"
167.94.146.57 - - [05/Feb/2025:22:52:02 -0600] "GET /favicon.ico HTTP/1.1" 404 - "-" "Mozilla/5.0 (compatible; CensysInspect/1.1; +https://about.censys.io/)"
66.249.77.200 - - [05/Feb/2025:22:52:10 -0600] "GET /394061059905.shtml HTTP/1.1" 301 256 "-" "Mozilla/5.0 (Linux; Android 6.0.1; Nexus 5X Build/MMB29P) AppleWebKit/537.36 (KHTML, like Gecko) Chrome/132.0.6834.159 Mobile Safari/537.36 (compatible; GoogleOther)"
66.249.77.198 - - [05/Feb/2025:22:52:27 -0600] "GET /item/namdq38xcjij32695.html HTTP/1.1" 301 265 "-" "Mozilla/5.0 (Linux; Android 6.0.1; Nexus 5X Build/MMB29P) AppleWebKit/537.36 (KHTML, like Gecko) Chrome/132.0.6834.159 Mobile Safari/537.36 (compatible; Googlebot/2.1; +http://www.google.com/bot.html)"
66.249.77.198 - - [05/Feb/2025:22:52:37 -0600] "GET /781661617852.shtml HTTP/1.1" 301 256 "-" "Mozilla/5.0 (Linux; Android 6.0.1; Nexus 5X Build/MMB29P) AppleWebKit/537.36 (KHTML, like Gecko) Chrome/132.0.6834.159 Mobile Safari/537.36 (compatible; GoogleOther)"
66.249.77.198 - - [05/Feb/2025:22:52:45 -0600] "GET /40725752370.shtml HTTP/1.1" 301 255 "-" "Mozilla/5.0 (Linux; Android 6.0.1; Nexus 5X Build/MMB29P) AppleWebKit/537.36 (KHTML, like Gecko) Chrome/132.0.6834.159 Mobile Safari/537.36 (compatible; Googlebot/2.1; +http://www.google.com/bot.html)"
66.249.77.198 - - [05/Feb/2025:22:52:51 -0600] "GET /3734743497.shtml HTTP/1.1" 301 254 "-" "Mozilla/5.0 (Linux; Android 6.0.1; Nexus 5X Build/MMB29P) AppleWebKit/537.36 (KHTML, like Gecko) Chrome/132.0.6834.159 Mobile Safari/537.36 (compatible; GoogleOther)"
152.42.199.32 - - [05/Feb/2025:22:52:53 -0600] "GET /img/noticias/163_UNO%20Columna%20Gama.png HTTP/1.1" 301 279 "-" "Mozilla/5.0 (Linux; Android 10; K) AppleWebKit/537.36 (KHTML, like Gecko) Chrome/122.0.0.0 Mobile Safari/537.36"
66.249.77.200 - - [05/Feb/2025:22:53:11 -0600] "GET /730901654613.shtml HTTP/1.1" 301 256 "-" "Mozilla/5.0 (Linux; Android 6.0.1; Nexus 5X Build/MMB29P) AppleWebKit/537.36 (KHTML, like Gecko) Chrome/132.0.6834.159 Mobile Safari/537.36 (compatible; Googlebot/2.1; +http://www.google.com/bot.html)"
66.249.77.198 - - [05/Feb/2025:22:53:31 -0600] "GET /101731133979.shtml HTTP/1.1" 301 256 "-" "Mozilla/5.0 (Linux; Android 6.0.1; Nexus 5X Build/MMB29P) AppleWebKit/537.36 (KHTML, like Gecko) Chrome/132.0.6834.159 Mobile Safari/537.36 (compatible; GoogleOther)"
66.249.77.198 - - [05/Feb/2025:22:53:37 -0600] "GET /831371443573.shtml HTTP/1.1" 301 256 "-" "Mozilla/5.0 (Linux; Android 6.0.1; Nexus 5X Build/MMB29P) AppleWebKit/537.36 (KHTML, like Gecko) Chrome/132.0.6834.159 Mobile Safari/537.36 (compatible; Googlebot/2.1; +http://www.google.com/bot.html)"
66.249.77.199 - - [05/Feb/2025:22:54:03 -0600] "GET /71105226087.shtml HTTP/1.1" 301 255 "-" "Mozilla/5.0 (Linux; Android 6.0.1; Nexus 5X Build/MMB29P) AppleWebKit/537.36 (KHTML, like Gecko) Chrome/132.0.6834.159 Mobile Safari/537.36 (compatible; Googlebot/2.1; +http://www.google.com/bot.html)"
66.249.77.199 - - [05/Feb/2025:22:54:52 -0600] "GET /2690227324.shtml HTTP/1.1" 301 254 "-" "Mozilla/5.0 (Linux; Android 6.0.1; Nexus 5X Build/MMB29P) AppleWebKit/537.36 (KHTML, like Gecko) Chrome/132.0.6834.159 Mobile Safari/537.36 (compatible; GoogleOther)"
66.249.77.198 - - [05/Feb/2025:22:54:55 -0600] "GET /481181578658.shtml HTTP/1.1" 301 256 "-" "Mozilla/5.0 (Linux; Android 6.0.1; Nexus 5X Build/MMB29P) AppleWebKit/537.36 (KHTML, like Gecko) Chrome/132.0.6834.159 Mobile Safari/537.36 (compatible; Googlebot/2.1; +http://www.google.com/bot.html)"
66.249.77.198 - - [05/Feb/2025:22:54:58 -0600] "GET /90757496 HTTP/1.1" 301 246 "-" "Mozilla/5.0 (Linux; Android 6.0.1; Nexus 5X Build/MMB29P) AppleWebKit/537.36 (KHTML, like Gecko) Chrome/132.0.6834.159 Mobile Safari/537.36 (compatible; Googlebot/2.1; +http://www.google.com/bot.html)"
66.249.77.198 - - [05/Feb/2025:22:55:21 -0600] "GET /041171401367.shtml HTTP/1.1" 301 256 "-" "Mozilla/5.0 (Linux; Android 6.0.1; Nexus 5X Build/MMB29P) AppleWebKit/537.36 (KHTML, like Gecko) Chrome/132.0.6834.159 Mobile Safari/537.36 (compatible; Googlebot/2.1; +http://www.google.com/bot.html)"
66.249.77.199 - - [05/Feb/2025:22:55:47 -0600] "GET /980641083438.shtml HTTP/1.1" 301 256 "-" "Mozilla/5.0 (Linux; Android 6.0.1; Nexus 5X Build/MMB29P) AppleWebKit/537.36 (KHTML, like Gecko) Chrome/132.0.6834.159 Mobile Safari/537.36 (compatible; Googlebot/2.1; +http://www.google.com/bot.html)"
66.249.77.198 - - [05/Feb/2025:22:55:54 -0600] "GET /243141115570.shtml HTTP/1.1" 301 256 "-" "Mozilla/5.0 (Linux; Android 6.0.1; Nexus 5X Build/MMB29P) AppleWebKit/537.36 (KHTML, like Gecko) Chrome/132.0.6834.159 Mobile Safari/537.36 (compatible; GoogleOther)"
66.249.77.198 - - [05/Feb/2025:22:56:00 -0600] "GET /78010983124.shtml HTTP/1.1" 301 255 "-" "Mozilla/5.0 (Linux; Android 6.0.1; Nexus 5X Build/MMB29P) AppleWebKit/537.36 (KHTML, like Gecko) Chrome/132.0.6834.159 Mobile Safari/537.36 (compatible; GoogleOther)"
66.249.77.199 - - [05/Feb/2025:22:56:13 -0600] "GET /118291478741.shtml HTTP/1.1" 301 256 "-" "Mozilla/5.0 (Linux; Android 6.0.1; Nexus 5X Build/MMB29P) AppleWebKit/537.36 (KHTML, like Gecko) Chrome/132.0.6834.159 Mobile Safari/537.36 (compatible; Googlebot/2.1; +http://www.google.com/bot.html)"
66.249.77.199 - - [05/Feb/2025:22:56:14 -0600] "GET /639171186136.shtml HTTP/1.1" 301 256 "-" "Mozilla/5.0 (Linux; Android 6.0.1; Nexus 5X Build/MMB29P) AppleWebKit/537.36 (KHTML, like Gecko) Chrome/132.0.6834.159 Mobile Safari/537.36 (compatible; GoogleOther)"
66.249.77.198 - - [05/Feb/2025:22:56:27 -0600] "GET /12981130446.shtml HTTP/1.1" 301 255 "-" "Mozilla/5.0 (Linux; Android 6.0.1; Nexus 5X Build/MMB29P) AppleWebKit/537.36 (KHTML, like Gecko) Chrome/132.0.6834.159 Mobile Safari/537.36 (compatible; GoogleOther)"
177.224.179.105 - - [05/Feb/2025:22:56:30 -0600] "GET / HTTP/1.1" 301 238 "-" "Mozilla/5.0 (Macintosh; Intel Mac OS X 10_11_1) AppleWebKit/601.2.4 (KHTML, like Gecko) Version/9.0.1 Safari/601.2.4 facebookexternalhit/1.1 Facebot Twitterbot/1.0"
66.249.77.198 - - [05/Feb/2025:22:56:38 -0600] "GET /entire87/k73aa-12425/ HTTP/1.1" 301 259 "-" "Mozilla/5.0 (Linux; Android 6.0.1; Nexus 5X Build/MMB29P) AppleWebKit/537.36 (KHTML, like Gecko) Chrome/132.0.6834.159 Mobile Safari/537.36 (compatible; Googlebot/2.1; +http://www.google.com/bot.html)"
66.249.77.198 - - [05/Feb/2025:22:56:40 -0600] "GET /12054193618.shtml HTTP/1.1" 301 255 "-" "Mozilla/5.0 (Linux; Android 6.0.1; Nexus 5X Build/MMB29P) AppleWebKit/537.36 (KHTML, like Gecko) Chrome/132.0.6834.159 Mobile Safari/537.36 (compatible; GoogleOther)"
66.249.77.198 - - [05/Feb/2025:22:56:54 -0600] "GET /76119176382.shtml HTTP/1.1" 301 255 "-" "Mozilla/5.0 (Linux; Android 6.0.1; Nexus 5X Build/MMB29P) AppleWebKit/537.36 (KHTML, like Gecko) Chrome/132.0.6834.159 Mobile Safari/537.36 (compatible; GoogleOther)"
66.249.77.200 - - [05/Feb/2025:22:57:07 -0600] "GET /82840184964.shtml HTTP/1.1" 301 255 "-" "Mozilla/5.0 (Linux; Android 6.0.1; Nexus 5X Build/MMB29P) AppleWebKit/537.36 (KHTML, like Gecko) Chrome/132.0.6834.159 Mobile Safari/537.36 (compatible; GoogleOther)"
66.249.77.199 - - [05/Feb/2025:22:57:31 -0600] "GET /819431665658.shtml HTTP/1.1" 301 256 "-" "Mozilla/5.0 (Linux; Android 6.0.1; Nexus 5X Build/MMB29P) AppleWebKit/537.36 (KHTML, like Gecko) Chrome/132.0.6834.159 Mobile Safari/537.36 (compatible; Googlebot/2.1; +http://www.google.com/bot.html)"
66.249.77.199 - - [05/Feb/2025:22:57:31 -0600] "GET /07790721295.shtml HTTP/1.1" 301 255 "-" "Mozilla/5.0 (Linux; Android 6.0.1; Nexus 5X Build/MMB29P) AppleWebKit/537.36 (KHTML, like Gecko) Chrome/132.0.6834.159 Mobile Safari/537.36 (compatible; Googlebot/2.1; +http://www.google.com/bot.html)"
