216.244.66.234 - - [05/Feb/2025:13:02:17 -0600] "GET /transparencia/pdf/pdf/view-box_2021/Presidencia HTTP/1.1" 301 285 "-" "Mozilla/5.0 (compatible; DotBot/1.2; +https://opensiteexplorer.org/dotbot; help@moz.com)"
187.195.110.68 - - [05/Feb/2025:13:02:35 -0600] "POST /cpsess0556275423/3rdparty/roundcube/?_task=mail&_action=refresh HTTP/1.1" 200 135 "https://webmail.tjamich.gob.mx/cpsess0556275423/3rdparty/roundcube/?_task=mail&_mbox=INBOX" "Mozilla/5.0 (Windows NT 10.0; Win64; x64) AppleWebKit/537.36 (KHTML, like Gecko) Chrome/132.0.0.0 Safari/537.36"
66.249.77.199 - - [05/Feb/2025:13:02:43 -0600] "GET /93083126470.shtml HTTP/1.1" 301 255 "-" "Mozilla/5.0 (Linux; Android 6.0.1; Nexus 5X Build/MMB29P) AppleWebKit/537.36 (KHTML, like Gecko) Chrome/132.0.6834.159 Mobile Safari/537.36 (compatible; Googlebot/2.1; +http://www.google.com/bot.html)"
189.243.238.36 - - [05/Feb/2025:13:03:00 -0600] "POST /cpsess9781436776/3rdparty/roundcube/?_task=mail&_action=refresh HTTP/1.1" 308 152 "https://webmail.tjamich.gob.mx/cpsess9781436776/3rdparty/roundcube/?_task=mail&_mbox=INBOX" "Mozilla/5.0 (Windows NT 10.0; Win64; x64) AppleWebKit/537.36 (KHTML, like Gecko) Chrome/132.0.0.0 Safari/537.36"
189.243.238.36 - - [05/Feb/2025:13:03:00 -0600] "POST /cpsess9781436776/3rdparty/roundcube/?_task=mail&_action=refresh HTTP/1.1" 200 12366 "https://webmail.tjamich.gob.mx/cpsess9781436776/3rdparty/roundcube/?_task=mail&_mbox=INBOX" "Mozilla/5.0 (Windows NT 10.0; Win64; x64) AppleWebKit/537.36 (KHTML, like Gecko) Chrome/132.0.0.0 Safari/537.36"
187.195.116.142 - - [05/Feb/2025:13:03:05 -0600] "POST /cpsess3053937060/3rdparty/roundcube/?_task=mail&_action=refresh HTTP/1.1" 308 152 "https://webmail.tjamich.gob.mx/cpsess3053937060/3rdparty/roundcube/?_task=mail&_mbox=INBOX" "Mozilla/5.0 (Windows NT 10.0; Win64; x64) AppleWebKit/537.36 (KHTML, like Gecko) Chrome/133.0.0.0 Safari/537.36"
187.195.116.142 - - [05/Feb/2025:13:03:05 -0600] "POST /cpsess3053937060/3rdparty/roundcube/?_task=mail&_action=refresh HTTP/1.1" 200 135 "https://webmail.tjamich.gob.mx/cpsess3053937060/3rdparty/roundcube/?_task=mail&_mbox=INBOX" "Mozilla/5.0 (Windows NT 10.0; Win64; x64) AppleWebKit/537.36 (KHTML, like Gecko) Chrome/133.0.0.0 Safari/537.36"
52.167.144.174 - - [05/Feb/2025:13:03:26 -0600] "GET /ubicacion?q= HTTP/1.1" 301 250 "-" "Mozilla/5.0 AppleWebKit/537.36 (KHTML, like Gecko; compatible; bingbot/2.0; +http://www.bing.com/bingbot.htm) Chrome/116.0.1938.76 Safari/537.36"
54.72.186.59 - - [05/Feb/2025:13:03:30 -0600] "GET / HTTP/1.1" 200 1533 "-" "Mozilla/5.0 (X11; Linux x86_64) AppleWebKit/537.36 (KHTML, like Gecko) Chrome/92.0.4515.107 Safari/537.36"
54.72.186.59 - - [05/Feb/2025:13:03:30 -0600] "GET /about HTTP/1.1" 404 - "-" "Mozilla/5.0 (X11; Linux x86_64) AppleWebKit/537.36 (KHTML, like Gecko) Chrome/92.0.4515.107 Safari/537.36"
187.195.110.68 - - [05/Feb/2025:13:03:35 -0600] "POST /cpsess0556275423/3rdparty/roundcube/?_task=mail&_action=refresh HTTP/1.1" 308 152 "https://webmail.tjamich.gob.mx/cpsess0556275423/3rdparty/roundcube/?_task=mail&_mbox=INBOX" "Mozilla/5.0 (Windows NT 10.0; Win64; x64) AppleWebKit/537.36 (KHTML, like Gecko) Chrome/132.0.0.0 Safari/537.36"
187.195.110.68 - - [05/Feb/2025:13:03:35 -0600] "POST /cpsess0556275423/3rdparty/roundcube/?_task=mail&_action=refresh HTTP/1.1" 200 135 "https://webmail.tjamich.gob.mx/cpsess0556275423/3rdparty/roundcube/?_task=mail&_mbox=INBOX" "Mozilla/5.0 (Windows NT 10.0; Win64; x64) AppleWebKit/537.36 (KHTML, like Gecko) Chrome/132.0.0.0 Safari/537.36"
66.249.77.198 - - [05/Feb/2025:13:03:37 -0600] "GET /804521233152.shtml HTTP/1.1" 301 256 "-" "Mozilla/5.0 (Linux; Android 6.0.1; Nexus 5X Build/MMB29P) AppleWebKit/537.36 (KHTML, like Gecko) Chrome/132.0.6834.159 Mobile Safari/537.36 (compatible; Googlebot/2.1; +http://www.google.com/bot.html)"
187.195.116.142 - - [05/Feb/2025:13:04:05 -0600] "POST /cpsess3053937060/3rdparty/roundcube/?_task=mail&_action=refresh HTTP/1.1" 200 135 "https://webmail.tjamich.gob.mx/cpsess3053937060/3rdparty/roundcube/?_task=mail&_mbox=INBOX" "Mozilla/5.0 (Windows NT 10.0; Win64; x64) AppleWebKit/537.36 (KHTML, like Gecko) Chrome/133.0.0.0 Safari/537.36"
66.249.77.199 - - [05/Feb/2025:13:04:06 -0600] "GET /0299489863.shtml HTTP/1.1" 301 254 "-" "Mozilla/5.0 (Linux; Android 6.0.1; Nexus 5X Build/MMB29P) AppleWebKit/537.36 (KHTML, like Gecko) Chrome/132.0.6834.159 Mobile Safari/537.36 (compatible; Googlebot/2.1; +http://www.google.com/bot.html)"
66.249.77.199 - - [05/Feb/2025:13:04:08 -0600] "GET /50778624978.shtml HTTP/1.1" 301 255 "-" "Mozilla/5.0 (Linux; Android 6.0.1; Nexus 5X Build/MMB29P) AppleWebKit/537.36 (KHTML, like Gecko) Chrome/132.0.6834.159 Mobile Safari/537.36 (compatible; GoogleOther)"
187.195.110.68 - - [05/Feb/2025:13:04:35 -0600] "POST /cpsess0556275423/3rdparty/roundcube/?_task=mail&_action=refresh HTTP/1.1" 200 135 "https://webmail.tjamich.gob.mx/cpsess0556275423/3rdparty/roundcube/?_task=mail&_mbox=INBOX" "Mozilla/5.0 (Windows NT 10.0; Win64; x64) AppleWebKit/537.36 (KHTML, like Gecko) Chrome/132.0.0.0 Safari/537.36"
66.249.77.199 - - [05/Feb/2025:13:04:36 -0600] "GET /71120357292.shtml HTTP/1.1" 301 255 "-" "Mozilla/5.0 (Linux; Android 6.0.1; Nexus 5X Build/MMB29P) AppleWebKit/537.36 (KHTML, like Gecko) Chrome/132.0.6834.159 Mobile Safari/537.36 (compatible; Googlebot/2.1; +http://www.google.com/bot.html)"
189.243.238.36 - - [05/Feb/2025:13:05:00 -0600] "POST /cpsess9781436776/3rdparty/roundcube/?_task=mail&_action=refresh HTTP/1.1" 200 12360 "https://webmail.tjamich.gob.mx/cpsess9781436776/3rdparty/roundcube/?_task=mail&_mbox=INBOX" "Mozilla/5.0 (Windows NT 10.0; Win64; x64) AppleWebKit/537.36 (KHTML, like Gecko) Chrome/132.0.0.0 Safari/537.36"
66.249.77.198 - - [05/Feb/2025:13:05:06 -0600] "GET /09280692088.shtml HTTP/1.1" 301 255 "-" "Mozilla/5.0 (Linux; Android 6.0.1; Nexus 5X Build/MMB29P) AppleWebKit/537.36 (KHTML, like Gecko) Chrome/132.0.6834.159 Mobile Safari/537.36 (compatible; Googlebot/2.1; +http://www.google.com/bot.html)"
187.195.116.142 - - [05/Feb/2025:13:05:06 -0600] "POST /cpsess3053937060/3rdparty/roundcube/?_task=mail&_action=refresh HTTP/1.1" 200 135 "https://webmail.tjamich.gob.mx/cpsess3053937060/3rdparty/roundcube/?_task=mail&_mbox=INBOX" "Mozilla/5.0 (Windows NT 10.0; Win64; x64) AppleWebKit/537.36 (KHTML, like Gecko) Chrome/133.0.0.0 Safari/537.36"
40.77.167.36 - - [05/Feb/2025:13:05:11 -0600] "GET /groups/ftf530fs3-manual/view-box_2021/contenidos.php?ta=na35fxlvi3&te=2&year=2021 HTTP/1.1" 301 327 "-" "Mozilla/5.0 AppleWebKit/537.36 (KHTML, like Gecko; compatible; bingbot/2.0; +http://www.bing.com/bingbot.htm) Chrome/116.0.1938.76 Safari/537.36"
187.195.110.68 - - [05/Feb/2025:13:05:35 -0600] "POST /cpsess0556275423/3rdparty/roundcube/?_task=mail&_action=refresh HTTP/1.1" 200 135 "https://webmail.tjamich.gob.mx/cpsess0556275423/3rdparty/roundcube/?_task=mail&_mbox=INBOX" "Mozilla/5.0 (Windows NT 10.0; Win64; x64) AppleWebKit/537.36 (KHTML, like Gecko) Chrome/132.0.0.0 Safari/537.36"
66.249.77.200 - - [05/Feb/2025:13:06:02 -0600] "GET /97616906492.shtml HTTP/1.1" 301 255 "-" "Mozilla/5.0 (Linux; Android 6.0.1; Nexus 5X Build/MMB29P) AppleWebKit/537.36 (KHTML, like Gecko) Chrome/132.0.6834.159 Mobile Safari/537.36 (compatible; GoogleOther)"
66.249.77.200 - - [05/Feb/2025:13:06:02 -0600] "GET /17722213420.shtml HTTP/1.1" 301 255 "-" "Mozilla/5.0 (Linux; Android 6.0.1; Nexus 5X Build/MMB29P) AppleWebKit/537.36 (KHTML, like Gecko) Chrome/132.0.6834.159 Mobile Safari/537.36 (compatible; Googlebot/2.1; +http://www.google.com/bot.html)"
66.249.77.198 - - [05/Feb/2025:13:06:02 -0600] "GET /100771564233.shtml HTTP/1.1" 301 256 "-" "Mozilla/5.0 (Linux; Android 6.0.1; Nexus 5X Build/MMB29P) AppleWebKit/537.36 (KHTML, like Gecko) Chrome/132.0.6834.159 Mobile Safari/537.36 (compatible; Googlebot/2.1; +http://www.google.com/bot.html)"
66.249.77.198 - - [05/Feb/2025:13:06:06 -0600] "GET /Noticias&idnoti=475 HTTP/1.1" 301 261 "-" "Mozilla/5.0 (Linux; Android 6.0.1; Nexus 5X Build/MMB29P) AppleWebKit/537.36 (KHTML, like Gecko) Chrome/132.0.6834.159 Mobile Safari/537.36 (compatible; Googlebot/2.1; +http://www.google.com/bot.html)"
187.195.116.142 - - [05/Feb/2025:13:06:07 -0600] "POST /cpsess3053937060/3rdparty/roundcube/?_task=mail&_action=refresh HTTP/1.1" 308 152 "https://webmail.tjamich.gob.mx/cpsess3053937060/3rdparty/roundcube/?_task=mail&_mbox=INBOX" "Mozilla/5.0 (Windows NT 10.0; Win64; x64) AppleWebKit/537.36 (KHTML, like Gecko) Chrome/133.0.0.0 Safari/537.36"
187.195.116.142 - - [05/Feb/2025:13:06:08 -0600] "POST /cpsess3053937060/3rdparty/roundcube/?_task=mail&_action=refresh HTTP/1.1" 200 135 "https://webmail.tjamich.gob.mx/cpsess3053937060/3rdparty/roundcube/?_task=mail&_mbox=INBOX" "Mozilla/5.0 (Windows NT 10.0; Win64; x64) AppleWebKit/537.36 (KHTML, like Gecko) Chrome/133.0.0.0 Safari/537.36"
66.249.77.198 - - [05/Feb/2025:13:06:20 -0600] "GET /46169236636.shtml HTTP/1.1" 301 255 "-" "Mozilla/5.0 (Linux; Android 6.0.1; Nexus 5X Build/MMB29P) AppleWebKit/537.36 (KHTML, like Gecko) Chrome/132.0.6834.159 Mobile Safari/537.36 (compatible; Googlebot/2.1; +http://www.google.com/bot.html)"
187.195.110.68 - - [05/Feb/2025:13:06:35 -0600] "POST /cpsess0556275423/3rdparty/roundcube/?_task=mail&_action=refresh HTTP/1.1" 200 135 "https://webmail.tjamich.gob.mx/cpsess0556275423/3rdparty/roundcube/?_task=mail&_mbox=INBOX" "Mozilla/5.0 (Windows NT 10.0; Win64; x64) AppleWebKit/537.36 (KHTML, like Gecko) Chrome/132.0.0.0 Safari/537.36"
52.167.144.203 - - [05/Feb/2025:13:06:36 -0600] "GET /tribunal-de-justicia-administrativa-de-michoacan-de-ocampo?q= HTTP/1.1" 301 299 "-" "Mozilla/5.0 AppleWebKit/537.36 (KHTML, like Gecko; compatible; bingbot/2.0; +http://www.bing.com/bingbot.htm) Chrome/116.0.1938.76 Safari/537.36"
69.171.231.8 - - [05/Feb/2025:13:06:38 -0600] "GET / HTTP/1.1" 301 238 "-" "facebookexternalhit/1.1 (+http://www.facebook.com/externalhit_uatext.php)"
66.249.77.198 - - [05/Feb/2025:13:06:48 -0600] "GET /881811288211.shtml HTTP/1.1" 301 256 "-" "Mozilla/5.0 (Linux; Android 6.0.1; Nexus 5X Build/MMB29P) AppleWebKit/537.36 (KHTML, like Gecko) Chrome/132.0.6834.159 Mobile Safari/537.36 (compatible; Googlebot/2.1; +http://www.google.com/bot.html)"
114.119.148.132 - - [05/Feb/2025:13:06:52 -0600] "GET /sisofi/uploads/07-03-2018/INFCOMF15NOV16.pdf HTTP/1.1" 301 282 "-" "Mozilla/5.0 (Linux; Android 7.0;) AppleWebKit/537.36 (KHTML, like Gecko) Mobile Safari/537.36 (compatible; PetalBot;+https://webmaster.petalsearch.com/site/petalbot)"
189.243.238.36 - - [05/Feb/2025:13:07:00 -0600] "POST /cpsess9781436776/3rdparty/roundcube/?_task=mail&_action=refresh HTTP/1.1" 200 12359 "https://webmail.tjamich.gob.mx/cpsess9781436776/3rdparty/roundcube/?_task=mail&_mbox=INBOX" "Mozilla/5.0 (Windows NT 10.0; Win64; x64) AppleWebKit/537.36 (KHTML, like Gecko) Chrome/132.0.0.0 Safari/537.36"
187.195.116.142 - - [05/Feb/2025:13:07:08 -0600] "POST /cpsess3053937060/3rdparty/roundcube/?_task=mail&_action=refresh HTTP/1.1" 200 135 "https://webmail.tjamich.gob.mx/cpsess3053937060/3rdparty/roundcube/?_task=mail&_mbox=INBOX" "Mozilla/5.0 (Windows NT 10.0; Win64; x64) AppleWebKit/537.36 (KHTML, like Gecko) Chrome/133.0.0.0 Safari/537.36"
66.249.77.198 - - [05/Feb/2025:13:07:22 -0600] "GET /6244971557.shtml HTTP/1.1" 301 254 "-" "Mozilla/5.0 (Linux; Android 6.0.1; Nexus 5X Build/MMB29P) AppleWebKit/537.36 (KHTML, like Gecko) Chrome/132.0.6834.159 Mobile Safari/537.36 (compatible; Googlebot/2.1; +http://www.google.com/bot.html)"
187.195.110.68 - - [05/Feb/2025:13:07:35 -0600] "POST /cpsess0556275423/3rdparty/roundcube/?_task=mail&_action=refresh HTTP/1.1" 308 152 "https://webmail.tjamich.gob.mx/cpsess0556275423/3rdparty/roundcube/?_task=mail&_mbox=INBOX" "Mozilla/5.0 (Windows NT 10.0; Win64; x64) AppleWebKit/537.36 (KHTML, like Gecko) Chrome/132.0.0.0 Safari/537.36"
187.195.110.68 - - [05/Feb/2025:13:07:35 -0600] "POST /cpsess0556275423/3rdparty/roundcube/?_task=mail&_action=refresh HTTP/1.1" 200 135 "https://webmail.tjamich.gob.mx/cpsess0556275423/3rdparty/roundcube/?_task=mail&_mbox=INBOX" "Mozilla/5.0 (Windows NT 10.0; Win64; x64) AppleWebKit/537.36 (KHTML, like Gecko) Chrome/132.0.0.0 Safari/537.36"
78.128.112.220 - - [05/Feb/2025:13:07:36 -0600] "GET /site/login HTTP/1.1" 404 - "-" "Mozilla/5.0 (Macintosh; Intel Mac OS X 10_15_7) AppleWebKit/605.1.15 (KHTML, like Gecko) Version/17.0 Safari/605.1.41"
66.249.77.199 - - [05/Feb/2025:13:07:41 -0600] "GET / HTTP/1.1" 301 238 "-" "Mozilla/5.0 (compatible; Googlebot/2.1; +http://www.google.com/bot.html)"
66.249.77.198 - - [05/Feb/2025:13:07:59 -0600] "GET / HTTP/1.1" 301 238 "-" "Mozilla/5.0 (Linux; Android 6.0.1; Nexus 5X Build/MMB29P) AppleWebKit/537.36 (KHTML, like Gecko) Chrome/132.0.6834.159 Mobile Safari/537.36 (compatible; Googlebot/2.1; +http://www.google.com/bot.html)"
66.249.77.198 - - [05/Feb/2025:13:08:01 -0600] "GET /71040465046.shtml HTTP/1.1" 301 255 "-" "Mozilla/5.0 (Linux; Android 6.0.1; Nexus 5X Build/MMB29P) AppleWebKit/537.36 (KHTML, like Gecko) Chrome/132.0.6834.159 Mobile Safari/537.36 (compatible; GoogleOther)"
187.195.116.142 - - [05/Feb/2025:13:08:09 -0600] "POST /cpsess3053937060/3rdparty/roundcube/?_task=mail&_action=refresh HTTP/1.1" 200 135 "https://webmail.tjamich.gob.mx/cpsess3053937060/3rdparty/roundcube/?_task=mail&_mbox=INBOX" "Mozilla/5.0 (Windows NT 10.0; Win64; x64) AppleWebKit/537.36 (KHTML, like Gecko) Chrome/133.0.0.0 Safari/537.36"
216.244.66.234 - - [05/Feb/2025:13:08:11 -0600] "GET /actividad-jurisdiccional/consulta-listas-de-acuerdos/juzgado-1/pdf/view-box_2021/pdf/9a-7722.pdf HTTP/1.1" 301 334 "-" "Mozilla/5.0 (compatible; DotBot/1.2; +https://opensiteexplorer.org/dotbot; help@moz.com)"
66.249.77.199 - - [05/Feb/2025:13:08:32 -0600] "GET /sisofi_2018/uploads/08-05-2019/SILVIA_BERENICE_NAVARRETE_HORTA.docx HTTP/1.1" 301 305 "-" "Mozilla/5.0 (Linux; Android 6.0.1; Nexus 5X Build/MMB29P) AppleWebKit/537.36 (KHTML, like Gecko) Chrome/132.0.6834.159 Mobile Safari/537.36 (compatible; Googlebot/2.1; +http://www.google.com/bot.html)"
187.195.116.142 - - [05/Feb/2025:13:08:32 -0600] "POST /cpsess3053937060/3rdparty/roundcube/?_task=mail&_action=refresh HTTP/1.1" 200 135 "https://webmail.tjamich.gob.mx/cpsess3053937060/3rdparty/roundcube/?_task=mail&_mbox=INBOX" "Mozilla/5.0 (Windows NT 10.0; Win64; x64) AppleWebKit/537.36 (KHTML, like Gecko) Chrome/133.0.0.0 Safari/537.36"
187.195.110.68 - - [05/Feb/2025:13:08:35 -0600] "POST /cpsess0556275423/3rdparty/roundcube/?_task=mail&_action=refresh HTTP/1.1" 200 135 "https://webmail.tjamich.gob.mx/cpsess0556275423/3rdparty/roundcube/?_task=mail&_mbox=INBOX" "Mozilla/5.0 (Windows NT 10.0; Win64; x64) AppleWebKit/537.36 (KHTML, like Gecko) Chrome/132.0.0.0 Safari/537.36"
157.55.39.60 - - [05/Feb/2025:13:08:52 -0600] "GET /sisofi_2018/uploads/09-01-2023/view-box_2021/pdf/view-box_2021/pdf/9a-7722.pdf HTTP/1.1" 301 316 "-" "Mozilla/5.0 AppleWebKit/537.36 (KHTML, like Gecko; compatible; bingbot/2.0; +http://www.bing.com/bingbot.htm) Chrome/116.0.1938.76 Safari/537.36"
189.243.238.36 - - [05/Feb/2025:13:09:00 -0600] "POST /cpsess9781436776/3rdparty/roundcube/?_task=mail&_action=refresh HTTP/1.1" 200 12365 "https://webmail.tjamich.gob.mx/cpsess9781436776/3rdparty/roundcube/?_task=mail&_mbox=INBOX" "Mozilla/5.0 (Windows NT 10.0; Win64; x64) AppleWebKit/537.36 (KHTML, like Gecko) Chrome/132.0.0.0 Safari/537.36"
187.195.116.142 - - [05/Feb/2025:13:09:27 -0600] "POST /cpsess3053937060/3rdparty/roundcube/?_task=mail&_action=refresh HTTP/1.1" 308 152 "https://webmail.tjamich.gob.mx/cpsess3053937060/3rdparty/roundcube/?_task=mail&_mbox=INBOX" "Mozilla/5.0 (Windows NT 10.0; Win64; x64) AppleWebKit/537.36 (KHTML, like Gecko) Chrome/133.0.0.0 Safari/537.36"
187.195.116.142 - - [05/Feb/2025:13:09:28 -0600] "POST /cpsess3053937060/3rdparty/roundcube/?_task=mail&_action=refresh HTTP/1.1" 200 135 "https://webmail.tjamich.gob.mx/cpsess3053937060/3rdparty/roundcube/?_task=mail&_mbox=INBOX" "Mozilla/5.0 (Windows NT 10.0; Win64; x64) AppleWebKit/537.36 (KHTML, like Gecko) Chrome/133.0.0.0 Safari/537.36"
187.195.110.68 - - [05/Feb/2025:13:09:35 -0600] "POST /cpsess0556275423/3rdparty/roundcube/?_task=mail&_action=refresh HTTP/1.1" 200 135 "https://webmail.tjamich.gob.mx/cpsess0556275423/3rdparty/roundcube/?_task=mail&_mbox=INBOX" "Mozilla/5.0 (Windows NT 10.0; Win64; x64) AppleWebKit/537.36 (KHTML, like Gecko) Chrome/132.0.0.0 Safari/537.36"
66.249.77.200 - - [05/Feb/2025:13:09:42 -0600] "GET /view-box_2021/contenidos.php?action=ver&ta=na35fxxxiii6&year=2022&tempo=17&nt=1 HTTP/1.1" 301 333 "-" "Mozilla/5.0 (Linux; Android 6.0.1; Nexus 5X Build/MMB29P) AppleWebKit/537.36 (KHTML, like Gecko) Chrome/132.0.6834.159 Mobile Safari/537.36 (compatible; Googlebot/2.1; +http://www.google.com/bot.html)"
66.249.77.198 - - [05/Feb/2025:13:10:18 -0600] "GET /964111010379.shtml HTTP/1.1" 301 256 "-" "Mozilla/5.0 (Linux; Android 6.0.1; Nexus 5X Build/MMB29P) AppleWebKit/537.36 (KHTML, like Gecko) Chrome/132.0.6834.159 Mobile Safari/537.36 (compatible; Googlebot/2.1; +http://www.google.com/bot.html)"
187.195.110.68 - - [05/Feb/2025:13:10:35 -0600] "POST /cpsess0556275423/3rdparty/roundcube/?_task=mail&_action=refresh HTTP/1.1" 200 135 "https://webmail.tjamich.gob.mx/cpsess0556275423/3rdparty/roundcube/?_task=mail&_mbox=INBOX" "Mozilla/5.0 (Windows NT 10.0; Win64; x64) AppleWebKit/537.36 (KHTML, like Gecko) Chrome/132.0.0.0 Safari/537.36"
66.249.77.198 - - [05/Feb/2025:13:10:52 -0600] "GET /283821051722.shtml HTTP/1.1" 301 256 "-" "Mozilla/5.0 (Linux; Android 6.0.1; Nexus 5X Build/MMB29P) AppleWebKit/537.36 (KHTML, like Gecko) Chrome/132.0.6834.159 Mobile Safari/537.36 (compatible; Googlebot/2.1; +http://www.google.com/bot.html)"
189.243.238.36 - - [05/Feb/2025:13:11:00 -0600] "POST /cpsess9781436776/3rdparty/roundcube/?_task=mail&_action=refresh HTTP/1.1" 200 12359 "https://webmail.tjamich.gob.mx/cpsess9781436776/3rdparty/roundcube/?_task=mail&_mbox=INBOX" "Mozilla/5.0 (Windows NT 10.0; Win64; x64) AppleWebKit/537.36 (KHTML, like Gecko) Chrome/132.0.0.0 Safari/537.36"
66.249.77.198 - - [05/Feb/2025:13:11:08 -0600] "GET /421821260844.shtml HTTP/1.1" 301 256 "-" "Mozilla/5.0 (compatible; Googlebot/2.1; +http://www.google.com/bot.html)"
187.195.116.142 - - [05/Feb/2025:13:11:13 -0600] "POST /cpsess3053937060/3rdparty/roundcube/?_task=mail&_action=refresh HTTP/1.1" 308 152 "https://webmail.tjamich.gob.mx/cpsess3053937060/3rdparty/roundcube/?_task=mail&_mbox=INBOX" "Mozilla/5.0 (Windows NT 10.0; Win64; x64) AppleWebKit/537.36 (KHTML, like Gecko) Chrome/133.0.0.0 Safari/537.36"
187.195.116.142 - - [05/Feb/2025:13:11:13 -0600] "POST /cpsess3053937060/3rdparty/roundcube/?_task=mail&_action=refresh HTTP/1.1" 200 135 "https://webmail.tjamich.gob.mx/cpsess3053937060/3rdparty/roundcube/?_task=mail&_mbox=INBOX" "Mozilla/5.0 (Windows NT 10.0; Win64; x64) AppleWebKit/537.36 (KHTML, like Gecko) Chrome/133.0.0.0 Safari/537.36"
66.249.72.141 - - [05/Feb/2025:13:11:34 -0600] "GET /sisofi_2018/uploads/21-10-2021/JA-0300-2019-II.pdf HTTP/1.1" 301 288 "-" "Mozilla/5.0 (Linux; Android 6.0.1; Nexus 5X Build/MMB29P) AppleWebKit/537.36 (KHTML, like Gecko) Chrome/132.0.6834.159 Mobile Safari/537.36 (compatible; Googlebot/2.1; +http://www.google.com/bot.html)"
187.195.110.68 - - [05/Feb/2025:13:11:35 -0600] "POST /cpsess0556275423/3rdparty/roundcube/?_task=mail&_action=refresh HTTP/1.1" 200 135 "https://webmail.tjamich.gob.mx/cpsess0556275423/3rdparty/roundcube/?_task=mail&_mbox=INBOX" "Mozilla/5.0 (Windows NT 10.0; Win64; x64) AppleWebKit/537.36 (KHTML, like Gecko) Chrome/132.0.0.0 Safari/537.36"
66.249.77.198 - - [05/Feb/2025:13:12:02 -0600] "GET /702981043753.shtml HTTP/1.1" 301 256 "-" "Mozilla/5.0 (Linux; Android 6.0.1; Nexus 5X Build/MMB29P) AppleWebKit/537.36 (KHTML, like Gecko) Chrome/132.0.6834.159 Mobile Safari/537.36 (compatible; Googlebot/2.1; +http://www.google.com/bot.html)"
66.249.77.199 - - [05/Feb/2025:13:12:02 -0600] "GET /396791276715.shtml HTTP/1.1" 301 256 "-" "Mozilla/5.0 (Linux; Android 6.0.1; Nexus 5X Build/MMB29P) AppleWebKit/537.36 (KHTML, like Gecko) Chrome/132.0.6834.159 Mobile Safari/537.36 (compatible; GoogleOther)"
40.77.167.6 - - [05/Feb/2025:13:12:10 -0600] "GET /item/twl96hqito46693.html HTTP/1.1" 301 263 "-" "Mozilla/5.0 AppleWebKit/537.36 (KHTML, like Gecko; compatible; bingbot/2.0; +http://www.bing.com/bingbot.htm) Chrome/116.0.1938.76 Safari/537.36"
187.195.116.142 - - [05/Feb/2025:13:12:13 -0600] "POST /cpsess3053937060/3rdparty/roundcube/?_task=mail&_action=refresh HTTP/1.1" 308 152 "https://webmail.tjamich.gob.mx/cpsess3053937060/3rdparty/roundcube/?_task=mail&_mbox=INBOX" "Mozilla/5.0 (Windows NT 10.0; Win64; x64) AppleWebKit/537.36 (KHTML, like Gecko) Chrome/133.0.0.0 Safari/537.36"
187.195.116.142 - - [05/Feb/2025:13:12:13 -0600] "POST /cpsess3053937060/3rdparty/roundcube/?_task=mail&_action=refresh HTTP/1.1" 200 135 "https://webmail.tjamich.gob.mx/cpsess3053937060/3rdparty/roundcube/?_task=mail&_mbox=INBOX" "Mozilla/5.0 (Windows NT 10.0; Win64; x64) AppleWebKit/537.36 (KHTML, like Gecko) Chrome/133.0.0.0 Safari/537.36"
187.195.110.68 - - [05/Feb/2025:13:12:35 -0600] "POST /cpsess0556275423/3rdparty/roundcube/?_task=mail&_action=refresh HTTP/1.1" 200 135 "https://webmail.tjamich.gob.mx/cpsess0556275423/3rdparty/roundcube/?_task=mail&_mbox=INBOX" "Mozilla/5.0 (Windows NT 10.0; Win64; x64) AppleWebKit/537.36 (KHTML, like Gecko) Chrome/132.0.0.0 Safari/537.36"
104.219.214.185 - - [05/Feb/2025:13:13:00 -0600] "GET /wp-includes/install.php HTTP/1.1" 301 261 "https://tjamich.gob.mx/wp-includes/install.php" "Mozilla/5.0 (Windows NT 10.0; Win64; x64) AppleWebKit/537.36 (KHTML, like Gecko) Chrome/58.0.3029.110 Safari/537.3"
189.243.238.36 - - [05/Feb/2025:13:13:00 -0600] "POST /cpsess9781436776/3rdparty/roundcube/?_task=mail&_action=refresh HTTP/1.1" 308 152 "https://webmail.tjamich.gob.mx/cpsess9781436776/3rdparty/roundcube/?_task=mail&_mbox=INBOX" "Mozilla/5.0 (Windows NT 10.0; Win64; x64) AppleWebKit/537.36 (KHTML, like Gecko) Chrome/132.0.0.0 Safari/537.36"
189.243.238.36 - - [05/Feb/2025:13:13:00 -0600] "POST /cpsess9781436776/3rdparty/roundcube/?_task=mail&_action=refresh HTTP/1.1" 200 12367 "https://webmail.tjamich.gob.mx/cpsess9781436776/3rdparty/roundcube/?_task=mail&_mbox=INBOX" "Mozilla/5.0 (Windows NT 10.0; Win64; x64) AppleWebKit/537.36 (KHTML, like Gecko) Chrome/132.0.0.0 Safari/537.36"
104.219.214.185 - - [05/Feb/2025:13:13:04 -0600] "GET / HTTP/1.1" 301 238 "https://tjamich.gob.mx" "Mozilla/5.0 (Windows NT 10.0; Win64; x64) AppleWebKit/537.36 (KHTML, like Gecko) Chrome/58.0.3029.110 Safari/537.3"
187.195.116.142 - - [05/Feb/2025:13:13:13 -0600] "POST /cpsess3053937060/3rdparty/roundcube/?_task=mail&_action=refresh HTTP/1.1" 200 135 "https://webmail.tjamich.gob.mx/cpsess3053937060/3rdparty/roundcube/?_task=mail&_mbox=INBOX" "Mozilla/5.0 (Windows NT 10.0; Win64; x64) AppleWebKit/537.36 (KHTML, like Gecko) Chrome/133.0.0.0 Safari/537.36"
66.249.77.198 - - [05/Feb/2025:13:13:30 -0600] "GET /02325517388.shtml HTTP/1.1" 301 255 "-" "Mozilla/5.0 (Linux; Android 6.0.1; Nexus 5X Build/MMB29P) AppleWebKit/537.36 (KHTML, like Gecko) Chrome/132.0.6834.159 Mobile Safari/537.36 (compatible; Googlebot/2.1; +http://www.google.com/bot.html)"
40.77.167.79 - - [05/Feb/2025:13:13:32 -0600] "GET /ningun-funcionario-esta-libre-de-culpas-raymundo-arreola/pdf/view-box_2021/view-box_2021/pdf/Pleno HTTP/1.1" 301 336 "-" "Mozilla/5.0 AppleWebKit/537.36 (KHTML, like Gecko; compatible; bingbot/2.0; +http://www.bing.com/bingbot.htm) Chrome/116.0.1938.76 Safari/537.36"
187.195.110.68 - - [05/Feb/2025:13:13:35 -0600] "POST /cpsess0556275423/3rdparty/roundcube/?_task=mail&_action=refresh HTTP/1.1" 200 135 "https://webmail.tjamich.gob.mx/cpsess0556275423/3rdparty/roundcube/?_task=mail&_mbox=INBOX" "Mozilla/5.0 (Windows NT 10.0; Win64; x64) AppleWebKit/537.36 (KHTML, like Gecko) Chrome/132.0.0.0 Safari/537.36"
187.195.116.142 - - [05/Feb/2025:13:14:13 -0600] "POST /cpsess3053937060/3rdparty/roundcube/?_task=mail&_action=refresh HTTP/1.1" 200 135 "https://webmail.tjamich.gob.mx/cpsess3053937060/3rdparty/roundcube/?_task=mail&_mbox=INBOX" "Mozilla/5.0 (Windows NT 10.0; Win64; x64) AppleWebKit/537.36 (KHTML, like Gecko) Chrome/133.0.0.0 Safari/537.36"
159.223.37.255 - - [05/Feb/2025:13:14:30 -0600] "GET /img/noticias/856_PORTADA%2020%20de%20mayo%20de%202022%20(3).png HTTP/1.1" 301 301 "-" "Mozilla/5.0 (Windows NT 10.0; Win64; x64) AppleWebKit/537.36 (KHTML, like Gecko) Chrome/121.0.0.0 Safari/537.36 Edg/121.0.0.0 Viewer/99.9.9009.89"
187.195.110.68 - - [05/Feb/2025:13:14:35 -0600] "POST /cpsess0556275423/3rdparty/roundcube/?_task=mail&_action=refresh HTTP/1.1" 200 135 "https://webmail.tjamich.gob.mx/cpsess0556275423/3rdparty/roundcube/?_task=mail&_mbox=INBOX" "Mozilla/5.0 (Windows NT 10.0; Win64; x64) AppleWebKit/537.36 (KHTML, like Gecko) Chrome/132.0.0.0 Safari/537.36"
40.77.167.33 - - [05/Feb/2025:13:14:44 -0600] "GET /declaraciones/declaranet/view-box_2021/view-box_2021/pdf/pdf/Calendario-Oficial HTTP/1.1" 301 317 "-" "Mozilla/5.0 AppleWebKit/537.36 (KHTML, like Gecko; compatible; bingbot/2.0; +http://www.bing.com/bingbot.htm) Chrome/116.0.1938.76 Safari/537.36"
66.249.77.198 - - [05/Feb/2025:13:14:54 -0600] "GET /77999965654.shtml HTTP/1.1" 301 255 "-" "Mozilla/5.0 (Linux; Android 6.0.1; Nexus 5X Build/MMB29P) AppleWebKit/537.36 (KHTML, like Gecko) Chrome/132.0.6834.159 Mobile Safari/537.36 (compatible; GoogleOther)"
189.243.238.36 - - [05/Feb/2025:13:15:00 -0600] "POST /cpsess9781436776/3rdparty/roundcube/?_task=mail&_action=refresh HTTP/1.1" 308 152 "https://webmail.tjamich.gob.mx/cpsess9781436776/3rdparty/roundcube/?_task=mail&_mbox=INBOX" "Mozilla/5.0 (Windows NT 10.0; Win64; x64) AppleWebKit/537.36 (KHTML, like Gecko) Chrome/132.0.0.0 Safari/537.36"
189.243.238.36 - - [05/Feb/2025:13:15:00 -0600] "POST /cpsess9781436776/3rdparty/roundcube/?_task=mail&_action=refresh HTTP/1.1" 200 12365 "https://webmail.tjamich.gob.mx/cpsess9781436776/3rdparty/roundcube/?_task=mail&_mbox=INBOX" "Mozilla/5.0 (Windows NT 10.0; Win64; x64) AppleWebKit/537.36 (KHTML, like Gecko) Chrome/132.0.0.0 Safari/537.36"
187.195.116.142 - - [05/Feb/2025:13:15:02 -0600] "POST /cpsess3053937060/3rdparty/roundcube/?_task=mail&_action=refresh HTTP/1.1" 200 135 "https://webmail.tjamich.gob.mx/cpsess3053937060/3rdparty/roundcube/?_task=mail&_mbox=INBOX" "Mozilla/5.0 (Windows NT 10.0; Win64; x64) AppleWebKit/537.36 (KHTML, like Gecko) Chrome/133.0.0.0 Safari/537.36"
66.249.77.200 - - [05/Feb/2025:13:15:06 -0600] "GET /212851474085.shtml HTTP/1.1" 301 256 "-" "Mozilla/5.0 (Linux; Android 6.0.1; Nexus 5X Build/MMB29P) AppleWebKit/537.36 (KHTML, like Gecko) Chrome/132.0.6834.159 Mobile Safari/537.36 (compatible; Googlebot/2.1; +http://www.google.com/bot.html)"
187.195.116.142 - - [05/Feb/2025:13:15:27 -0600] "POST /cpsess3053937060/3rdparty/roundcube/?_task=mail&_action=refresh HTTP/1.1" 200 135 "https://webmail.tjamich.gob.mx/cpsess3053937060/3rdparty/roundcube/?_task=mail&_mbox=INBOX" "Mozilla/5.0 (Windows NT 10.0; Win64; x64) AppleWebKit/537.36 (KHTML, like Gecko) Chrome/133.0.0.0 Safari/537.36"
187.195.110.68 - - [05/Feb/2025:13:15:35 -0600] "POST /cpsess0556275423/3rdparty/roundcube/?_task=mail&_action=refresh HTTP/1.1" 308 152 "https://webmail.tjamich.gob.mx/cpsess0556275423/3rdparty/roundcube/?_task=mail&_mbox=INBOX" "Mozilla/5.0 (Windows NT 10.0; Win64; x64) AppleWebKit/537.36 (KHTML, like Gecko) Chrome/132.0.0.0 Safari/537.36"
187.195.110.68 - - [05/Feb/2025:13:15:35 -0600] "POST /cpsess0556275423/3rdparty/roundcube/?_task=mail&_action=refresh HTTP/1.1" 200 135 "https://webmail.tjamich.gob.mx/cpsess0556275423/3rdparty/roundcube/?_task=mail&_mbox=INBOX" "Mozilla/5.0 (Windows NT 10.0; Win64; x64) AppleWebKit/537.36 (KHTML, like Gecko) Chrome/132.0.0.0 Safari/537.36"
187.195.110.68 - - [05/Feb/2025:13:15:54 -0600] "POST /cpsess0556275423/3rdparty/roundcube/?_task=mail&_action=refresh HTTP/1.1" 200 135 "https://webmail.tjamich.gob.mx/cpsess0556275423/3rdparty/roundcube/?_task=mail&_mbox=INBOX" "Mozilla/5.0 (Windows NT 10.0; Win64; x64) AppleWebKit/537.36 (KHTML, like Gecko) Chrome/132.0.0.0 Safari/537.36"
66.249.77.199 - - [05/Feb/2025:13:16:06 -0600] "GET /398101244854.shtml HTTP/1.1" 301 256 "-" "Mozilla/5.0 (Linux; Android 6.0.1; Nexus 5X Build/MMB29P) AppleWebKit/537.36 (KHTML, like Gecko) Chrome/132.0.6834.159 Mobile Safari/537.36 (compatible; GoogleOther)"
187.195.116.142 - - [05/Feb/2025:13:16:28 -0600] "POST /cpsess3053937060/3rdparty/roundcube/?_task=mail&_action=refresh HTTP/1.1" 308 152 "https://webmail.tjamich.gob.mx/cpsess3053937060/3rdparty/roundcube/?_task=mail&_mbox=INBOX" "Mozilla/5.0 (Windows NT 10.0; Win64; x64) AppleWebKit/537.36 (KHTML, like Gecko) Chrome/133.0.0.0 Safari/537.36"
66.249.77.199 - - [05/Feb/2025:13:16:29 -0600] "GET /view-box_2021/contenidos.php?action=ver&ta=na35fxx&year=2022&tempo=13&nt=1 HTTP/1.1" 301 328 "-" "Mozilla/5.0 (Linux; Android 6.0.1; Nexus 5X Build/MMB29P) AppleWebKit/537.36 (KHTML, like Gecko) Chrome/132.0.6834.159 Mobile Safari/537.36 (compatible; Googlebot/2.1; +http://www.google.com/bot.html)"
187.195.116.142 - - [05/Feb/2025:13:16:29 -0600] "POST /cpsess3053937060/3rdparty/roundcube/?_task=mail&_action=refresh HTTP/1.1" 200 135 "https://webmail.tjamich.gob.mx/cpsess3053937060/3rdparty/roundcube/?_task=mail&_mbox=INBOX" "Mozilla/5.0 (Windows NT 10.0; Win64; x64) AppleWebKit/537.36 (KHTML, like Gecko) Chrome/133.0.0.0 Safari/537.36"
187.195.110.68 - - [05/Feb/2025:13:16:54 -0600] "POST /cpsess0556275423/3rdparty/roundcube/?_task=mail&_action=refresh HTTP/1.1" 200 135 "https://webmail.tjamich.gob.mx/cpsess0556275423/3rdparty/roundcube/?_task=mail&_mbox=INBOX" "Mozilla/5.0 (Windows NT 10.0; Win64; x64) AppleWebKit/537.36 (KHTML, like Gecko) Chrome/132.0.0.0 Safari/537.36"
189.243.238.36 - - [05/Feb/2025:13:17:00 -0600] "POST /cpsess9781436776/3rdparty/roundcube/?_task=mail&_action=refresh HTTP/1.1" 200 12367 "https://webmail.tjamich.gob.mx/cpsess9781436776/3rdparty/roundcube/?_task=mail&_mbox=INBOX" "Mozilla/5.0 (Windows NT 10.0; Win64; x64) AppleWebKit/537.36 (KHTML, like Gecko) Chrome/132.0.0.0 Safari/537.36"
66.249.77.200 - - [05/Feb/2025:13:17:23 -0600] "GET /610071549667.shtml HTTP/1.1" 301 256 "-" "Mozilla/5.0 (Linux; Android 6.0.1; Nexus 5X Build/MMB29P) AppleWebKit/537.36 (KHTML, like Gecko) Chrome/132.0.6834.159 Mobile Safari/537.36 (compatible; Googlebot/2.1; +http://www.google.com/bot.html)"
187.195.116.142 - - [05/Feb/2025:13:17:29 -0600] "POST /cpsess3053937060/3rdparty/roundcube/?_task=mail&_action=refresh HTTP/1.1" 200 135 "https://webmail.tjamich.gob.mx/cpsess3053937060/3rdparty/roundcube/?_task=mail&_mbox=INBOX" "Mozilla/5.0 (Windows NT 10.0; Win64; x64) AppleWebKit/537.36 (KHTML, like Gecko) Chrome/133.0.0.0 Safari/537.36"
66.249.77.199 - - [05/Feb/2025:13:17:51 -0600] "GET /761701267524.shtml HTTP/1.1" 301 256 "-" "Mozilla/5.0 (Linux; Android 6.0.1; Nexus 5X Build/MMB29P) AppleWebKit/537.36 (KHTML, like Gecko) Chrome/132.0.6834.159 Mobile Safari/537.36 (compatible; Googlebot/2.1; +http://www.google.com/bot.html)"
187.195.110.68 - - [05/Feb/2025:13:17:55 -0600] "POST /cpsess0556275423/3rdparty/roundcube/?_task=mail&_action=refresh HTTP/1.1" 200 135 "https://webmail.tjamich.gob.mx/cpsess0556275423/3rdparty/roundcube/?_task=mail&_mbox=INBOX" "Mozilla/5.0 (Windows NT 10.0; Win64; x64) AppleWebKit/537.36 (KHTML, like Gecko) Chrome/132.0.0.0 Safari/537.36"
157.245.200.33 - - [05/Feb/2025:13:18:40 -0600] "GET /img/noticias/728_23%20feb%2021%20DOS.fw.png HTTP/1.1" 301 281 "-" "Mozilla/5.0 (Windows NT 10.0; Win64; x64) AppleWebKit/537.36 (KHTML, like Gecko) Chrome/121.0.0.0 Safari/537.36 Edg/121.0.0.0"
189.243.238.36 - - [05/Feb/2025:13:18:43 -0600] "GET /webmail HTTP/1.1" 200 33919 "-" "Mozilla/5.0 (Windows NT 10.0; Win64; x64) AppleWebKit/537.36 (KHTML, like Gecko) Chrome/132.0.0.0 Safari/537.36 Edg/132.0.0.0"
66.249.77.198 - - [05/Feb/2025:13:18:45 -0600] "GET /318721369226.shtml HTTP/1.1" 301 256 "-" "Mozilla/5.0 (Linux; Android 6.0.1; Nexus 5X Build/MMB29P) AppleWebKit/537.36 (KHTML, like Gecko) Chrome/132.0.6834.159 Mobile Safari/537.36 (compatible; Googlebot/2.1; +http://www.google.com/bot.html)"
189.243.238.36 - - [05/Feb/2025:13:18:45 -0600] "GET /unprotected/loader.html?random=srJ_LqofQh8vZkiM&goto_uri= HTTP/1.1" 200 905 "https://www.tjamich.gob.mx/" "Mozilla/5.0 (Windows NT 10.0; Win64; x64) AppleWebKit/537.36 (KHTML, like Gecko) Chrome/132.0.0.0 Safari/537.36 Edg/132.0.0.0"
187.195.110.68 - - [05/Feb/2025:13:18:56 -0600] "POST /cpsess0556275423/3rdparty/roundcube/?_task=mail&_action=refresh HTTP/1.1" 200 135 "https://webmail.tjamich.gob.mx/cpsess0556275423/3rdparty/roundcube/?_task=mail&_mbox=INBOX" "Mozilla/5.0 (Windows NT 10.0; Win64; x64) AppleWebKit/537.36 (KHTML, like Gecko) Chrome/132.0.0.0 Safari/537.36"
187.142.67.117 - - [05/Feb/2025:13:19:00 -0600] "-" 408 - "-" "-"
189.243.238.36 - - [05/Feb/2025:13:19:00 -0600] "POST /cpsess9781436776/3rdparty/roundcube/?_task=mail&_action=refresh HTTP/1.1" 200 12362 "https://webmail.tjamich.gob.mx/cpsess9781436776/3rdparty/roundcube/?_task=mail&_mbox=INBOX" "Mozilla/5.0 (Windows NT 10.0; Win64; x64) AppleWebKit/537.36 (KHTML, like Gecko) Chrome/132.0.0.0 Safari/537.36"
187.142.67.117 - - [05/Feb/2025:13:19:08 -0600] "-" 408 - "-" "-"
66.249.77.199 - - [05/Feb/2025:13:19:12 -0600] "GET /12768807545.shtml HTTP/1.1" 301 255 "-" "Mozilla/5.0 (Linux; Android 6.0.1; Nexus 5X Build/MMB29P) AppleWebKit/537.36 (KHTML, like Gecko) Chrome/132.0.6834.159 Mobile Safari/537.36 (compatible; Googlebot/2.1; +http://www.google.com/bot.html)"
187.195.116.142 - - [05/Feb/2025:13:19:13 -0600] "POST /cpsess3053937060/3rdparty/roundcube/?_task=mail&_action=refresh HTTP/1.1" 308 152 "https://webmail.tjamich.gob.mx/cpsess3053937060/3rdparty/roundcube/?_task=mail&_mbox=INBOX" "Mozilla/5.0 (Windows NT 10.0; Win64; x64) AppleWebKit/537.36 (KHTML, like Gecko) Chrome/133.0.0.0 Safari/537.36"
187.195.116.142 - - [05/Feb/2025:13:19:14 -0600] "POST /cpsess3053937060/3rdparty/roundcube/?_task=mail&_action=refresh HTTP/1.1" 200 135 "https://webmail.tjamich.gob.mx/cpsess3053937060/3rdparty/roundcube/?_task=mail&_mbox=INBOX" "Mozilla/5.0 (Windows NT 10.0; Win64; x64) AppleWebKit/537.36 (KHTML, like Gecko) Chrome/133.0.0.0 Safari/537.36"
66.249.77.199 - - [05/Feb/2025:13:19:39 -0600] "GET /815241232681.shtml HTTP/1.1" 301 256 "-" "Mozilla/5.0 (Linux; Android 6.0.1; Nexus 5X Build/MMB29P) AppleWebKit/537.36 (KHTML, like Gecko) Chrome/132.0.6834.159 Mobile Safari/537.36 (compatible; Googlebot/2.1; +http://www.google.com/bot.html)"
66.249.72.140 - - [05/Feb/2025:13:19:42 -0600] "GET / HTTP/1.1" 301 238 "-" "Mozilla/5.0 (compatible; Googlebot/2.1; +http://www.google.com/bot.html)"
187.195.110.68 - - [05/Feb/2025:13:19:57 -0600] "POST /cpsess0556275423/3rdparty/roundcube/?_task=mail&_action=refresh HTTP/1.1" 200 135 "https://webmail.tjamich.gob.mx/cpsess0556275423/3rdparty/roundcube/?_task=mail&_mbox=INBOX" "Mozilla/5.0 (Windows NT 10.0; Win64; x64) AppleWebKit/537.36 (KHTML, like Gecko) Chrome/132.0.0.0 Safari/537.36"
187.195.116.142 - - [05/Feb/2025:13:20:13 -0600] "POST /cpsess3053937060/3rdparty/roundcube/?_task=mail&_action=refresh HTTP/1.1" 200 135 "https://webmail.tjamich.gob.mx/cpsess3053937060/3rdparty/roundcube/?_task=mail&_mbox=INBOX" "Mozilla/5.0 (Windows NT 10.0; Win64; x64) AppleWebKit/537.36 (KHTML, like Gecko) Chrome/133.0.0.0 Safari/537.36"
40.77.167.28 - - [05/Feb/2025:13:20:52 -0600] "GET /products/lapp-wire-%C3%83%C6%92%C3%86%E2%80%99%C3%83%C2%A2%C3%A2%E2%80%9A%C2%AC%C3%A2%E2%82%AC%C5%93lflex-classic-100;-unshielded;-300v-500v;-cu;/Pleno HTTP/1.1" 301 389 "-" "Mozilla/5.0 AppleWebKit/537.36 (KHTML, like Gecko; compatible; bingbot/2.0; +http://www.bing.com/bingbot.htm) Chrome/116.0.1938.76 Safari/537.36"
187.175.198.113 - - [05/Feb/2025:13:20:56 -0600] "-" 408 - "-" "-"
187.195.110.68 - - [05/Feb/2025:13:20:58 -0600] "POST /cpsess0556275423/3rdparty/roundcube/?_task=mail&_action=refresh HTTP/1.1" 308 152 "https://webmail.tjamich.gob.mx/cpsess0556275423/3rdparty/roundcube/?_task=mail&_mbox=INBOX" "Mozilla/5.0 (Windows NT 10.0; Win64; x64) AppleWebKit/537.36 (KHTML, like Gecko) Chrome/132.0.0.0 Safari/537.36"
187.195.110.68 - - [05/Feb/2025:13:20:58 -0600] "POST /cpsess0556275423/3rdparty/roundcube/?_task=mail&_action=refresh HTTP/1.1" 200 135 "https://webmail.tjamich.gob.mx/cpsess0556275423/3rdparty/roundcube/?_task=mail&_mbox=INBOX" "Mozilla/5.0 (Windows NT 10.0; Win64; x64) AppleWebKit/537.36 (KHTML, like Gecko) Chrome/132.0.0.0 Safari/537.36"
189.243.238.36 - - [05/Feb/2025:13:21:00 -0600] "POST /cpsess9781436776/3rdparty/roundcube/?_task=mail&_action=refresh HTTP/1.1" 200 12358 "https://webmail.tjamich.gob.mx/cpsess9781436776/3rdparty/roundcube/?_task=mail&_mbox=INBOX" "Mozilla/5.0 (Windows NT 10.0; Win64; x64) AppleWebKit/537.36 (KHTML, like Gecko) Chrome/132.0.0.0 Safari/537.36"
66.249.77.199 - - [05/Feb/2025:13:21:01 -0600] "GET /97948553400.shtml HTTP/1.1" 301 255 "-" "Mozilla/5.0 (Linux; Android 6.0.1; Nexus 5X Build/MMB29P) AppleWebKit/537.36 (KHTML, like Gecko) Chrome/132.0.6834.159 Mobile Safari/537.36 (compatible; Googlebot/2.1; +http://www.google.com/bot.html)"
66.249.77.199 - - [05/Feb/2025:13:21:09 -0600] "GET /46223694702.shtml HTTP/1.1" 301 255 "-" "Mozilla/5.0 (Linux; Android 6.0.1; Nexus 5X Build/MMB29P) AppleWebKit/537.36 (KHTML, like Gecko) Chrome/132.0.6834.159 Mobile Safari/537.36 (compatible; GoogleOther)"
187.195.116.142 - - [05/Feb/2025:13:21:13 -0600] "POST /cpsess3053937060/3rdparty/roundcube/?_task=mail&_action=refresh HTTP/1.1" 308 152 "https://webmail.tjamich.gob.mx/cpsess3053937060/3rdparty/roundcube/?_task=mail&_mbox=INBOX" "Mozilla/5.0 (Windows NT 10.0; Win64; x64) AppleWebKit/537.36 (KHTML, like Gecko) Chrome/133.0.0.0 Safari/537.36"
187.195.116.142 - - [05/Feb/2025:13:21:14 -0600] "POST /cpsess3053937060/3rdparty/roundcube/?_task=mail&_action=refresh HTTP/1.1" 200 135 "https://webmail.tjamich.gob.mx/cpsess3053937060/3rdparty/roundcube/?_task=mail&_mbox=INBOX" "Mozilla/5.0 (Windows NT 10.0; Win64; x64) AppleWebKit/537.36 (KHTML, like Gecko) Chrome/133.0.0.0 Safari/537.36"
66.249.77.198 - - [05/Feb/2025:13:21:29 -0600] "GET /58382686393.shtml HTTP/1.1" 301 255 "-" "Mozilla/5.0 (Linux; Android 6.0.1; Nexus 5X Build/MMB29P) AppleWebKit/537.36 (KHTML, like Gecko) Chrome/132.0.6834.159 Mobile Safari/537.36 (compatible; Googlebot/2.1; +http://www.google.com/bot.html)"
177.240.143.109 - - [05/Feb/2025:13:21:49 -0600] "-" 408 - "-" "-"
177.240.143.109 - - [05/Feb/2025:13:21:49 -0600] "-" 408 - "-" "-"
66.249.77.198 - - [05/Feb/2025:13:21:56 -0600] "GET /797811033719.shtml HTTP/1.1" 301 256 "-" "Mozilla/5.0 (Linux; Android 6.0.1; Nexus 5X Build/MMB29P) AppleWebKit/537.36 (KHTML, like Gecko) Chrome/132.0.6834.159 Mobile Safari/537.36 (compatible; Googlebot/2.1; +http://www.google.com/bot.html)"
187.195.110.68 - - [05/Feb/2025:13:21:59 -0600] "POST /cpsess0556275423/3rdparty/roundcube/?_task=mail&_action=refresh HTTP/1.1" 200 135 "https://webmail.tjamich.gob.mx/cpsess0556275423/3rdparty/roundcube/?_task=mail&_mbox=INBOX" "Mozilla/5.0 (Windows NT 10.0; Win64; x64) AppleWebKit/537.36 (KHTML, like Gecko) Chrome/132.0.0.0 Safari/537.36"
187.195.116.142 - - [05/Feb/2025:13:22:13 -0600] "POST /cpsess3053937060/3rdparty/roundcube/?_task=mail&_action=refresh HTTP/1.1" 200 135 "https://webmail.tjamich.gob.mx/cpsess3053937060/3rdparty/roundcube/?_task=mail&_mbox=INBOX" "Mozilla/5.0 (Windows NT 10.0; Win64; x64) AppleWebKit/537.36 (KHTML, like Gecko) Chrome/133.0.0.0 Safari/537.36"
66.249.77.200 - - [05/Feb/2025:13:22:44 -0600] "GET /11090207999.shtml HTTP/1.1" 301 255 "-" "Mozilla/5.0 (Linux; Android 6.0.1; Nexus 5X Build/MMB29P) AppleWebKit/537.36 (KHTML, like Gecko) Chrome/132.0.6834.159 Mobile Safari/537.36 (compatible; Googlebot/2.1; +http://www.google.com/bot.html)"
187.195.110.68 - - [05/Feb/2025:13:22:54 -0600] "POST /cpsess0556275423/3rdparty/roundcube/?_task=mail&_action=refresh HTTP/1.1" 200 135 "https://webmail.tjamich.gob.mx/cpsess0556275423/3rdparty/roundcube/?_task=mail&_mbox=INBOX" "Mozilla/5.0 (Windows NT 10.0; Win64; x64) AppleWebKit/537.36 (KHTML, like Gecko) Chrome/132.0.0.0 Safari/537.36"
189.243.238.36 - - [05/Feb/2025:13:23:00 -0600] "POST /cpsess9781436776/3rdparty/roundcube/?_task=mail&_action=refresh HTTP/1.1" 200 12366 "https://webmail.tjamich.gob.mx/cpsess9781436776/3rdparty/roundcube/?_task=mail&_mbox=INBOX" "Mozilla/5.0 (Windows NT 10.0; Win64; x64) AppleWebKit/537.36 (KHTML, like Gecko) Chrome/132.0.0.0 Safari/537.36"
114.119.149.171 - - [05/Feb/2025:13:23:07 -0600] "GET /LAI/servicios.pdf HTTP/1.1" 301 255 "-" "Mozilla/5.0 (Linux; Android 7.0;) AppleWebKit/537.36 (KHTML, like Gecko) Mobile Safari/537.36 (compatible; PetalBot;+https://webmaster.petalsearch.com/site/petalbot)"
66.249.77.198 - - [05/Feb/2025:13:23:12 -0600] "GET /61773720183.shtml HTTP/1.1" 301 255 "-" "Mozilla/5.0 (Linux; Android 6.0.1; Nexus 5X Build/MMB29P) AppleWebKit/537.36 (KHTML, like Gecko) Chrome/132.0.6834.159 Mobile Safari/537.36 (compatible; Googlebot/2.1; +http://www.google.com/bot.html)"
187.195.116.142 - - [05/Feb/2025:13:23:13 -0600] "POST /cpsess3053937060/3rdparty/roundcube/?_task=mail&_action=refresh HTTP/1.1" 308 152 "https://webmail.tjamich.gob.mx/cpsess3053937060/3rdparty/roundcube/?_task=mail&_mbox=INBOX" "Mozilla/5.0 (Windows NT 10.0; Win64; x64) AppleWebKit/537.36 (KHTML, like Gecko) Chrome/133.0.0.0 Safari/537.36"
187.195.116.142 - - [05/Feb/2025:13:23:14 -0600] "POST /cpsess3053937060/3rdparty/roundcube/?_task=mail&_action=refresh HTTP/1.1" 200 135 "https://webmail.tjamich.gob.mx/cpsess3053937060/3rdparty/roundcube/?_task=mail&_mbox=INBOX" "Mozilla/5.0 (Windows NT 10.0; Win64; x64) AppleWebKit/537.36 (KHTML, like Gecko) Chrome/133.0.0.0 Safari/537.36"
201.116.229.74 - - [05/Feb/2025:13:23:18 -0600] "-" 408 - "-" "-"
66.249.77.198 - - [05/Feb/2025:13:23:39 -0600] "GET /LAI/historico/inventario/inventario2015.pdf HTTP/1.1" 301 281 "-" "Mozilla/5.0 (Linux; Android 6.0.1; Nexus 5X Build/MMB29P) AppleWebKit/537.36 (KHTML, like Gecko) Chrome/132.0.6834.159 Mobile Safari/537.36 (compatible; Googlebot/2.1; +http://www.google.com/bot.html)"
187.195.110.68 - - [05/Feb/2025:13:23:59 -0600] "POST /cpsess0556275423/3rdparty/roundcube/?_task=mail&_action=refresh HTTP/1.1" 308 152 "https://webmail.tjamich.gob.mx/cpsess0556275423/3rdparty/roundcube/?_task=mail&_mbox=INBOX" "Mozilla/5.0 (Windows NT 10.0; Win64; x64) AppleWebKit/537.36 (KHTML, like Gecko) Chrome/132.0.0.0 Safari/537.36"
187.195.110.68 - - [05/Feb/2025:13:23:59 -0600] "POST /cpsess0556275423/3rdparty/roundcube/?_task=mail&_action=refresh HTTP/1.1" 200 135 "https://webmail.tjamich.gob.mx/cpsess0556275423/3rdparty/roundcube/?_task=mail&_mbox=INBOX" "Mozilla/5.0 (Windows NT 10.0; Win64; x64) AppleWebKit/537.36 (KHTML, like Gecko) Chrome/132.0.0.0 Safari/537.36"
66.249.77.199 - - [05/Feb/2025:13:24:06 -0600] "GET /13707597028.shtml HTTP/1.1" 301 255 "-" "Mozilla/5.0 (Linux; Android 6.0.1; Nexus 5X Build/MMB29P) AppleWebKit/537.36 (KHTML, like Gecko) Chrome/132.0.6834.159 Mobile Safari/537.36 (compatible; Googlebot/2.1; +http://www.google.com/bot.html)"
187.195.116.142 - - [05/Feb/2025:13:24:13 -0600] "POST /cpsess3053937060/3rdparty/roundcube/?_task=mail&_action=refresh HTTP/1.1" 200 135 "https://webmail.tjamich.gob.mx/cpsess3053937060/3rdparty/roundcube/?_task=mail&_mbox=INBOX" "Mozilla/5.0 (Windows NT 10.0; Win64; x64) AppleWebKit/537.36 (KHTML, like Gecko) Chrome/133.0.0.0 Safari/537.36"
66.249.77.199 - - [05/Feb/2025:13:24:33 -0600] "GET /448471545672.shtml HTTP/1.1" 301 256 "-" "Mozilla/5.0 (Linux; Android 6.0.1; Nexus 5X Build/MMB29P) AppleWebKit/537.36 (KHTML, like Gecko) Chrome/132.0.6834.159 Mobile Safari/537.36 (compatible; Googlebot/2.1; +http://www.google.com/bot.html)"
89.185.25.132 - - [05/Feb/2025:13:24:40 -0600] "GET / HTTP/1.1" 301 238 "-" "Mozilla/5.0 (Fedora; Linux i686; rv:126.0) Gecko/20100101 Firefox/126.0"
187.195.110.68 - - [05/Feb/2025:13:25:00 -0600] "POST /cpsess0556275423/3rdparty/roundcube/?_task=mail&_action=refresh HTTP/1.1" 200 135 "https://webmail.tjamich.gob.mx/cpsess0556275423/3rdparty/roundcube/?_task=mail&_mbox=INBOX" "Mozilla/5.0 (Windows NT 10.0; Win64; x64) AppleWebKit/537.36 (KHTML, like Gecko) Chrome/132.0.0.0 Safari/537.36"
189.243.238.36 - - [05/Feb/2025:13:25:00 -0600] "POST /cpsess9781436776/3rdparty/roundcube/?_task=mail&_action=refresh HTTP/1.1" 200 12367 "https://webmail.tjamich.gob.mx/cpsess9781436776/3rdparty/roundcube/?_task=mail&_mbox=INBOX" "Mozilla/5.0 (Windows NT 10.0; Win64; x64) AppleWebKit/537.36 (KHTML, like Gecko) Chrome/132.0.0.0 Safari/537.36"
66.249.77.199 - - [05/Feb/2025:13:25:01 -0600] "GET /sisofi_2018/uploads/08-04-2020/JA-1218-2019-II_1.pdf HTTP/1.1" 301 290 "-" "Mozilla/5.0 (Linux; Android 6.0.1; Nexus 5X Build/MMB29P) AppleWebKit/537.36 (KHTML, like Gecko) Chrome/132.0.6834.159 Mobile Safari/537.36 (compatible; Googlebot/2.1; +http://www.google.com/bot.html)"
187.195.116.142 - - [05/Feb/2025:13:25:13 -0600] "POST /cpsess3053937060/3rdparty/roundcube/?_task=mail&_action=refresh HTTP/1.1" 200 135 "https://webmail.tjamich.gob.mx/cpsess3053937060/3rdparty/roundcube/?_task=mail&_mbox=INBOX" "Mozilla/5.0 (Windows NT 10.0; Win64; x64) AppleWebKit/537.36 (KHTML, like Gecko) Chrome/133.0.0.0 Safari/537.36"
187.195.116.142 - - [05/Feb/2025:13:25:38 -0600] "POST /cpsess3053937060/3rdparty/roundcube/?_task=mail&_action=refresh HTTP/1.1" 200 135 "https://webmail.tjamich.gob.mx/cpsess3053937060/3rdparty/roundcube/?_task=mail&_mbox=INBOX" "Mozilla/5.0 (Windows NT 10.0; Win64; x64) AppleWebKit/537.36 (KHTML, like Gecko) Chrome/133.0.0.0 Safari/537.36"
187.195.116.142 - - [05/Feb/2025:13:25:39 -0600] "GET /cpsess3053937060/3rdparty/roundcube/?_task=mail&_caps=pdf%3D1%2Cflash%3D0%2Ctiff%3D0%2Cwebp%3D1%2Cpgpmime%3D0&_uid=63&_mbox=INBOX&_framed=1&_action=preview HTTP/1.1" 200 5553 "https://webmail.tjamich.gob.mx/cpsess3053937060/3rdparty/roundcube/?_task=mail&_mbox=INBOX" "Mozilla/5.0 (Windows NT 10.0; Win64; x64) AppleWebKit/537.36 (KHTML, like Gecko) Chrome/133.0.0.0 Safari/537.36"
187.195.116.142 - - [05/Feb/2025:13:25:39 -0600] "GET /cpsess3053937060/3rdparty/roundcube/?_task=addressbook&_action=photo&_email=contador2804%40hotmail.com&_error=1&_bgcolor=transparent HTTP/1.1" 204 - "https://webmail.tjamich.gob.mx/cpsess3053937060/3rdparty/roundcube/?_task=mail&_caps=pdf%3D1%2Cflash%3D0%2Ctiff%3D0%2Cwebp%3D1%2Cpgpmime%3D0&_uid=63&_mbox=INBOX&_framed=1&_action=preview" "Mozilla/5.0 (Windows NT 10.0; Win64; x64) AppleWebKit/537.36 (KHTML, like Gecko) Chrome/133.0.0.0 Safari/537.36"
187.195.116.142 - - [05/Feb/2025:13:25:40 -0600] "GET /cpsess3053937060/3rdparty/roundcube/?_task=mail&_frame=1&_mbox=INBOX&_uid=63&_part=2&_action=get&_extwin=1 HTTP/1.1" 200 3656 "https://webmail.tjamich.gob.mx/cpsess3053937060/3rdparty/roundcube/?_task=mail&_caps=pdf%3D1%2Cflash%3D0%2Ctiff%3D0%2Cwebp%3D1%2Cpgpmime%3D0&_uid=63&_mbox=INBOX&_framed=1&_action=preview" "Mozilla/5.0 (Windows NT 10.0; Win64; x64) AppleWebKit/537.36 (KHTML, like Gecko) Chrome/133.0.0.0 Safari/537.36"
187.195.116.142 - - [05/Feb/2025:13:25:41 -0600] "GET /cpsess3053937060/3rdparty/roundcube/?_task=mail&_mbox=INBOX&_uid=63&_part=2&_action=get&_extwin=1&_preload=1&_framed=1 HTTP/1.1" 200 340 "https://webmail.tjamich.gob.mx/cpsess3053937060/3rdparty/roundcube/?_task=mail&_frame=1&_mbox=INBOX&_uid=63&_part=2&_action=get&_extwin=1" "Mozilla/5.0 (Windows NT 10.0; Win64; x64) AppleWebKit/537.36 (KHTML, like Gecko) Chrome/133.0.0.0 Safari/537.36"
187.195.116.142 - - [05/Feb/2025:13:25:41 -0600] "GET /cpsess3053937060/3rdparty/roundcube/?_task=mail&_mbox=INBOX&_uid=63&_part=2&_action=get&_extwin=1&_framed=1&_mimewarning=1&_embed=1 HTTP/1.1" 200 2097246 "https://webmail.tjamich.gob.mx/cpsess3053937060/3rdparty/roundcube/?_task=mail&_mbox=INBOX&_uid=63&_part=2&_action=get&_extwin=1&_preload=1&_framed=1" "Mozilla/5.0 (Windows NT 10.0; Win64; x64) AppleWebKit/537.36 (KHTML, like Gecko) Chrome/133.0.0.0 Safari/537.36"
187.195.110.68 - - [05/Feb/2025:13:26:01 -0600] "POST /cpsess0556275423/3rdparty/roundcube/?_task=mail&_action=refresh HTTP/1.1" 200 135 "https://webmail.tjamich.gob.mx/cpsess0556275423/3rdparty/roundcube/?_task=mail&_mbox=INBOX" "Mozilla/5.0 (Windows NT 10.0; Win64; x64) AppleWebKit/537.36 (KHTML, like Gecko) Chrome/132.0.0.0 Safari/537.36"
66.249.77.199 - - [05/Feb/2025:13:26:12 -0600] "GET /780711519613.shtml HTTP/1.1" 301 256 "-" "Mozilla/5.0 (Linux; Android 6.0.1; Nexus 5X Build/MMB29P) AppleWebKit/537.36 (KHTML, like Gecko) Chrome/132.0.6834.159 Mobile Safari/537.36 (compatible; GoogleOther)"
187.195.116.142 - - [05/Feb/2025:13:26:27 -0600] "POST /cpsess3053937060/3rdparty/roundcube/?_task=mail&_action=refresh HTTP/1.1" 200 150 "https://webmail.tjamich.gob.mx/cpsess3053937060/3rdparty/roundcube/?_task=mail&_mbox=INBOX" "Mozilla/5.0 (Windows NT 10.0; Win64; x64) AppleWebKit/537.36 (KHTML, like Gecko) Chrome/133.0.0.0 Safari/537.36"
66.249.77.199 - - [05/Feb/2025:13:26:35 -0600] "GET /71198697041.shtml HTTP/1.1" 301 255 "-" "Mozilla/5.0 (Linux; Android 6.0.1; Nexus 5X Build/MMB29P) AppleWebKit/537.36 (KHTML, like Gecko) Chrome/132.0.6834.159 Mobile Safari/537.36 (compatible; Googlebot/2.1; +http://www.google.com/bot.html)"
34.79.118.200 - - [05/Feb/2025:13:26:48 -0600] "GET / HTTP/1.1" 404 - "-" "python-requests/2.32.3"
189.243.238.36 - - [05/Feb/2025:13:27:00 -0600] "POST /cpsess9781436776/3rdparty/roundcube/?_task=mail&_action=refresh HTTP/1.1" 200 12359 "https://webmail.tjamich.gob.mx/cpsess9781436776/3rdparty/roundcube/?_task=mail&_mbox=INBOX" "Mozilla/5.0 (Windows NT 10.0; Win64; x64) AppleWebKit/537.36 (KHTML, like Gecko) Chrome/132.0.0.0 Safari/537.36"
